[INFO] fetching crate atsh-lib 0.1.7...
[INFO] checking atsh-lib-0.1.7 against c79f6bc4fc2389852aeff667626cb3e58adfe71c for pr-164081
[INFO] extracting crate atsh-lib 0.1.7 into /workspace/builds/worker-3-tc2/source
[INFO] started tweaking crates.io crate atsh-lib 0.1.7
[INFO] finished tweaking crates.io crate atsh-lib 0.1.7
[INFO] tweaked toml for crates.io crate atsh-lib 0.1.7 written to /workspace/builds/worker-3-tc2/source/Cargo.toml
[INFO] validating manifest of crates.io crate atsh-lib 0.1.7 on toolchain c79f6bc4fc2389852aeff667626cb3e58adfe71c
[INFO] running `Command { std: CARGO_HOME="/workspace/cargo-home" RUSTUP_HOME="/workspace/rustup-home" "/workspace/cargo-home/bin/cargo" "+c79f6bc4fc2389852aeff667626cb3e58adfe71c" "metadata" "--manifest-path" "Cargo.toml" "--no-deps", kill_on_drop: false }`
[INFO] crate crates.io crate atsh-lib 0.1.7 already has a lockfile, it will not be regenerated
[INFO] running `Command { std: CARGO_HOME="/workspace/cargo-home" RUSTUP_HOME="/workspace/rustup-home" "/workspace/cargo-home/bin/cargo" "+c79f6bc4fc2389852aeff667626cb3e58adfe71c" "fetch" "--manifest-path" "Cargo.toml", kill_on_drop: false }`
[INFO] [stderr] warning: `package.homepage` is redundant with `package.repository`
[INFO] [stderr]   --> Cargo.toml:61:12
[INFO] [stderr]    |
[INFO] [stderr] 61 | homepage = "https://github.com/idhyt/autossh/tree/main/atsh-lib"
[INFO] [stderr]    |            ^^^^^^^^^^^^^^^^^^^^^^^^^^^^^^^^^^^^^^^^^^^^^^^^^^^^^
[INFO] [stderr] ...
[INFO] [stderr] 66 | repository = "https://github.com/idhyt/autossh/tree/main/atsh-lib"
[INFO] [stderr]    |              -----------------------------------------------------
[INFO] [stderr]    |
[INFO] [stderr]    = note: `cargo::redundant_homepage` is set to `warn` by default
[INFO] [stderr] help: consider removing `package.homepage`
[INFO] [stderr] warning: `atsh-lib` (manifest) generated 1 warning
[INFO] running `Command { std: "docker" "create" "-v" "/var/lib/crater-agent-workspace/builds/worker-3-tc2/source:/opt/rustwide/workdir:ro,Z" "-v" "/var/lib/crater-agent-workspace/builds/worker-3-tc2/target:/opt/rustwide/target:rw,Z" "-v" "/var/lib/crater-agent-workspace/cargo-home:/opt/rustwide/cargo-home:ro,Z" "-v" "/var/lib/crater-agent-workspace/rustup-home:/opt/rustwide/rustup-home:ro,Z" "-m" "1610612736" "--network" "none" "ghcr.io/rust-lang/crates-build-env/linux@sha256:77db811e55d90add9212f6832c23229e3de5f1c1f9905e8cb07319ea15df73ac" "sleep" "infinity", kill_on_drop: false }`
[INFO] [stdout] 678d3fd0ea5db9672d96bc5c4d61cb37fc5f412ad4f8ac60489692f00d1e7d28
[INFO] running `Command { std: "docker" "start" "678d3fd0ea5db9672d96bc5c4d61cb37fc5f412ad4f8ac60489692f00d1e7d28", kill_on_drop: false }`
[INFO] running `Command { std: "docker" "inspect" "678d3fd0ea5db9672d96bc5c4d61cb37fc5f412ad4f8ac60489692f00d1e7d28", kill_on_drop: false }`
[INFO] running `Command { std: "docker" "exec" "-e" "SOURCE_DIR=/opt/rustwide/workdir" "-e" "CARGO_HOME=/opt/rustwide/cargo-home" "-e" "RUSTUP_HOME=/opt/rustwide/rustup-home" "-e" "CARGO_TARGET_DIR=/opt/rustwide/target" "-w" "/opt/rustwide/workdir" "--user" "0:0" "678d3fd0ea5db9672d96bc5c4d61cb37fc5f412ad4f8ac60489692f00d1e7d28" "/opt/rustwide/cargo-home/bin/cargo" "+c79f6bc4fc2389852aeff667626cb3e58adfe71c" "metadata" "--no-deps" "--format-version=1", kill_on_drop: false }`
[INFO] running `Command { std: "docker" "inspect" "678d3fd0ea5db9672d96bc5c4d61cb37fc5f412ad4f8ac60489692f00d1e7d28", kill_on_drop: false }`
[INFO] running `Command { std: "docker" "exec" "-e" "SOURCE_DIR=/opt/rustwide/workdir" "-e" "CARGO_HOME=/opt/rustwide/cargo-home" "-e" "RUSTUP_HOME=/opt/rustwide/rustup-home" "-e" "CARGO_TARGET_DIR=/opt/rustwide/target" "-e" "CARGO_INCREMENTAL=0" "-e" "RUST_BACKTRACE=full" "-e" "RUSTFLAGS=--cap-lints=forbid" "-e" "RUSTDOCFLAGS=--cap-lints=forbid" "-w" "/opt/rustwide/workdir" "--user" "0:0" "678d3fd0ea5db9672d96bc5c4d61cb37fc5f412ad4f8ac60489692f00d1e7d28" "/opt/rustwide/cargo-home/bin/cargo" "+c79f6bc4fc2389852aeff667626cb3e58adfe71c" "check" "--frozen" "--all" "--all-targets" "--message-format=json", kill_on_drop: false }`
[INFO] [stderr] warning: `package.homepage` is redundant with `package.repository`
[INFO] [stderr]   --> Cargo.toml:61:12
[INFO] [stderr]    |
[INFO] [stderr] 61 | homepage = "https://github.com/idhyt/autossh/tree/main/atsh-lib"
[INFO] [stderr]    |            ^^^^^^^^^^^^^^^^^^^^^^^^^^^^^^^^^^^^^^^^^^^^^^^^^^^^^
[INFO] [stderr] ...
[INFO] [stderr] 66 | repository = "https://github.com/idhyt/autossh/tree/main/atsh-lib"
[INFO] [stderr]    |              -----------------------------------------------------
[INFO] [stderr]    |
[INFO] [stderr]    = note: `cargo::redundant_homepage` is set to `warn` by default
[INFO] [stderr] help: consider removing `package.homepage`
[INFO] [stderr] warning: `atsh-lib` (manifest) generated 1 warning
[INFO] [stderr]     Checking typenum v1.20.0
[INFO] [stderr]     Checking cmov v0.5.3
[INFO] [stderr]     Checking cpubits v0.1.1
[INFO] [stderr]     Checking rustcrypto-ff v0.14.0-rc.1
[INFO] [stderr]     Checking memchr v2.7.5
[INFO] [stderr]     Checking getrandom v0.4.2
[INFO] [stderr]     Checking getrandom v0.2.16
[INFO] [stderr]    Compiling proc-macro2 v1.0.106
[INFO] [stderr]     Checking der v0.8.0
[INFO] [stderr]     Checking base16ct v1.0.0
[INFO] [stderr]    Compiling cc v1.2.62
[INFO] [stderr]    Compiling curve25519-dalek v5.0.0-pre.6
[INFO] [stderr]     Checking futures-core v0.3.32
[INFO] [stderr]     Checking futures-sink v0.3.32
[INFO] [stderr]    Compiling nix v0.31.2
[INFO] [stderr]     Checking regex-syntax v0.8.5
[INFO] [stderr]     Checking bitflags v2.9.1
[INFO] [stderr]    Compiling rustversion v1.0.21
[INFO] [stderr]     Checking rustcrypto-group v0.14.0-rc.1
[INFO] [stderr]     Checking dirs-sys-next v0.1.2
[INFO] [stderr]     Checking rand_core v0.6.4
[INFO] [stderr]     Checking futures-channel v0.3.32
[INFO] [stderr]     Checking keccak v0.2.0
[INFO] [stderr]     Checking chacha20 v0.10.0
[INFO] [stderr]     Checking num_threads v0.1.7
[INFO] [stderr]     Checking fiat-crypto v0.3.0
[INFO] [stderr]     Checking dirs-next v2.0.0
[INFO] [stderr]     Checking tracing-log v0.2.0
[INFO] [stderr]     Checking time v0.3.47
[INFO] [stderr]     Checking password-hash v0.5.0
[INFO] [stderr]     Checking ctutils v0.4.2
[INFO] [stderr]     Checking thread_local v1.1.9
[INFO] [stderr]     Checking winnow v1.0.2
[INFO] [stderr]     Checking term v0.7.0
[INFO] [stderr]     Checking hashlink v0.11.0
[INFO] [stderr]     Checking rand v0.10.1
[INFO] [stderr]     Checking parking_lot_core v0.9.12
[INFO] [stderr]     Checking num-bigint v0.4.6
[INFO] [stderr]     Checking toml_datetime v1.1.1+spec-1.1.0
[INFO] [stderr]     Checking serde_spanned v1.1.1
[INFO] [stderr]    Compiling quote v1.0.45
[INFO] [stderr]     Checking serde_json v1.0.149
[INFO] [stderr]     Checking csv-core v0.1.12
[INFO] [stderr]    Compiling syn v2.0.117
[INFO] [stderr]     Checking is-terminal v0.4.16
[INFO] [stderr]     Checking toml_writer v1.1.1+spec-1.1.0
[INFO] [stderr]     Checking toml_parser v1.1.2+spec-1.1.0
[INFO] [stderr]     Checking symlink v0.1.0
[INFO] [stderr]     Checking hex-literal v1.1.0
[INFO] [stderr]     Checking fallible-streaming-iterator v0.1.9
[INFO] [stderr]     Checking fallible-iterator v0.3.0
[INFO] [stderr]     Checking parking_lot v0.12.5
[INFO] [stderr]     Checking internal-russh-num-bigint v0.5.0
[INFO] [stderr]     Checking toml v1.1.2+spec-1.1.0
[INFO] [stderr]     Checking spki v0.8.0-rc.4
[INFO] [stderr]     Checking regex-automata v0.4.14
[INFO] [stderr]    Compiling ring v0.17.14
[INFO] [stderr]    Compiling libsqlite3-sys v0.37.0
[INFO] [stderr]     Checking hybrid-array v0.4.12
[INFO] [stderr]     Checking generic-array v0.14.7
[INFO] [stderr]     Checking crypto-common v0.1.6
[INFO] [stderr]     Checking block-buffer v0.10.4
[INFO] [stderr]     Checking block-padding v0.3.3
[INFO] [stderr]     Checking generic-array v1.4.1
[INFO] [stderr]     Checking inout v0.1.4
[INFO] [stderr]     Checking digest v0.10.7
[INFO] [stderr]     Checking universal-hash v0.5.1
[INFO] [stderr]     Checking aead v0.5.2
[INFO] [stderr]     Checking cipher v0.4.4
[INFO] [stderr]     Checking polyval v0.6.2
[INFO] [stderr]     Checking poly1305 v0.8.0
[INFO] [stderr]     Checking ghash v0.5.1
[INFO] [stderr]     Checking sha2 v0.10.9
[INFO] [stderr]     Checking hmac v0.12.1
[INFO] [stderr]     Checking blake2 v0.10.6
[INFO] [stderr]     Checking sha1 v0.10.6
[INFO] [stderr]     Checking pbkdf2 v0.12.2
[INFO] [stderr]     Checking ctr v0.9.2
[INFO] [stderr]     Checking chacha20 v0.9.1
[INFO] [stderr]     Checking aes v0.8.4
[INFO] [stderr]     Checking blowfish v0.9.1
[INFO] [stderr]     Checking cbc v0.1.2
[INFO] [stderr]     Checking argon2 v0.5.3
[INFO] [stderr]     Checking ssh-encoding v0.2.0
[INFO] [stderr]     Checking bcrypt-pbkdf v0.10.0
[INFO] [stderr]     Checking chacha20poly1305 v0.10.1
[INFO] [stdout] error[E0493]: destructor of `ArrayBuilder<T, N>` cannot be evaluated at compile-time
[INFO] [stdout]    --> /opt/rustwide/cargo-home/registry/src/index.crates.io-1949cf8c6b5b557f/generic-array-1.4.1/src/internal.rs:103:31
[INFO] [stdout]     |
[INFO] [stdout] 103 |     pub unsafe fn assume_init(self) -> GenericArray<T, N> {
[INFO] [stdout]     |                               ^^^^ the destructor for this type cannot be evaluated in constant functions
[INFO] [stdout] ...
[INFO] [stdout] 109 |     }
[INFO] [stdout]     |     - value is dropped here
[INFO] [stdout] 
[INFO] [stdout] 
[INFO] [stdout] error[E0493]: destructor of `GenericArray<core::mem::MaybeUninit<*const T>, N>` cannot be evaluated at compile-time
[INFO] [stdout]    --> /opt/rustwide/cargo-home/registry/src/index.crates.io-1949cf8c6b5b557f/generic-array-1.4.1/src/lib.rs:970:13
[INFO] [stdout]     |
[INFO] [stdout] 970 |         let mut out: GenericArray<MaybeUninit<*const T>, N> = GenericArray::uninit();
[INFO] [stdout]     |             ^^^^^^^ the destructor for this type cannot be evaluated in constant functions
[INFO] [stdout] ...
[INFO] [stdout] 985 |     }
[INFO] [stdout]     |     - value is dropped here
[INFO] [stdout] 
[INFO] [stdout] 
[INFO] [stdout] error[E0493]: destructor of `GenericArray<core::mem::MaybeUninit<*mut T>, N>` cannot be evaluated at compile-time
[INFO] [stdout]     --> /opt/rustwide/cargo-home/registry/src/index.crates.io-1949cf8c6b5b557f/generic-array-1.4.1/src/lib.rs:1005:13
[INFO] [stdout]      |
[INFO] [stdout] 1005 |         let mut out: GenericArray<MaybeUninit<*mut T>, N> = GenericArray::uninit();
[INFO] [stdout]      |             ^^^^^^^ the destructor for this type cannot be evaluated in constant functions
[INFO] [stdout] ...
[INFO] [stdout] 1020 |     }
[INFO] [stdout]      |     - value is dropped here
[INFO] [stdout] 
[INFO] [stdout] 
[INFO] [stderr]     Checking russh-cryptovec v0.59.0
[INFO] [stdout] For more information about this error, try `rustc --explain E0493`.
[INFO] [stdout] 
[INFO] [stderr]     Checking aes-gcm v0.10.3
[INFO] [stderr] error: could not compile `generic-array` (lib) due to 3 previous errors
[INFO] [stderr] warning: build failed, waiting for other jobs to finish...
[INFO] running `Command { std: "docker" "inspect" "678d3fd0ea5db9672d96bc5c4d61cb37fc5f412ad4f8ac60489692f00d1e7d28", kill_on_drop: false }`
[INFO] running `Command { std: "docker" "rm" "-f" "678d3fd0ea5db9672d96bc5c4d61cb37fc5f412ad4f8ac60489692f00d1e7d28", kill_on_drop: false }`
[INFO] [stdout] 678d3fd0ea5db9672d96bc5c4d61cb37fc5f412ad4f8ac60489692f00d1e7d28
