[INFO] fetching crate aphrody-ssh 0.1.0...
[INFO] checking aphrody-ssh-0.1.0 against c79f6bc4fc2389852aeff667626cb3e58adfe71c for pr-164081
[INFO] extracting crate aphrody-ssh 0.1.0 into /workspace/builds/worker-2-tc2/source
[INFO] started tweaking crates.io crate aphrody-ssh 0.1.0
[INFO] finished tweaking crates.io crate aphrody-ssh 0.1.0
[INFO] tweaked toml for crates.io crate aphrody-ssh 0.1.0 written to /workspace/builds/worker-2-tc2/source/Cargo.toml
[INFO] validating manifest of crates.io crate aphrody-ssh 0.1.0 on toolchain c79f6bc4fc2389852aeff667626cb3e58adfe71c
[INFO] running `Command { std: CARGO_HOME="/workspace/cargo-home" RUSTUP_HOME="/workspace/rustup-home" "/workspace/cargo-home/bin/cargo" "+c79f6bc4fc2389852aeff667626cb3e58adfe71c" "metadata" "--manifest-path" "Cargo.toml" "--no-deps", kill_on_drop: false }`
[INFO] crate crates.io crate aphrody-ssh 0.1.0 already has a lockfile, it will not be regenerated
[INFO] running `Command { std: CARGO_HOME="/workspace/cargo-home" RUSTUP_HOME="/workspace/rustup-home" "/workspace/cargo-home/bin/cargo" "+c79f6bc4fc2389852aeff667626cb3e58adfe71c" "fetch" "--manifest-path" "Cargo.toml", kill_on_drop: false }`
[INFO] running `Command { std: "docker" "create" "-v" "/var/lib/crater-agent-workspace/builds/worker-2-tc2/source:/opt/rustwide/workdir:ro,Z" "-v" "/var/lib/crater-agent-workspace/builds/worker-2-tc2/target:/opt/rustwide/target:rw,Z" "-v" "/var/lib/crater-agent-workspace/cargo-home:/opt/rustwide/cargo-home:ro,Z" "-v" "/var/lib/crater-agent-workspace/rustup-home:/opt/rustwide/rustup-home:ro,Z" "-m" "1610612736" "--network" "none" "ghcr.io/rust-lang/crates-build-env/linux@sha256:77db811e55d90add9212f6832c23229e3de5f1c1f9905e8cb07319ea15df73ac" "sleep" "infinity", kill_on_drop: false }`
[INFO] [stdout] fd026882e19d747caa900fe77802ed9eb5f4a6a78ff084abb180371105eedf54
[INFO] running `Command { std: "docker" "start" "fd026882e19d747caa900fe77802ed9eb5f4a6a78ff084abb180371105eedf54", kill_on_drop: false }`
[INFO] running `Command { std: "docker" "inspect" "fd026882e19d747caa900fe77802ed9eb5f4a6a78ff084abb180371105eedf54", kill_on_drop: false }`
[INFO] running `Command { std: "docker" "exec" "-e" "SOURCE_DIR=/opt/rustwide/workdir" "-e" "CARGO_HOME=/opt/rustwide/cargo-home" "-e" "RUSTUP_HOME=/opt/rustwide/rustup-home" "-e" "CARGO_TARGET_DIR=/opt/rustwide/target" "-w" "/opt/rustwide/workdir" "--user" "0:0" "fd026882e19d747caa900fe77802ed9eb5f4a6a78ff084abb180371105eedf54" "/opt/rustwide/cargo-home/bin/cargo" "+c79f6bc4fc2389852aeff667626cb3e58adfe71c" "metadata" "--no-deps" "--format-version=1", kill_on_drop: false }`
[INFO] running `Command { std: "docker" "inspect" "fd026882e19d747caa900fe77802ed9eb5f4a6a78ff084abb180371105eedf54", kill_on_drop: false }`
[INFO] running `Command { std: "docker" "exec" "-e" "SOURCE_DIR=/opt/rustwide/workdir" "-e" "CARGO_HOME=/opt/rustwide/cargo-home" "-e" "RUSTUP_HOME=/opt/rustwide/rustup-home" "-e" "CARGO_TARGET_DIR=/opt/rustwide/target" "-e" "CARGO_INCREMENTAL=0" "-e" "RUST_BACKTRACE=full" "-e" "RUSTFLAGS=--cap-lints=forbid" "-e" "RUSTDOCFLAGS=--cap-lints=forbid" "-w" "/opt/rustwide/workdir" "--user" "0:0" "fd026882e19d747caa900fe77802ed9eb5f4a6a78ff084abb180371105eedf54" "/opt/rustwide/cargo-home/bin/cargo" "+c79f6bc4fc2389852aeff667626cb3e58adfe71c" "check" "--frozen" "--all" "--all-targets" "--message-format=json", kill_on_drop: false }`
[INFO] [stderr]    Compiling unicode-ident v1.0.26
[INFO] [stderr]     Checking smallvec v1.16.2
[INFO] [stderr]     Checking ctutils v0.4.3
[INFO] [stderr]     Checking getrandom v0.4.3
[INFO] [stderr]     Checking mio v1.2.4
[INFO] [stderr]     Checking der v0.8.2
[INFO] [stderr]    Compiling find-msvc-tools v0.1.14
[INFO] [stderr]    Compiling proc-macro2 v1.0.107
[INFO] [stderr]     Checking getrandom v0.2.17
[INFO] [stderr]     Checking alloc-no-stdlib v3.0.0
[INFO] [stderr]     Checking crc32fast v1.5.2
[INFO] [stderr]    Compiling rustls v0.23.45
[INFO] [stderr]     Checking log v0.4.34
[INFO] [stderr]     Checking hybrid-array v0.4.15
[INFO] [stderr]     Checking alloc-stdlib v0.3.0
[INFO] [stderr]    Compiling cookie v0.18.2
[INFO] [stderr]     Checking keccak v0.2.2
[INFO] [stderr]     Checking compression-core v0.4.33
[INFO] [stderr]     Checking powerfmt v0.2.1
[INFO] [stderr]     Checking parking_lot_core v0.9.12
[INFO] [stderr]     Checking rustls-native-certs v0.8.4
[INFO] [stderr]     Checking brotli-decompressor v6.0.1
[INFO] [stderr]     Checking serde_json v1.0.151
[INFO] [stderr]     Checking nix v0.31.3
[INFO] [stderr]     Checking mime_guess v2.0.5
[INFO] [stderr]     Checking clap_builder v4.6.7
[INFO] [stderr]     Checking generic-array v1.4.5
[INFO] [stderr]     Checking parking_lot v0.12.5
[INFO] [stderr]     Checking dashmap v6.2.1
[INFO] [stderr]     Checking flate2 v1.1.10
[INFO] [stderr]     Checking time v0.3.55
[INFO] [stderr]    Compiling cc v1.6.0
[INFO] [stderr]     Checking serde_bytes v0.11.19
[INFO] [stderr]     Checking hex-literal v1.1.0
[INFO] [stderr]     Checking md5 v0.8.1
[INFO] [stderr]     Checking fast_rsync v0.2.0
[INFO] [stderr]     Checking sysinfo v0.39.6
[INFO] [stderr]    Compiling quote v1.0.47
[INFO] [stdout] error[E0493]: destructor of `ArrayBuilder<T, N>` cannot be evaluated at compile-time
[INFO] [stdout]    --> /opt/rustwide/cargo-home/registry/src/index.crates.io-1949cf8c6b5b557f/generic-array-1.4.5/src/internal.rs:103:31
[INFO] [stdout]     |
[INFO] [stdout] 103 |     pub unsafe fn assume_init(self) -> GenericArray<T, N> {
[INFO] [stdout]     |                               ^^^^ the destructor for this type cannot be evaluated in constant functions
[INFO] [stdout] ...
[INFO] [stdout] 109 |     }
[INFO] [stdout]     |     - value is dropped here
[INFO] [stdout] 
[INFO] [stdout] 
[INFO] [stdout] error[E0493]: destructor of `GenericArray<core::mem::MaybeUninit<*const T>, N>` cannot be evaluated at compile-time
[INFO] [stdout]    --> /opt/rustwide/cargo-home/registry/src/index.crates.io-1949cf8c6b5b557f/generic-array-1.4.5/src/lib.rs:983:13
[INFO] [stdout]     |
[INFO] [stdout] 983 |         let mut out: GenericArray<MaybeUninit<*const T>, N> = GenericArray::uninit();
[INFO] [stdout]     |             ^^^^^^^ the destructor for this type cannot be evaluated in constant functions
[INFO] [stdout] ...
[INFO] [stdout] 998 |     }
[INFO] [stdout]     |     - value is dropped here
[INFO] [stdout] 
[INFO] [stdout] 
[INFO] [stderr] error: could not compile `generic-array` (lib) due to 3 previous errors
[INFO] [stdout] error[E0493]: destructor of `GenericArray<core::mem::MaybeUninit<*mut T>, N>` cannot be evaluated at compile-time
[INFO] [stdout]     --> /opt/rustwide/cargo-home/registry/src/index.crates.io-1949cf8c6b5b557f/generic-array-1.4.5/src/lib.rs:1018:13
[INFO] [stdout]      |
[INFO] [stdout] 1018 |         let mut out: GenericArray<MaybeUninit<*mut T>, N> = GenericArray::uninit();
[INFO] [stdout]      |             ^^^^^^^ the destructor for this type cannot be evaluated in constant functions
[INFO] [stdout] ...
[INFO] [stdout] 1033 |     }
[INFO] [stdout]      |     - value is dropped here
[INFO] [stdout] 
[INFO] [stdout] 
[INFO] [stderr] warning: build failed, waiting for other jobs to finish...
[INFO] [stdout] For more information about this error, try `rustc --explain E0493`.
[INFO] [stdout] 
[INFO] running `Command { std: "docker" "inspect" "fd026882e19d747caa900fe77802ed9eb5f4a6a78ff084abb180371105eedf54", kill_on_drop: false }`
[INFO] running `Command { std: "docker" "rm" "-f" "fd026882e19d747caa900fe77802ed9eb5f4a6a78ff084abb180371105eedf54", kill_on_drop: false }`
[INFO] [stdout] fd026882e19d747caa900fe77802ed9eb5f4a6a78ff084abb180371105eedf54
