[INFO] cloning repository https://github.com/tkhq/test-tvc-gpg
[INFO] running `Command { std: "git" "-c" "credential.helper=" "-c" "credential.helper=/workspace/cargo-home/bin/git-credential-null" "clone" "--bare" "https://github.com/tkhq/test-tvc-gpg" "/workspace/cache/git-repos/https%3A%2F%2Fgithub.com%2Ftkhq%2Ftest-tvc-gpg", kill_on_drop: false }`
[INFO] [stderr] Cloning into bare repository '/workspace/cache/git-repos/https%3A%2F%2Fgithub.com%2Ftkhq%2Ftest-tvc-gpg'...
[INFO] running `Command { std: "git" "rev-parse" "HEAD", kill_on_drop: false }`
[INFO] [stdout] 7672cd6051550fc6fd24c0de7c50fa8b794e3453
[INFO] checking tkhq/test-tvc-gpg against c79f6bc4fc2389852aeff667626cb3e58adfe71c for pr-164081
[INFO] running `Command { std: "git" "clone" "/workspace/cache/git-repos/https%3A%2F%2Fgithub.com%2Ftkhq%2Ftest-tvc-gpg" "/workspace/builds/worker-0-tc2/source", kill_on_drop: false }`
[INFO] [stderr] Cloning into '/workspace/builds/worker-0-tc2/source'...
[INFO] [stderr] done.
[INFO] removed /workspace/builds/worker-0-tc2/source/rust-toolchain.toml
[INFO] started tweaking git repo https://github.com/tkhq/test-tvc-gpg
[INFO] finished tweaking git repo https://github.com/tkhq/test-tvc-gpg
[INFO] tweaked toml for git repo https://github.com/tkhq/test-tvc-gpg written to /workspace/builds/worker-0-tc2/source/Cargo.toml
[INFO] validating manifest of git repo https://github.com/tkhq/test-tvc-gpg on toolchain c79f6bc4fc2389852aeff667626cb3e58adfe71c
[INFO] running `Command { std: CARGO_HOME="/workspace/cargo-home" RUSTUP_HOME="/workspace/rustup-home" "/workspace/cargo-home/bin/cargo" "+c79f6bc4fc2389852aeff667626cb3e58adfe71c" "metadata" "--manifest-path" "Cargo.toml" "--no-deps", kill_on_drop: false }`
[INFO] crate git repo https://github.com/tkhq/test-tvc-gpg already has a lockfile, it will not be regenerated
[INFO] running `Command { std: CARGO_HOME="/workspace/cargo-home" RUSTUP_HOME="/workspace/rustup-home" "/workspace/cargo-home/bin/cargo" "+c79f6bc4fc2389852aeff667626cb3e58adfe71c" "fetch" "--manifest-path" "Cargo.toml", kill_on_drop: false }`
[INFO] running `Command { std: "docker" "create" "-v" "/var/lib/crater-agent-workspace/builds/worker-0-tc2/source:/opt/rustwide/workdir:ro,Z" "-v" "/var/lib/crater-agent-workspace/builds/worker-0-tc2/target:/opt/rustwide/target:rw,Z" "-v" "/var/lib/crater-agent-workspace/cargo-home:/opt/rustwide/cargo-home:ro,Z" "-v" "/var/lib/crater-agent-workspace/rustup-home:/opt/rustwide/rustup-home:ro,Z" "-m" "1610612736" "--network" "none" "ghcr.io/rust-lang/crates-build-env/linux@sha256:77db811e55d90add9212f6832c23229e3de5f1c1f9905e8cb07319ea15df73ac" "sleep" "infinity", kill_on_drop: false }`
[INFO] [stdout] d9aface1dfb471b3308e7eb707b9562ae3e2ecc8999d71a2cbbb02bca5b9240e
[INFO] running `Command { std: "docker" "start" "d9aface1dfb471b3308e7eb707b9562ae3e2ecc8999d71a2cbbb02bca5b9240e", kill_on_drop: false }`
[INFO] running `Command { std: "docker" "inspect" "d9aface1dfb471b3308e7eb707b9562ae3e2ecc8999d71a2cbbb02bca5b9240e", kill_on_drop: false }`
[INFO] running `Command { std: "docker" "exec" "-e" "SOURCE_DIR=/opt/rustwide/workdir" "-e" "CARGO_HOME=/opt/rustwide/cargo-home" "-e" "RUSTUP_HOME=/opt/rustwide/rustup-home" "-e" "CARGO_TARGET_DIR=/opt/rustwide/target" "-w" "/opt/rustwide/workdir" "--user" "0:0" "d9aface1dfb471b3308e7eb707b9562ae3e2ecc8999d71a2cbbb02bca5b9240e" "/opt/rustwide/cargo-home/bin/cargo" "+c79f6bc4fc2389852aeff667626cb3e58adfe71c" "metadata" "--no-deps" "--format-version=1", kill_on_drop: false }`
[INFO] running `Command { std: "docker" "inspect" "d9aface1dfb471b3308e7eb707b9562ae3e2ecc8999d71a2cbbb02bca5b9240e", kill_on_drop: false }`
[INFO] running `Command { std: "docker" "exec" "-e" "SOURCE_DIR=/opt/rustwide/workdir" "-e" "CARGO_HOME=/opt/rustwide/cargo-home" "-e" "RUSTUP_HOME=/opt/rustwide/rustup-home" "-e" "CARGO_TARGET_DIR=/opt/rustwide/target" "-e" "CARGO_INCREMENTAL=0" "-e" "RUST_BACKTRACE=full" "-e" "RUSTFLAGS=--cap-lints=forbid" "-e" "RUSTDOCFLAGS=--cap-lints=forbid" "-w" "/opt/rustwide/workdir" "--user" "0:0" "d9aface1dfb471b3308e7eb707b9562ae3e2ecc8999d71a2cbbb02bca5b9240e" "/opt/rustwide/cargo-home/bin/cargo" "+c79f6bc4fc2389852aeff667626cb3e58adfe71c" "check" "--frozen" "--all" "--all-targets" "--message-format=json", kill_on_drop: false }`
[INFO] [stderr]    Compiling libc v0.2.174
[INFO] [stderr]     Checking const-oid v0.9.6
[INFO] [stderr]     Checking pem-rfc7468 v0.7.0
[INFO] [stderr]     Checking flagset v0.4.7
[INFO] [stderr]     Checking smallvec v1.15.1
[INFO] [stderr]     Checking serde_json v1.0.149
[INFO] [stderr]    Compiling num-traits v0.2.19
[INFO] [stderr]    Compiling zeroize_derive v1.4.3
[INFO] [stderr]    Compiling der_derive v0.7.3
[INFO] [stderr]     Checking bitvec v1.0.1
[INFO] [stderr]     Checking serde v1.0.228
[INFO] [stderr]    Compiling futures-macro v0.3.32
[INFO] [stderr]    Compiling winnow v1.0.3
[INFO] [stderr]    Compiling tracing-attributes v0.1.31
[INFO] [stderr]     Checking spin v0.9.9
[INFO] [stderr]    Compiling borsh v1.6.1
[INFO] [stderr]    Compiling thiserror-impl v2.0.18
[INFO] [stderr]    Compiling darling_core v0.20.11
[INFO] [stderr]     Checking lazy_static v1.5.0
[INFO] [stderr]     Checking keccak v0.1.6
[INFO] [stderr]    Compiling curve25519-dalek v4.1.3
[INFO] [stderr]    Compiling num-bigint-dig v0.8.6
[INFO] [stderr]    Compiling thiserror v2.0.18
[INFO] [stderr]    Compiling curve25519-dalek-derive v0.1.1
[INFO] [stderr]    Compiling unicode-segmentation v1.13.3
[INFO] [stderr]     Checking regex-syntax v0.8.10
[INFO] [stderr]     Checking serdect v0.2.0
[INFO] [stderr]     Checking zeroize v1.8.2
[INFO] [stderr]     Checking qos_hex v0.14.1
[INFO] [stderr]     Checking generic-array v0.14.7
[INFO] [stderr]     Checking rustls-pki-types v1.14.0
[INFO] [stderr]    Compiling convert_case v0.10.0
[INFO] [stderr]     Checking num-integer v0.1.46
[INFO] [stderr]     Checking futures-util v0.3.32
[INFO] [stderr]     Checking serde_urlencoded v0.7.1
[INFO] [stderr]    Compiling openssl-sys v0.9.111
[INFO] [stderr]     Checking icu_normalizer v2.1.1
[INFO] [stderr]     Checking der v0.7.10
[INFO] [stderr]     Checking num-iter v0.1.45
[INFO] [stderr]    Compiling darling_core v0.23.0
[INFO] [stderr]    Compiling crc24 v0.1.6
[INFO] [stderr]    Compiling derive_more-impl v2.1.1
[INFO] [stderr]     Checking serdect v0.3.0
[INFO] [stderr]     Checking getrandom v0.2.17
[INFO] [stderr]     Checking rand_core v0.6.4
[INFO] [stderr]     Checking errno v0.3.14
[INFO] [stderr]     Checking block-buffer v0.10.4
[INFO] [stderr]     Checking inout v0.1.4
[INFO] [stderr]     Checking mio v1.1.0
[INFO] [stderr]     Checking signal-hook-registry v1.4.8
[INFO] [stderr]     Checking socket2 v0.6.2
[INFO] [stderr]     Checking tracing v0.1.44
[INFO] [stderr]     Checking getrandom v0.3.4
[INFO] [stderr]     Checking crypto-common v0.1.7
[INFO] [stderr]     Checking crypto-bigint v0.5.5
[INFO] [stderr]     Checking rand_chacha v0.3.1
[INFO] [stderr]     Checking digest v0.10.7
[INFO] [stderr]     Checking aead v0.5.2
[INFO] [stderr]     Checking cipher v0.4.4
[INFO] [stderr]     Checking universal-hash v0.5.1
[INFO] [stderr]     Checking ring v0.17.14
[INFO] [stderr]     Checking tokio v1.49.0
[INFO] [stderr]     Checking polyval v0.6.2
[INFO] [stderr]     Checking dbl v0.3.2
[INFO] [stderr]     Checking ctr v0.9.2
[INFO] [stderr]     Checking rand v0.8.6
[INFO] [stderr]     Checking aes v0.8.4
[INFO] [stderr]    Compiling bitfields-impl v1.0.3
[INFO] [stderr]     Checking ghash v0.5.1
[INFO] [stderr]     Checking hmac v0.12.1
[INFO] [stderr]     Checking signature v2.2.0
[INFO] [stderr]     Checking sha2 v0.10.9
[INFO] [stderr]     Checking sha3 v0.10.9
[INFO] [stderr]     Checking hkdf v0.12.4
[INFO] [stderr]     Checking rfc6979 v0.4.0
[INFO] [stderr]     Checking regex-automata v0.4.14
[INFO] [stderr]     Checking ed25519 v2.2.3
[INFO] [stderr]     Checking blake2 v0.10.6
[INFO] [stderr]    Compiling toml_parser v1.1.2+spec-1.1.0
[INFO] [stderr]     Checking ff v0.13.1
[INFO] [stderr]     Checking aes-gcm v0.10.3
[INFO] [stderr]     Checking group v0.13.0
[INFO] [stderr]     Checking sha1 v0.10.7
[INFO] [stderr]     Checking cmac v0.7.2
[INFO] [stderr]     Checking password-hash v0.5.0
[INFO] [stderr]     Checking idna_adapter v1.2.1
[INFO] [stderr]    Compiling snafu-derive v0.9.2
[INFO] [stderr]    Compiling num_enum_derive v0.7.6
[INFO] [stderr]     Checking spki v0.7.3
[INFO] [stderr]     Checking zlib-rs v0.6.8
[INFO] [stderr]     Checking pkcs8 v0.10.2
[INFO] [stderr]     Checking sec1 v0.7.3
[INFO] [stderr]    Compiling toml_edit v0.25.11+spec-1.1.0
[INFO] [stderr]     Checking pkcs1 v0.7.5
[INFO] [stderr]     Checking bitfields v1.0.3
[INFO] [stderr]     Checking x25519-dalek v2.0.1
[INFO] [stderr]     Checking ed25519-dalek v2.2.0
[INFO] [stderr]     Checking elliptic-curve v0.13.8
[INFO] [stderr]    Compiling darling_macro v0.20.11
[INFO] [stderr]     Checking idna v1.1.0
[INFO] [stderr]     Checking argon2 v0.5.3
[INFO] [stderr]     Checking sha1-checked v0.10.0
[INFO] [stderr]     Checking derive_more v2.1.1
[INFO] [stderr]     Checking dsa v0.6.3
[INFO] [stderr]     Checking rsa v0.9.10
[INFO] [stderr]    Compiling darling v0.20.11
[INFO] [stderr]     Checking eax v0.5.0
[INFO] [stderr]     Checking num-bigint v0.4.6
[INFO] [stderr]     Checking num_enum v0.7.6
[INFO] [stderr]     Checking ecdsa v0.16.9
[INFO] [stderr]     Checking primeorder v0.13.6
[INFO] [stderr]    Compiling derive_builder_core v0.20.2
[INFO] [stderr]     Checking cx448 v0.1.1
[INFO] [stderr]     Checking aes-kw v0.2.1
[INFO] [stderr]     Checking ripemd v0.1.3
[INFO] [stderr]     Checking md-5 v0.10.6
[INFO] [stderr]     Checking ocb3 v0.1.0
[INFO] [stderr]     Checking flate2 v1.1.10
[INFO] [stderr]     Checking des v0.8.1
[INFO] [stderr]     Checking twofish v0.7.1
[INFO] [stderr]     Checking blowfish v0.9.1
[INFO] [stderr]     Checking cfb-mode v0.8.2
[INFO] [stderr]     Checking cast5 v0.11.1
[INFO] [stderr]     Checking p256 v0.13.2
[INFO] [stderr]    Compiling proc-macro-crate v3.5.0
[INFO] [stderr]     Checking p384 v0.13.1
[INFO] [stderr]     Checking p521 v0.13.3
[INFO] [stderr]     Checking k256 v0.13.4
[INFO] [stderr]     Checking idea v0.5.1
[INFO] [stderr]     Checking camellia v0.1.0
[INFO] [stderr]     Checking block-padding v0.3.3
[INFO] [stderr]    Compiling nix v0.30.1
[INFO] [stderr]     Checking buffer-redux v1.1.0
[INFO] [stderr]     Checking nom v8.0.0
[INFO] [stderr]     Checking half v1.8.3
[INFO] [stderr]     Checking replace_with v0.1.8
[INFO] [stderr]    Compiling rustix v1.1.2
[INFO] [stderr]     Checking url v2.5.8
[INFO] [stderr]     Checking parking_lot_core v0.9.12
[INFO] [stderr]     Checking num-complex v0.4.6
[INFO] [stderr]    Compiling borsh-derive v1.6.1
[INFO] [stderr]     Checking rand_core v0.9.5
[INFO] [stderr]     Checking serde_bytes v0.11.19
[INFO] [stderr]    Compiling prometheus v0.13.4
[INFO] [stderr]     Checking serde_cbor v0.11.2
[INFO] [stderr]    Compiling derive_builder_macro v0.20.2
[INFO] [stderr]     Checking num-rational v0.4.2
[INFO] [stderr]     Checking nix v0.26.4
[INFO] [stderr]     Checking rand_chacha v0.9.0
[INFO] [stderr]     Checking parking_lot v0.12.5
[INFO] [stderr]    Compiling openssl v0.10.75
[INFO] [stderr]     Checking derive_builder v0.20.2
[INFO] [stderr]     Checking snafu v0.9.2
[INFO] [stderr]     Checking futures-executor v0.3.32
[INFO] [stderr]     Checking axum-core v0.5.6
[INFO] [stderr]     Checking generic-array v1.4.1
[INFO] [stderr]    Compiling axum-macros v0.5.0
[INFO] [stderr]    Compiling openssl-macros v0.1.1
[INFO] [stderr]    Compiling serde_repr v0.1.20
[INFO] [stderr]    Compiling darling_macro v0.23.0
[INFO] [stderr]     Checking num v0.4.3
[INFO] [stderr]     Checking hybrid-array v0.4.12
[INFO] [stderr]    Compiling native-tls v0.2.18
[INFO] [stderr]     Checking futures v0.3.32
[INFO] [stderr]     Checking rand v0.9.2
[INFO] [stderr]     Checking vsock v0.5.2
[INFO] [stderr]     Checking webpki v0.22.4
[INFO] [stderr]    Compiling darling v0.23.0
[INFO] [stderr]     Checking x509-cert v0.2.5
[INFO] [stderr]    Compiling serde_with_macros v3.20.0
[INFO] [stderr]     Checking qos_json v0.14.1
[INFO] [stderr]    Compiling qos_core v0.14.1
[INFO] [stdout] error[E0493]: destructor of `ArrayBuilder<T, N>` cannot be evaluated at compile-time
[INFO] [stdout]    --> /opt/rustwide/cargo-home/registry/src/index.crates.io-1949cf8c6b5b557f/generic-array-1.4.1/src/internal.rs:103:31
[INFO] [stdout]     |
[INFO] [stdout] 103 |     pub unsafe fn assume_init(self) -> GenericArray<T, N> {
[INFO] [stdout]     |                               ^^^^ the destructor for this type cannot be evaluated in constant functions
[INFO] [stdout] ...
[INFO] [stdout] 109 |     }
[INFO] [stdout]     |     - value is dropped here
[INFO] [stdout] 
[INFO] [stdout] 
[INFO] [stderr] error: could not compile `generic-array` (lib) due to 3 previous errors
[INFO] [stdout] error[E0493]: destructor of `GenericArray<core::mem::MaybeUninit<*const T>, N>` cannot be evaluated at compile-time
[INFO] [stdout]    --> /opt/rustwide/cargo-home/registry/src/index.crates.io-1949cf8c6b5b557f/generic-array-1.4.1/src/lib.rs:970:13
[INFO] [stdout]     |
[INFO] [stdout] 970 |         let mut out: GenericArray<MaybeUninit<*const T>, N> = GenericArray::uninit();
[INFO] [stdout]     |             ^^^^^^^ the destructor for this type cannot be evaluated in constant functions
[INFO] [stdout] ...
[INFO] [stdout] 985 |     }
[INFO] [stdout]     |     - value is dropped here
[INFO] [stdout] 
[INFO] [stdout] 
[INFO] [stderr] warning: build failed, waiting for other jobs to finish...
[INFO] [stdout] error[E0493]: destructor of `GenericArray<core::mem::MaybeUninit<*mut T>, N>` cannot be evaluated at compile-time
[INFO] [stdout]     --> /opt/rustwide/cargo-home/registry/src/index.crates.io-1949cf8c6b5b557f/generic-array-1.4.1/src/lib.rs:1005:13
[INFO] [stdout]      |
[INFO] [stdout] 1005 |         let mut out: GenericArray<MaybeUninit<*mut T>, N> = GenericArray::uninit();
[INFO] [stdout]      |             ^^^^^^^ the destructor for this type cannot be evaluated in constant functions
[INFO] [stdout] ...
[INFO] [stdout] 1020 |     }
[INFO] [stdout]      |     - value is dropped here
[INFO] [stdout] 
[INFO] [stdout] 
[INFO] [stdout] For more information about this error, try `rustc --explain E0493`.
[INFO] [stdout] 
[INFO] running `Command { std: "docker" "inspect" "d9aface1dfb471b3308e7eb707b9562ae3e2ecc8999d71a2cbbb02bca5b9240e", kill_on_drop: false }`
[INFO] running `Command { std: "docker" "rm" "-f" "d9aface1dfb471b3308e7eb707b9562ae3e2ecc8999d71a2cbbb02bca5b9240e", kill_on_drop: false }`
[INFO] [stdout] d9aface1dfb471b3308e7eb707b9562ae3e2ecc8999d71a2cbbb02bca5b9240e
