[INFO] cloning repository https://github.com/thatgurkangurk/mcpackutil
[INFO] running `Command { std: "git" "-c" "credential.helper=" "-c" "credential.helper=/workspace/cargo-home/bin/git-credential-null" "clone" "--bare" "https://github.com/thatgurkangurk/mcpackutil" "/workspace/cache/git-repos/https%3A%2F%2Fgithub.com%2Fthatgurkangurk%2Fmcpackutil", kill_on_drop: false }`
[INFO] [stderr] Cloning into bare repository '/workspace/cache/git-repos/https%3A%2F%2Fgithub.com%2Fthatgurkangurk%2Fmcpackutil'...
[INFO] running `Command { std: "git" "rev-parse" "HEAD", kill_on_drop: false }`
[INFO] [stdout] 31908895b8cef919a98ebab0510957a5ff949afd
[INFO] checking thatgurkangurk/mcpackutil against c79f6bc4fc2389852aeff667626cb3e58adfe71c for pr-164081
[INFO] running `Command { std: "git" "clone" "/workspace/cache/git-repos/https%3A%2F%2Fgithub.com%2Fthatgurkangurk%2Fmcpackutil" "/workspace/builds/worker-1-tc2/source", kill_on_drop: false }`
[INFO] [stderr] Cloning into '/workspace/builds/worker-1-tc2/source'...
[INFO] [stderr] done.
[INFO] removed /workspace/builds/worker-1-tc2/source/.cargo/config.toml
[INFO] started tweaking git repo https://github.com/thatgurkangurk/mcpackutil
[INFO] finished tweaking git repo https://github.com/thatgurkangurk/mcpackutil
[INFO] tweaked toml for git repo https://github.com/thatgurkangurk/mcpackutil written to /workspace/builds/worker-1-tc2/source/Cargo.toml
[INFO] validating manifest of git repo https://github.com/thatgurkangurk/mcpackutil on toolchain c79f6bc4fc2389852aeff667626cb3e58adfe71c
[INFO] running `Command { std: CARGO_HOME="/workspace/cargo-home" RUSTUP_HOME="/workspace/rustup-home" "/workspace/cargo-home/bin/cargo" "+c79f6bc4fc2389852aeff667626cb3e58adfe71c" "metadata" "--manifest-path" "Cargo.toml" "--no-deps", kill_on_drop: false }`
[INFO] crate git repo https://github.com/thatgurkangurk/mcpackutil already has a lockfile, it will not be regenerated
[INFO] running `Command { std: CARGO_HOME="/workspace/cargo-home" RUSTUP_HOME="/workspace/rustup-home" "/workspace/cargo-home/bin/cargo" "+c79f6bc4fc2389852aeff667626cb3e58adfe71c" "fetch" "--manifest-path" "Cargo.toml", kill_on_drop: false }`
[INFO] running `Command { std: "docker" "create" "-v" "/var/lib/crater-agent-workspace/builds/worker-1-tc2/source:/opt/rustwide/workdir:ro,Z" "-v" "/var/lib/crater-agent-workspace/builds/worker-1-tc2/target:/opt/rustwide/target:rw,Z" "-v" "/var/lib/crater-agent-workspace/cargo-home:/opt/rustwide/cargo-home:ro,Z" "-v" "/var/lib/crater-agent-workspace/rustup-home:/opt/rustwide/rustup-home:ro,Z" "-m" "1610612736" "--network" "none" "ghcr.io/rust-lang/crates-build-env/linux@sha256:77db811e55d90add9212f6832c23229e3de5f1c1f9905e8cb07319ea15df73ac" "sleep" "infinity", kill_on_drop: false }`
[INFO] [stdout] 2a55a7ef7b0c0bde07d23ca452a056341a16a4403cec2d501ff7b15e5ef710ed
[INFO] running `Command { std: "docker" "start" "2a55a7ef7b0c0bde07d23ca452a056341a16a4403cec2d501ff7b15e5ef710ed", kill_on_drop: false }`
[INFO] running `Command { std: "docker" "inspect" "2a55a7ef7b0c0bde07d23ca452a056341a16a4403cec2d501ff7b15e5ef710ed", kill_on_drop: false }`
[INFO] running `Command { std: "docker" "exec" "-e" "SOURCE_DIR=/opt/rustwide/workdir" "-e" "CARGO_HOME=/opt/rustwide/cargo-home" "-e" "RUSTUP_HOME=/opt/rustwide/rustup-home" "-e" "CARGO_TARGET_DIR=/opt/rustwide/target" "-w" "/opt/rustwide/workdir" "--user" "0:0" "2a55a7ef7b0c0bde07d23ca452a056341a16a4403cec2d501ff7b15e5ef710ed" "/opt/rustwide/cargo-home/bin/cargo" "+c79f6bc4fc2389852aeff667626cb3e58adfe71c" "metadata" "--no-deps" "--format-version=1", kill_on_drop: false }`
[INFO] running `Command { std: "docker" "inspect" "2a55a7ef7b0c0bde07d23ca452a056341a16a4403cec2d501ff7b15e5ef710ed", kill_on_drop: false }`
[INFO] running `Command { std: "docker" "exec" "-e" "SOURCE_DIR=/opt/rustwide/workdir" "-e" "CARGO_HOME=/opt/rustwide/cargo-home" "-e" "RUSTUP_HOME=/opt/rustwide/rustup-home" "-e" "CARGO_TARGET_DIR=/opt/rustwide/target" "-e" "CARGO_INCREMENTAL=0" "-e" "RUST_BACKTRACE=full" "-e" "RUSTFLAGS=--cap-lints=forbid" "-e" "RUSTDOCFLAGS=--cap-lints=forbid" "-w" "/opt/rustwide/workdir" "--user" "0:0" "2a55a7ef7b0c0bde07d23ca452a056341a16a4403cec2d501ff7b15e5ef710ed" "/opt/rustwide/cargo-home/bin/cargo" "+c79f6bc4fc2389852aeff667626cb3e58adfe71c" "check" "--frozen" "--all" "--all-targets" "--message-format=json", kill_on_drop: false }`
[INFO] [stderr]     Checking zeroize v1.9.0
[INFO] [stderr]     Checking cfg-if v1.0.4
[INFO] [stderr]     Checking typenum v1.20.1
[INFO] [stderr]     Checking subtle v2.6.1
[INFO] [stderr]     Checking cmov v0.5.4
[INFO] [stderr]     Checking rand_core v0.10.1
[INFO] [stderr]    Compiling getrandom v0.4.3
[INFO] [stderr]     Checking base64ct v1.8.3
[INFO] [stderr]     Checking const-oid v0.10.2
[INFO] [stderr]    Compiling libc v0.2.189
[INFO] [stderr]    Compiling libm v0.2.16
[INFO] [stderr]     Checking const-oid v0.9.6
[INFO] [stderr]    Compiling generic-array v0.14.7
[INFO] [stderr]    Compiling num-traits v0.2.19
[INFO] [stderr]     Checking cpufeatures v0.2.17
[INFO] [stderr]    Compiling syn v3.0.3
[INFO] [stderr]     Checking bytes v1.12.1
[INFO] [stderr]     Checking cpufeatures v0.3.0
[INFO] [stderr]     Checking cpubits v0.1.1
[INFO] [stderr]    Compiling serde_core v1.0.229
[INFO] [stderr]     Checking pin-project-lite v0.2.17
[INFO] [stderr]     Checking memchr v2.8.3
[INFO] [stderr]    Compiling find-msvc-tools v0.1.10
[INFO] [stderr]     Checking futures-core v0.3.34
[INFO] [stderr]     Checking once_cell v1.21.4
[INFO] [stderr]     Checking smallvec v1.15.2
[INFO] [stderr]     Checking futures-sink v0.3.34
[INFO] [stderr]     Checking ctutils v0.4.2
[INFO] [stderr]     Checking zerofrom v0.1.8
[INFO] [stderr]     Checking stable_deref_trait v1.2.1
[INFO] [stderr]     Checking futures-io v0.3.34
[INFO] [stderr]     Checking slab v0.4.12
[INFO] [stderr]     Checking futures-channel v0.3.34
[INFO] [stderr]     Checking futures-task v0.3.34
[INFO] [stderr]    Compiling cc v1.4.2
[INFO] [stderr]     Checking yoke v0.8.3
[INFO] [stderr]     Checking pem-rfc7468 v1.0.0
[INFO] [stderr]     Checking pem-rfc7468 v0.7.0
[INFO] [stderr]     Checking itoa v1.0.18
[INFO] [stderr]    Compiling aws-lc-rs v1.18.0
[INFO] [stderr]     Checking ff v0.14.0
[INFO] [stderr]     Checking litemap v0.8.2
[INFO] [stderr]     Checking der v0.7.10
[INFO] [stderr]     Checking writeable v0.6.3
[INFO] [stderr]     Checking rustls-pki-types v1.15.1
[INFO] [stderr]     Checking untrusted v0.7.1
[INFO] [stderr]     Checking utf8_iter v1.0.4
[INFO] [stderr]     Checking der v0.8.1
[INFO] [stderr]     Checking http v1.5.0
[INFO] [stderr]     Checking untrusted v0.9.0
[INFO] [stderr]     Checking zerovec v0.11.6
[INFO] [stderr]    Compiling icu_properties_data v2.2.0
[INFO] [stderr]    Compiling icu_normalizer_data v2.2.0
[INFO] [stderr]     Checking group v0.14.0
[INFO] [stderr]     Checking base16ct v0.2.0
[INFO] [stderr]     Checking percent-encoding v2.3.2
[INFO] [stderr]     Checking base16ct v1.0.0
[INFO] [stderr]    Compiling zerocopy v0.8.56
[INFO] [stderr]     Checking tracing-core v0.1.36
[INFO] [stderr]     Checking byteorder v1.5.0
[INFO] [stderr]    Compiling rustls v0.23.43
[INFO] [stderr]     Checking log v0.4.33
[INFO] [stderr]     Checking equivalent v1.0.2
[INFO] [stderr]     Checking hashbrown v0.17.1
[INFO] [stderr]    Compiling serde v1.0.229
[INFO] [stderr]    Compiling httparse v1.10.1
[INFO] [stderr]     Checking opaque-debug v0.3.1
[INFO] [stderr]     Checking atomic-waker v1.1.2
[INFO] [stderr]     Checking tower-service v0.3.3
[INFO] [stderr]     Checking try-lock v0.2.5
[INFO] [stderr]     Checking fnv v1.0.7
[INFO] [stderr]     Checking form_urlencoded v1.2.2
[INFO] [stderr]     Checking want v0.3.1
[INFO] [stderr]     Checking unicode-width v0.2.2
[INFO] [stderr]     Checking tracing v0.1.44
[INFO] [stderr]    Compiling zmij v1.0.23
[INFO] [stderr]    Compiling rustix v1.1.4
[INFO] [stderr]    Compiling curve25519-dalek v5.0.0
[INFO] [stderr]     Checking indexmap v2.14.0
[INFO] [stderr]     Checking sync_wrapper v1.0.2
[INFO] [stderr]    Compiling portable-atomic v1.14.0
[INFO] [stderr]     Checking linux-raw-sys v0.12.1
[INFO] [stderr]     Checking base64 v0.22.1
[INFO] [stderr]     Checking spin v0.9.9
[INFO] [stderr]     Checking http-body v1.1.0
[INFO] [stderr]     Checking tower-layer v0.3.3
[INFO] [stderr]     Checking ipnet v2.12.1
[INFO] [stderr]     Checking potential_utf v0.1.5
[INFO] [stderr]    Compiling serde_json v1.0.151
[INFO] [stderr]    Compiling nix v0.31.3
[INFO] [stderr]    Compiling num-bigint-dig v0.8.6
[INFO] [stderr]     Checking lazy_static v1.5.0
[INFO] [stderr]    Compiling curve25519-dalek v4.1.3
[INFO] [stderr]     Checking webpki-roots v1.0.9
[INFO] [stderr]     Checking keccak v0.2.1
[INFO] [stderr]     Checking fastrand v2.5.0
[INFO] [stderr]     Checking iana-time-zone v0.1.65
[INFO] [stderr]     Checking utf8parse v0.2.2
[INFO] [stderr]     Checking getrandom v0.2.17
[INFO] [stderr]     Checking mio v1.2.2
[INFO] [stderr]     Checking socket2 v0.6.5
[INFO] [stderr]    Compiling cmake v0.1.58
[INFO] [stderr]    Compiling crc32fast v1.5.0
[INFO] [stderr]     Checking anstyle-parse v1.0.0
[INFO] [stderr]    Compiling thiserror v2.0.20
[INFO] [stderr]    Compiling crossbeam-utils v0.8.22
[INFO] [stderr]    Compiling parking_lot_core v0.9.12
[INFO] [stderr]     Checking rand_core v0.6.4
[INFO] [stderr]     Checking http-body-util v0.1.4
[INFO] [stderr]     Checking aho-corasick v1.1.5
[INFO] [stderr]     Checking winnow v1.0.4
[INFO] [stderr]     Checking colorchoice v1.0.5
[INFO] [stderr]     Checking scopeguard v1.2.0
[INFO] [stderr]     Checking ff v0.13.1
[INFO] [stderr]     Checking ryu v1.0.23
[INFO] [stderr]     Checking anstyle v1.0.14
[INFO] [stderr]     Checking adler2 v2.0.1
[INFO] [stderr]     Checking simd-adler32 v0.3.10
[INFO] [stderr]     Checking group v0.13.0
[INFO] [stderr]     Checking anstyle-query v1.1.5
[INFO] [stderr]     Checking is_terminal_polyfill v1.70.2
[INFO] [stderr]     Checking hybrid-array v0.4.14
[INFO] [stderr]     Checking spki v0.7.3
[INFO] [stderr]     Checking num-integer v0.1.46
[INFO] [stderr]     Checking chrono v0.4.45
[INFO] [stderr]     Checking openssl-probe v0.2.1
[INFO] [stderr]     Checking regex-syntax v0.8.11
[INFO] [stderr]     Checking miniz_oxide v0.8.9
[INFO] [stderr]    Compiling thiserror v1.0.69
[INFO] [stderr]     Checking rustls-native-certs v0.8.4
[INFO] [stderr]     Checking anstream v1.0.0
[INFO] [stderr]     Checking num-iter v0.1.46
[INFO] [stderr]     Checking lock_api v0.4.14
[INFO] [stderr]    Compiling aws-lc-sys v0.44.0
[INFO] [stderr]    Compiling ring v0.17.14
[INFO] [stderr]     Checking console v0.16.4
[INFO] [stderr]     Checking console v0.15.11
[INFO] [stderr]    Compiling thiserror-impl v1.0.69
[INFO] [stderr]     Checking crypto-common v0.1.7
[INFO] [stderr]     Checking block-buffer v0.10.4
[INFO] [stderr]     Checking block-padding v0.3.3
[INFO] [stderr]     Checking inout v0.1.4
[INFO] [stderr]     Checking crypto-bigint v0.5.5
[INFO] [stderr]     Checking universal-hash v0.5.1
[INFO] [stderr]     Checking digest v0.10.7
[INFO] [stderr]     Checking aead v0.5.2
[INFO] [stderr]    Compiling self_update v0.42.0
[INFO] [stderr]     Checking cipher v0.4.4
[INFO] [stderr]     Checking spki v0.8.0
[INFO] [stderr]     Checking number_prefix v0.4.0
[INFO] [stderr]     Checking polyval v0.6.2
[INFO] [stderr]     Checking poly1305 v0.8.0
[INFO] [stderr]     Checking pkcs1 v0.8.0-rc.4
[INFO] [stderr]     Checking ghash v0.5.1
[INFO] [stderr]     Checking sponge-cursor v0.1.0
[INFO] [stderr]     Checking data-encoding v2.11.1
[INFO] [stderr]     Checking clap_lex v1.1.0
[INFO] [stderr]     Checking sha2 v0.10.9
[INFO] [stderr]     Checking hmac v0.12.1
[INFO] [stderr]     Checking pbkdf2 v0.12.2
[INFO] [stderr]     Checking aes v0.8.4
[INFO] [stderr]     Checking cbc v0.1.2
[INFO] [stderr]     Checking salsa20 v0.10.2
[INFO] [stderr]     Checking signature v2.2.0
[INFO] [stderr]     Checking hkdf v0.12.4
[INFO] [stderr]     Checking rfc6979 v0.4.0
[INFO] [stderr]     Checking ctr v0.9.2
[INFO] [stderr]     Checking blowfish v0.9.1
[INFO] [stderr]     Checking chacha20 v0.9.1
[INFO] [stderr]     Checking scrypt v0.11.0
[INFO] [stderr]     Checking ssh-encoding v0.2.0
[INFO] [stderr]     Checking bcrypt-pbkdf v0.10.0
[INFO] [stderr]     Checking toml_parser v1.1.3+spec-1.1.0
[INFO] [stderr]     Checking strsim v0.11.1
[INFO] [stderr]     Checking toml_writer v1.1.2+spec-1.1.0
[INFO] [stderr]     Checking hex v0.4.3
[INFO] [stderr]     Checking hashbrown v0.14.5
[INFO] [stderr]    Compiling anyhow v1.0.104
[INFO] [stderr]     Checking pkcs5 v0.7.1
[INFO] [stderr]     Checking aes-gcm v0.10.3
[INFO] [stderr]     Checking clap_builder v4.6.6
[INFO] [stderr]     Checking russh-cryptovec v0.48.0
[INFO] [stderr]     Checking ssh-cipher v0.2.0
[INFO] [stderr]     Checking crypto-common v0.2.2
[INFO] [stderr]     Checking block-buffer v0.12.1
[INFO] [stderr]     Checking block-padding v0.4.2
[INFO] [stderr]     Checking inout v0.2.2
[INFO] [stderr]     Checking crypto-bigint v0.7.5
[INFO] [stderr]     Checking sec1 v0.8.1
[INFO] [stderr]     Checking wnaf v0.14.0
[INFO] [stderr]     Checking pkcs8 v0.10.2
[INFO] [stderr]     Checking regex-automata v0.4.18
[INFO] [stderr]     Checking module-lattice v0.2.3
[INFO] [stderr]     Checking sec1 v0.7.3
[INFO] [stderr]     Checking ed25519 v2.2.3
[INFO] [stderr]     Checking pkcs1 v0.7.5
[INFO] [stderr]    Compiling enum_dispatch v0.3.13
[INFO] [stderr]     Checking sha1 v0.10.7
[INFO] [stderr]     Checking indicatif v0.17.11
[INFO] [stderr]     Checking generic-array v1.4.4
[INFO] [stderr]     Checking flate2 v1.1.9
[INFO] [stderr]     Checking ed25519-dalek v2.2.0
[INFO] [stderr]     Checking digest v0.11.3
[INFO] [stderr]     Checking cipher v0.5.2
[INFO] [stderr]     Checking hmac v0.13.0
[INFO] [stderr]     Checking universal-hash v0.6.1
[INFO] [stderr]     Checking sha2 v0.11.0
[INFO] [stderr]     Checking aead v0.6.1
[INFO] [stderr]     Checking ctr v0.10.1
[INFO] [stderr]     Checking aes v0.9.2
[INFO] [stderr]     Checking salsa20 v0.11.0
[INFO] [stderr]     Checking pbkdf2 v0.13.0
[INFO] [stderr]     Checking polyval v0.7.3
[INFO] [stderr]     Checking cbc v0.2.1
[INFO] [stderr]     Checking bitflags v2.13.1
[INFO] [stderr]     Checking signature v3.0.0
[INFO] [stderr]     Checking hkdf v0.13.0
[INFO] [stderr]     Checking elliptic-curve v0.13.8
[INFO] [stderr]     Checking chacha20 v0.10.1
[INFO] [stderr]     Checking poly1305 v0.9.1
[INFO] [stderr]     Checking ghash v0.6.0
[INFO] [stderr]     Checking blowfish v0.10.0
[INFO] [stdout] error[E0493]: destructor of `ArrayBuilder<T, N>` cannot be evaluated at compile-time
[INFO] [stdout]    --> /opt/rustwide/cargo-home/registry/src/index.crates.io-1949cf8c6b5b557f/generic-array-1.4.4/src/internal.rs:103:31
[INFO] [stdout]     |
[INFO] [stdout] 103 |     pub unsafe fn assume_init(self) -> GenericArray<T, N> {
[INFO] [stdout]     |                               ^^^^ the destructor for this type cannot be evaluated in constant functions
[INFO] [stdout] ...
[INFO] [stdout] 109 |     }
[INFO] [stdout]     |     - value is dropped here
[INFO] [stdout] 
[INFO] [stdout] 
[INFO] [stdout] error[E0493]: destructor of `GenericArray<core::mem::MaybeUninit<*const T>, N>` cannot be evaluated at compile-time
[INFO] [stdout]    --> /opt/rustwide/cargo-home/registry/src/index.crates.io-1949cf8c6b5b557f/generic-array-1.4.4/src/lib.rs:981:13
[INFO] [stdout]     |
[INFO] [stdout] 981 |         let mut out: GenericArray<MaybeUninit<*const T>, N> = GenericArray::uninit();
[INFO] [stdout]     |             ^^^^^^^ the destructor for this type cannot be evaluated in constant functions
[INFO] [stdout] ...
[INFO] [stdout] 996 |     }
[INFO] [stdout]     |     - value is dropped here
[INFO] [stdout] 
[INFO] [stdout] 
[INFO] [stdout] error[E0493]: destructor of `GenericArray<core::mem::MaybeUninit<*mut T>, N>` cannot be evaluated at compile-time
[INFO] [stdout]     --> /opt/rustwide/cargo-home/registry/src/index.crates.io-1949cf8c6b5b557f/generic-array-1.4.4/src/lib.rs:1016:13
[INFO] [stdout]      |
[INFO] [stdout] 1016 |         let mut out: GenericArray<MaybeUninit<*mut T>, N> = GenericArray::uninit();
[INFO] [stdout]      |             ^^^^^^^ the destructor for this type cannot be evaluated in constant functions
[INFO] [stdout] ...
[INFO] [stdout] 1031 |     }
[INFO] [stdout]      |     - value is dropped here
[INFO] [stdout] 
[INFO] [stdout] 
[INFO] [stdout] For more information about this error, try `rustc --explain E0493`.
[INFO] [stdout] 
[INFO] [stderr] error: could not compile `generic-array` (lib) due to 3 previous errors
[INFO] [stderr] warning: build failed, waiting for other jobs to finish...
[INFO] running `Command { std: "docker" "inspect" "2a55a7ef7b0c0bde07d23ca452a056341a16a4403cec2d501ff7b15e5ef710ed", kill_on_drop: false }`
[INFO] running `Command { std: "docker" "rm" "-f" "2a55a7ef7b0c0bde07d23ca452a056341a16a4403cec2d501ff7b15e5ef710ed", kill_on_drop: false }`
[INFO] [stdout] 2a55a7ef7b0c0bde07d23ca452a056341a16a4403cec2d501ff7b15e5ef710ed
