[INFO] cloning repository https://github.com/terva-sh/terva-conn-matrix
[INFO] running `Command { std: "git" "-c" "credential.helper=" "-c" "credential.helper=/workspace/cargo-home/bin/git-credential-null" "clone" "--bare" "https://github.com/terva-sh/terva-conn-matrix" "/workspace/cache/git-repos/https%3A%2F%2Fgithub.com%2Fterva-sh%2Fterva-conn-matrix", kill_on_drop: false }`
[INFO] [stderr] Cloning into bare repository '/workspace/cache/git-repos/https%3A%2F%2Fgithub.com%2Fterva-sh%2Fterva-conn-matrix'...
[INFO] running `Command { std: "git" "rev-parse" "HEAD", kill_on_drop: false }`
[INFO] [stdout] d14308b64b790f12701e2ccd1ce7c9c9551d076f
[INFO] checking terva-sh/terva-conn-matrix against c79f6bc4fc2389852aeff667626cb3e58adfe71c for pr-164081
[INFO] running `Command { std: "git" "clone" "/workspace/cache/git-repos/https%3A%2F%2Fgithub.com%2Fterva-sh%2Fterva-conn-matrix" "/workspace/builds/worker-5-tc2/source", kill_on_drop: false }`
[INFO] [stderr] Cloning into '/workspace/builds/worker-5-tc2/source'...
[INFO] [stderr] done.
[INFO] removed /workspace/builds/worker-5-tc2/source/.cargo/config.toml
[INFO] started tweaking git repo https://github.com/terva-sh/terva-conn-matrix
[INFO] finished tweaking git repo https://github.com/terva-sh/terva-conn-matrix
[INFO] tweaked toml for git repo https://github.com/terva-sh/terva-conn-matrix written to /workspace/builds/worker-5-tc2/source/Cargo.toml
[INFO] validating manifest of git repo https://github.com/terva-sh/terva-conn-matrix on toolchain c79f6bc4fc2389852aeff667626cb3e58adfe71c
[INFO] running `Command { std: CARGO_HOME="/workspace/cargo-home" RUSTUP_HOME="/workspace/rustup-home" "/workspace/cargo-home/bin/cargo" "+c79f6bc4fc2389852aeff667626cb3e58adfe71c" "metadata" "--manifest-path" "Cargo.toml" "--no-deps", kill_on_drop: false }`
[INFO] crate git repo https://github.com/terva-sh/terva-conn-matrix already has a lockfile, it will not be regenerated
[INFO] running `Command { std: CARGO_HOME="/workspace/cargo-home" RUSTUP_HOME="/workspace/rustup-home" "/workspace/cargo-home/bin/cargo" "+c79f6bc4fc2389852aeff667626cb3e58adfe71c" "fetch" "--manifest-path" "Cargo.toml", kill_on_drop: false }`
[INFO] running `Command { std: "docker" "create" "-v" "/var/lib/crater-agent-workspace/builds/worker-5-tc2/source:/opt/rustwide/workdir:ro,Z" "-v" "/var/lib/crater-agent-workspace/builds/worker-5-tc2/target:/opt/rustwide/target:rw,Z" "-v" "/var/lib/crater-agent-workspace/cargo-home:/opt/rustwide/cargo-home:ro,Z" "-v" "/var/lib/crater-agent-workspace/rustup-home:/opt/rustwide/rustup-home:ro,Z" "-m" "1610612736" "--network" "none" "ghcr.io/rust-lang/crates-build-env/linux@sha256:77db811e55d90add9212f6832c23229e3de5f1c1f9905e8cb07319ea15df73ac" "sleep" "infinity", kill_on_drop: false }`
[INFO] [stdout] 72ca5e5180c3a5cf9ad352b0d1fd8867fa5d1d767e4c407f329bd24f37814ab1
[INFO] running `Command { std: "docker" "start" "72ca5e5180c3a5cf9ad352b0d1fd8867fa5d1d767e4c407f329bd24f37814ab1", kill_on_drop: false }`
[INFO] running `Command { std: "docker" "inspect" "72ca5e5180c3a5cf9ad352b0d1fd8867fa5d1d767e4c407f329bd24f37814ab1", kill_on_drop: false }`
[INFO] running `Command { std: "docker" "exec" "-e" "SOURCE_DIR=/opt/rustwide/workdir" "-e" "CARGO_HOME=/opt/rustwide/cargo-home" "-e" "RUSTUP_HOME=/opt/rustwide/rustup-home" "-e" "CARGO_TARGET_DIR=/opt/rustwide/target" "-w" "/opt/rustwide/workdir" "--user" "0:0" "72ca5e5180c3a5cf9ad352b0d1fd8867fa5d1d767e4c407f329bd24f37814ab1" "/opt/rustwide/cargo-home/bin/cargo" "+c79f6bc4fc2389852aeff667626cb3e58adfe71c" "metadata" "--no-deps" "--format-version=1", kill_on_drop: false }`
[INFO] running `Command { std: "docker" "inspect" "72ca5e5180c3a5cf9ad352b0d1fd8867fa5d1d767e4c407f329bd24f37814ab1", kill_on_drop: false }`
[INFO] running `Command { std: "docker" "exec" "-e" "SOURCE_DIR=/opt/rustwide/workdir" "-e" "CARGO_HOME=/opt/rustwide/cargo-home" "-e" "RUSTUP_HOME=/opt/rustwide/rustup-home" "-e" "CARGO_TARGET_DIR=/opt/rustwide/target" "-e" "CARGO_INCREMENTAL=0" "-e" "RUST_BACKTRACE=full" "-e" "RUSTFLAGS=--cap-lints=forbid" "-e" "RUSTDOCFLAGS=--cap-lints=forbid" "-w" "/opt/rustwide/workdir" "--user" "0:0" "72ca5e5180c3a5cf9ad352b0d1fd8867fa5d1d767e4c407f329bd24f37814ab1" "/opt/rustwide/cargo-home/bin/cargo" "+c79f6bc4fc2389852aeff667626cb3e58adfe71c" "check" "--frozen" "--all" "--all-targets" "--message-format=json", kill_on_drop: false }`
[INFO] [stderr]    Compiling serde v1.0.229
[INFO] [stderr]    Compiling syn v3.0.3
[INFO] [stderr]     Checking getrandom v0.2.17
[INFO] [stderr]    Compiling jobserver v0.1.35
[INFO] [stderr]     Checking futures-io v0.3.33
[INFO] [stderr]     Checking block-padding v0.3.3
[INFO] [stderr]     Checking zeroize v1.9.0
[INFO] [stderr]     Checking tracing v0.1.44
[INFO] [stderr]    Compiling zerocopy v0.8.55
[INFO] [stderr]     Checking indexmap v2.14.0
[INFO] [stderr]    Compiling thiserror-impl v1.0.69
[INFO] [stderr]     Checking bitflags v2.13.1
[INFO] [stderr]    Compiling toml_datetime v1.1.1+spec-1.1.0
[INFO] [stderr]     Checking zerovec v0.11.6
[INFO] [stderr]     Checking futures-util v0.3.33
[INFO] [stderr]     Checking inout v0.1.4
[INFO] [stderr]    Compiling hybrid-array v0.4.14
[INFO] [stderr]     Checking getrandom v0.3.4
[INFO] [stderr]    Compiling curve25519-dalek v4.1.3
[INFO] [stderr]    Compiling serde_spanned v1.1.1
[INFO] [stderr]    Compiling cc v1.4.0
[INFO] [stderr]    Compiling js_int v0.2.2
[INFO] [stderr]     Checking rand_core v0.6.4
[INFO] [stderr]     Checking rand_core v0.9.5
[INFO] [stderr]     Checking typewit v1.15.2
[INFO] [stderr]    Compiling toml_edit v0.25.13+spec-1.1.0
[INFO] [stderr]    Compiling toml v1.1.4+spec-1.1.0
[INFO] [stderr]    Compiling either v1.17.0
[INFO] [stderr]    Compiling as_variant v1.3.0
[INFO] [stderr]     Checking crypto-common v0.1.7
[INFO] [stderr]    Compiling pulldown-cmark v0.13.4
[INFO] [stderr]    Compiling unicase v2.9.0
[INFO] [stderr]    Compiling ruma-common v0.19.0
[INFO] [stderr]     Checking digest v0.10.7
[INFO] [stderr]     Checking cipher v0.4.4
[INFO] [stderr]     Checking universal-hash v0.5.1
[INFO] [stderr]     Checking aead v0.5.2
[INFO] [stderr]     Checking poly1305 v0.8.0
[INFO] [stderr]    Compiling aws-lc-rs v1.17.3
[INFO] [stderr]     Checking sha2 v0.10.9
[INFO] [stderr]     Checking hmac v0.12.1
[INFO] [stderr]     Checking time v0.3.55
[INFO] [stderr]     Checking const_panic v0.2.15
[INFO] [stderr]     Checking chacha20 v0.9.1
[INFO] [stderr]    Compiling mime_guess v2.0.5
[INFO] [stderr]     Checking uuid v1.24.0
[INFO] [stderr]     Checking date_header v1.0.5
[INFO] [stderr]     Checking chacha20poly1305 v0.10.1
[INFO] [stderr]     Checking ipnet v2.12.1
[INFO] [stderr]    Compiling ruma-events v0.34.0
[INFO] [stderr]    Compiling proc-macro-crate v3.5.0
[INFO] [stderr]    Compiling crypto-common v0.2.2
[INFO] [stderr]    Compiling block-buffer v0.12.1
[INFO] [stderr]     Checking serde_html_form v0.4.1
[INFO] [stderr]     Checking wildmatch v2.6.1
[INFO] [stderr]     Checking pulldown-cmark-escape v0.11.0
[INFO] [stderr]    Compiling pest v2.8.8
[INFO] [stderr]    Compiling thiserror v1.0.69
[INFO] [stderr]     Checking hkdf v0.12.4
[INFO] [stderr]     Checking rustls-pki-types v1.15.1
[INFO] [stderr]     Checking js_option v0.2.0
[INFO] [stderr]     Checking potential_utf v0.1.5
[INFO] [stderr]    Compiling proc-macro-error-attr2 v2.0.0
[INFO] [stderr]    Compiling cmake v0.1.58
[INFO] [stderr]     Checking konst v0.4.3
[INFO] [stderr]     Checking bitmaps v3.2.1
[INFO] [stderr]    Compiling ruma-client-api v0.24.0
[INFO] [stderr]     Checking pbkdf2 v0.12.2
[INFO] [stderr]    Compiling proc-macro-error2 v2.0.1
[INFO] [stderr]    Compiling itertools v0.14.0
[INFO] [stderr]     Checking rand_xoshiro v0.7.0
[INFO] [stderr]     Checking num_cpus v1.17.0
[INFO] [stderr]    Compiling smallvec v1.15.2
[INFO] [stderr]    Compiling rustls v0.23.43
[INFO] [stderr]     Checking archery v1.2.2
[INFO] [stderr]     Checking assign v1.1.1
[INFO] [stderr]    Compiling rustc-hash v2.1.3
[INFO] [stdout] error[E0493]: destructor of `ArrayBuilder<T, N, D>` cannot be evaluated at compile-time
[INFO] [stdout]    --> /opt/rustwide/cargo-home/registry/src/index.crates.io-1949cf8c6b5b557f/konst-0.4.3/src/array/array_builder.rs:421:24
[INFO] [stdout]     |
[INFO] [stdout] 421 |     pub const fn build(self) -> [T; N] {
[INFO] [stdout]     |                        ^^^^ the destructor for this type cannot be evaluated in constant functions
[INFO] [stdout] ...
[INFO] [stdout] 437 |     }
[INFO] [stdout]     |     - value is dropped here
[INFO] [stdout] 
[INFO] [stdout] 
[INFO] [stderr]     Checking rustix v1.1.4
[INFO] [stdout] error[E0493]: destructor of `array_into_iter::IntoIter<T, N, D>` cannot be evaluated at compile-time
[INFO] [stdout]    --> /opt/rustwide/cargo-home/registry/src/index.crates.io-1949cf8c6b5b557f/konst-0.4.3/src/array/array_into_iter.rs:324:34
[INFO] [stdout]     |
[INFO] [stdout] 324 |     pub const fn assert_is_empty(self) {
[INFO] [stdout]     |                                  ^^^^ the destructor for this type cannot be evaluated in constant functions
[INFO] [stdout] ...
[INFO] [stdout] 327 |     }
[INFO] [stdout]     |     - value is dropped here
[INFO] [stdout] 
[INFO] [stdout] 
[INFO] [stderr]    Compiling type-map v0.5.1
[INFO] [stdout] error[E0493]: destructor of `Option<(T, U)>` cannot be evaluated at compile-time
[INFO] [stdout]    --> /opt/rustwide/cargo-home/registry/src/index.crates.io-1949cf8c6b5b557f/konst-0.4.3/src/macros/control_flow.rs:83:42
[INFO] [stdout]     |
[INFO] [stdout]  81 |   macro_rules! if_let_Some {
[INFO] [stdout]  82 |       ($some:pat = $e:expr => $then:block $(else $else:block)?) => {
[INFO] [stdout]  83 |           match $crate::option::__opt($e) {opt =>
[INFO] [stdout]     |                                            ^^^ the destructor for this type cannot be evaluated in constant functions
[INFO] [stdout] ...
[INFO] [stdout]  90 |               }
[INFO] [stdout]     |               - value is dropped here
[INFO] [stdout]     |
[INFO] [stdout]    ::: /opt/rustwide/cargo-home/registry/src/index.crates.io-1949cf8c6b5b557f/konst-0.4.3/src/option.rs:635:5
[INFO] [stdout]     |
[INFO] [stdout] 635 | /     crate::if_let_Some! {tuple = opt => {
[INFO] [stdout] 636 | |         crate::destructure!{(l, r) = tuple}
[INFO] [stdout] 637 | |
[INFO] [stdout] 638 | |         (Some(l), Some(r))
[INFO] [stdout] 639 | |     } else {
[INFO] [stdout] 640 | |         (None, None)
[INFO] [stdout] 641 | |     }}
[INFO] [stdout]     | |______- in this macro invocation
[INFO] [stdout] 
[INFO] [stdout] 
[INFO] [stderr]    Compiling matrix-pickle-derive v0.2.3
[INFO] [stderr]    Compiling digest v0.11.3
[INFO] [stderr]    Compiling aws-lc-sys v0.43.0
[INFO] [stderr]     Checking serde_bytes v0.11.19
[INFO] [stderr]     Checking deadpool-runtime v0.1.4
[INFO] [stdout] For more information about this error, try `rustc --explain E0493`.
[INFO] [stdout] 
[INFO] [stderr] error: could not compile `konst` (lib) due to 3 previous errors
[INFO] [stderr] warning: build failed, waiting for other jobs to finish...
[INFO] running `Command { std: "docker" "inspect" "72ca5e5180c3a5cf9ad352b0d1fd8867fa5d1d767e4c407f329bd24f37814ab1", kill_on_drop: false }`
[INFO] running `Command { std: "docker" "rm" "-f" "72ca5e5180c3a5cf9ad352b0d1fd8867fa5d1d767e4c407f329bd24f37814ab1", kill_on_drop: false }`
[INFO] [stdout] 72ca5e5180c3a5cf9ad352b0d1fd8867fa5d1d767e4c407f329bd24f37814ab1
