[INFO] cloning repository https://github.com/sol1/rustguac
[INFO] running `Command { std: "git" "-c" "credential.helper=" "-c" "credential.helper=/workspace/cargo-home/bin/git-credential-null" "clone" "--bare" "https://github.com/sol1/rustguac" "/workspace/cache/git-repos/https%3A%2F%2Fgithub.com%2Fsol1%2Frustguac", kill_on_drop: false }`
[INFO] [stderr] Cloning into bare repository '/workspace/cache/git-repos/https%3A%2F%2Fgithub.com%2Fsol1%2Frustguac'...
[INFO] running `Command { std: "git" "rev-parse" "HEAD", kill_on_drop: false }`
[INFO] [stdout] d93cb6b6298b1d2a1a80c8cdf1dbf48c2c85eacf
[INFO] checking sol1/rustguac against c79f6bc4fc2389852aeff667626cb3e58adfe71c for pr-164081
[INFO] running `Command { std: "git" "clone" "/workspace/cache/git-repos/https%3A%2F%2Fgithub.com%2Fsol1%2Frustguac" "/workspace/builds/worker-7-tc2/source", kill_on_drop: false }`
[INFO] [stderr] Cloning into '/workspace/builds/worker-7-tc2/source'...
[INFO] [stderr] done.
[INFO] started tweaking git repo https://github.com/sol1/rustguac
[INFO] finished tweaking git repo https://github.com/sol1/rustguac
[INFO] tweaked toml for git repo https://github.com/sol1/rustguac written to /workspace/builds/worker-7-tc2/source/Cargo.toml
[INFO] validating manifest of git repo https://github.com/sol1/rustguac on toolchain c79f6bc4fc2389852aeff667626cb3e58adfe71c
[INFO] running `Command { std: CARGO_HOME="/workspace/cargo-home" RUSTUP_HOME="/workspace/rustup-home" "/workspace/cargo-home/bin/cargo" "+c79f6bc4fc2389852aeff667626cb3e58adfe71c" "metadata" "--manifest-path" "Cargo.toml" "--no-deps", kill_on_drop: false }`
[INFO] crate git repo https://github.com/sol1/rustguac already has a lockfile, it will not be regenerated
[INFO] running `Command { std: CARGO_HOME="/workspace/cargo-home" RUSTUP_HOME="/workspace/rustup-home" "/workspace/cargo-home/bin/cargo" "+c79f6bc4fc2389852aeff667626cb3e58adfe71c" "fetch" "--manifest-path" "Cargo.toml", kill_on_drop: false }`
[INFO] running `Command { std: "docker" "create" "-v" "/var/lib/crater-agent-workspace/builds/worker-7-tc2/source:/opt/rustwide/workdir:ro,Z" "-v" "/var/lib/crater-agent-workspace/builds/worker-7-tc2/target:/opt/rustwide/target:rw,Z" "-v" "/var/lib/crater-agent-workspace/cargo-home:/opt/rustwide/cargo-home:ro,Z" "-v" "/var/lib/crater-agent-workspace/rustup-home:/opt/rustwide/rustup-home:ro,Z" "-m" "1610612736" "--network" "none" "ghcr.io/rust-lang/crates-build-env/linux@sha256:77db811e55d90add9212f6832c23229e3de5f1c1f9905e8cb07319ea15df73ac" "sleep" "infinity", kill_on_drop: false }`
[INFO] [stdout] 25de5ee0e1fca0e3f550f0139e40051138baaa7b2b451494ce395c03028e8df4
[INFO] running `Command { std: "docker" "start" "25de5ee0e1fca0e3f550f0139e40051138baaa7b2b451494ce395c03028e8df4", kill_on_drop: false }`
[INFO] running `Command { std: "docker" "inspect" "25de5ee0e1fca0e3f550f0139e40051138baaa7b2b451494ce395c03028e8df4", kill_on_drop: false }`
[INFO] running `Command { std: "docker" "exec" "-e" "SOURCE_DIR=/opt/rustwide/workdir" "-e" "CARGO_HOME=/opt/rustwide/cargo-home" "-e" "RUSTUP_HOME=/opt/rustwide/rustup-home" "-e" "CARGO_TARGET_DIR=/opt/rustwide/target" "-w" "/opt/rustwide/workdir" "--user" "0:0" "25de5ee0e1fca0e3f550f0139e40051138baaa7b2b451494ce395c03028e8df4" "/opt/rustwide/cargo-home/bin/cargo" "+c79f6bc4fc2389852aeff667626cb3e58adfe71c" "metadata" "--no-deps" "--format-version=1", kill_on_drop: false }`
[INFO] running `Command { std: "docker" "inspect" "25de5ee0e1fca0e3f550f0139e40051138baaa7b2b451494ce395c03028e8df4", kill_on_drop: false }`
[INFO] running `Command { std: "docker" "exec" "-e" "SOURCE_DIR=/opt/rustwide/workdir" "-e" "CARGO_HOME=/opt/rustwide/cargo-home" "-e" "RUSTUP_HOME=/opt/rustwide/rustup-home" "-e" "CARGO_TARGET_DIR=/opt/rustwide/target" "-e" "CARGO_INCREMENTAL=0" "-e" "RUST_BACKTRACE=full" "-e" "RUSTFLAGS=--cap-lints=forbid" "-e" "RUSTDOCFLAGS=--cap-lints=forbid" "-w" "/opt/rustwide/workdir" "--user" "0:0" "25de5ee0e1fca0e3f550f0139e40051138baaa7b2b451494ce395c03028e8df4" "/opt/rustwide/cargo-home/bin/cargo" "+c79f6bc4fc2389852aeff667626cb3e58adfe71c" "check" "--frozen" "--all" "--all-targets" "--message-format=json", kill_on_drop: false }`
[INFO] [stderr]    Compiling libc v0.2.190
[INFO] [stderr]     Checking subtle v2.6.1
[INFO] [stderr]     Checking cmov v0.5.4
[INFO] [stderr]     Checking rand_core v0.10.1
[INFO] [stderr]    Compiling getrandom v0.4.3
[INFO] [stderr]    Compiling num-traits v0.2.19
[INFO] [stderr]     Checking generic-array v0.14.9
[INFO] [stderr]     Checking cpubits v0.1.1
[INFO] [stderr]    Compiling syn v3.0.1
[INFO] [stderr]     Checking http-body v1.1.0
[INFO] [stderr]    Compiling zerocopy v0.8.54
[INFO] [stderr]     Checking indexmap v2.14.0
[INFO] [stderr]     Checking der v0.8.1
[INFO] [stderr]    Compiling displaydoc v0.2.6
[INFO] [stderr]     Checking der v0.7.10
[INFO] [stderr]     Checking rustls-pki-types v1.15.0
[INFO] [stderr]    Compiling aws-lc-rs v1.18.1
[INFO] [stderr]    Compiling getrandom v0.3.4
[INFO] [stderr]     Checking ff v0.14.0
[INFO] [stderr]     Checking http-body-util v0.1.4
[INFO] [stderr]     Checking ctutils v0.4.2
[INFO] [stderr]    Compiling serde_json v1.0.154
[INFO] [stderr]     Checking group v0.14.0
[INFO] [stderr]     Checking base16ct v1.0.0
[INFO] [stderr]    Compiling curve25519-dalek-derive v0.1.1
[INFO] [stderr]    Compiling rustls v0.23.46
[INFO] [stderr]     Checking data-encoding v2.11.0
[INFO] [stderr]     Checking spin v0.9.9
[INFO] [stderr]     Checking hybrid-array v0.4.13
[INFO] [stderr]    Compiling time-macros v0.2.31
[INFO] [stderr]     Checking lazy_static v1.5.0
[INFO] [stderr]    Compiling darling_core v0.23.0
[INFO] [stderr]    Compiling curve25519-dalek v4.1.3
[INFO] [stderr]     Checking crypto-common v0.1.6
[INFO] [stderr]     Checking block-buffer v0.10.4
[INFO] [stderr]    Compiling curve25519-dalek v5.0.0
[INFO] [stderr]     Checking time-core v0.1.9
[INFO] [stderr]     Checking digest v0.10.7
[INFO] [stderr]     Checking tinystr v0.8.3
[INFO] [stderr]     Checking zerotrie v0.2.4
[INFO] [stderr]     Checking icu_collections v2.2.0
[INFO] [stderr]     Checking num-integer v0.1.46
[INFO] [stderr]     Checking hmac v0.12.1
[INFO] [stderr]     Checking icu_locale_core v2.2.0
[INFO] [stderr]     Checking sha2 v0.10.9
[INFO] [stderr]     Checking hkdf v0.12.4
[INFO] [stderr]     Checking sha1 v0.10.7
[INFO] [stderr]     Checking deranged v0.5.8
[INFO] [stderr]    Compiling nix v0.31.3
[INFO] [stderr]     Checking regex-automata v0.4.16
[INFO] [stderr]     Checking spki v0.7.3
[INFO] [stderr]     Checking rustls-native-certs v0.8.4
[INFO] [stderr]     Checking rfc6979 v0.4.0
[INFO] [stderr]     Checking webpki-roots v1.0.9
[INFO] [stderr]     Checking pkcs8 v0.10.2
[INFO] [stderr]     Checking axum-core v0.5.6
[INFO] [stderr]     Checking keccak v0.2.0
[INFO] [stderr]    Compiling jobserver v0.1.35
[INFO] [stderr]     Checking sec1 v0.7.3
[INFO] [stderr]     Checking spki v0.8.0
[INFO] [stderr]    Compiling portable-atomic v1.14.0
[INFO] [stderr]    Compiling unicode-width v0.2.2
[INFO] [stderr]    Compiling pulldown-cmark v0.13.4
[INFO] [stderr]     Checking pkcs1 v0.8.0-rc.4
[INFO] [stderr]     Checking num-iter v0.1.46
[INFO] [stderr]    Compiling cc v1.3.0
[INFO] [stderr]    Compiling getopts v0.2.24
[INFO] [stderr]     Checking inout v0.1.4
[INFO] [stderr]     Checking raw-cpuid v11.6.0
[INFO] [stderr]    Compiling pin-project-internal v1.1.13
[INFO] [stderr]     Checking icu_provider v2.2.0
[INFO] [stderr]    Compiling fs-err v3.3.1
[INFO] [stderr]    Compiling pulldown-cmark-escape v0.11.0
[INFO] [stderr]     Checking block-buffer v0.12.1
[INFO] [stderr]     Checking block-padding v0.4.2
[INFO] [stderr]     Checking icu_properties v2.2.0
[INFO] [stderr]     Checking icu_normalizer v2.2.0
[INFO] [stderr]     Checking sec1 v0.8.1
[INFO] [stderr]     Checking inout v0.2.2
[INFO] [stderr]     Checking either v1.16.0
[INFO] [stderr]     Checking module-lattice v0.2.3
[INFO] [stderr]     Checking cipher v0.4.4
[INFO] [stderr]     Checking pkcs1 v0.7.5
[INFO] [stderr]     Checking ssh-encoding v0.2.0
[INFO] [stderr]     Checking ordered-float v2.10.1
[INFO] [stderr]     Checking time v0.3.53
[INFO] [stderr]     Checking spinning_top v0.3.0
[INFO] [stderr]     Checking nonzero_ext v0.3.0
[INFO] [stderr]     Checking sponge-cursor v0.1.0
[INFO] [stderr]     Checking nonempty v0.7.0
[INFO] [stderr]     Checking parking_lot_core v0.9.12
[INFO] [stderr]     Checking getrandom v0.2.17
[INFO] [stderr]     Checking errno v0.3.14
[INFO] [stderr]     Checking mio v1.2.2
[INFO] [stderr]     Checking crypto-common v0.2.2
[INFO] [stderr]     Checking signal-hook-registry v1.4.8
[INFO] [stderr]     Checking parking_lot v0.12.5
[INFO] [stderr]     Checking socket2 v0.6.5
[INFO] [stderr]     Checking rand_core v0.6.4
[INFO] [stderr]     Checking crypto-bigint v0.7.5
[INFO] [stderr]    Compiling cmake v0.1.58
[INFO] [stderr]     Checking pin-project v1.1.13
[INFO] [stderr]     Checking dashmap v6.2.1
[INFO] [stderr]     Checking signature v2.2.0
[INFO] [stderr]     Checking rand_core v0.9.5
[INFO] [stderr]     Checking ff v0.13.1
[INFO] [stderr]     Checking tokio v1.53.2
[INFO] [stderr]     Checking crypto-bigint v0.5.5
[INFO] [stderr]     Checking group v0.13.0
[INFO] [stderr]     Checking ed25519 v2.2.3
[INFO] [stderr]     Checking idna_adapter v1.2.2
[INFO] [stderr]     Checking ed25519-dalek v2.2.0
[INFO] [stderr]     Checking futures-timer v3.0.4
[INFO] [stderr]     Checking idna v1.1.0
[INFO] [stderr]     Checking digest v0.11.3
[INFO] [stderr]     Checking cipher v0.5.2
[INFO] [stderr]     Checking universal-hash v0.6.1
[INFO] [stderr]     Checking aead v0.6.1
[INFO] [stderr]    Compiling aws-lc-sys v0.45.0
[INFO] [stderr]    Compiling ring v0.17.14
[INFO] [stderr]     Checking hmac v0.13.0
[INFO] [stderr]     Checking polyval v0.7.3
[INFO] [stderr]     Checking sha2 v0.11.1
[INFO] [stderr]     Checking signature v3.0.0
[INFO] [stderr]     Checking pbkdf2 v0.13.0
[INFO] [stderr]     Checking hkdf v0.13.0
[INFO] [stderr]     Checking ghash v0.6.0
[INFO] [stderr]     Checking poly1305 v0.9.1
[INFO] [stderr]     Checking blake2 v0.11.0-rc.6
[INFO] [stderr]     Checking ctr v0.10.1
[INFO] [stderr]     Checking aes v0.9.3
[INFO] [stderr]     Checking salsa20 v0.11.0
[INFO] [stderr]     Checking cbc v0.2.1
[INFO] [stderr]     Checking chacha20 v0.10.2
[INFO] [stderr]     Checking blowfish v0.10.0
[INFO] [stderr]    Compiling libsqlite3-sys v0.38.2
[INFO] [stderr]     Checking argon2 v0.6.0-rc.8
[INFO] [stderr]    Compiling darling_macro v0.23.0
[INFO] [stderr]     Checking quanta v0.12.6
[INFO] [stderr]     Checking sha3 v0.11.0
[INFO] [stderr]     Checking rand v0.10.3
[INFO] [stderr]    Compiling darling v0.23.0
[INFO] [stderr]     Checking sha1 v0.11.0
[INFO] [stderr]    Compiling serde_with_macros v3.21.0
[INFO] [stderr]     Checking kem v0.3.0
[INFO] [stderr]     Checking scrypt v0.12.0
[INFO] [stderr]     Checking aes-gcm v0.11.0
[INFO] [stderr]     Checking bcrypt-pbkdf v0.11.0
[INFO] [stderr]     Checking toml_parser v1.1.5+spec-1.1.0
[INFO] [stderr]     Checking pkcs5 v0.8.1
[INFO] [stderr]    Compiling futures-macro v0.3.34
[INFO] [stderr]    Compiling serde_derive v1.0.229
[INFO] [stderr]    Compiling thiserror-impl v2.0.19
[INFO] [stderr]    Compiling serde_repr v0.1.21
[INFO] [stderr]    Compiling async-trait v0.1.91
[INFO] [stderr]     Checking pkcs8 v0.11.0
[INFO] [stderr]     Checking cookie v0.18.1
[INFO] [stderr]     Checking elliptic-curve v0.13.8
[INFO] [stderr]     Checking yasna v0.6.0
[INFO] [stderr]     Checking num-bigint v0.5.1
[INFO] [stderr]     Checking ed25519 v3.0.0
[INFO] [stderr]     Checking ml-kem v0.3.2
[INFO] [stderr]     Checking ed25519-dalek v3.0.0
[INFO] [stderr]     Checking futures-util v0.3.34
[INFO] [stderr]     Checking serde_with v3.21.0
[INFO] [stderr]     Checking pem v4.0.0
[INFO] [stderr]     Checking ecdsa v0.16.9
[INFO] [stderr]     Checking primeorder v0.13.6
[INFO] [stderr]     Checking ppv-lite86 v0.2.21
[INFO] [stderr]    Compiling clap_derive v4.6.3
[INFO] [stderr]    Compiling enum_dispatch v0.3.13
[INFO] [stderr]    Compiling rustguac v1.13.0 (/opt/rustwide/workdir)
[INFO] [stderr]     Checking sha3 v0.12.0
[INFO] [stderr]     Checking rand_chacha v0.9.0
[INFO] [stderr]     Checking rand_chacha v0.3.1
[INFO] [stderr]     Checking rand v0.8.7
[INFO] [stderr]     Checking matchers v0.2.0
[INFO] [stderr]     Checking thiserror v2.0.19
[INFO] [stderr]     Checking rand v0.9.5
[INFO] [stderr]     Checking forwarded-header-value v0.1.1
[INFO] [stderr]     Checking p256 v0.13.2
[INFO] [stderr]     Checking p384 v0.13.1
[INFO] [stderr]     Checking clap_builder v4.6.2
[INFO] [stderr]     Checking ssh-cipher v0.2.0
[INFO] [stderr]     Checking flate2 v1.1.9
[INFO] [stderr]     Checking itertools v0.10.5
[INFO] [stderr]     Checking arc-swap v1.9.2
[INFO] [stderr]     Checking num-bigint-dig v0.8.6
[INFO] [stderr]     Checking tungstenite v0.29.0
[INFO] [stderr]     Checking generic-array v1.4.4
[INFO] [stderr]     Checking sharded-slab v0.1.7
[INFO] [stderr]     Checking toml_datetime v1.1.2+spec-1.1.0
[INFO] [stderr]     Checking serde_spanned v1.1.2
[INFO] [stderr]     Checking tracing-log v0.2.0
[INFO] [stderr]     Checking elliptic-curve v0.14.1
[INFO] [stderr]     Checking primefield v0.14.0
[INFO] [stderr]     Checking rfc6979 v0.6.0
[INFO] [stderr]     Checking ssh-encoding v0.3.0
[INFO] [stdout] error[E0493]: destructor of `ArrayBuilder<T, N>` cannot be evaluated at compile-time
[INFO] [stdout]    --> /opt/rustwide/cargo-home/registry/src/index.crates.io-1949cf8c6b5b557f/generic-array-1.4.4/src/internal.rs:103:31
[INFO] [stdout]     |
[INFO] [stdout] 103 |     pub unsafe fn assume_init(self) -> GenericArray<T, N> {
[INFO] [stdout]     |                               ^^^^ the destructor for this type cannot be evaluated in constant functions
[INFO] [stdout] ...
[INFO] [stdout] 109 |     }
[INFO] [stdout]     |     - value is dropped here
[INFO] [stdout] 
[INFO] [stdout] 
[INFO] [stdout] error[E0493]: destructor of `GenericArray<core::mem::MaybeUninit<*const T>, N>` cannot be evaluated at compile-time
[INFO] [stdout]    --> /opt/rustwide/cargo-home/registry/src/index.crates.io-1949cf8c6b5b557f/generic-array-1.4.4/src/lib.rs:981:13
[INFO] [stdout]     |
[INFO] [stdout] 981 |         let mut out: GenericArray<MaybeUninit<*const T>, N> = GenericArray::uninit();
[INFO] [stdout]     |             ^^^^^^^ the destructor for this type cannot be evaluated in constant functions
[INFO] [stdout] ...
[INFO] [stdout] 996 |     }
[INFO] [stdout]     |     - value is dropped here
[INFO] [stdout] 
[INFO] [stdout] 
[INFO] [stdout] error[E0493]: destructor of `GenericArray<core::mem::MaybeUninit<*mut T>, N>` cannot be evaluated at compile-time
[INFO] [stdout]     --> /opt/rustwide/cargo-home/registry/src/index.crates.io-1949cf8c6b5b557f/generic-array-1.4.4/src/lib.rs:1016:13
[INFO] [stdout]      |
[INFO] [stdout] 1016 |         let mut out: GenericArray<MaybeUninit<*mut T>, N> = GenericArray::uninit();
[INFO] [stdout]      |             ^^^^^^^ the destructor for this type cannot be evaluated in constant functions
[INFO] [stdout] ...
[INFO] [stdout] 1031 |     }
[INFO] [stdout]      |     - value is dropped here
[INFO] [stdout] 
[INFO] [stdout] 
[INFO] [stdout] For more information about this error, try `rustc --explain E0493`.
[INFO] [stdout] 
[INFO] [stderr] error: could not compile `generic-array` (lib) due to 3 previous errors
[INFO] [stderr] warning: build failed, waiting for other jobs to finish...
[INFO] running `Command { std: "docker" "inspect" "25de5ee0e1fca0e3f550f0139e40051138baaa7b2b451494ce395c03028e8df4", kill_on_drop: false }`
[INFO] running `Command { std: "docker" "rm" "-f" "25de5ee0e1fca0e3f550f0139e40051138baaa7b2b451494ce395c03028e8df4", kill_on_drop: false }`
[INFO] [stdout] 25de5ee0e1fca0e3f550f0139e40051138baaa7b2b451494ce395c03028e8df4
