[INFO] cloning repository https://github.com/rawar089/checkrpmkeys
[INFO] running `Command { std: "git" "-c" "credential.helper=" "-c" "credential.helper=/workspace/cargo-home/bin/git-credential-null" "clone" "--bare" "https://github.com/rawar089/checkrpmkeys" "/workspace/cache/git-repos/https%3A%2F%2Fgithub.com%2Frawar089%2Fcheckrpmkeys", kill_on_drop: false }`
[INFO] [stderr] Cloning into bare repository '/workspace/cache/git-repos/https%3A%2F%2Fgithub.com%2Frawar089%2Fcheckrpmkeys'...
[INFO] running `Command { std: "git" "rev-parse" "HEAD", kill_on_drop: false }`
[INFO] [stdout] f6662ab67c085f7af61bb35e7ebc3aef3b1e6b9e
[INFO] checking rawar089/checkrpmkeys against c79f6bc4fc2389852aeff667626cb3e58adfe71c for pr-164081
[INFO] running `Command { std: "git" "clone" "/workspace/cache/git-repos/https%3A%2F%2Fgithub.com%2Frawar089%2Fcheckrpmkeys" "/workspace/builds/worker-0-tc2/source", kill_on_drop: false }`
[INFO] [stderr] Cloning into '/workspace/builds/worker-0-tc2/source'...
[INFO] [stderr] done.
[INFO] started tweaking git repo https://github.com/rawar089/checkrpmkeys
[INFO] finished tweaking git repo https://github.com/rawar089/checkrpmkeys
[INFO] tweaked toml for git repo https://github.com/rawar089/checkrpmkeys written to /workspace/builds/worker-0-tc2/source/Cargo.toml
[INFO] validating manifest of git repo https://github.com/rawar089/checkrpmkeys on toolchain c79f6bc4fc2389852aeff667626cb3e58adfe71c
[INFO] running `Command { std: CARGO_HOME="/workspace/cargo-home" RUSTUP_HOME="/workspace/rustup-home" "/workspace/cargo-home/bin/cargo" "+c79f6bc4fc2389852aeff667626cb3e58adfe71c" "metadata" "--manifest-path" "Cargo.toml" "--no-deps", kill_on_drop: false }`
[INFO] crate git repo https://github.com/rawar089/checkrpmkeys already has a lockfile, it will not be regenerated
[INFO] running `Command { std: CARGO_HOME="/workspace/cargo-home" RUSTUP_HOME="/workspace/rustup-home" "/workspace/cargo-home/bin/cargo" "+c79f6bc4fc2389852aeff667626cb3e58adfe71c" "fetch" "--manifest-path" "Cargo.toml", kill_on_drop: false }`
[INFO] running `Command { std: "docker" "create" "-v" "/var/lib/crater-agent-workspace/builds/worker-0-tc2/source:/opt/rustwide/workdir:ro,Z" "-v" "/var/lib/crater-agent-workspace/builds/worker-0-tc2/target:/opt/rustwide/target:rw,Z" "-v" "/var/lib/crater-agent-workspace/cargo-home:/opt/rustwide/cargo-home:ro,Z" "-v" "/var/lib/crater-agent-workspace/rustup-home:/opt/rustwide/rustup-home:ro,Z" "-m" "1610612736" "--network" "none" "ghcr.io/rust-lang/crates-build-env/linux@sha256:77db811e55d90add9212f6832c23229e3de5f1c1f9905e8cb07319ea15df73ac" "sleep" "infinity", kill_on_drop: false }`
[INFO] [stdout] 9c967702f7ddc514d1b83e832fdffda4c4107c1361bbcf4a5d884d59a2bf464b
[INFO] running `Command { std: "docker" "start" "9c967702f7ddc514d1b83e832fdffda4c4107c1361bbcf4a5d884d59a2bf464b", kill_on_drop: false }`
[INFO] running `Command { std: "docker" "inspect" "9c967702f7ddc514d1b83e832fdffda4c4107c1361bbcf4a5d884d59a2bf464b", kill_on_drop: false }`
[INFO] running `Command { std: "docker" "exec" "-e" "SOURCE_DIR=/opt/rustwide/workdir" "-e" "CARGO_HOME=/opt/rustwide/cargo-home" "-e" "RUSTUP_HOME=/opt/rustwide/rustup-home" "-e" "CARGO_TARGET_DIR=/opt/rustwide/target" "-w" "/opt/rustwide/workdir" "--user" "0:0" "9c967702f7ddc514d1b83e832fdffda4c4107c1361bbcf4a5d884d59a2bf464b" "/opt/rustwide/cargo-home/bin/cargo" "+c79f6bc4fc2389852aeff667626cb3e58adfe71c" "metadata" "--no-deps" "--format-version=1", kill_on_drop: false }`
[INFO] running `Command { std: "docker" "inspect" "9c967702f7ddc514d1b83e832fdffda4c4107c1361bbcf4a5d884d59a2bf464b", kill_on_drop: false }`
[INFO] running `Command { std: "docker" "exec" "-e" "SOURCE_DIR=/opt/rustwide/workdir" "-e" "CARGO_HOME=/opt/rustwide/cargo-home" "-e" "RUSTUP_HOME=/opt/rustwide/rustup-home" "-e" "CARGO_TARGET_DIR=/opt/rustwide/target" "-e" "CARGO_INCREMENTAL=0" "-e" "RUST_BACKTRACE=full" "-e" "RUSTFLAGS=--cap-lints=forbid" "-e" "RUSTDOCFLAGS=--cap-lints=forbid" "-w" "/opt/rustwide/workdir" "--user" "0:0" "9c967702f7ddc514d1b83e832fdffda4c4107c1361bbcf4a5d884d59a2bf464b" "/opt/rustwide/cargo-home/bin/cargo" "+c79f6bc4fc2389852aeff667626cb3e58adfe71c" "check" "--frozen" "--all" "--all-targets" "--message-format=json", kill_on_drop: false }`
[INFO] [stderr]     Checking const-oid v0.9.6
[INFO] [stderr]    Compiling syn v2.0.119
[INFO] [stderr]    Compiling syn v3.0.3
[INFO] [stderr]    Compiling num-traits v0.2.19
[INFO] [stderr]     Checking smallvec v1.15.2
[INFO] [stderr]     Checking memchr v2.8.3
[INFO] [stderr]     Checking ctutils v0.4.3
[INFO] [stderr]     Checking bitvec v1.1.1
[INFO] [stderr]    Compiling serde_json v1.0.150
[INFO] [stderr]    Compiling generic-array v0.14.7
[INFO] [stderr]    Compiling zerocopy v0.8.56
[INFO] [stderr]    Compiling rustix v1.1.4
[INFO] [stderr]     Checking linux-raw-sys v0.12.1
[INFO] [stderr]    Compiling scopeguard v1.2.0
[INFO] [stderr]    Compiling lock_api v0.4.14
[INFO] [stderr]    Compiling parking_lot_core v0.9.12
[INFO] [stderr]     Checking itertools v0.14.0
[INFO] [stderr]    Compiling block-buffer v0.10.4
[INFO] [stderr]    Compiling crypto-common v0.1.7
[INFO] [stderr]    Compiling instability v0.3.12
[INFO] [stderr]    Compiling foldhash v0.1.5
[INFO] [stderr]    Compiling lalrpop-util v0.23.1
[INFO] [stderr]    Compiling regex-syntax v0.8.11
[INFO] [stderr]    Compiling indexmap v2.14.0
[INFO] [stderr]     Checking ff v0.13.1
[INFO] [stderr]     Checking group v0.13.0
[INFO] [stderr]    Compiling hashbrown v0.15.5
[INFO] [stderr]    Compiling phf_shared v0.13.1
[INFO] [stderr]     Checking flate2 v1.1.9
[INFO] [stderr]    Compiling digest v0.10.7
[INFO] [stderr]    Compiling regex-automata v0.4.16
[INFO] [stderr]    Compiling parking_lot v0.12.5
[INFO] [stderr]     Checking unicode-truncate v2.0.1
[INFO] [stderr]     Checking num-integer v0.1.47
[INFO] [stderr]     Checking lru v0.18.1
[INFO] [stderr]    Compiling log v0.4.33
[INFO] [stderr]    Compiling bit-vec v0.9.1
[INFO] [stderr]    Compiling precomputed-hash v0.1.1
[INFO] [stderr]     Checking byteorder v1.5.0
[INFO] [stderr]     Checking spin v0.9.9
[INFO] [stderr]    Compiling same-file v1.0.6
[INFO] [stderr]    Compiling new_debug_unreachable v1.0.6
[INFO] [stderr]    Compiling keccak v0.1.6
[INFO] [stderr]    Compiling fixedbitset v0.5.7
[INFO] [stderr]    Compiling term v1.2.1
[INFO] [stderr]    Compiling sha3 v0.10.9
[INFO] [stderr]    Compiling petgraph v0.8.3
[INFO] [stderr]    Compiling walkdir v2.5.0
[INFO] [stderr]    Compiling synstructure v0.13.2
[INFO] [stderr]    Compiling serde_derive v1.0.229
[INFO] [stderr]    Compiling thiserror-impl v2.0.19
[INFO] [stderr]    Compiling darling_core v0.23.0
[INFO] [stderr]     Checking ppv-lite86 v0.2.21
[INFO] [stderr]    Compiling regex v1.13.1
[INFO] [stderr]     Checking thiserror v2.0.19
[INFO] [stderr]     Checking kasuari v0.4.12
[INFO] [stderr]    Compiling ascii-canvas v4.0.0
[INFO] [stderr]     Checking rand_chacha v0.3.1
[INFO] [stderr]    Compiling string_cache v0.9.0
[INFO] [stderr]     Checking lazy_static v1.5.0
[INFO] [stderr]    Compiling bit-set v0.9.1
[INFO] [stderr]    Compiling zeroize_derive v1.5.0
[INFO] [stderr]    Compiling zerofrom-derive v0.1.7
[INFO] [stderr]    Compiling yoke-derive v0.8.2
[INFO] [stderr]    Compiling zerovec-derive v0.11.3
[INFO] [stderr]    Compiling displaydoc v0.2.6
[INFO] [stderr]    Compiling strum_macros v0.28.0
[INFO] [stderr]     Checking zeroize v1.9.0
[INFO] [stderr]     Checking der v0.7.10
[INFO] [stderr]     Checking block-padding v0.3.3
[INFO] [stderr]     Checking zerofrom v0.1.8
[INFO] [stderr]     Checking hybrid-array v0.4.15
[INFO] [stderr]     Checking yoke v0.8.3
[INFO] [stderr]     Checking inout v0.1.4
[INFO] [stderr]     Checking cipher v0.4.4
[INFO] [stderr]     Checking hmac v0.12.1
[INFO] [stderr]     Checking signature v2.2.0
[INFO] [stderr]     Checking zerovec v0.11.6
[INFO] [stderr]     Checking hkdf v0.12.4
[INFO] [stderr]     Checking crypto-bigint v0.5.5
[INFO] [stderr]     Checking sha2 v0.10.9
[INFO] [stderr]     Checking rfc6979 v0.4.0
[INFO] [stderr]     Checking spki v0.7.3
[INFO] [stderr]     Checking zerotrie v0.2.4
[INFO] [stderr]     Checking pkcs8 v0.10.2
[INFO] [stderr]     Checking ctr v0.9.2
[INFO] [stderr]     Checking aead v0.5.2
[INFO] [stderr]     Checking serde v1.0.229
[INFO] [stderr]     Checking universal-hash v0.5.1
[INFO] [stderr]     Checking tinystr v0.8.3
[INFO] [stderr]     Checking potential_utf v0.1.5
[INFO] [stderr]     Checking rand v0.8.7
[INFO] [stderr]     Checking icu_locale_core v2.2.0
[INFO] [stderr]     Checking icu_collections v2.2.0
[INFO] [stderr]    Compiling darling_macro v0.23.0
[INFO] [stderr]     Checking strum v0.28.0
[INFO] [stderr]     Checking ratatui-core v0.1.2
[INFO] [stderr]    Compiling darling v0.23.0
[INFO] [stderr]     Checking crypto-common v0.2.2
[INFO] [stderr]     Checking block-buffer v0.12.1
[INFO] [stderr]    Compiling derive_more-impl v2.1.1
[INFO] [stderr]     Checking serdect v0.2.0
[INFO] [stderr]     Checking sec1 v0.7.3
[INFO] [stderr]    Compiling curve25519-dalek-derive v0.1.1
[INFO] [stderr]     Checking icu_provider v2.2.0
[INFO] [stderr]     Checking elliptic-curve v0.13.8
[INFO] [stderr]    Compiling ena v0.14.4
[INFO] [stderr]     Checking num-iter v0.1.46
[INFO] [stderr]     Checking mio v1.2.2
[INFO] [stderr]     Checking aho-corasick v1.1.4
[INFO] [stderr]     Checking digest v0.11.3
[INFO] [stderr]    Compiling unicode-xid v0.2.6
[INFO] [stderr]     Checking time v0.3.53
[INFO] [stderr]     Checking ecdsa v0.16.9
[INFO] [stderr]     Checking primeorder v0.13.6
[INFO] [stderr]     Checking polyval v0.6.2
[INFO] [stderr]     Checking num-bigint-dig v0.8.6
[INFO] [stderr]     Checking signal-hook-mio v0.2.5
[INFO] [stderr]     Checking curve25519-dalek v4.1.3
[INFO] [stderr]     Checking icu_properties v2.2.0
[INFO] [stderr]     Checking icu_normalizer v2.2.0
[INFO] [stderr]     Checking derive_more v2.1.1
[INFO] [stderr]     Checking module-lattice v0.2.3
[INFO] [stderr]     Checking dbl v0.3.2
[INFO] [stderr]    Compiling zerocopy-derive v0.7.35
[INFO] [stderr]     Checking line-clipping v0.3.7
[INFO] [stderr]     Checking pxfm v0.1.30
[INFO] [stderr]    Compiling sha1collisiondetection v0.3.4
[INFO] [stderr]     Checking libbz2-rs-sys v0.2.5
[INFO] [stderr]     Checking ratatui-widgets v0.3.2
[INFO] [stderr]     Checking zerocopy v0.7.35
[INFO] [stderr]     Checking bzip2 v0.6.1
[INFO] [stderr]     Checking shake v0.1.0
[INFO] [stderr]     Checking png v0.18.1
[INFO] [stderr]     Checking rand_core v0.9.5
[INFO] [stderr]     Checking cmac v0.7.2
[INFO] [stderr]    Compiling lalrpop v0.23.1
[INFO] [stderr]     Checking crossterm v0.29.0
[INFO] [stderr]     Checking idna_adapter v1.2.2
[INFO] [stderr]     Checking ghash v0.5.1
[INFO] [stderr]     Checking sha3 v0.11.0
[INFO] [stderr]     Checking signature v3.0.0
[INFO] [stderr]     Checking kem v0.3.0
[INFO] [stderr]     Checking pkcs1 v0.7.5
[INFO] [stderr]     Checking aes v0.8.4
[INFO] [stderr]     Checking ed25519 v2.2.3
[INFO] [stderr]     Checking blake2 v0.10.6
[INFO] [stderr]     Checking gethostname v1.1.0
[INFO] [stderr]     Checking generic-array v1.4.4
[INFO] [stderr]     Checking password-hash v0.5.0
[INFO] [stderr]     Checking hybrid-array v0.3.1
[INFO] [stderr]     Checking x11rb-protocol v0.13.2
[INFO] [stderr]     Checking bytemuck v1.25.1
[INFO] [stderr]     Checking argon2 v0.5.3
[INFO] [stdout] error[E0493]: destructor of `ArrayBuilder<T, N>` cannot be evaluated at compile-time
[INFO] [stdout]    --> /opt/rustwide/cargo-home/registry/src/index.crates.io-1949cf8c6b5b557f/generic-array-1.4.4/src/internal.rs:103:31
[INFO] [stdout]     |
[INFO] [stdout] 103 |     pub unsafe fn assume_init(self) -> GenericArray<T, N> {
[INFO] [stdout]     |                               ^^^^ the destructor for this type cannot be evaluated in constant functions
[INFO] [stdout] ...
[INFO] [stdout] 109 |     }
[INFO] [stdout]     |     - value is dropped here
[INFO] [stdout] 
[INFO] [stdout] 
[INFO] [stderr]     Checking clap_builder v4.6.6
[INFO] [stdout] error[E0493]: destructor of `GenericArray<core::mem::MaybeUninit<*const T>, N>` cannot be evaluated at compile-time
[INFO] [stdout]    --> /opt/rustwide/cargo-home/registry/src/index.crates.io-1949cf8c6b5b557f/generic-array-1.4.4/src/lib.rs:981:13
[INFO] [stdout]     |
[INFO] [stdout] 981 |         let mut out: GenericArray<MaybeUninit<*const T>, N> = GenericArray::uninit();
[INFO] [stdout]     |             ^^^^^^^ the destructor for this type cannot be evaluated in constant functions
[INFO] [stdout] ...
[INFO] [stdout] 996 |     }
[INFO] [stdout]     |     - value is dropped here
[INFO] [stdout] 
[INFO] [stdout] 
[INFO] [stdout] error[E0493]: destructor of `GenericArray<core::mem::MaybeUninit<*mut T>, N>` cannot be evaluated at compile-time
[INFO] [stdout]     --> /opt/rustwide/cargo-home/registry/src/index.crates.io-1949cf8c6b5b557f/generic-array-1.4.4/src/lib.rs:1016:13
[INFO] [stdout]      |
[INFO] [stdout] 1016 |         let mut out: GenericArray<MaybeUninit<*mut T>, N> = GenericArray::uninit();
[INFO] [stdout]      |             ^^^^^^^ the destructor for this type cannot be evaluated in constant functions
[INFO] [stdout] ...
[INFO] [stdout] 1031 |     }
[INFO] [stdout]      |     - value is dropped here
[INFO] [stdout] 
[INFO] [stdout] 
[INFO] [stdout] For more information about this error, try `rustc --explain E0493`.
[INFO] [stdout] 
[INFO] [stderr] error: could not compile `generic-array` (lib) due to 3 previous errors
[INFO] [stderr] warning: build failed, waiting for other jobs to finish...
[INFO] running `Command { std: "docker" "inspect" "9c967702f7ddc514d1b83e832fdffda4c4107c1361bbcf4a5d884d59a2bf464b", kill_on_drop: false }`
[INFO] running `Command { std: "docker" "rm" "-f" "9c967702f7ddc514d1b83e832fdffda4c4107c1361bbcf4a5d884d59a2bf464b", kill_on_drop: false }`
[INFO] [stdout] 9c967702f7ddc514d1b83e832fdffda4c4107c1361bbcf4a5d884d59a2bf464b
