[INFO] cloning repository https://github.com/osmaczko/dialogos
[INFO] running `Command { std: "git" "-c" "credential.helper=" "-c" "credential.helper=/workspace/cargo-home/bin/git-credential-null" "clone" "--bare" "https://github.com/osmaczko/dialogos" "/workspace/cache/git-repos/https%3A%2F%2Fgithub.com%2Fosmaczko%2Fdialogos", kill_on_drop: false }`
[INFO] [stderr] Cloning into bare repository '/workspace/cache/git-repos/https%3A%2F%2Fgithub.com%2Fosmaczko%2Fdialogos'...
[INFO] running `Command { std: "git" "rev-parse" "HEAD", kill_on_drop: false }`
[INFO] [stdout] b866112ebd57d7e831303858edb4302a26880c93
[INFO] checking osmaczko/dialogos against c79f6bc4fc2389852aeff667626cb3e58adfe71c for pr-164081
[INFO] running `Command { std: "git" "clone" "/workspace/cache/git-repos/https%3A%2F%2Fgithub.com%2Fosmaczko%2Fdialogos" "/workspace/builds/worker-1-tc2/source", kill_on_drop: false }`
[INFO] [stderr] Cloning into '/workspace/builds/worker-1-tc2/source'...
[INFO] [stderr] done.
[INFO] started tweaking git repo https://github.com/osmaczko/dialogos
[INFO] finished tweaking git repo https://github.com/osmaczko/dialogos
[INFO] tweaked toml for git repo https://github.com/osmaczko/dialogos written to /workspace/builds/worker-1-tc2/source/Cargo.toml
[INFO] validating manifest of git repo https://github.com/osmaczko/dialogos on toolchain c79f6bc4fc2389852aeff667626cb3e58adfe71c
[INFO] running `Command { std: CARGO_HOME="/workspace/cargo-home" RUSTUP_HOME="/workspace/rustup-home" "/workspace/cargo-home/bin/cargo" "+c79f6bc4fc2389852aeff667626cb3e58adfe71c" "metadata" "--manifest-path" "Cargo.toml" "--no-deps", kill_on_drop: false }`
[INFO] crate git repo https://github.com/osmaczko/dialogos already has a lockfile, it will not be regenerated
[INFO] running `Command { std: CARGO_HOME="/workspace/cargo-home" RUSTUP_HOME="/workspace/rustup-home" "/workspace/cargo-home/bin/cargo" "+c79f6bc4fc2389852aeff667626cb3e58adfe71c" "fetch" "--manifest-path" "Cargo.toml", kill_on_drop: false }`
[INFO] running `Command { std: "docker" "create" "-v" "/var/lib/crater-agent-workspace/builds/worker-1-tc2/source:/opt/rustwide/workdir:ro,Z" "-v" "/var/lib/crater-agent-workspace/builds/worker-1-tc2/target:/opt/rustwide/target:rw,Z" "-v" "/var/lib/crater-agent-workspace/cargo-home:/opt/rustwide/cargo-home:ro,Z" "-v" "/var/lib/crater-agent-workspace/rustup-home:/opt/rustwide/rustup-home:ro,Z" "-m" "1610612736" "--network" "none" "ghcr.io/rust-lang/crates-build-env/linux@sha256:77db811e55d90add9212f6832c23229e3de5f1c1f9905e8cb07319ea15df73ac" "sleep" "infinity", kill_on_drop: false }`
[INFO] [stdout] 3b332a5fb92074de42c41d7b9b7612603275c309d25c7696a562a8cb5c822a86
[INFO] running `Command { std: "docker" "start" "3b332a5fb92074de42c41d7b9b7612603275c309d25c7696a562a8cb5c822a86", kill_on_drop: false }`
[INFO] running `Command { std: "docker" "inspect" "3b332a5fb92074de42c41d7b9b7612603275c309d25c7696a562a8cb5c822a86", kill_on_drop: false }`
[INFO] running `Command { std: "docker" "exec" "-e" "SOURCE_DIR=/opt/rustwide/workdir" "-e" "CARGO_HOME=/opt/rustwide/cargo-home" "-e" "RUSTUP_HOME=/opt/rustwide/rustup-home" "-e" "CARGO_TARGET_DIR=/opt/rustwide/target" "-w" "/opt/rustwide/workdir" "--user" "0:0" "3b332a5fb92074de42c41d7b9b7612603275c309d25c7696a562a8cb5c822a86" "/opt/rustwide/cargo-home/bin/cargo" "+c79f6bc4fc2389852aeff667626cb3e58adfe71c" "metadata" "--no-deps" "--format-version=1", kill_on_drop: false }`
[INFO] running `Command { std: "docker" "inspect" "3b332a5fb92074de42c41d7b9b7612603275c309d25c7696a562a8cb5c822a86", kill_on_drop: false }`
[INFO] running `Command { std: "docker" "exec" "-e" "SOURCE_DIR=/opt/rustwide/workdir" "-e" "CARGO_HOME=/opt/rustwide/cargo-home" "-e" "RUSTUP_HOME=/opt/rustwide/rustup-home" "-e" "CARGO_TARGET_DIR=/opt/rustwide/target" "-e" "CARGO_INCREMENTAL=0" "-e" "RUST_BACKTRACE=full" "-e" "RUSTFLAGS=--cap-lints=forbid" "-e" "RUSTDOCFLAGS=--cap-lints=forbid" "-w" "/opt/rustwide/workdir" "--user" "0:0" "3b332a5fb92074de42c41d7b9b7612603275c309d25c7696a562a8cb5c822a86" "/opt/rustwide/cargo-home/bin/cargo" "+c79f6bc4fc2389852aeff667626cb3e58adfe71c" "check" "--frozen" "--all" "--all-targets" "--message-format=json", kill_on_drop: false }`
[INFO] [stderr]     Checking subtle v2.6.1
[INFO] [stderr]    Compiling ruint-macro v1.2.1
[INFO] [stderr]    Compiling serde_core v1.0.229
[INFO] [stderr]    Compiling serde v1.0.229
[INFO] [stderr]     Checking hybrid-array v0.4.13
[INFO] [stderr]    Compiling syn v3.0.3
[INFO] [stderr]    Compiling zeroize_derive v1.5.0
[INFO] [stderr]     Checking getrandom v0.2.17
[INFO] [stderr]    Compiling derive_more-impl v2.1.1
[INFO] [stderr]     Checking hashbrown v0.17.1
[INFO] [stderr]    Compiling alloy-rlp-derive v0.3.16
[INFO] [stderr]     Checking arrayvec v0.7.8
[INFO] [stderr]    Compiling cc v1.3.0
[INFO] [stderr]     Checking const-hex v1.19.1
[INFO] [stderr]    Compiling typenum v1.20.1
[INFO] [stderr]    Compiling serde_json v1.0.151
[INFO] [stderr]     Checking getrandom v0.3.4
[INFO] [stderr]    Compiling hax-lib v0.3.6
[INFO] [stderr]     Checking rand_core v0.6.4
[INFO] [stderr]     Checking rand_core v0.9.5
[INFO] [stderr]    Compiling hax-lib-macros v0.3.6
[INFO] [stderr]    Compiling keccak v0.2.0
[INFO] [stderr]    Compiling winnow v1.0.4
[INFO] [stderr]    Compiling syn-solidity v1.6.1
[INFO] [stderr]     Checking rand_chacha v0.9.0
[INFO] [stderr]     Checking ff v0.13.1
[INFO] [stderr]    Compiling macro-string v0.2.0
[INFO] [stderr]     Checking group v0.13.0
[INFO] [stderr]     Checking rand v0.9.5
[INFO] [stderr]     Checking zeroize v1.9.0
[INFO] [stderr]    Compiling proc-macro-error-attr3 v3.0.1
[INFO] [stderr]    Compiling libcrux-macros v0.0.3
[INFO] [stderr]     Checking mio v1.2.2
[INFO] [stderr]     Checking generic-array v0.14.7
[INFO] [stderr]     Checking der v0.7.10
[INFO] [stderr]    Compiling proc-macro-error3 v3.0.1
[INFO] [stderr]     Checking crypto-common v0.2.2
[INFO] [stderr]     Checking block-buffer v0.12.1
[INFO] [stderr]     Checking libcrux-secrets v0.0.5
[INFO] [stderr]     Checking libcrux-hacl-rs v0.0.4
[INFO] [stderr]     Checking crypto-common v0.1.7
[INFO] [stderr]     Checking block-buffer v0.10.4
[INFO] [stderr]     Checking crypto-bigint v0.5.5
[INFO] [stderr]    Compiling auto_impl v1.3.0
[INFO] [stderr]     Checking libcrux-traits v0.0.6
[INFO] [stderr]     Checking digest v0.10.7
[INFO] [stderr]    Compiling cmake v0.1.58
[INFO] [stderr]     Checking signature v2.2.0
[INFO] [stderr]     Checking hmac v0.12.1
[INFO] [stderr]     Checking sha2 v0.10.9
[INFO] [stderr]     Checking futures-io v0.3.33
[INFO] [stderr]     Checking digest v0.11.3
[INFO] [stderr]     Checking futures-util v0.3.33
[INFO] [stderr]     Checking rfc6979 v0.4.0
[INFO] [stderr]     Checking sha3 v0.11.0
[INFO] [stderr]     Checking rustls-pki-types v1.15.0
[INFO] [stderr]    Compiling either v1.16.0
[INFO] [stderr]    Compiling libcrux-intrinsics v0.0.6
[INFO] [stderr]     Checking spki v0.7.3
[INFO] [stderr]     Checking pkcs8 v0.10.2
[INFO] [stderr]     Checking rand_chacha v0.3.1
[INFO] [stderr]    Compiling curve25519-dalek v4.1.3
[INFO] [stderr]     Checking libcrux-platform v0.0.3
[INFO] [stderr]     Checking webpki-roots v1.0.9
[INFO] [stderr]    Compiling curve25519-dalek-derive v0.1.1
[INFO] [stderr]    Compiling itertools v0.14.0
[INFO] [stderr]     Checking futures-utils-wasm v0.1.0
[INFO] [stderr]     Checking rand v0.8.7
[INFO] [stderr]     Checking rustls-native-certs v0.8.4
[INFO] [stderr]    Compiling libcrux-sha3 v0.0.8
[INFO] [stderr]    Compiling aws-lc-sys v0.43.0
[INFO] [stderr]    Compiling ring v0.17.14
[INFO] [stderr]    Compiling getrandom v0.4.3
[INFO] [stderr]     Checking ed25519 v2.2.3
[INFO] [stderr]    Compiling once_cell v1.21.4
[INFO] [stderr]    Compiling libcrux-aesgcm v0.0.7
[INFO] [stderr]     Checking phf_shared v0.14.0
[INFO] [stderr]    Compiling tempfile v3.27.0
[INFO] [stderr]    Compiling prettyplease v0.2.37
[INFO] [stderr]    Compiling regex v1.13.1
[INFO] [stderr]    Compiling openssl-src v300.6.1+3.6.3
[INFO] [stderr]    Compiling ruint v1.19.0
[INFO] [stderr]    Compiling tls_codec_derive v0.4.2
[INFO] [stderr]    Compiling num_enum_derive v0.7.6
[INFO] [stderr]    Compiling pin-project-internal v1.1.13
[INFO] [stderr]    Compiling derive_more v0.99.20
[INFO] [stderr]     Checking x25519-dalek v2.0.1
[INFO] [stderr]     Checking ed25519-dalek v2.2.0
[INFO] [stderr]    Compiling libcrux-ml-kem v0.0.8
[INFO] [stderr]     Checking hashbrown v0.16.1
[INFO] [stderr]     Checking num_enum v0.7.6
[INFO] [stderr]    Compiling openssl-sys v0.9.117
[INFO] [stderr]     Checking phf v0.14.0
[INFO] [stderr]     Checking generic-array v1.4.4
[INFO] [stderr]     Checking pin-project v1.1.13
[INFO] [stderr]     Checking hkdf v0.12.4
[INFO] [stderr]    Compiling async-stream-impl v0.3.6
[INFO] [stderr]     Checking hpke-rs-crypto v0.6.1
[INFO] [stderr]     Checking rand v0.10.2
[INFO] [stderr]    Compiling libsqlite3-sys v0.33.0
[INFO] [stderr]     Checking rand_chacha v0.10.0
[INFO] [stderr]    Compiling prost-derive v0.14.4
[INFO] [stderr]     Checking inout v0.1.4
[INFO] [stdout] error[E0493]: destructor of `ArrayBuilder<T, N>` cannot be evaluated at compile-time
[INFO] [stdout]    --> /opt/rustwide/cargo-home/registry/src/index.crates.io-1949cf8c6b5b557f/generic-array-1.4.4/src/internal.rs:103:31
[INFO] [stdout]     |
[INFO] [stdout] 103 |     pub unsafe fn assume_init(self) -> GenericArray<T, N> {
[INFO] [stdout]     |                               ^^^^ the destructor for this type cannot be evaluated in constant functions
[INFO] [stdout] ...
[INFO] [stdout] 109 |     }
[INFO] [stdout]     |     - value is dropped here
[INFO] [stdout] 
[INFO] [stdout] 
[INFO] [stdout] error[E0493]: destructor of `GenericArray<core::mem::MaybeUninit<*const T>, N>` cannot be evaluated at compile-time
[INFO] [stdout]    --> /opt/rustwide/cargo-home/registry/src/index.crates.io-1949cf8c6b5b557f/generic-array-1.4.4/src/lib.rs:981:13
[INFO] [stdout]     |
[INFO] [stdout] 981 |         let mut out: GenericArray<MaybeUninit<*const T>, N> = GenericArray::uninit();
[INFO] [stdout]     |             ^^^^^^^ the destructor for this type cannot be evaluated in constant functions
[INFO] [stdout] ...
[INFO] [stdout] 996 |     }
[INFO] [stdout]     |     - value is dropped here
[INFO] [stdout] 
[INFO] [stdout] 
[INFO] [stdout] error[E0493]: destructor of `GenericArray<core::mem::MaybeUninit<*mut T>, N>` cannot be evaluated at compile-time
[INFO] [stdout]     --> /opt/rustwide/cargo-home/registry/src/index.crates.io-1949cf8c6b5b557f/generic-array-1.4.4/src/lib.rs:1016:13
[INFO] [stdout]      |
[INFO] [stdout] 1016 |         let mut out: GenericArray<MaybeUninit<*mut T>, N> = GenericArray::uninit();
[INFO] [stdout]      |             ^^^^^^^ the destructor for this type cannot be evaluated in constant functions
[INFO] [stdout] ...
[INFO] [stdout] 1031 |     }
[INFO] [stdout]      |     - value is dropped here
[INFO] [stdout] 
[INFO] [stdout] 
[INFO] [stdout] For more information about this error, try `rustc --explain E0493`.
[INFO] [stdout] 
[INFO] [stderr] error: could not compile `generic-array` (lib) due to 3 previous errors
[INFO] [stderr] warning: build failed, waiting for other jobs to finish...
[INFO] running `Command { std: "docker" "inspect" "3b332a5fb92074de42c41d7b9b7612603275c309d25c7696a562a8cb5c822a86", kill_on_drop: false }`
[INFO] running `Command { std: "docker" "rm" "-f" "3b332a5fb92074de42c41d7b9b7612603275c309d25c7696a562a8cb5c822a86", kill_on_drop: false }`
[INFO] [stdout] 3b332a5fb92074de42c41d7b9b7612603275c309d25c7696a562a8cb5c822a86
