[INFO] cloning repository https://github.com/mchalunderscore/tit
[INFO] running `Command { std: "git" "-c" "credential.helper=" "-c" "credential.helper=/workspace/cargo-home/bin/git-credential-null" "clone" "--bare" "https://github.com/mchalunderscore/tit" "/workspace/cache/git-repos/https%3A%2F%2Fgithub.com%2Fmchalunderscore%2Ftit", kill_on_drop: false }`
[INFO] [stderr] Cloning into bare repository '/workspace/cache/git-repos/https%3A%2F%2Fgithub.com%2Fmchalunderscore%2Ftit'...
[INFO] running `Command { std: "git" "rev-parse" "HEAD", kill_on_drop: false }`
[INFO] [stdout] e876c948fa92cafabff15d5469b6923328019b9f
[INFO] checking mchalunderscore/tit against c79f6bc4fc2389852aeff667626cb3e58adfe71c for pr-164081
[INFO] running `Command { std: "git" "clone" "/workspace/cache/git-repos/https%3A%2F%2Fgithub.com%2Fmchalunderscore%2Ftit" "/workspace/builds/worker-6-tc2/source", kill_on_drop: false }`
[INFO] [stderr] Cloning into '/workspace/builds/worker-6-tc2/source'...
[INFO] [stderr] done.
[INFO] removed /workspace/builds/worker-6-tc2/source/rust-toolchain.toml
[INFO] started tweaking git repo https://github.com/mchalunderscore/tit
[INFO] removed 0 missing tests
[INFO] finished tweaking git repo https://github.com/mchalunderscore/tit
[INFO] tweaked toml for git repo https://github.com/mchalunderscore/tit written to /workspace/builds/worker-6-tc2/source/Cargo.toml
[INFO] validating manifest of git repo https://github.com/mchalunderscore/tit on toolchain c79f6bc4fc2389852aeff667626cb3e58adfe71c
[INFO] running `Command { std: CARGO_HOME="/workspace/cargo-home" RUSTUP_HOME="/workspace/rustup-home" "/workspace/cargo-home/bin/cargo" "+c79f6bc4fc2389852aeff667626cb3e58adfe71c" "metadata" "--manifest-path" "Cargo.toml" "--no-deps", kill_on_drop: false }`
[INFO] crate git repo https://github.com/mchalunderscore/tit already has a lockfile, it will not be regenerated
[INFO] running `Command { std: CARGO_HOME="/workspace/cargo-home" RUSTUP_HOME="/workspace/rustup-home" "/workspace/cargo-home/bin/cargo" "+c79f6bc4fc2389852aeff667626cb3e58adfe71c" "fetch" "--manifest-path" "Cargo.toml", kill_on_drop: false }`
[INFO] running `Command { std: "docker" "create" "-v" "/var/lib/crater-agent-workspace/builds/worker-6-tc2/source:/opt/rustwide/workdir:ro,Z" "-v" "/var/lib/crater-agent-workspace/builds/worker-6-tc2/target:/opt/rustwide/target:rw,Z" "-v" "/var/lib/crater-agent-workspace/cargo-home:/opt/rustwide/cargo-home:ro,Z" "-v" "/var/lib/crater-agent-workspace/rustup-home:/opt/rustwide/rustup-home:ro,Z" "-m" "1610612736" "--network" "none" "ghcr.io/rust-lang/crates-build-env/linux@sha256:77db811e55d90add9212f6832c23229e3de5f1c1f9905e8cb07319ea15df73ac" "sleep" "infinity", kill_on_drop: false }`
[INFO] [stdout] b4d8bcb7d240067ac829cb71ccd905acfcfcd8c1622daa1cc2f44f279aacfc94
[INFO] running `Command { std: "docker" "start" "b4d8bcb7d240067ac829cb71ccd905acfcfcd8c1622daa1cc2f44f279aacfc94", kill_on_drop: false }`
[INFO] running `Command { std: "docker" "inspect" "b4d8bcb7d240067ac829cb71ccd905acfcfcd8c1622daa1cc2f44f279aacfc94", kill_on_drop: false }`
[INFO] running `Command { std: "docker" "exec" "-e" "SOURCE_DIR=/opt/rustwide/workdir" "-e" "CARGO_HOME=/opt/rustwide/cargo-home" "-e" "RUSTUP_HOME=/opt/rustwide/rustup-home" "-e" "CARGO_TARGET_DIR=/opt/rustwide/target" "-w" "/opt/rustwide/workdir" "--user" "0:0" "b4d8bcb7d240067ac829cb71ccd905acfcfcd8c1622daa1cc2f44f279aacfc94" "/opt/rustwide/cargo-home/bin/cargo" "+c79f6bc4fc2389852aeff667626cb3e58adfe71c" "metadata" "--no-deps" "--format-version=1", kill_on_drop: false }`
[INFO] running `Command { std: "docker" "inspect" "b4d8bcb7d240067ac829cb71ccd905acfcfcd8c1622daa1cc2f44f279aacfc94", kill_on_drop: false }`
[INFO] running `Command { std: "docker" "exec" "-e" "SOURCE_DIR=/opt/rustwide/workdir" "-e" "CARGO_HOME=/opt/rustwide/cargo-home" "-e" "RUSTUP_HOME=/opt/rustwide/rustup-home" "-e" "CARGO_TARGET_DIR=/opt/rustwide/target" "-e" "CARGO_INCREMENTAL=0" "-e" "RUST_BACKTRACE=full" "-e" "RUSTFLAGS=--cap-lints=forbid" "-e" "RUSTDOCFLAGS=--cap-lints=forbid" "-w" "/opt/rustwide/workdir" "--user" "0:0" "b4d8bcb7d240067ac829cb71ccd905acfcfcd8c1622daa1cc2f44f279aacfc94" "/opt/rustwide/cargo-home/bin/cargo" "+c79f6bc4fc2389852aeff667626cb3e58adfe71c" "check" "--frozen" "--all" "--all-targets" "--message-format=json", kill_on_drop: false }`
[INFO] [stderr]    Compiling libc v0.2.189
[INFO] [stderr]    Compiling getrandom v0.4.3
[INFO] [stderr]     Checking subtle v2.6.1
[INFO] [stderr]     Checking zeroize v1.9.0
[INFO] [stderr]     Checking cmov v0.5.4
[INFO] [stderr]     Checking const-oid v0.10.2
[INFO] [stderr]     Checking smallvec v1.15.2
[INFO] [stderr]     Checking regex-automata v0.4.16
[INFO] [stderr]    Compiling thiserror v2.0.19
[INFO] [stderr]    Compiling thiserror-impl v2.0.19
[INFO] [stderr]     Checking gix-trace v0.1.20
[INFO] [stderr]     Checking tinyvec v1.12.0
[INFO] [stderr]     Checking fastrand v2.5.0
[INFO] [stderr]     Checking ctutils v0.4.2
[INFO] [stderr]     Checking crossbeam-channel v0.5.16
[INFO] [stderr]     Checking zlib-rs v0.6.6
[INFO] [stderr]     Checking generic-array v0.14.7
[INFO] [stderr]     Checking hybrid-array v0.4.13
[INFO] [stderr]     Checking unicode-normalization v0.1.25
[INFO] [stderr]    Compiling heapless v0.8.0
[INFO] [stderr]     Checking hash32 v0.3.1
[INFO] [stderr]     Checking crypto-common v0.1.7
[INFO] [stderr]     Checking block-buffer v0.10.4
[INFO] [stderr]     Checking jiff-core v0.1.0
[INFO] [stderr]     Checking digest v0.10.7
[INFO] [stderr]     Checking bstr v1.13.0
[INFO] [stderr]     Checking sha1 v0.10.7
[INFO] [stderr]     Checking sha1-checked v0.10.0
[INFO] [stderr]     Checking gix-validate v0.11.2
[INFO] [stderr]     Checking gix-error v0.2.5
[INFO] [stderr]     Checking gix-path v0.12.2
[INFO] [stderr]     Checking faster-hex v0.10.0
[INFO] [stderr]     Checking cpubits v0.1.1
[INFO] [stderr]     Checking base64ct v1.8.3
[INFO] [stderr]    Compiling rustix v1.1.4
[INFO] [stderr]     Checking nonempty v0.12.0
[INFO] [stderr]     Checking zerofrom v0.1.8
[INFO] [stderr]     Checking gix-chunk v0.7.2
[INFO] [stderr]     Checking unicode-bom v2.0.3
[INFO] [stderr]     Checking yoke v0.8.3
[INFO] [stderr]     Checking pem-rfc7468 v1.0.0
[INFO] [stderr]    Compiling zerovec-derive v0.11.3
[INFO] [stderr]     Checking kstring v2.0.2
[INFO] [stderr]     Checking der v0.8.1
[INFO] [stderr]     Checking jiff v0.2.34
[INFO] [stderr]     Checking ff v0.14.0
[INFO] [stderr]    Compiling displaydoc v0.2.6
[INFO] [stderr]     Checking block-buffer v0.12.1
[INFO] [stderr]     Checking block-padding v0.4.2
[INFO] [stderr]    Compiling siphasher v1.0.3
[INFO] [stderr]     Checking inout v0.2.2
[INFO] [stderr]     Checking parking_lot_core v0.9.12
[INFO] [stderr]     Checking memmap2 v0.9.11
[INFO] [stderr]     Checking crypto-common v0.2.2
[INFO] [stderr]     Checking parking_lot v0.12.5
[INFO] [stderr]     Checking gix-utils v0.3.4
[INFO] [stderr]     Checking dashmap v6.2.1
[INFO] [stderr]     Checking prodash v31.0.0
[INFO] [stderr]     Checking gix-quote v0.7.2
[INFO] [stderr]     Checking crypto-bigint v0.7.5
[INFO] [stderr]     Checking digest v0.11.3
[INFO] [stderr]     Checking gix-features v0.48.1
[INFO] [stderr]     Checking cipher v0.5.2
[INFO] [stderr]     Checking sha2 v0.11.0
[INFO] [stderr]     Checking hmac v0.13.0
[INFO] [stderr]     Checking universal-hash v0.6.1
[INFO] [stderr]     Checking gix-fs v0.21.2
[INFO] [stderr]     Checking polyval v0.7.3
[INFO] [stderr]     Checking gix-glob v0.26.1
[INFO] [stderr]     Checking ghash v0.6.0
[INFO] [stderr]     Checking pbkdf2 v0.13.0
[INFO] [stderr]     Checking aes v0.9.1
[INFO] [stderr]     Checking ctr v0.10.1
[INFO] [stderr]     Checking aead v0.6.1
[INFO] [stderr]     Checking salsa20 v0.11.0
[INFO] [stderr]     Checking spki v0.8.0
[INFO] [stderr]     Checking cbc v0.2.1
[INFO] [stderr]     Checking zerovec v0.11.6
[INFO] [stderr]     Checking gix-attributes v0.33.2
[INFO] [stderr]     Checking shell-words v1.1.1
[INFO] [stderr]     Checking futures-sink v0.3.33
[INFO] [stderr]     Checking futures-channel v0.3.33
[INFO] [stderr]     Checking aes-gcm v0.11.0
[INFO] [stderr]     Checking gix-command v0.9.1
[INFO] [stderr]    Compiling phf_shared v0.13.1
[INFO] [stderr]     Checking gix-hash v0.25.1
[INFO] [stderr]     Checking scrypt v0.12.0
[INFO] [stderr]     Checking tempfile v3.27.0
[INFO] [stderr]     Checking errno v0.3.14
[INFO] [stderr]     Checking pkcs5 v0.8.1
[INFO] [stderr]     Checking filetime v0.2.29
[INFO] [stderr]     Checking gix-hashtable v0.15.2
[INFO] [stderr]     Checking gix-tempfile v23.0.2
[INFO] [stderr]     Checking gix-commitgraph v0.37.1
[INFO] [stderr]     Checking group v0.14.0
[INFO] [stderr]     Checking gix-packetline v0.21.5
[INFO] [stderr]     Checking base16ct v1.0.0
[INFO] [stderr]     Checking gix-lock v23.0.1
[INFO] [stderr]     Checking pkcs8 v0.11.0
[INFO] [stderr]    Compiling cc v1.3.0
[INFO] [stderr]    Compiling phf_generator v0.13.1
[INFO] [stderr]     Checking tinystr v0.8.3
[INFO] [stderr]     Checking sec1 v0.8.1
[INFO] [stderr]     Checking signal-hook-registry v1.4.8
[INFO] [stderr]     Checking hkdf v0.13.0
[INFO] [stderr]     Checking signature v3.0.0
[INFO] [stderr]     Checking socket2 v0.6.5
[INFO] [stderr]     Checking mio v1.2.2
[INFO] [stderr]     Checking gix-bitmap v0.3.2
[INFO] [stderr]    Compiling tokio-macros v2.7.1
[INFO] [stderr]     Checking icu_locale_core v2.2.0
[INFO] [stderr]     Checking gix-date v0.15.6
[INFO] [stderr]     Checking potential_utf v0.1.5
[INFO] [stderr]     Checking gix-ignore v0.21.1
[INFO] [stderr]     Checking gix-actor v0.41.1
[INFO] [stderr]     Checking zerotrie v0.2.4
[INFO] [stderr]    Compiling futures-macro v0.3.33
[INFO] [stderr]     Checking icu_collections v2.2.0
[INFO] [stderr]     Checking gix-object v0.61.0
[INFO] [stderr]     Checking tokio v1.53.1
[INFO] [stderr]    Compiling string_cache_codegen v0.6.1
[INFO] [stderr]    Compiling phf_codegen v0.13.1
[INFO] [stderr]     Checking icu_provider v2.2.0
[INFO] [stderr]     Checking wnaf v0.14.0
[INFO] [stderr]     Checking gix-sec v0.14.1
[INFO] [stderr]     Checking gix-imara-diff v0.2.2
[INFO] [stderr]     Checking futures-util v0.3.33
[INFO] [stderr]    Compiling web_atoms v0.2.5
[INFO] [stderr]    Compiling curve25519-dalek v5.0.0
[INFO] [stderr]     Checking chacha20 v0.10.1
[INFO] [stderr]     Checking precomputed-hash v0.1.1
[INFO] [stderr]     Checking gix-revwalk v0.32.0
[INFO] [stderr]     Checking gix-filter v0.31.0
[INFO] [stderr]     Checking gix-ref v0.64.0
[INFO] [stderr]    Compiling cfg_aliases v0.2.2
[INFO] [stderr]    Compiling winnow v1.0.4
[INFO] [stderr]     Checking gix-traverse v0.58.0
[INFO] [stderr]     Checking gix-revision v0.46.0
[INFO] [stderr]    Compiling nix v0.31.3
[INFO] [stderr]     Checking gix-index v0.52.0
[INFO] [stderr]     Checking string_cache v0.9.0
[INFO] [stderr]     Checking serde v1.0.229
[INFO] [stderr]     Checking elliptic-curve v0.14.1
[INFO] [stderr]     Checking rfc6979 v0.6.0
[INFO] [stderr]     Checking primefield v0.14.0
[INFO] [stderr]     Checking icu_normalizer v2.2.0
[INFO] [stderr]     Checking icu_properties v2.2.0
[INFO] [stderr]     Checking ecdsa v0.17.0
[INFO] [stderr]     Checking primeorder v0.14.0
[INFO] [stderr]     Checking gix-worktree v0.53.0
[INFO] [stderr]     Checking phf v0.13.1
[INFO] [stderr]     Checking ssh-encoding v0.3.0
[INFO] [stderr]     Checking gix-diff v0.64.0
[INFO] [stderr]     Checking gix-config-value v0.18.1
[INFO] [stderr]     Checking gix-url v0.36.2
[INFO] [stderr]    Compiling curve25519-dalek-derive v0.1.1
[INFO] [stderr]    Compiling rustc-hash v2.1.3
[INFO] [stderr]    Compiling libsqlite3-sys v0.37.0
[INFO] [stderr]    Compiling askama_parser v0.16.0
[INFO] [stderr]     Checking clru v0.6.3
[INFO] [stderr]    Compiling ring v0.17.14
[INFO] [stderr]     Checking tendril v0.5.1
[INFO] [stderr]     Checking idna_adapter v1.2.2
[INFO] [stderr]     Checking ed25519 v3.0.0
[INFO] [stderr]     Checking poly1305 v0.9.1
[INFO] [stderr]     Checking blowfish v0.10.0
[INFO] [stderr]     Checking blake2 v0.11.0-rc.6
[INFO] [stderr]     Checking dtoa v1.0.11
[INFO] [stderr]     Checking ssh-cipher v0.3.0
[INFO] [stderr]     Checking dtoa-short v0.3.5
[INFO] [stderr]     Checking bcrypt-pbkdf v0.11.0
[INFO] [stderr]     Checking argon2 v0.6.0-rc.8
[INFO] [stderr]     Checking idna v1.1.0
[INFO] [stderr]     Checking markup5ever v0.39.0
[INFO] [stderr]     Checking futures-executor v0.3.33
[INFO] [stderr]     Checking gix-pack v0.71.0
[INFO] [stderr]     Checking gix-transport v0.57.2
[INFO] [stderr]     Checking p256 v0.14.0
[INFO] [stderr]     Checking ed25519-dalek v3.0.0
[INFO] [stderr]     Checking p521 v0.14.0
[INFO] [stderr]     Checking p384 v0.14.0
[INFO] [stderr]     Checking hyper v1.11.0
[INFO] [stderr]     Checking sha3 v0.11.0
[INFO] [stderr]     Checking gix-pathspec v0.18.1
[INFO] [stderr]     Checking gix-config v0.57.0
[INFO] [stderr]     Checking gix-refspec v0.42.0
[INFO] [stderr]     Checking rand v0.10.2
[INFO] [stderr]     Checking arc-swap v1.9.2
[INFO] [stderr]     Checking gix-shallow v0.12.1
[INFO] [stderr]     Checking sha1 v0.11.0
[INFO] [stderr]     Checking kem v0.3.0
[INFO] [stderr]     Checking getrandom v0.2.17
[INFO] [stderr]     Checking module-lattice v0.2.3
[INFO] [stderr]    Compiling maybe-async v0.2.11
[INFO] [stderr]    Compiling pulldown-cmark v0.13.4
[INFO] [stderr]     Checking sponge-cursor v0.1.0
[INFO] [stderr]     Checking hex v0.4.3
[INFO] [stderr]    Compiling enum_dispatch v0.3.13
[INFO] [stderr]     Checking gix-submodule v0.31.0
[INFO] [stderr]     Checking toml_parser v1.1.2+spec-1.1.0
[INFO] [stderr]     Checking clap_builder v4.6.2
[INFO] [stderr]    Compiling askama_derive v0.16.0
[INFO] [stderr]     Checking gix-protocol v0.62.0
[INFO] [stderr]     Checking serde_urlencoded v0.7.1
[INFO] [stderr]     Checking sha3 v0.12.0
[INFO] [stderr]     Checking ml-kem v0.3.2
[INFO] [stderr]     Checking internal-russh-num-bigint v0.5.0
[INFO] [stderr]     Checking gix-odb v0.81.0
[INFO] [stderr]     Checking hyper-util v0.1.20
[INFO] [stderr]     Checking russh-util v0.52.0
[INFO] [stderr]     Checking tower v0.5.3
[INFO] [stderr]     Checking russh-cryptovec v0.62.0
[INFO] [stderr]     Checking url v2.5.8
[INFO] [stderr]     Checking futures v0.3.33
[INFO] [stderr]     Checking html5ever v0.39.0
[INFO] [stderr]     Checking cssparser v0.37.0
[INFO] [stderr]     Checking axum-core v0.5.6
[INFO] [stderr]     Checking num-bigint v0.4.8
[INFO] [stderr]     Checking gix-blame v0.14.0
[INFO] [stderr]     Checking gix-merge v0.17.0
[INFO] [stderr]     Checking gix-discover v0.52.0
[INFO] [stderr]     Checking generic-array v1.4.4
[INFO] [stderr]     Checking serde_spanned v1.1.1
[INFO] [stderr]     Checking toml_datetime v1.1.1+spec-1.1.0
[INFO] [stderr]     Checking serde_path_to_error v0.1.20
[INFO] [stdout] error[E0493]: destructor of `ArrayBuilder<T, N>` cannot be evaluated at compile-time
[INFO] [stdout]    --> /opt/rustwide/cargo-home/registry/src/index.crates.io-1949cf8c6b5b557f/generic-array-1.4.4/src/internal.rs:103:31
[INFO] [stdout]     |
[INFO] [stdout] 103 |     pub unsafe fn assume_init(self) -> GenericArray<T, N> {
[INFO] [stdout]     |                               ^^^^ the destructor for this type cannot be evaluated in constant functions
[INFO] [stdout] ...
[INFO] [stdout] 109 |     }
[INFO] [stdout]     |     - value is dropped here
[INFO] [stdout] 
[INFO] [stdout] 
[INFO] [stdout] error[E0493]: destructor of `GenericArray<core::mem::MaybeUninit<*const T>, N>` cannot be evaluated at compile-time
[INFO] [stdout]    --> /opt/rustwide/cargo-home/registry/src/index.crates.io-1949cf8c6b5b557f/generic-array-1.4.4/src/lib.rs:981:13
[INFO] [stdout]     |
[INFO] [stdout] 981 |         let mut out: GenericArray<MaybeUninit<*const T>, N> = GenericArray::uninit();
[INFO] [stdout]     |             ^^^^^^^ the destructor for this type cannot be evaluated in constant functions
[INFO] [stdout] ...
[INFO] [stdout] 996 |     }
[INFO] [stdout]     |     - value is dropped here
[INFO] [stdout] 
[INFO] [stdout] 
[INFO] [stdout] error[E0493]: destructor of `GenericArray<core::mem::MaybeUninit<*mut T>, N>` cannot be evaluated at compile-time
[INFO] [stdout]     --> /opt/rustwide/cargo-home/registry/src/index.crates.io-1949cf8c6b5b557f/generic-array-1.4.4/src/lib.rs:1016:13
[INFO] [stdout]      |
[INFO] [stdout] 1016 |         let mut out: GenericArray<MaybeUninit<*mut T>, N> = GenericArray::uninit();
[INFO] [stdout]      |             ^^^^^^^ the destructor for this type cannot be evaluated in constant functions
[INFO] [stdout] ...
[INFO] [stdout] 1031 |     }
[INFO] [stdout]      |     - value is dropped here
[INFO] [stdout] 
[INFO] [stdout] 
[INFO] [stdout] For more information about this error, try `rustc --explain E0493`.
[INFO] [stdout] 
[INFO] [stderr] error: could not compile `generic-array` (lib) due to 3 previous errors
[INFO] [stderr] warning: build failed, waiting for other jobs to finish...
[INFO] running `Command { std: "docker" "inspect" "b4d8bcb7d240067ac829cb71ccd905acfcfcd8c1622daa1cc2f44f279aacfc94", kill_on_drop: false }`
[INFO] running `Command { std: "docker" "rm" "-f" "b4d8bcb7d240067ac829cb71ccd905acfcfcd8c1622daa1cc2f44f279aacfc94", kill_on_drop: false }`
[INFO] [stdout] b4d8bcb7d240067ac829cb71ccd905acfcfcd8c1622daa1cc2f44f279aacfc94
