[INFO] cloning repository https://github.com/masmullin2000/rotomate
[INFO] running `Command { std: "git" "-c" "credential.helper=" "-c" "credential.helper=/workspace/cargo-home/bin/git-credential-null" "clone" "--bare" "https://github.com/masmullin2000/rotomate" "/workspace/cache/git-repos/https%3A%2F%2Fgithub.com%2Fmasmullin2000%2Frotomate", kill_on_drop: false }`
[INFO] [stderr] Cloning into bare repository '/workspace/cache/git-repos/https%3A%2F%2Fgithub.com%2Fmasmullin2000%2Frotomate'...
[INFO] running `Command { std: "git" "rev-parse" "HEAD", kill_on_drop: false }`
[INFO] [stdout] 6abfa1d51da396f5431eabddcf1ffc1f4f26e259
[INFO] checking masmullin2000/rotomate against c79f6bc4fc2389852aeff667626cb3e58adfe71c for pr-164081
[INFO] running `Command { std: "git" "clone" "/workspace/cache/git-repos/https%3A%2F%2Fgithub.com%2Fmasmullin2000%2Frotomate" "/workspace/builds/worker-7-tc2/source", kill_on_drop: false }`
[INFO] [stderr] Cloning into '/workspace/builds/worker-7-tc2/source'...
[INFO] [stderr] done.
[INFO] started tweaking git repo https://github.com/masmullin2000/rotomate
[INFO] finished tweaking git repo https://github.com/masmullin2000/rotomate
[INFO] tweaked toml for git repo https://github.com/masmullin2000/rotomate written to /workspace/builds/worker-7-tc2/source/Cargo.toml
[INFO] validating manifest of git repo https://github.com/masmullin2000/rotomate on toolchain c79f6bc4fc2389852aeff667626cb3e58adfe71c
[INFO] running `Command { std: CARGO_HOME="/workspace/cargo-home" RUSTUP_HOME="/workspace/rustup-home" "/workspace/cargo-home/bin/cargo" "+c79f6bc4fc2389852aeff667626cb3e58adfe71c" "metadata" "--manifest-path" "Cargo.toml" "--no-deps", kill_on_drop: false }`
[INFO] crate git repo https://github.com/masmullin2000/rotomate already has a lockfile, it will not be regenerated
[INFO] running `Command { std: CARGO_HOME="/workspace/cargo-home" RUSTUP_HOME="/workspace/rustup-home" "/workspace/cargo-home/bin/cargo" "+c79f6bc4fc2389852aeff667626cb3e58adfe71c" "fetch" "--manifest-path" "Cargo.toml", kill_on_drop: false }`
[INFO] running `Command { std: "docker" "create" "-v" "/var/lib/crater-agent-workspace/builds/worker-7-tc2/source:/opt/rustwide/workdir:ro,Z" "-v" "/var/lib/crater-agent-workspace/builds/worker-7-tc2/target:/opt/rustwide/target:rw,Z" "-v" "/var/lib/crater-agent-workspace/cargo-home:/opt/rustwide/cargo-home:ro,Z" "-v" "/var/lib/crater-agent-workspace/rustup-home:/opt/rustwide/rustup-home:ro,Z" "-m" "1610612736" "--network" "none" "ghcr.io/rust-lang/crates-build-env/linux@sha256:77db811e55d90add9212f6832c23229e3de5f1c1f9905e8cb07319ea15df73ac" "sleep" "infinity", kill_on_drop: false }`
[INFO] [stdout] 29c91fe222cd924a56576d810fd6b1356268131219b4c784c4bb670400c7bc38
[INFO] running `Command { std: "docker" "start" "29c91fe222cd924a56576d810fd6b1356268131219b4c784c4bb670400c7bc38", kill_on_drop: false }`
[INFO] running `Command { std: "docker" "inspect" "29c91fe222cd924a56576d810fd6b1356268131219b4c784c4bb670400c7bc38", kill_on_drop: false }`
[INFO] running `Command { std: "docker" "exec" "-e" "SOURCE_DIR=/opt/rustwide/workdir" "-e" "CARGO_HOME=/opt/rustwide/cargo-home" "-e" "RUSTUP_HOME=/opt/rustwide/rustup-home" "-e" "CARGO_TARGET_DIR=/opt/rustwide/target" "-w" "/opt/rustwide/workdir" "--user" "0:0" "29c91fe222cd924a56576d810fd6b1356268131219b4c784c4bb670400c7bc38" "/opt/rustwide/cargo-home/bin/cargo" "+c79f6bc4fc2389852aeff667626cb3e58adfe71c" "metadata" "--no-deps" "--format-version=1", kill_on_drop: false }`
[INFO] running `Command { std: "docker" "inspect" "29c91fe222cd924a56576d810fd6b1356268131219b4c784c4bb670400c7bc38", kill_on_drop: false }`
[INFO] running `Command { std: "docker" "exec" "-e" "SOURCE_DIR=/opt/rustwide/workdir" "-e" "CARGO_HOME=/opt/rustwide/cargo-home" "-e" "RUSTUP_HOME=/opt/rustwide/rustup-home" "-e" "CARGO_TARGET_DIR=/opt/rustwide/target" "-e" "CARGO_INCREMENTAL=0" "-e" "RUST_BACKTRACE=full" "-e" "RUSTFLAGS=--cap-lints=forbid" "-e" "RUSTDOCFLAGS=--cap-lints=forbid" "-w" "/opt/rustwide/workdir" "--user" "0:0" "29c91fe222cd924a56576d810fd6b1356268131219b4c784c4bb670400c7bc38" "/opt/rustwide/cargo-home/bin/cargo" "+c79f6bc4fc2389852aeff667626cb3e58adfe71c" "check" "--frozen" "--all" "--all-targets" "--message-format=json", kill_on_drop: false }`
[INFO] [stderr]     Checking typenum v1.20.0
[INFO] [stderr]     Checking cmov v0.5.3
[INFO] [stderr]    Compiling libc v0.2.186
[INFO] [stderr]     Checking base64ct v1.8.3
[INFO] [stderr]     Checking cpubits v0.1.1
[INFO] [stderr]     Checking getrandom v0.4.2
[INFO] [stderr]    Compiling num-traits v0.2.19
[INFO] [stderr]     Checking smallvec v1.15.1
[INFO] [stderr]     Checking rustcrypto-ff v0.14.0-rc.1
[INFO] [stderr]    Compiling aws-lc-rs v1.16.3
[INFO] [stderr]    Compiling displaydoc v0.2.5
[INFO] [stderr]     Checking tokio v1.52.2
[INFO] [stderr]     Checking zerofrom v0.1.7
[INFO] [stderr]     Checking base16ct v1.0.0
[INFO] [stderr]     Checking futures-util v0.3.32
[INFO] [stderr]     Checking getrandom v0.2.17
[INFO] [stderr]    Compiling crunchy v0.2.4
[INFO] [stderr]     Checking bitflags v2.11.1
[INFO] [stderr]    Compiling rustls v0.23.40
[INFO] [stderr]     Checking yoke v0.8.2
[INFO] [stderr]     Checking rustcrypto-group v0.14.0-rc.1
[INFO] [stderr]    Compiling tiny-keccak v2.0.2
[INFO] [stderr]     Checking ctutils v0.4.2
[INFO] [stderr]     Checking rand_core v0.6.4
[INFO] [stderr]    Compiling curve25519-dalek v5.0.0-pre.6
[INFO] [stderr]     Checking ppv-lite86 v0.2.21
[INFO] [stderr]    Compiling nix v0.31.2
[INFO] [stderr]    Compiling curve25519-dalek-derive v0.1.1
[INFO] [stderr]    Compiling ahash v0.8.12
[INFO] [stderr]     Checking pem-rfc7468 v1.0.0
[INFO] [stderr]     Checking pem-rfc7468 v0.7.0
[INFO] [stderr]     Checking zerovec v0.11.6
[INFO] [stderr]    Compiling num-bigint-dig v0.8.6
[INFO] [stderr]     Checking password-hash v0.5.0
[INFO] [stderr]     Checking der v0.8.0
[INFO] [stderr]     Checking regex-automata v0.4.14
[INFO] [stderr]     Checking parking_lot_core v0.9.12
[INFO] [stderr]     Checking chacha20 v0.10.0
[INFO] [stderr]     Checking fiat-crypto v0.3.0
[INFO] [stderr]     Checking zerotrie v0.2.4
[INFO] [stderr]     Checking parking_lot v0.12.5
[INFO] [stderr]     Checking dirs-sys v0.5.0
[INFO] [stderr]     Checking rand v0.10.1
[INFO] [stderr]     Checking rand_chacha v0.3.1
[INFO] [stderr]     Checking rustls-native-certs v0.8.3
[INFO] [stderr]     Checking num_cpus v1.17.0
[INFO] [stderr]     Checking num-integer v0.1.46
[INFO] [stderr]     Checking hashbrown v0.17.0
[INFO] [stderr]     Checking seize v0.3.3
[INFO] [stderr]    Compiling clap_derive v4.6.1
[INFO] [stderr]     Checking num-iter v0.1.45
[INFO] [stderr]     Checking rand v0.8.6
[INFO] [stderr]     Checking num-bigint v0.4.6
[INFO] [stderr]     Checking chrono v0.4.44
[INFO] [stderr]     Checking dirs v6.0.0
[INFO] [stderr]     Checking tinystr v0.8.3
[INFO] [stderr]     Checking potential_utf v0.1.5
[INFO] [stderr]     Checking icu_collections v2.2.0
[INFO] [stderr]     Checking icu_locale_core v2.2.0
[INFO] [stderr]    Compiling enum_dispatch v0.3.13
[INFO] [stderr]    Compiling jobserver v0.1.34
[INFO] [stderr]     Checking internal-russh-num-bigint v0.5.0
[INFO] [stderr]     Checking indexmap v2.14.0
[INFO] [stderr]    Compiling cc v1.2.61
[INFO] [stderr]    Compiling const-random-macro v0.1.16
[INFO] [stderr]     Checking icu_provider v2.2.0
[INFO] [stderr]     Checking hybrid-array v0.4.11
[INFO] [stderr]     Checking generic-array v0.14.7
[INFO] [stderr]     Checking spki v0.8.0-rc.4
[INFO] [stderr]     Checking pkcs1 v0.8.0-rc.4
[INFO] [stderr]     Checking icu_properties v2.2.0
[INFO] [stderr]     Checking icu_normalizer v2.2.0
[INFO] [stderr]     Checking const-random v0.1.18
[INFO] [stderr]    Compiling delegate v0.13.5
[INFO] [stderr]     Checking serde_bytes v0.11.19
[INFO] [stderr]     Checking flurry v0.5.2
[INFO] [stderr]     Checking rtoolbox v0.0.5
[INFO] [stderr]     Checking jiff v0.2.24
[INFO] [stderr]     Checking crypto-common v0.1.7
[INFO] [stderr]     Checking block-buffer v0.10.4
[INFO] [stderr]     Checking block-padding v0.3.3
[INFO] [stderr]     Checking universal-hash v0.5.1
[INFO] [stderr]     Checking aead v0.5.2
[INFO] [stderr]     Checking polyval v0.6.2
[INFO] [stderr]     Checking digest v0.10.7
[INFO] [stderr]     Checking poly1305 v0.8.0
[INFO] [stderr]     Checking inout v0.1.4
[INFO] [stderr]     Checking regex v1.12.3
[INFO] [stderr]     Checking cipher v0.4.4
[INFO] [stderr]     Checking ghash v0.5.1
[INFO] [stderr]     Checking generic-array v1.4.1
[INFO] [stderr]     Checking memo-map v0.3.3
[INFO] [stderr]     Checking md5 v0.7.0
[INFO] [stderr]     Checking sha2 v0.10.9
[INFO] [stderr]     Checking hmac v0.12.1
[INFO] [stderr]     Checking blake2 v0.10.6
[INFO] [stderr]     Checking pbkdf2 v0.12.2
[INFO] [stderr]     Checking sha1 v0.10.6
[INFO] [stderr]    Compiling cmake v0.1.58
[INFO] [stderr]     Checking ctr v0.9.2
[INFO] [stderr]     Checking aes v0.8.4
[INFO] [stderr]     Checking chacha20 v0.9.1
[INFO] [stderr]     Checking cbc v0.1.2
[INFO] [stderr]     Checking blowfish v0.9.1
[INFO] [stderr]     Checking ssh-encoding v0.2.0
[INFO] [stderr]     Checking argon2 v0.5.3
[INFO] [stderr]     Checking hex-literal v1.1.0
[INFO] [stderr]     Checking env_filter v1.0.1
[INFO] [stderr]     Checking bcrypt-pbkdf v0.10.0
[INFO] [stderr]     Checking clap v4.6.1
[INFO] [stderr]     Checking minijinja v2.19.0
[INFO] [stderr]     Checking rpassword v7.5.2
[INFO] [stderr]     Checking serde_yaml v0.9.34+deprecated
[INFO] [stderr]     Checking russh-cryptovec v0.59.0
[INFO] [stderr]     Checking shellexpand v3.1.2
[INFO] [stderr]     Checking whoami v2.1.2
[INFO] [stderr]     Checking crypto-common v0.2.1
[INFO] [stderr]     Checking block-buffer v0.12.0
[INFO] [stderr]     Checking block-padding v0.4.2
[INFO] [stderr]     Checking crypto-bigint v0.7.0-rc.28
[INFO] [stderr]     Checking inout v0.2.2
[INFO] [stderr]     Checking sec1 v0.8.1
[INFO] [stderr]     Checking module-lattice v0.2.2
[INFO] [stderr]     Checking shell-escape v0.1.5
[INFO] [stderr]     Checking aes-gcm v0.10.3
[INFO] [stdout] error[E0493]: destructor of `ArrayBuilder<T, N>` cannot be evaluated at compile-time
[INFO] [stdout]    --> /opt/rustwide/cargo-home/registry/src/index.crates.io-1949cf8c6b5b557f/generic-array-1.4.1/src/internal.rs:103:31
[INFO] [stdout]     |
[INFO] [stdout] 103 |     pub unsafe fn assume_init(self) -> GenericArray<T, N> {
[INFO] [stdout]     |                               ^^^^ the destructor for this type cannot be evaluated in constant functions
[INFO] [stdout] ...
[INFO] [stdout] 109 |     }
[INFO] [stdout]     |     - value is dropped here
[INFO] [stdout] 
[INFO] [stdout] 
[INFO] [stderr]     Checking idna_adapter v1.2.2
[INFO] [stdout] error[E0493]: destructor of `GenericArray<core::mem::MaybeUninit<*const T>, N>` cannot be evaluated at compile-time
[INFO] [stdout]    --> /opt/rustwide/cargo-home/registry/src/index.crates.io-1949cf8c6b5b557f/generic-array-1.4.1/src/lib.rs:970:13
[INFO] [stdout]     |
[INFO] [stdout] 970 |         let mut out: GenericArray<MaybeUninit<*const T>, N> = GenericArray::uninit();
[INFO] [stdout]     |             ^^^^^^^ the destructor for this type cannot be evaluated in constant functions
[INFO] [stdout] ...
[INFO] [stdout] 985 |     }
[INFO] [stdout]     |     - value is dropped here
[INFO] [stdout] 
[INFO] [stdout] 
[INFO] [stdout] error[E0493]: destructor of `GenericArray<core::mem::MaybeUninit<*mut T>, N>` cannot be evaluated at compile-time
[INFO] [stdout]     --> /opt/rustwide/cargo-home/registry/src/index.crates.io-1949cf8c6b5b557f/generic-array-1.4.1/src/lib.rs:1005:13
[INFO] [stdout]      |
[INFO] [stdout] 1005 |         let mut out: GenericArray<MaybeUninit<*mut T>, N> = GenericArray::uninit();
[INFO] [stdout]      |             ^^^^^^^ the destructor for this type cannot be evaluated in constant functions
[INFO] [stdout] ...
[INFO] [stdout] 1020 |     }
[INFO] [stdout]      |     - value is dropped here
[INFO] [stdout] 
[INFO] [stdout] 
[INFO] [stdout] For more information about this error, try `rustc --explain E0493`.
[INFO] [stdout] 
[INFO] [stderr]     Checking ssh-cipher v0.2.0
[INFO] [stderr] error: could not compile `generic-array` (lib) due to 3 previous errors
[INFO] [stderr] warning: build failed, waiting for other jobs to finish...
[INFO] running `Command { std: "docker" "inspect" "29c91fe222cd924a56576d810fd6b1356268131219b4c784c4bb670400c7bc38", kill_on_drop: false }`
[INFO] running `Command { std: "docker" "rm" "-f" "29c91fe222cd924a56576d810fd6b1356268131219b4c784c4bb670400c7bc38", kill_on_drop: false }`
[INFO] [stdout] 29c91fe222cd924a56576d810fd6b1356268131219b4c784c4bb670400c7bc38
