[INFO] cloning repository https://github.com/lejio/ephemeral
[INFO] running `Command { std: "git" "-c" "credential.helper=" "-c" "credential.helper=/workspace/cargo-home/bin/git-credential-null" "clone" "--bare" "https://github.com/lejio/ephemeral" "/workspace/cache/git-repos/https%3A%2F%2Fgithub.com%2Flejio%2Fephemeral", kill_on_drop: false }`
[INFO] [stderr] Cloning into bare repository '/workspace/cache/git-repos/https%3A%2F%2Fgithub.com%2Flejio%2Fephemeral'...
[INFO] running `Command { std: "git" "rev-parse" "HEAD", kill_on_drop: false }`
[INFO] [stdout] be6c1d9f489d248c393301b8130ddd97e8cac357
[INFO] checking lejio/ephemeral against c79f6bc4fc2389852aeff667626cb3e58adfe71c for pr-164081
[INFO] running `Command { std: "git" "clone" "/workspace/cache/git-repos/https%3A%2F%2Fgithub.com%2Flejio%2Fephemeral" "/workspace/builds/worker-7-tc2/source", kill_on_drop: false }`
[INFO] [stderr] Cloning into '/workspace/builds/worker-7-tc2/source'...
[INFO] [stderr] done.
[INFO] removed /workspace/builds/worker-7-tc2/source/rust-toolchain.toml
[INFO] started tweaking git repo https://github.com/lejio/ephemeral
[INFO] finished tweaking git repo https://github.com/lejio/ephemeral
[INFO] tweaked toml for git repo https://github.com/lejio/ephemeral written to /workspace/builds/worker-7-tc2/source/Cargo.toml
[INFO] validating manifest of git repo https://github.com/lejio/ephemeral on toolchain c79f6bc4fc2389852aeff667626cb3e58adfe71c
[INFO] running `Command { std: CARGO_HOME="/workspace/cargo-home" RUSTUP_HOME="/workspace/rustup-home" "/workspace/cargo-home/bin/cargo" "+c79f6bc4fc2389852aeff667626cb3e58adfe71c" "metadata" "--manifest-path" "Cargo.toml" "--no-deps", kill_on_drop: false }`
[INFO] crate git repo https://github.com/lejio/ephemeral already has a lockfile, it will not be regenerated
[INFO] running `Command { std: CARGO_HOME="/workspace/cargo-home" RUSTUP_HOME="/workspace/rustup-home" "/workspace/cargo-home/bin/cargo" "+c79f6bc4fc2389852aeff667626cb3e58adfe71c" "fetch" "--manifest-path" "Cargo.toml", kill_on_drop: false }`
[INFO] running `Command { std: "docker" "create" "-v" "/var/lib/crater-agent-workspace/builds/worker-7-tc2/source:/opt/rustwide/workdir:ro,Z" "-v" "/var/lib/crater-agent-workspace/builds/worker-7-tc2/target:/opt/rustwide/target:rw,Z" "-v" "/var/lib/crater-agent-workspace/cargo-home:/opt/rustwide/cargo-home:ro,Z" "-v" "/var/lib/crater-agent-workspace/rustup-home:/opt/rustwide/rustup-home:ro,Z" "-m" "1610612736" "--network" "none" "ghcr.io/rust-lang/crates-build-env/linux@sha256:77db811e55d90add9212f6832c23229e3de5f1c1f9905e8cb07319ea15df73ac" "sleep" "infinity", kill_on_drop: false }`
[INFO] [stdout] 1de68866ad8e6d739307cad6d7cd919793706778dc000a7807ff3af445e9dd4a
[INFO] running `Command { std: "docker" "start" "1de68866ad8e6d739307cad6d7cd919793706778dc000a7807ff3af445e9dd4a", kill_on_drop: false }`
[INFO] running `Command { std: "docker" "inspect" "1de68866ad8e6d739307cad6d7cd919793706778dc000a7807ff3af445e9dd4a", kill_on_drop: false }`
[INFO] running `Command { std: "docker" "exec" "-e" "SOURCE_DIR=/opt/rustwide/workdir" "-e" "CARGO_HOME=/opt/rustwide/cargo-home" "-e" "RUSTUP_HOME=/opt/rustwide/rustup-home" "-e" "CARGO_TARGET_DIR=/opt/rustwide/target" "-w" "/opt/rustwide/workdir" "--user" "0:0" "1de68866ad8e6d739307cad6d7cd919793706778dc000a7807ff3af445e9dd4a" "/opt/rustwide/cargo-home/bin/cargo" "+c79f6bc4fc2389852aeff667626cb3e58adfe71c" "metadata" "--no-deps" "--format-version=1", kill_on_drop: false }`
[INFO] running `Command { std: "docker" "inspect" "1de68866ad8e6d739307cad6d7cd919793706778dc000a7807ff3af445e9dd4a", kill_on_drop: false }`
[INFO] running `Command { std: "docker" "exec" "-e" "SOURCE_DIR=/opt/rustwide/workdir" "-e" "CARGO_HOME=/opt/rustwide/cargo-home" "-e" "RUSTUP_HOME=/opt/rustwide/rustup-home" "-e" "CARGO_TARGET_DIR=/opt/rustwide/target" "-e" "CARGO_INCREMENTAL=0" "-e" "RUST_BACKTRACE=full" "-e" "RUSTFLAGS=--cap-lints=forbid" "-e" "RUSTDOCFLAGS=--cap-lints=forbid" "-w" "/opt/rustwide/workdir" "--user" "0:0" "1de68866ad8e6d739307cad6d7cd919793706778dc000a7807ff3af445e9dd4a" "/opt/rustwide/cargo-home/bin/cargo" "+c79f6bc4fc2389852aeff667626cb3e58adfe71c" "check" "--frozen" "--all" "--all-targets" "--message-format=json", kill_on_drop: false }`
[INFO] [stderr]    Compiling serde_core v1.0.229
[INFO] [stderr]    Compiling serde v1.0.229
[INFO] [stderr]     Checking futures-core v0.3.33
[INFO] [stderr]     Checking futures-sink v0.3.33
[INFO] [stderr]    Compiling syn v3.0.3
[INFO] [stderr]    Compiling syn v2.0.119
[INFO] [stderr]    Compiling thiserror v2.0.19
[INFO] [stderr]     Checking futures-io v0.3.33
[INFO] [stderr]     Checking futures-task v0.3.33
[INFO] [stderr]    Compiling rust_decimal v1.42.1
[INFO] [stderr]     Checking futures-channel v0.3.33
[INFO] [stderr]    Compiling serde_json v1.0.151
[INFO] [stderr]     Checking arrayvec v0.7.8
[INFO] [stderr]     Checking rand_core v0.10.1
[INFO] [stderr]    Compiling getrandom v0.4.3
[INFO] [stderr]    Compiling crossbeam-utils v0.8.22
[INFO] [stderr]     Checking value-bag v1.13.1
[INFO] [stderr]    Compiling winnow v1.0.4
[INFO] [stderr]    Compiling zerocopy v0.8.55
[INFO] [stderr]    Compiling aho-corasick v1.1.4
[INFO] [stderr]    Compiling ahash v0.8.12
[INFO] [stderr]    Compiling regex-syntax v0.8.11
[INFO] [stderr]    Compiling rstest_macros v0.26.1
[INFO] [stderr]    Compiling toml_parser v1.1.2+spec-1.1.0
[INFO] [stderr]     Checking mio v1.2.2
[INFO] [stderr]     Checking socket2 v0.6.5
[INFO] [stderr]     Checking log v0.4.33
[INFO] [stderr]     Checking uuid v1.24.0
[INFO] [stderr]    Compiling toml_datetime v1.1.1+spec-1.1.0
[INFO] [stderr]    Compiling serde_spanned v1.1.1
[INFO] [stderr]    Compiling regex-automata v0.4.16
[INFO] [stderr]     Checking siphasher v1.0.3
[INFO] [stderr]    Compiling toml_edit v0.25.13+spec-1.1.0
[INFO] [stderr]    Compiling toml v1.1.3+spec-1.1.0
[INFO] [stderr]     Checking phf_shared v0.12.1
[INFO] [stderr]    Compiling cc v1.4.0
[INFO] [stderr]     Checking chacha20 v0.10.1
[INFO] [stderr]     Checking rmp v0.8.15
[INFO] [stderr]    Compiling proc-macro-crate v3.5.0
[INFO] [stderr]    Compiling serde_derive v1.0.229
[INFO] [stderr]    Compiling thiserror-impl v2.0.19
[INFO] [stderr]    Compiling tokio-macros v2.7.2
[INFO] [stderr]    Compiling synstructure v0.13.2
[INFO] [stderr]    Compiling darling_core v0.20.11
[INFO] [stderr]    Compiling darling_core v0.23.0
[INFO] [stderr]    Compiling prettyplease v0.2.37
[INFO] [stderr]    Compiling nautilus-core v0.60.0
[INFO] [stderr]    Compiling glob v0.3.4
[INFO] [stderr]    Compiling chrono-tz v0.10.4
[INFO] [stderr]    Compiling implied-vol v2.0.0
[INFO] [stderr]     Checking bytecount v0.6.9
[INFO] [stderr]    Compiling regex v1.13.1
[INFO] [stderr]    Compiling relative-path v1.9.3
[INFO] [stderr]     Checking papergrid v0.18.0
[INFO] [stderr]     Checking indexmap v2.14.0
[INFO] [stderr]    Compiling ring v0.17.14
[INFO] [stderr]    Compiling futures-macro v0.3.33
[INFO] [stderr]    Compiling zerofrom-derive v0.1.7
[INFO] [stderr]    Compiling yoke-derive v0.8.2
[INFO] [stderr]    Compiling zerovec-derive v0.11.3
[INFO] [stderr]    Compiling displaydoc v0.2.6
[INFO] [stderr]     Checking futures-util v0.3.33
[INFO] [stderr]    Compiling strum_macros v0.28.0
[INFO] [stderr]     Checking zerofrom v0.1.8
[INFO] [stderr]     Checking rand v0.10.2
[INFO] [stderr]     Checking yoke v0.8.3
[INFO] [stderr]    Compiling darling_macro v0.20.11
[INFO] [stderr]     Checking zerovec v0.11.6
[INFO] [stderr]    Compiling darling v0.20.11
[INFO] [stderr]    Compiling derive_builder_core v0.20.2
[INFO] [stderr]     Checking smallvec v1.15.2
[INFO] [stderr]     Checking bytes v1.12.1
[INFO] [stderr]     Checking chrono v0.4.45
[INFO] [stderr]     Checking parking_lot_core v0.9.12
[INFO] [stderr]     Checking parking_lot v0.12.5
[INFO] [stderr]    Compiling darling_macro v0.23.0
[INFO] [stderr]     Checking tokio v1.53.1
[INFO] [stderr]     Checking tinystr v0.8.3
[INFO] [stderr]    Compiling darling v0.23.0
[INFO] [stderr]    Compiling derive_builder_macro v0.20.2
[INFO] [stderr]    Compiling bon-macros v3.9.3
[INFO] [stderr]     Checking icu_locale_core v2.2.0
[INFO] [stderr]     Checking ustr v1.1.0
[INFO] [stderr]     Checking potential_utf v0.1.5
[INFO] [stderr]     Checking rmp-serde v1.3.1
[INFO] [stderr]     Checking zerotrie v0.2.4
[INFO] [stderr]     Checking phf v0.12.1
[INFO] [stderr]     Checking arc-swap v1.9.2
[INFO] [stderr]    Compiling nautilus-model v0.60.0
[INFO] [stderr]     Checking zeroize v1.9.0
[INFO] [stderr]     Checking futures-timer v3.0.4
[INFO] [stderr]     Checking futures-executor v0.3.33
[INFO] [stderr]     Checking icu_collections v2.2.0
[INFO] [stderr]     Checking futures v0.3.33
[INFO] [stderr]     Checking icu_provider v2.2.0
[INFO] [stderr]     Checking rustls-pki-types v1.15.1
[INFO] [stderr]    Compiling enum_dispatch v0.3.13
[INFO] [stderr]     Checking strum v0.28.0
[INFO] [stderr]     Checking dashmap v6.2.1
[INFO] [stderr]     Checking derive_builder v0.20.2
[INFO] [stderr]     Checking http v1.4.2
[INFO] [stderr]     Checking tabled v0.21.0
[INFO] [stderr]    Compiling rust_decimal_macros v1.40.0
[INFO] [stderr]     Checking rstest v0.26.1
[INFO] [stderr]     Checking alloc-stdlib v0.2.4
[INFO] [stderr]     Checking http-body v1.1.0
[INFO] [stderr]    Compiling async-stream-impl v0.3.6
[INFO] [stderr]     Checking getrandom v0.2.17
[INFO] [stderr]    Compiling nautilus-common v0.60.0
[INFO] [stderr]     Checking simd-adler32 v0.3.10
[INFO] [stderr]     Checking smol_str v0.3.6
[INFO] [stderr]     Checking miniz_oxide v0.8.9
[INFO] [stderr]     Checking paft-utils v0.9.0
[INFO] [stderr]     Checking async-stream v0.3.6
[INFO] [stderr]     Checking icu_normalizer v2.2.0
[INFO] [stderr]     Checking icu_properties v2.2.0
[INFO] [stderr]     Checking brotli-decompressor v5.0.3
[INFO] [stderr]    Compiling async-trait v0.1.91
[INFO] [stderr]    Compiling iso_currency v0.5.3
[INFO] [stderr]     Checking sysinfo v0.39.6
[INFO] [stderr]    Compiling rustls v0.23.42
[INFO] [stderr]     Checking brotli v8.0.4
[INFO] [stderr]     Checking idna_adapter v1.2.2
[INFO] [stderr]     Checking flate2 v1.1.9
[INFO] [stderr]     Checking bitflags v2.13.1
[INFO] [stderr]     Checking iso_country v0.1.4
[INFO] [stderr]     Checking bon v3.9.3
[INFO] [stderr]     Checking compression-core v0.4.32
[INFO] [stderr]     Checking hyper v1.11.0
[INFO] [stderr]     Checking idna v1.1.0
[INFO] [stderr]     Checking rustls-webpki v0.103.13
[INFO] [stderr]     Checking paft-core v0.9.0
[INFO] [stderr]     Checking paft-decimal v0.9.0
[INFO] [stderr]     Checking sync_wrapper v1.0.2
[INFO] [stderr]     Checking isin v0.1.19
[INFO] [stderr]     Checking rustls-native-certs v0.8.4
[INFO] [stderr]     Checking tower v0.5.3
[INFO] [stderr]     Checking paft-domain v0.9.0
[INFO] [stderr]     Checking paft-money v0.9.0
[INFO] [stderr]     Checking hyper-util v0.1.20
[INFO] [stderr]     Checking url v2.5.8
[INFO] [stderr]     Checking tokio-util v0.7.19
[INFO] [stderr]     Checking http-body-util v0.1.4
[INFO] [stderr]     Checking webpki-roots v1.0.9
[INFO] [stderr]     Checking serde_urlencoded v0.7.1
[INFO] [stderr]    Compiling portable-atomic v1.14.0
[INFO] [stderr]    Compiling crossbeam-epoch v0.9.20
[INFO] [stderr]     Checking tinyvec v1.12.0
[INFO] [stderr]     Checking paft-aggregates v0.9.0
[INFO] [stderr]     Checking paft-fundamentals v0.9.0
[INFO] [stderr]     Checking ephemeral-algos v0.1.0 (/opt/rustwide/workdir/algos)
[INFO] [stderr]     Checking crossbeam-channel v0.5.16
[INFO] [stderr]    Compiling nautilus-backtest v0.60.0
[INFO] [stderr]     Checking tagptr v0.2.0
[INFO] [stderr]     Checking unicode-normalization v0.1.25
[INFO] [stderr]     Checking paft-market v0.9.0
[INFO] [stderr]     Checking moka v0.12.15
[INFO] [stderr]     Checking digest v0.10.7
[INFO] [stderr]     Checking compression-codecs v0.4.38
[INFO] [stderr]     Checking serde_field_result v0.1.0
[INFO] [stderr]     Checking sha2 v0.10.9
[INFO] [stderr]     Checking approx v0.5.1
[INFO] [stderr]     Checking async-compression v0.4.43
[INFO] [stderr]     Checking tower-http v0.6.11
[INFO] [stderr]     Checking tokio-rustls v0.26.4
[INFO] [stderr]     Checking hyper-rustls v0.27.9
[INFO] [stderr]     Checking paft v0.9.0
[INFO] [stderr]     Checking reqwest v0.12.28
[INFO] [stderr]     Checking yfinance-rs v0.9.1
[INFO] [stderr]     Checking ephemeral-runner v0.1.0 (/opt/rustwide/workdir/runner)
[INFO] [stdout] error[E0493]: destructor of `ScreenerBuilder<query::Equity>` cannot be evaluated at compile-time
[INFO] [stdout]    --> /opt/rustwide/cargo-home/registry/src/index.crates.io-1949cf8c6b5b557f/yfinance-rs-0.9.1/src/screener/builder.rs:141:26
[INFO] [stdout]     |
[INFO] [stdout] 141 |     pub const fn sort_by(mut self, field: SortField<Equity>, direction: SortDirection) -> Self {
[INFO] [stdout]     |                          ^^^^^^^^ the destructor for this type cannot be evaluated in constant functions
[INFO] [stdout] ...
[INFO] [stdout] 144 |     }
[INFO] [stdout]     |     - value is dropped here
[INFO] [stdout] 
[INFO] [stdout] 
[INFO] [stdout] error[E0493]: destructor of `ScreenerBuilder<query::Fund>` cannot be evaluated at compile-time
[INFO] [stdout]    --> /opt/rustwide/cargo-home/registry/src/index.crates.io-1949cf8c6b5b557f/yfinance-rs-0.9.1/src/screener/builder.rs:165:26
[INFO] [stdout]     |
[INFO] [stdout] 165 |     pub const fn sort_by(mut self, field: SortField<Fund>, direction: SortDirection) -> Self {
[INFO] [stdout]     |                          ^^^^^^^^ the destructor for this type cannot be evaluated in constant functions
[INFO] [stdout] ...
[INFO] [stdout] 168 |     }
[INFO] [stdout]     |     - value is dropped here
[INFO] [stdout] 
[INFO] [stdout] 
[INFO] [stdout] error[E0493]: destructor of `ScreenerBuilder<query::Etf>` cannot be evaluated at compile-time
[INFO] [stdout]    --> /opt/rustwide/cargo-home/registry/src/index.crates.io-1949cf8c6b5b557f/yfinance-rs-0.9.1/src/screener/builder.rs:184:26
[INFO] [stdout]     |
[INFO] [stdout] 184 |     pub const fn sort_by(mut self, field: SortField<Etf>, direction: SortDirection) -> Self {
[INFO] [stdout]     |                          ^^^^^^^^ the destructor for this type cannot be evaluated in constant functions
[INFO] [stdout] ...
[INFO] [stdout] 187 |     }
[INFO] [stdout]     |     - value is dropped here
[INFO] [stdout] 
[INFO] [stdout] 
[INFO] [stdout] For more information about this error, try `rustc --explain E0493`.
[INFO] [stdout] 
[INFO] [stderr] error: could not compile `yfinance-rs` (lib) due to 3 previous errors
[INFO] [stderr] warning: build failed, waiting for other jobs to finish...
[INFO] [stderr] warning: unused dependency `uuid`
[INFO] [stderr]   --> runner/Cargo.toml:18:1
[INFO] [stderr]    |
[INFO] [stderr] 18 | uuid = { version = "1", features = ["v4"] }
[INFO] [stderr]    | ^^^^^^^^^^^^^^^^^^^^^^^^^^^^^^^^^^^^^^^^^^^
[INFO] [stderr]    |
[INFO] [stderr]    = note: `cargo::unused_dependencies` is set to `warn` by default
[INFO] [stderr] help: consider removing the dependency on `uuid`
[INFO] [stderr] warning: `ephemeral-runner` (manifest) generated 1 warning
[INFO] running `Command { std: "docker" "inspect" "1de68866ad8e6d739307cad6d7cd919793706778dc000a7807ff3af445e9dd4a", kill_on_drop: false }`
[INFO] running `Command { std: "docker" "rm" "-f" "1de68866ad8e6d739307cad6d7cd919793706778dc000a7807ff3af445e9dd4a", kill_on_drop: false }`
[INFO] [stdout] 1de68866ad8e6d739307cad6d7cd919793706778dc000a7807ff3af445e9dd4a
