[INFO] cloning repository https://github.com/kortiene/mx-agent
[INFO] running `Command { std: "git" "-c" "credential.helper=" "-c" "credential.helper=/workspace/cargo-home/bin/git-credential-null" "clone" "--bare" "https://github.com/kortiene/mx-agent" "/workspace/cache/git-repos/https%3A%2F%2Fgithub.com%2Fkortiene%2Fmx-agent", kill_on_drop: false }`
[INFO] [stderr] Cloning into bare repository '/workspace/cache/git-repos/https%3A%2F%2Fgithub.com%2Fkortiene%2Fmx-agent'...
[INFO] running `Command { std: "git" "rev-parse" "HEAD", kill_on_drop: false }`
[INFO] [stdout] d8b3569c35eec71cb8ead13f3ebdc6d56c959a3a
[INFO] checking kortiene/mx-agent against c79f6bc4fc2389852aeff667626cb3e58adfe71c for pr-164081
[INFO] running `Command { std: "git" "clone" "/workspace/cache/git-repos/https%3A%2F%2Fgithub.com%2Fkortiene%2Fmx-agent" "/workspace/builds/worker-6-tc2/source", kill_on_drop: false }`
[INFO] [stderr] Cloning into '/workspace/builds/worker-6-tc2/source'...
[INFO] [stderr] done.
[INFO] started tweaking git repo https://github.com/kortiene/mx-agent
[INFO] finished tweaking git repo https://github.com/kortiene/mx-agent
[INFO] tweaked toml for git repo https://github.com/kortiene/mx-agent written to /workspace/builds/worker-6-tc2/source/Cargo.toml
[INFO] validating manifest of git repo https://github.com/kortiene/mx-agent on toolchain c79f6bc4fc2389852aeff667626cb3e58adfe71c
[INFO] running `Command { std: CARGO_HOME="/workspace/cargo-home" RUSTUP_HOME="/workspace/rustup-home" "/workspace/cargo-home/bin/cargo" "+c79f6bc4fc2389852aeff667626cb3e58adfe71c" "metadata" "--manifest-path" "Cargo.toml" "--no-deps", kill_on_drop: false }`
[INFO] crate git repo https://github.com/kortiene/mx-agent already has a lockfile, it will not be regenerated
[INFO] running `Command { std: CARGO_HOME="/workspace/cargo-home" RUSTUP_HOME="/workspace/rustup-home" "/workspace/cargo-home/bin/cargo" "+c79f6bc4fc2389852aeff667626cb3e58adfe71c" "fetch" "--manifest-path" "Cargo.toml", kill_on_drop: false }`
[INFO] [stderr]     Blocking waiting for file lock on package cache
[INFO] [stderr]     Blocking waiting for file lock on package cache
[INFO] running `Command { std: "docker" "create" "-v" "/var/lib/crater-agent-workspace/builds/worker-6-tc2/source:/opt/rustwide/workdir:ro,Z" "-v" "/var/lib/crater-agent-workspace/builds/worker-6-tc2/target:/opt/rustwide/target:rw,Z" "-v" "/var/lib/crater-agent-workspace/cargo-home:/opt/rustwide/cargo-home:ro,Z" "-v" "/var/lib/crater-agent-workspace/rustup-home:/opt/rustwide/rustup-home:ro,Z" "-m" "1610612736" "--network" "none" "ghcr.io/rust-lang/crates-build-env/linux@sha256:77db811e55d90add9212f6832c23229e3de5f1c1f9905e8cb07319ea15df73ac" "sleep" "infinity", kill_on_drop: false }`
[INFO] [stdout] 1597d50f3cbb76456f91fd9bce6acb0b82961492cb4060304f4b62101e9f10b5
[INFO] running `Command { std: "docker" "start" "1597d50f3cbb76456f91fd9bce6acb0b82961492cb4060304f4b62101e9f10b5", kill_on_drop: false }`
[INFO] running `Command { std: "docker" "inspect" "1597d50f3cbb76456f91fd9bce6acb0b82961492cb4060304f4b62101e9f10b5", kill_on_drop: false }`
[INFO] running `Command { std: "docker" "exec" "-e" "SOURCE_DIR=/opt/rustwide/workdir" "-e" "CARGO_HOME=/opt/rustwide/cargo-home" "-e" "RUSTUP_HOME=/opt/rustwide/rustup-home" "-e" "CARGO_TARGET_DIR=/opt/rustwide/target" "-w" "/opt/rustwide/workdir" "--user" "0:0" "1597d50f3cbb76456f91fd9bce6acb0b82961492cb4060304f4b62101e9f10b5" "/opt/rustwide/cargo-home/bin/cargo" "+c79f6bc4fc2389852aeff667626cb3e58adfe71c" "metadata" "--no-deps" "--format-version=1", kill_on_drop: false }`
[INFO] running `Command { std: "docker" "inspect" "1597d50f3cbb76456f91fd9bce6acb0b82961492cb4060304f4b62101e9f10b5", kill_on_drop: false }`
[INFO] running `Command { std: "docker" "exec" "-e" "SOURCE_DIR=/opt/rustwide/workdir" "-e" "CARGO_HOME=/opt/rustwide/cargo-home" "-e" "RUSTUP_HOME=/opt/rustwide/rustup-home" "-e" "CARGO_TARGET_DIR=/opt/rustwide/target" "-e" "CARGO_INCREMENTAL=0" "-e" "RUST_BACKTRACE=full" "-e" "RUSTFLAGS=--cap-lints=forbid" "-e" "RUSTDOCFLAGS=--cap-lints=forbid" "-w" "/opt/rustwide/workdir" "--user" "0:0" "1597d50f3cbb76456f91fd9bce6acb0b82961492cb4060304f4b62101e9f10b5" "/opt/rustwide/cargo-home/bin/cargo" "+c79f6bc4fc2389852aeff667626cb3e58adfe71c" "check" "--frozen" "--all" "--all-targets" "--message-format=json", kill_on_drop: false }`
[INFO] [stderr]    Compiling libc v0.2.186
[INFO] [stderr]     Checking memchr v2.8.1
[INFO] [stderr]    Compiling zeroize_derive v1.4.3
[INFO] [stderr]    Compiling zerofrom-derive v0.1.7
[INFO] [stderr]    Compiling yoke-derive v0.8.2
[INFO] [stderr]    Compiling tokio-macros v2.7.0
[INFO] [stderr]    Compiling serde_json v1.0.150
[INFO] [stderr]     Checking tracing v0.1.44
[INFO] [stderr]    Compiling zerovec-derive v0.11.3
[INFO] [stderr]    Compiling displaydoc v0.2.6
[INFO] [stderr]     Checking http v1.4.1
[INFO] [stderr]    Compiling winnow v1.0.3
[INFO] [stderr]    Compiling zerocopy v0.8.50
[INFO] [stderr]     Checking indexmap v2.14.0
[INFO] [stderr]    Compiling toml_datetime v1.1.1+spec-1.1.0
[INFO] [stderr]     Checking bitflags v2.12.1
[INFO] [stderr]     Checking aho-corasick v1.1.4
[INFO] [stderr]    Compiling getrandom v0.4.2
[INFO] [stderr]     Checking zeroize v1.8.2
[INFO] [stderr]     Checking block-padding v0.3.3
[INFO] [stderr]    Compiling futures-macro v0.3.32
[INFO] [stderr]     Checking inout v0.1.4
[INFO] [stderr]     Checking chacha20 v0.10.0
[INFO] [stderr]    Compiling serde_spanned v1.1.1
[INFO] [stderr]    Compiling aws-lc-rs v1.17.0
[INFO] [stderr]    Compiling ruma-identifiers-validation v0.12.1
[INFO] [stderr]    Compiling serde v1.0.228
[INFO] [stderr]     Checking js_int v0.2.2
[INFO] [stderr]    Compiling curve25519-dalek-derive v0.1.1
[INFO] [stderr]    Compiling either v1.16.0
[INFO] [stderr]     Checking time v0.3.47
[INFO] [stderr]     Checking futures-util v0.3.32
[INFO] [stderr]     Checking konst v0.4.3
[INFO] [stderr]     Checking rustls-pki-types v1.14.1
[INFO] [stderr]    Compiling proc-macro-error-attr2 v2.0.0
[INFO] [stderr]    Compiling anyhow v1.0.102
[INFO] [stderr]     Checking serde_html_form v0.4.0
[INFO] [stderr]     Checking ed25519 v2.2.3
[INFO] [stderr]     Checking http-body v1.0.1
[INFO] [stderr]    Compiling proc-macro-error2 v2.0.1
[INFO] [stderr]     Checking js_option v0.2.0
[INFO] [stderr]    Compiling jobserver v0.1.34
[INFO] [stderr]     Checking log v0.4.31
[INFO] [stderr]    Compiling rustls v0.23.40
[INFO] [stderr]    Compiling nix v0.31.3
[INFO] [stderr]    Compiling itertools v0.14.0
[INFO] [stderr]     Checking zerofrom v0.1.8
[INFO] [stderr]     Checking arrayvec v0.7.6
[INFO] [stderr]     Checking serde_bytes v0.11.19
[INFO] [stderr]     Checking regex-automata v0.4.14
[INFO] [stderr]    Compiling include_dir_macros v0.7.4
[INFO] [stderr]     Checking yoke v0.8.2
[INFO] [stderr]    Compiling cc v1.2.63
[INFO] [stderr]     Checking compression-codecs v0.4.38
[INFO] [stderr]     Checking rmp-serde v1.3.1
[INFO] [stderr]    Compiling itertools v0.10.5
[INFO] [stderr]    Compiling decancer v3.3.3
[INFO] [stderr]     Checking readlock v0.1.11
[INFO] [stderr]    Compiling toml_parser v1.1.2+spec-1.1.0
[INFO] [stderr]     Checking zerovec v0.11.6
[INFO] [stderr]     Checking zerotrie v0.2.4
[INFO] [stderr]     Checking base64ct v1.8.3
[INFO] [stderr]    Compiling include_dir v0.7.4
[INFO] [stderr]    Compiling rustix v1.1.4
[INFO] [stdout] error[E0493]: destructor of `ArrayBuilder<T, N, D>` cannot be evaluated at compile-time
[INFO] [stdout]    --> /opt/rustwide/cargo-home/registry/src/index.crates.io-1949cf8c6b5b557f/konst-0.4.3/src/array/array_builder.rs:421:24
[INFO] [stdout]     |
[INFO] [stdout] 421 |     pub const fn build(self) -> [T; N] {
[INFO] [stdout]     |                        ^^^^ the destructor for this type cannot be evaluated in constant functions
[INFO] [stdout] ...
[INFO] [stdout] 437 |     }
[INFO] [stdout]     |     - value is dropped here
[INFO] [stdout] 
[INFO] [stdout] 
[INFO] [stdout] error[E0493]: destructor of `array_into_iter::IntoIter<T, N, D>` cannot be evaluated at compile-time
[INFO] [stdout]    --> /opt/rustwide/cargo-home/registry/src/index.crates.io-1949cf8c6b5b557f/konst-0.4.3/src/array/array_into_iter.rs:324:34
[INFO] [stdout]     |
[INFO] [stdout] 324 |     pub const fn assert_is_empty(self) {
[INFO] [stdout]     |                                  ^^^^ the destructor for this type cannot be evaluated in constant functions
[INFO] [stdout] ...
[INFO] [stdout] 327 |     }
[INFO] [stdout]     |     - value is dropped here
[INFO] [stdout] 
[INFO] [stdout] 
[INFO] [stderr]     Checking constant_time_eq v0.4.2
[INFO] [stderr]     Checking rustls-native-certs v0.8.4
[INFO] [stdout] error[E0493]: destructor of `Option<(T, U)>` cannot be evaluated at compile-time
[INFO] [stdout]    --> /opt/rustwide/cargo-home/registry/src/index.crates.io-1949cf8c6b5b557f/konst-0.4.3/src/macros/control_flow.rs:83:42
[INFO] [stdout]     |
[INFO] [stdout]  81 |   macro_rules! if_let_Some {
[INFO] [stdout]  82 |       ($some:pat = $e:expr => $then:block $(else $else:block)?) => {
[INFO] [stdout]  83 |           match $crate::option::__opt($e) {opt =>
[INFO] [stdout]     |                                            ^^^ the destructor for this type cannot be evaluated in constant functions
[INFO] [stdout] ...
[INFO] [stdout]  90 |               }
[INFO] [stdout]     |               - value is dropped here
[INFO] [stdout]     |
[INFO] [stdout]    ::: /opt/rustwide/cargo-home/registry/src/index.crates.io-1949cf8c6b5b557f/konst-0.4.3/src/option.rs:635:5
[INFO] [stdout]     |
[INFO] [stdout] 635 | /     crate::if_let_Some! {tuple = opt => {
[INFO] [stdout] 636 | |         crate::destructure!{(l, r) = tuple}
[INFO] [stdout] 637 | |
[INFO] [stdout] 638 | |         (Some(l), Some(r))
[INFO] [stdout] 639 | |     } else {
[INFO] [stdout] 640 | |         (None, None)
[INFO] [stdout] 641 | |     }}
[INFO] [stdout]     | |______- in this macro invocation
[INFO] [stdout] 
[INFO] [stdout] 
[INFO] [stderr]     Checking concurrent-queue v2.5.0
[INFO] [stderr]     Checking http-body-util v0.1.3
[INFO] [stderr]     Checking hybrid-array v0.4.12
[INFO] [stderr]     Checking getrandom v0.2.17
[INFO] [stderr]     Checking errno v0.3.14
[INFO] [stderr]     Checking socket2 v0.6.4
[INFO] [stderr]     Checking rand_core v0.6.4
[INFO] [stderr]     Checking mio v1.2.1
[INFO] [stderr]     Checking signal-hook-registry v1.4.8
[INFO] [stderr]     Checking getrandom v0.3.4
[INFO] [stderr]     Checking crypto-common v0.1.7
[INFO] [stderr]     Checking rand_core v0.9.5
[INFO] [stdout] For more information about this error, try `rustc --explain E0493`.
[INFO] [stdout] 
[INFO] [stderr] error: could not compile `konst` (lib) due to 3 previous errors
[INFO] [stderr] warning: build failed, waiting for other jobs to finish...
[INFO] running `Command { std: "docker" "inspect" "1597d50f3cbb76456f91fd9bce6acb0b82961492cb4060304f4b62101e9f10b5", kill_on_drop: false }`
[INFO] running `Command { std: "docker" "rm" "-f" "1597d50f3cbb76456f91fd9bce6acb0b82961492cb4060304f4b62101e9f10b5", kill_on_drop: false }`
[INFO] [stdout] 1597d50f3cbb76456f91fd9bce6acb0b82961492cb4060304f4b62101e9f10b5
