[INFO] cloning repository https://github.com/fgardt/factorio-scanner
[INFO] running `Command { std: "git" "-c" "credential.helper=" "-c" "credential.helper=/workspace/cargo-home/bin/git-credential-null" "clone" "--bare" "https://github.com/fgardt/factorio-scanner" "/workspace/cache/git-repos/https%3A%2F%2Fgithub.com%2Ffgardt%2Ffactorio-scanner", kill_on_drop: false }`
[INFO] [stderr] Cloning into bare repository '/workspace/cache/git-repos/https%3A%2F%2Fgithub.com%2Ffgardt%2Ffactorio-scanner'...
[INFO] running `Command { std: "git" "rev-parse" "HEAD", kill_on_drop: false }`
[INFO] [stdout] 361bb762f799cf57bad201dbcb7ab5d0ac3d4b1f
[INFO] checking fgardt/factorio-scanner against c79f6bc4fc2389852aeff667626cb3e58adfe71c for pr-164081
[INFO] running `Command { std: "git" "clone" "/workspace/cache/git-repos/https%3A%2F%2Fgithub.com%2Ffgardt%2Ffactorio-scanner" "/workspace/builds/worker-5-tc2/source", kill_on_drop: false }`
[INFO] [stderr] Cloning into '/workspace/builds/worker-5-tc2/source'...
[INFO] [stderr] done.
[INFO] removed /workspace/builds/worker-5-tc2/source/.cargo/config.toml
[INFO] started tweaking git repo https://github.com/fgardt/factorio-scanner
[INFO] finished tweaking git repo https://github.com/fgardt/factorio-scanner
[INFO] tweaked toml for git repo https://github.com/fgardt/factorio-scanner written to /workspace/builds/worker-5-tc2/source/Cargo.toml
[INFO] validating manifest of git repo https://github.com/fgardt/factorio-scanner on toolchain c79f6bc4fc2389852aeff667626cb3e58adfe71c
[INFO] running `Command { std: CARGO_HOME="/workspace/cargo-home" RUSTUP_HOME="/workspace/rustup-home" "/workspace/cargo-home/bin/cargo" "+c79f6bc4fc2389852aeff667626cb3e58adfe71c" "metadata" "--manifest-path" "Cargo.toml" "--no-deps", kill_on_drop: false }`
[INFO] crate git repo https://github.com/fgardt/factorio-scanner already has a lockfile, it will not be regenerated
[INFO] running `Command { std: CARGO_HOME="/workspace/cargo-home" RUSTUP_HOME="/workspace/rustup-home" "/workspace/cargo-home/bin/cargo" "+c79f6bc4fc2389852aeff667626cb3e58adfe71c" "fetch" "--manifest-path" "Cargo.toml", kill_on_drop: false }`
[INFO] [stderr]     Blocking waiting for file lock on package cache
[INFO] [stderr]     Blocking waiting for file lock on package cache
[INFO] running `Command { std: "docker" "create" "-v" "/var/lib/crater-agent-workspace/builds/worker-5-tc2/source:/opt/rustwide/workdir:ro,Z" "-v" "/var/lib/crater-agent-workspace/builds/worker-5-tc2/target:/opt/rustwide/target:rw,Z" "-v" "/var/lib/crater-agent-workspace/cargo-home:/opt/rustwide/cargo-home:ro,Z" "-v" "/var/lib/crater-agent-workspace/rustup-home:/opt/rustwide/rustup-home:ro,Z" "-m" "1610612736" "--network" "none" "ghcr.io/rust-lang/crates-build-env/linux@sha256:77db811e55d90add9212f6832c23229e3de5f1c1f9905e8cb07319ea15df73ac" "sleep" "infinity", kill_on_drop: false }`
[INFO] [stdout] ada41f6ff200b53ca7453fd47aa1a888a7e00f1bae58a5af227e18f7bc0f65a6
[INFO] running `Command { std: "docker" "start" "ada41f6ff200b53ca7453fd47aa1a888a7e00f1bae58a5af227e18f7bc0f65a6", kill_on_drop: false }`
[INFO] running `Command { std: "docker" "inspect" "ada41f6ff200b53ca7453fd47aa1a888a7e00f1bae58a5af227e18f7bc0f65a6", kill_on_drop: false }`
[INFO] running `Command { std: "docker" "exec" "-e" "SOURCE_DIR=/opt/rustwide/workdir" "-e" "CARGO_HOME=/opt/rustwide/cargo-home" "-e" "RUSTUP_HOME=/opt/rustwide/rustup-home" "-e" "CARGO_TARGET_DIR=/opt/rustwide/target" "-w" "/opt/rustwide/workdir" "--user" "0:0" "ada41f6ff200b53ca7453fd47aa1a888a7e00f1bae58a5af227e18f7bc0f65a6" "/opt/rustwide/cargo-home/bin/cargo" "+c79f6bc4fc2389852aeff667626cb3e58adfe71c" "metadata" "--no-deps" "--format-version=1", kill_on_drop: false }`
[INFO] running `Command { std: "docker" "inspect" "ada41f6ff200b53ca7453fd47aa1a888a7e00f1bae58a5af227e18f7bc0f65a6", kill_on_drop: false }`
[INFO] running `Command { std: "docker" "exec" "-e" "SOURCE_DIR=/opt/rustwide/workdir" "-e" "CARGO_HOME=/opt/rustwide/cargo-home" "-e" "RUSTUP_HOME=/opt/rustwide/rustup-home" "-e" "CARGO_TARGET_DIR=/opt/rustwide/target" "-e" "CARGO_INCREMENTAL=0" "-e" "RUST_BACKTRACE=full" "-e" "RUSTFLAGS=--cap-lints=forbid" "-e" "RUSTDOCFLAGS=--cap-lints=forbid" "-w" "/opt/rustwide/workdir" "--user" "0:0" "ada41f6ff200b53ca7453fd47aa1a888a7e00f1bae58a5af227e18f7bc0f65a6" "/opt/rustwide/cargo-home/bin/cargo" "+c79f6bc4fc2389852aeff667626cb3e58adfe71c" "check" "--frozen" "--all" "--all-targets" "--message-format=json", kill_on_drop: false }`
[INFO] [stderr]    Compiling proc-macro2 v1.0.101
[INFO] [stderr]    Compiling unicode-ident v1.0.19
[INFO] [stderr]    Compiling libc v0.2.175
[INFO] [stderr]     Checking cfg-if v1.0.3
[INFO] [stderr]    Compiling find-msvc-tools v0.1.2
[INFO] [stderr]    Compiling serde_core v1.0.225
[INFO] [stderr]     Checking log v0.4.28
[INFO] [stderr]    Compiling serde v1.0.225
[INFO] [stderr]    Compiling num-traits v0.2.19
[INFO] [stderr]    Compiling anyhow v1.0.100
[INFO] [stderr]     Checking miniz_oxide v0.8.9
[INFO] [stderr]     Checking tracing-core v0.1.34
[INFO] [stderr]     Checking crc32fast v1.5.0
[INFO] [stderr]     Checking zlib-rs v0.5.2
[INFO] [stderr]     Checking bitflags v2.9.4
[INFO] [stderr]     Checking regex-syntax v0.8.6
[INFO] [stderr]     Checking bytemuck v1.23.2
[INFO] [stderr]     Checking hashbrown v0.16.0
[INFO] [stderr]     Checking crc v3.3.0
[INFO] [stderr]     Checking futures-channel v0.3.31
[INFO] [stderr]     Checking deranged v0.5.3
[INFO] [stderr]     Checking sha2 v0.10.9
[INFO] [stderr]     Checking bumpalo v3.19.0
[INFO] [stderr]     Checking time-core v0.1.6
[INFO] [stderr]    Compiling built v0.7.7
[INFO] [stderr]    Compiling thiserror v2.0.16
[INFO] [stderr]    Compiling serde_json v1.0.145
[INFO] [stderr]     Checking libbz2-rs-sys v0.2.2
[INFO] [stderr]     Checking zopfli v0.8.2
[INFO] [stderr]     Checking lzma-rust2 v0.13.0
[INFO] [stderr]     Checking aes v0.8.4
[INFO] [stderr]     Checking sha1 v0.10.6
[INFO] [stderr]    Compiling zerocopy v0.8.27
[INFO] [stderr]     Checking ppmd-rust v1.2.1
[INFO] [stderr]    Compiling rav1e v0.7.1
[INFO] [stderr]     Checking indexmap v2.11.4
[INFO] [stderr]    Compiling quote v1.0.40
[INFO] [stderr]     Checking num-integer v0.1.46
[INFO] [stderr]     Checking num-complex v0.4.6
[INFO] [stderr]     Checking maybe-rayon v0.1.1
[INFO] [stderr]     Checking itertools v0.12.1
[INFO] [stderr]     Checking half v2.6.0
[INFO] [stderr]    Compiling noop_proc_macro v0.3.0
[INFO] [stderr]     Checking bzip2 v0.6.0
[INFO] [stderr]    Compiling syn v2.0.106
[INFO] [stderr]     Checking getrandom v0.2.16
[INFO] [stderr]     Checking mio v1.0.4
[INFO] [stderr]    Compiling jobserver v0.1.34
[INFO] [stderr]     Checking num-bigint v0.4.6
[INFO] [stderr]     Checking num-iter v0.1.45
[INFO] [stderr]     Checking socket2 v0.6.0
[INFO] [stderr]     Checking getrandom v0.3.3
[INFO] [stderr]    Compiling simd_helpers v0.1.0
[INFO] [stderr]     Checking natord v1.0.9
[INFO] [stderr]    Compiling cc v1.2.38
[INFO] [stderr]     Checking zune-core v0.4.12
[INFO] [stderr]     Checking imgref v1.11.0
[INFO] [stderr]     Checking bitstream-io v2.6.0
[INFO] [stderr]     Checking libz-rs-sys v0.5.2
[INFO] [stderr]     Checking normalize-path v0.2.1
[INFO] [stderr]     Checking weezl v0.1.10
[INFO] [stderr]     Checking zune-jpeg v0.4.21
[INFO] [stderr]     Checking loop9 v0.1.5
[INFO] [stderr]     Checking flate2 v1.1.2
[INFO] [stderr]     Checking petgraph v0.8.2
[INFO] [stderr]     Checking tokio v1.47.1
[INFO] [stderr]     Checking pxfm v0.1.23
[INFO] [stderr]     Checking avif-serialize v0.8.6
[INFO] [stderr]     Checking zune-inflate v0.2.54
[INFO] [stderr]     Checking rgb v0.8.52
[INFO] [stderr]     Checking time v0.3.44
[INFO] [stderr]     Checking regex-automata v0.4.10
[INFO] [stderr]     Checking exr v1.73.0
[INFO] [stderr]     Checking png v0.18.0
[INFO] [stderr]     Checking gif v0.13.3
[INFO] [stderr]     Checking rand_core v0.6.4
[INFO] [stderr]     Checking qoi v0.4.1
[INFO] [stderr]    Compiling proc-macro2 v0.4.30
[INFO] [stderr]     Checking typewit v1.14.2
[INFO] [stderr]    Compiling rustls v0.23.32
[INFO] [stderr]    Compiling konst_proc_macros v0.4.0
[INFO] [stderr]    Compiling unicode-xid v0.1.0
[INFO] [stderr]    Compiling unicase v2.8.1
[INFO] [stderr]     Checking num-rational v0.4.2
[INFO] [stderr]    Compiling mime_guess v2.0.5
[INFO] [stderr]    Compiling syn v0.15.44
[INFO] [stderr]     Checking const_panic v0.2.15
[INFO] [stderr]     Checking num v0.4.3
[INFO] [stderr]     Checking iri-string v0.7.8
[INFO] [stderr]    Compiling num-derive v0.2.5
[INFO] [stderr]     Checking adler32 v1.2.0
[INFO] [stderr]     Checking safe_arch v0.7.4
[INFO] [stderr]    Compiling num-rational v0.2.4
[INFO] [stderr]    Compiling quote v0.6.13
[INFO] [stderr]    Compiling matrixmultiply v0.3.10
[INFO] [stderr]     Checking lzw v0.10.0
[INFO] [stderr]     Checking konst v0.4.2
[INFO] [stderr]     Checking inflate v0.4.5
[INFO] [stderr]     Checking deflate v0.7.20
[INFO] [stderr]     Checking wide v0.7.33
[INFO] [stderr]     Checking approx v0.5.1
[INFO] [stderr]    Compiling zstd-sys v2.0.16+zstd.1.5.7
[INFO] [stderr]    Compiling ring v0.17.14
[INFO] [stderr]     Checking ppv-lite86 v0.2.21
[INFO] [stderr]     Checking rawpointer v0.2.1
[INFO] [stderr]     Checking png v0.14.1
[INFO] [stderr]     Checking gif v0.10.3
[INFO] [stderr]     Checking moxcms v0.7.5
[INFO] [stderr]     Checking rand_chacha v0.3.1
[INFO] [stderr]     Checking jpeg-decoder v0.1.22
[INFO] [stderr]    Compiling semver v1.0.27
[INFO] [stderr]     Checking scoped_threadpool v0.1.9
[INFO] [stderr]     Checking ab_glyph v0.2.31
[INFO] [stderr]     Checking anstyle v1.0.11
[INFO] [stderr]     Checking rand v0.8.5
[INFO] [stderr]    Compiling rustc_version v0.4.1
[INFO] [stderr]     Checking matchit v0.8.6
[INFO] [stderr]     Checking regex v1.11.2
[INFO] [stderr]     Checking anstyle-query v1.1.4
[INFO] [stderr]     Checking half v1.8.3
[INFO] [stdout] error[E0493]: destructor of `ArrayBuilder<T, N, D>` cannot be evaluated at compile-time
[INFO] [stdout]    --> /opt/rustwide/cargo-home/registry/src/index.crates.io-1949cf8c6b5b557f/konst-0.4.2/src/array/array_builder.rs:340:24
[INFO] [stdout]     |
[INFO] [stdout] 340 |     pub const fn build(self) -> [T; N] {
[INFO] [stdout]     |                        ^^^^ the destructor for this type cannot be evaluated in constant functions
[INFO] [stdout] ...
[INFO] [stdout] 356 |     }
[INFO] [stdout]     |     - value is dropped here
[INFO] [stdout] 
[INFO] [stdout] 
[INFO] [stdout] error[E0493]: destructor of `array_into_iter::IntoIter<T, N, D>` cannot be evaluated at compile-time
[INFO] [stdout]    --> /opt/rustwide/cargo-home/registry/src/index.crates.io-1949cf8c6b5b557f/konst-0.4.2/src/array/array_into_iter.rs:324:34
[INFO] [stdout]     |
[INFO] [stdout] 324 |     pub const fn assert_is_empty(self) {
[INFO] [stdout]     |                                  ^^^^ the destructor for this type cannot be evaluated in constant functions
[INFO] [stdout] ...
[INFO] [stdout] 327 |     }
[INFO] [stdout]     |     - value is dropped here
[INFO] [stdout] 
[INFO] [stdout] 
[INFO] [stdout] error[E0493]: destructor of `Option<(T, U)>` cannot be evaluated at compile-time
[INFO] [stdout]    --> /opt/rustwide/cargo-home/registry/src/index.crates.io-1949cf8c6b5b557f/konst-0.4.2/src/macros/control_flow.rs:83:42
[INFO] [stdout]     |
[INFO] [stdout]  81 |   macro_rules! if_let_Some {
[INFO] [stdout]  82 |       ($some:pat = $e:expr => $then:block $(else $else:block)?) => {
[INFO] [stdout]  83 |           match $crate::option::__opt($e) {opt =>
[INFO] [stdout]     |                                            ^^^ the destructor for this type cannot be evaluated in constant functions
[INFO] [stdout] ...
[INFO] [stdout]  90 |               }
[INFO] [stdout]     |               - value is dropped here
[INFO] [stdout]     |
[INFO] [stdout]    ::: /opt/rustwide/cargo-home/registry/src/index.crates.io-1949cf8c6b5b557f/konst-0.4.2/src/option.rs:635:5
[INFO] [stdout]     |
[INFO] [stdout] 635 | /     crate::if_let_Some! {tuple = opt => {
[INFO] [stdout] 636 | |         crate::destructure!{(l, r) = tuple}
[INFO] [stdout] 637 | |
[INFO] [stdout] 638 | |         (Some(l), Some(r))
[INFO] [stdout] 639 | |     } else {
[INFO] [stdout] 640 | |         (None, None)
[INFO] [stdout] 641 | |     }}
[INFO] [stdout]     | |______- in this macro invocation
[INFO] [stdout] 
[INFO] [stdout] 
[INFO] [stderr]     Checking anstream v0.6.20
[INFO] [stderr]     Checking is-terminal v0.4.16
[INFO] [stderr]     Checking task-local-extensions v0.1.4
[INFO] [stderr]     Checking humantime v2.3.0
[INFO] [stderr]    Compiling error-stack v0.4.1
[INFO] [stdout] For more information about this error, try `rustc --explain E0493`.
[INFO] [stdout] 
[INFO] [stderr] error: could not compile `konst` (lib) due to 3 previous errors
[INFO] [stderr] warning: build failed, waiting for other jobs to finish...
[INFO] running `Command { std: "docker" "inspect" "ada41f6ff200b53ca7453fd47aa1a888a7e00f1bae58a5af227e18f7bc0f65a6", kill_on_drop: false }`
[INFO] running `Command { std: "docker" "rm" "-f" "ada41f6ff200b53ca7453fd47aa1a888a7e00f1bae58a5af227e18f7bc0f65a6", kill_on_drop: false }`
[INFO] [stdout] ada41f6ff200b53ca7453fd47aa1a888a7e00f1bae58a5af227e18f7bc0f65a6
