[INFO] cloning repository https://github.com/bhw-foss/ement-e2ee
[INFO] running `Command { std: "git" "-c" "credential.helper=" "-c" "credential.helper=/workspace/cargo-home/bin/git-credential-null" "clone" "--bare" "https://github.com/bhw-foss/ement-e2ee" "/workspace/cache/git-repos/https%3A%2F%2Fgithub.com%2Fbhw-foss%2Fement-e2ee", kill_on_drop: false }`
[INFO] [stderr] Cloning into bare repository '/workspace/cache/git-repos/https%3A%2F%2Fgithub.com%2Fbhw-foss%2Fement-e2ee'...
[INFO] running `Command { std: "git" "rev-parse" "HEAD", kill_on_drop: false }`
[INFO] [stdout] 7075a0e9e1a18f088a6faf1cc280530df4c826ce
[INFO] checking bhw-foss/ement-e2ee against c79f6bc4fc2389852aeff667626cb3e58adfe71c for pr-164081
[INFO] running `Command { std: "git" "clone" "/workspace/cache/git-repos/https%3A%2F%2Fgithub.com%2Fbhw-foss%2Fement-e2ee" "/workspace/builds/worker-5-tc2/source", kill_on_drop: false }`
[INFO] [stderr] Cloning into '/workspace/builds/worker-5-tc2/source'...
[INFO] [stderr] done.
[INFO] started tweaking git repo https://github.com/bhw-foss/ement-e2ee
[INFO] finished tweaking git repo https://github.com/bhw-foss/ement-e2ee
[INFO] tweaked toml for git repo https://github.com/bhw-foss/ement-e2ee written to /workspace/builds/worker-5-tc2/source/Cargo.toml
[INFO] validating manifest of git repo https://github.com/bhw-foss/ement-e2ee on toolchain c79f6bc4fc2389852aeff667626cb3e58adfe71c
[INFO] running `Command { std: CARGO_HOME="/workspace/cargo-home" RUSTUP_HOME="/workspace/rustup-home" "/workspace/cargo-home/bin/cargo" "+c79f6bc4fc2389852aeff667626cb3e58adfe71c" "metadata" "--manifest-path" "Cargo.toml" "--no-deps", kill_on_drop: false }`
[INFO] crate git repo https://github.com/bhw-foss/ement-e2ee already has a lockfile, it will not be regenerated
[INFO] running `Command { std: CARGO_HOME="/workspace/cargo-home" RUSTUP_HOME="/workspace/rustup-home" "/workspace/cargo-home/bin/cargo" "+c79f6bc4fc2389852aeff667626cb3e58adfe71c" "fetch" "--manifest-path" "Cargo.toml", kill_on_drop: false }`
[INFO] running `Command { std: "docker" "create" "-v" "/var/lib/crater-agent-workspace/builds/worker-5-tc2/source:/opt/rustwide/workdir:ro,Z" "-v" "/var/lib/crater-agent-workspace/builds/worker-5-tc2/target:/opt/rustwide/target:rw,Z" "-v" "/var/lib/crater-agent-workspace/cargo-home:/opt/rustwide/cargo-home:ro,Z" "-v" "/var/lib/crater-agent-workspace/rustup-home:/opt/rustwide/rustup-home:ro,Z" "-m" "1610612736" "--network" "none" "ghcr.io/rust-lang/crates-build-env/linux@sha256:77db811e55d90add9212f6832c23229e3de5f1c1f9905e8cb07319ea15df73ac" "sleep" "infinity", kill_on_drop: false }`
[INFO] [stdout] 4fa12521a05aa147894f7768b7bdad150cb4138381f6a5096392c2de7d9819aa
[INFO] running `Command { std: "docker" "start" "4fa12521a05aa147894f7768b7bdad150cb4138381f6a5096392c2de7d9819aa", kill_on_drop: false }`
[INFO] running `Command { std: "docker" "inspect" "4fa12521a05aa147894f7768b7bdad150cb4138381f6a5096392c2de7d9819aa", kill_on_drop: false }`
[INFO] running `Command { std: "docker" "exec" "-e" "SOURCE_DIR=/opt/rustwide/workdir" "-e" "CARGO_HOME=/opt/rustwide/cargo-home" "-e" "RUSTUP_HOME=/opt/rustwide/rustup-home" "-e" "CARGO_TARGET_DIR=/opt/rustwide/target" "-w" "/opt/rustwide/workdir" "--user" "0:0" "4fa12521a05aa147894f7768b7bdad150cb4138381f6a5096392c2de7d9819aa" "/opt/rustwide/cargo-home/bin/cargo" "+c79f6bc4fc2389852aeff667626cb3e58adfe71c" "metadata" "--no-deps" "--format-version=1", kill_on_drop: false }`
[INFO] running `Command { std: "docker" "inspect" "4fa12521a05aa147894f7768b7bdad150cb4138381f6a5096392c2de7d9819aa", kill_on_drop: false }`
[INFO] running `Command { std: "docker" "exec" "-e" "SOURCE_DIR=/opt/rustwide/workdir" "-e" "CARGO_HOME=/opt/rustwide/cargo-home" "-e" "RUSTUP_HOME=/opt/rustwide/rustup-home" "-e" "CARGO_TARGET_DIR=/opt/rustwide/target" "-e" "CARGO_INCREMENTAL=0" "-e" "RUST_BACKTRACE=full" "-e" "RUSTFLAGS=--cap-lints=forbid" "-e" "RUSTDOCFLAGS=--cap-lints=forbid" "-w" "/opt/rustwide/workdir" "--user" "0:0" "4fa12521a05aa147894f7768b7bdad150cb4138381f6a5096392c2de7d9819aa" "/opt/rustwide/cargo-home/bin/cargo" "+c79f6bc4fc2389852aeff667626cb3e58adfe71c" "check" "--frozen" "--all" "--all-targets" "--message-format=json", kill_on_drop: false }`
[INFO] [stderr]    Compiling libc v0.2.190
[INFO] [stderr]    Compiling find-msvc-tools v0.1.14
[INFO] [stderr]     Checking smallvec v1.16.3
[INFO] [stderr]    Compiling serde_core v1.0.229
[INFO] [stderr]    Compiling thiserror v2.0.21
[INFO] [stderr]    Compiling syn v3.0.8
[INFO] [stderr]    Compiling syn v2.0.119
[INFO] [stderr]    Compiling toml_parser v1.1.5+spec-1.1.0
[INFO] [stderr]    Compiling serde_json v1.0.154
[INFO] [stderr]     Checking block-padding v0.3.3
[INFO] [stderr]     Checking regex-automata v0.4.18
[INFO] [stderr]    Compiling zerocopy v0.8.62
[INFO] [stderr]    Compiling serde v1.0.229
[INFO] [stderr]     Checking chacha20 v0.10.2
[INFO] [stderr]     Checking typewit v1.15.2
[INFO] [stderr]    Compiling js_int v0.2.2
[INFO] [stderr]     Checking powerfmt v0.2.1
[INFO] [stderr]     Checking inout v0.1.4
[INFO] [stderr]    Compiling as_variant v1.3.0
[INFO] [stderr]    Compiling ruma-common v0.19.0
[INFO] [stderr]    Compiling cfg-if v1.0.5
[INFO] [stderr]     Checking time v0.3.55
[INFO] [stderr]     Checking serde_html_form v0.4.1
[INFO] [stderr]    Compiling ruma-events v0.34.0
[INFO] [stderr]    Compiling either v1.19.0
[INFO] [stderr]     Checking wildmatch v2.6.1
[INFO] [stderr]     Checking date_header v1.0.5
[INFO] [stderr]    Compiling curve25519-dalek v4.1.3
[INFO] [stderr]    Compiling num-traits v0.2.19
[INFO] [stderr]     Checking js_option v0.2.0
[INFO] [stderr]     Checking bitflags v2.13.2
[INFO] [stderr]     Checking bitmaps v3.2.1
[INFO] [stderr]    Compiling ruma-client-api v0.24.0
[INFO] [stderr]     Checking const_panic v0.2.17
[INFO] [stderr]    Compiling rustls v0.23.45
[INFO] [stderr]     Checking assign v1.1.1
[INFO] [stderr]     Checking archery v1.2.3
[INFO] [stderr]     Checking maplit v1.0.2
[INFO] [stderr]     Checking want v0.3.2
[INFO] [stderr]    Compiling itertools v0.14.0
[INFO] [stderr]    Compiling anyhow v1.0.104
[INFO] [stderr]     Checking futures-channel v0.3.34
[INFO] [stderr]    Compiling matrix-sdk-common v0.18.0
[INFO] [stderr]     Checking signature v2.2.0
[INFO] [stderr]    Compiling proc-macro-error-attr2 v2.0.0
[INFO] [stderr]    Compiling include_dir_macros v0.7.4
[INFO] [stderr]     Checking constant_time_eq v0.4.2
[INFO] [stderr]     Checking konst v0.4.3
[INFO] [stderr]     Checking readlock v0.1.11
[INFO] [stderr]     Checking imbl-sized-chunks v0.1.3
[INFO] [stderr]    Compiling decancer v3.3.3
[INFO] [stderr]    Compiling include_dir v0.7.4
[INFO] [stderr]    Compiling proc-macro-error2 v2.0.1
[INFO] [stderr]     Checking hashbrown v0.15.5
[INFO] [stderr]    Compiling encoding_rs v0.8.42
[INFO] [stderr]    Compiling itertools v0.10.5
[INFO] [stderr]     Checking tinyvec v1.13.3
[INFO] [stderr]     Checking xxhash-rust v0.8.19
[INFO] [stderr]    Compiling jobserver v0.1.35
[INFO] [stderr]     Checking rmp v0.8.15
[INFO] [stderr]     Checking fallible-iterator v0.3.0
[INFO] [stderr]     Checking getrandom v0.2.17
[INFO] [stderr]     Checking errno v0.3.14
[INFO] [stderr]     Checking mio v1.2.4
[INFO] [stderr]     Checking signal-hook-registry v1.4.8
[INFO] [stderr]     Checking rand_core v0.6.4
[INFO] [stdout] error[E0493]: destructor of `ArrayBuilder<T, N, D>` cannot be evaluated at compile-time
[INFO] [stdout]    --> /opt/rustwide/cargo-home/registry/src/index.crates.io-1949cf8c6b5b557f/konst-0.4.3/src/array/array_builder.rs:421:24
[INFO] [stdout]     |
[INFO] [stdout] 421 |     pub const fn build(self) -> [T; N] {
[INFO] [stdout]     |                        ^^^^ the destructor for this type cannot be evaluated in constant functions
[INFO] [stdout] ...
[INFO] [stdout] 437 |     }
[INFO] [stdout]     |     - value is dropped here
[INFO] [stdout] 
[INFO] [stdout] 
[INFO] [stderr]    Compiling cc v1.8.0
[INFO] [stdout] error[E0493]: destructor of `array_into_iter::IntoIter<T, N, D>` cannot be evaluated at compile-time
[INFO] [stdout]    --> /opt/rustwide/cargo-home/registry/src/index.crates.io-1949cf8c6b5b557f/konst-0.4.3/src/array/array_into_iter.rs:324:34
[INFO] [stdout]     |
[INFO] [stdout] 324 |     pub const fn assert_is_empty(self) {
[INFO] [stdout]     |                                  ^^^^ the destructor for this type cannot be evaluated in constant functions
[INFO] [stdout] ...
[INFO] [stdout] 327 |     }
[INFO] [stdout]     |     - value is dropped here
[INFO] [stdout] 
[INFO] [stdout] 
[INFO] [stderr]     Checking socket2 v0.6.5
[INFO] [stderr]     Checking getrandom v0.4.3
[INFO] [stderr]     Checking getrandom v0.3.4
[INFO] [stdout] error[E0493]: destructor of `Option<(T, U)>` cannot be evaluated at compile-time
[INFO] [stdout]    --> /opt/rustwide/cargo-home/registry/src/index.crates.io-1949cf8c6b5b557f/konst-0.4.3/src/macros/control_flow.rs:83:42
[INFO] [stdout]     |
[INFO] [stdout]  81 |   macro_rules! if_let_Some {
[INFO] [stdout]  82 |       ($some:pat = $e:expr => $then:block $(else $else:block)?) => {
[INFO] [stdout]  83 |           match $crate::option::__opt($e) {opt =>
[INFO] [stdout]     |                                            ^^^ the destructor for this type cannot be evaluated in constant functions
[INFO] [stdout] ...
[INFO] [stdout]  90 |               }
[INFO] [stdout]     |               - value is dropped here
[INFO] [stdout]     |
[INFO] [stdout]    ::: /opt/rustwide/cargo-home/registry/src/index.crates.io-1949cf8c6b5b557f/konst-0.4.3/src/option.rs:635:5
[INFO] [stdout]     |
[INFO] [stdout] 635 | /     crate::if_let_Some! {tuple = opt => {
[INFO] [stdout] 636 | |         crate::destructure!{(l, r) = tuple}
[INFO] [stdout] 637 | |
[INFO] [stdout] 638 | |         (Some(l), Some(r))
[INFO] [stdout] 639 | |     } else {
[INFO] [stdout] 640 | |         (None, None)
[INFO] [stdout] 641 | |     }}
[INFO] [stdout]     | |______- in this macro invocation
[INFO] [stdout] 
[INFO] [stdout] 
[INFO] [stderr]     Checking crypto-common v0.1.7
[INFO] [stderr]     Checking rand v0.10.3
[INFO] [stderr]     Checking rand_core v0.9.5
[INFO] [stderr]     Checking uuid v1.28.0
[INFO] [stderr]     Checking digest v0.10.7
[INFO] [stderr]     Checking universal-hash v0.5.1
[INFO] [stderr]     Checking rand_xoshiro v0.7.0
[INFO] [stderr]     Checking aead v0.5.2
[INFO] [stderr]     Checking poly1305 v0.8.0
[INFO] [stderr]     Checking imbl v6.1.0
[INFO] [stderr]     Checking sha2 v0.10.9
[INFO] [stdout] For more information about this error, try `rustc --explain E0493`.
[INFO] [stdout] 
[INFO] [stderr]     Checking hmac v0.12.1
[INFO] [stderr] error: could not compile `konst` (lib) due to 3 previous errors
[INFO] [stderr] warning: build failed, waiting for other jobs to finish...
[INFO] running `Command { std: "docker" "inspect" "4fa12521a05aa147894f7768b7bdad150cb4138381f6a5096392c2de7d9819aa", kill_on_drop: false }`
[INFO] running `Command { std: "docker" "rm" "-f" "4fa12521a05aa147894f7768b7bdad150cb4138381f6a5096392c2de7d9819aa", kill_on_drop: false }`
[INFO] [stdout] 4fa12521a05aa147894f7768b7bdad150cb4138381f6a5096392c2de7d9819aa
