[INFO] cloning repository https://github.com/at-least/kist
[INFO] running `Command { std: "git" "-c" "credential.helper=" "-c" "credential.helper=/workspace/cargo-home/bin/git-credential-null" "clone" "--bare" "https://github.com/at-least/kist" "/workspace/cache/git-repos/https%3A%2F%2Fgithub.com%2Fat-least%2Fkist", kill_on_drop: false }`
[INFO] [stderr] Cloning into bare repository '/workspace/cache/git-repos/https%3A%2F%2Fgithub.com%2Fat-least%2Fkist'...
[INFO] running `Command { std: "git" "rev-parse" "HEAD", kill_on_drop: false }`
[INFO] [stdout] 37f62390dafc29bc2064faa09895f87145cca5bd
[INFO] checking at-least/kist against c79f6bc4fc2389852aeff667626cb3e58adfe71c for pr-164081
[INFO] running `Command { std: "git" "clone" "/workspace/cache/git-repos/https%3A%2F%2Fgithub.com%2Fat-least%2Fkist" "/workspace/builds/worker-3-tc2/source", kill_on_drop: false }`
[INFO] [stderr] Cloning into '/workspace/builds/worker-3-tc2/source'...
[INFO] [stderr] done.
[INFO] removed /workspace/builds/worker-3-tc2/source/rust-toolchain.toml
[INFO] started tweaking git repo https://github.com/at-least/kist
[INFO] finished tweaking git repo https://github.com/at-least/kist
[INFO] tweaked toml for git repo https://github.com/at-least/kist written to /workspace/builds/worker-3-tc2/source/Cargo.toml
[INFO] validating manifest of git repo https://github.com/at-least/kist on toolchain c79f6bc4fc2389852aeff667626cb3e58adfe71c
[INFO] running `Command { std: CARGO_HOME="/workspace/cargo-home" RUSTUP_HOME="/workspace/rustup-home" "/workspace/cargo-home/bin/cargo" "+c79f6bc4fc2389852aeff667626cb3e58adfe71c" "metadata" "--manifest-path" "Cargo.toml" "--no-deps", kill_on_drop: false }`
[INFO] crate git repo https://github.com/at-least/kist already has a lockfile, it will not be regenerated
[INFO] running `Command { std: CARGO_HOME="/workspace/cargo-home" RUSTUP_HOME="/workspace/rustup-home" "/workspace/cargo-home/bin/cargo" "+c79f6bc4fc2389852aeff667626cb3e58adfe71c" "fetch" "--manifest-path" "Cargo.toml", kill_on_drop: false }`
[INFO] [stderr] warning: unused workspace dependency `walkdir`
[INFO] [stderr]   --> Cargo.toml:37:1
[INFO] [stderr]    |
[INFO] [stderr] 37 | walkdir = "2"
[INFO] [stderr]    | ^^^^^^^
[INFO] [stderr]    |
[INFO] [stderr]    = note: `cargo::unused_workspace_dependencies` is set to `warn` by default
[INFO] [stderr] help: consider removing the workspace dependency `walkdir`
[INFO] [stderr] warning: workspace (manifest) generated 1 warning
[INFO] running `Command { std: "docker" "create" "-v" "/var/lib/crater-agent-workspace/builds/worker-3-tc2/source:/opt/rustwide/workdir:ro,Z" "-v" "/var/lib/crater-agent-workspace/builds/worker-3-tc2/target:/opt/rustwide/target:rw,Z" "-v" "/var/lib/crater-agent-workspace/cargo-home:/opt/rustwide/cargo-home:ro,Z" "-v" "/var/lib/crater-agent-workspace/rustup-home:/opt/rustwide/rustup-home:ro,Z" "-m" "1610612736" "--network" "none" "ghcr.io/rust-lang/crates-build-env/linux@sha256:77db811e55d90add9212f6832c23229e3de5f1c1f9905e8cb07319ea15df73ac" "sleep" "infinity", kill_on_drop: false }`
[INFO] [stdout] 4fa37b3f9defd92acbc18a381f79f1029a8d3d0293e8d49784cfedf35cf5790f
[INFO] running `Command { std: "docker" "start" "4fa37b3f9defd92acbc18a381f79f1029a8d3d0293e8d49784cfedf35cf5790f", kill_on_drop: false }`
[INFO] running `Command { std: "docker" "inspect" "4fa37b3f9defd92acbc18a381f79f1029a8d3d0293e8d49784cfedf35cf5790f", kill_on_drop: false }`
[INFO] running `Command { std: "docker" "exec" "-e" "SOURCE_DIR=/opt/rustwide/workdir" "-e" "CARGO_HOME=/opt/rustwide/cargo-home" "-e" "RUSTUP_HOME=/opt/rustwide/rustup-home" "-e" "CARGO_TARGET_DIR=/opt/rustwide/target" "-w" "/opt/rustwide/workdir" "--user" "0:0" "4fa37b3f9defd92acbc18a381f79f1029a8d3d0293e8d49784cfedf35cf5790f" "/opt/rustwide/cargo-home/bin/cargo" "+c79f6bc4fc2389852aeff667626cb3e58adfe71c" "metadata" "--no-deps" "--format-version=1", kill_on_drop: false }`
[INFO] running `Command { std: "docker" "inspect" "4fa37b3f9defd92acbc18a381f79f1029a8d3d0293e8d49784cfedf35cf5790f", kill_on_drop: false }`
[INFO] running `Command { std: "docker" "exec" "-e" "SOURCE_DIR=/opt/rustwide/workdir" "-e" "CARGO_HOME=/opt/rustwide/cargo-home" "-e" "RUSTUP_HOME=/opt/rustwide/rustup-home" "-e" "CARGO_TARGET_DIR=/opt/rustwide/target" "-e" "CARGO_INCREMENTAL=0" "-e" "RUST_BACKTRACE=full" "-e" "RUSTFLAGS=--cap-lints=forbid" "-e" "RUSTDOCFLAGS=--cap-lints=forbid" "-w" "/opt/rustwide/workdir" "--user" "0:0" "4fa37b3f9defd92acbc18a381f79f1029a8d3d0293e8d49784cfedf35cf5790f" "/opt/rustwide/cargo-home/bin/cargo" "+c79f6bc4fc2389852aeff667626cb3e58adfe71c" "check" "--frozen" "--all" "--all-targets" "--message-format=json", kill_on_drop: false }`
[INFO] [stderr] warning: unused workspace dependency `walkdir`
[INFO] [stderr]   --> Cargo.toml:37:1
[INFO] [stderr]    |
[INFO] [stderr] 37 | walkdir = "2"
[INFO] [stderr]    | ^^^^^^^
[INFO] [stderr]    |
[INFO] [stderr]    = note: `cargo::unused_workspace_dependencies` is set to `warn` by default
[INFO] [stderr] help: consider removing the workspace dependency `walkdir`
[INFO] [stderr] warning: workspace (manifest) generated 1 warning
[INFO] [stderr]     Checking smallvec v1.16.0
[INFO] [stderr]    Compiling syn v3.0.4
[INFO] [stderr]    Compiling zeroize_derive v1.5.0
[INFO] [stderr]     Checking getrandom v0.2.17
[INFO] [stderr]     Checking scopeguard v1.2.0
[INFO] [stderr]    Compiling zerocopy v0.8.56
[INFO] [stderr]    Compiling zerocopy-derive v0.8.56
[INFO] [stderr]    Compiling ahash v0.7.8
[INFO] [stderr]     Checking lock_api v0.4.14
[INFO] [stderr]    Compiling parking_lot_core v0.8.6
[INFO] [stderr]     Checking instant v0.1.13
[INFO] [stderr]    Compiling blake3 v1.8.7
[INFO] [stderr]     Checking errno v0.3.14
[INFO] [stderr]     Checking ciborium-io v0.2.2
[INFO] [stderr]    Compiling reed-solomon-erasure v6.0.0
[INFO] [stderr]     Checking hashbrown v0.12.3
[INFO] [stderr]     Checking parking_lot v0.11.2
[INFO] [stderr]     Checking signal-hook-registry v1.4.8
[INFO] [stderr]     Checking deranged v0.5.8
[INFO] [stderr]     Checking spin v0.9.9
[INFO] [stderr]     Checking constant_time_eq v0.4.2
[INFO] [stderr]     Checking zeroize v1.9.0
[INFO] [stderr]     Checking serde_bytes v0.11.19
[INFO] [stderr]    Compiling rustix v1.1.4
[INFO] [stderr]     Checking hybrid-array v0.4.14
[INFO] [stderr]     Checking linux-raw-sys v0.12.1
[INFO] [stderr]     Checking lru v0.7.8
[INFO] [stderr]     Checking der v0.8.2
[INFO] [stderr]     Checking tracing v0.1.44
[INFO] [stderr]     Checking getrandom v0.3.4
[INFO] [stderr]     Checking http v1.5.0
[INFO] [stderr]     Checking phc v0.6.1
[INFO] [stderr]     Checking time v0.3.55
[INFO] [stderr]     Checking password-hash v0.6.1
[INFO] [stderr]     Checking crypto-common v0.2.2
[INFO] [stderr]     Checking block-buffer v0.12.1
[INFO] [stderr]     Checking block-padding v0.4.2
[INFO] [stderr]     Checking inout v0.2.2
[INFO] [stderr]     Checking crypto-bigint v0.7.5
[INFO] [stderr]     Checking spki v0.8.0
[INFO] [stderr]     Checking generic-array v0.14.7
[INFO] [stderr]    Compiling ring v0.17.14
[INFO] [stderr]     Checking digest v0.11.3
[INFO] [stderr]     Checking cipher v0.5.2
[INFO] [stderr]     Checking universal-hash v0.6.1
[INFO] [stderr]     Checking aead v0.6.1
[INFO] [stderr]     Checking hmac v0.13.0
[INFO] [stderr]     Checking sha2 v0.11.0
[INFO] [stderr]     Checking chacha20 v0.10.2
[INFO] [stderr]     Checking polyval v0.7.3
[INFO] [stderr]     Checking pbkdf2 v0.13.0
[INFO] [stderr]     Checking ctr v0.10.1
[INFO] [stderr]     Checking aes v0.9.3
[INFO] [stderr]     Checking ghash v0.6.0
[INFO] [stderr]     Checking salsa20 v0.11.0
[INFO] [stderr]     Checking cbc v0.2.1
[INFO] [stderr]     Checking blake2 v0.11.0
[INFO] [stderr]    Compiling serde_json v1.0.151
[INFO] [stderr]     Checking scrypt v0.12.0
[INFO] [stderr]     Checking http-body v1.1.0
[INFO] [stderr]     Checking argon2 v0.6.0
[INFO] [stderr]     Checking aes-gcm v0.11.1
[INFO] [stderr]     Checking poly1305 v0.9.1
[INFO] [stderr]     Checking sec1 v0.8.1
[INFO] [stderr]     Checking pkcs5 v0.8.1
[INFO] [stderr]     Checking hkdf v0.13.0
[INFO] [stderr]     Checking signature v3.0.0
[INFO] [stderr]     Checking rustls-pki-types v1.15.1
[INFO] [stderr]     Checking pkcs8 v0.11.0
[INFO] [stderr]     Checking indexmap v2.14.1
[INFO] [stderr]     Checking tempfile v3.27.0
[INFO] [stderr]     Checking parking_lot_core v0.9.12
[INFO] [stderr]     Checking block-buffer v0.10.4
[INFO] [stderr]     Checking crypto-common v0.1.7
[INFO] [stderr]     Checking sync_wrapper v1.0.2
[INFO] [stderr]    Compiling rustls v0.23.45
[INFO] [stderr]    Compiling nix v0.31.3
[INFO] [stderr]     Checking digest v0.10.7
[INFO] [stderr]     Checking parking_lot v0.12.5
[INFO] [stderr]     Checking rand v0.10.2
[INFO] [stderr]     Checking thin-vec v0.2.19
[INFO] [stderr]     Checking http-body-util v0.1.5
[INFO] [stderr]     Checking ipnet v2.12.1
[INFO] [stderr]     Checking arc-swap v1.9.2
[INFO] [stderr]     Checking ssh-encoding v0.3.0
[INFO] [stderr]    Compiling curve25519-dalek-derive v0.1.1
[INFO] [stderr]     Checking awaitable-error v0.1.0
[INFO] [stderr]    Compiling serde_derive v1.0.229
[INFO] [stderr]    Compiling thiserror-impl v2.0.20
[INFO] [stderr]    Compiling tokio-macros v2.7.2
[INFO] [stderr]     Checking tokio v1.53.1
[INFO] [stderr]    Compiling zerovec-derive v0.11.6
[INFO] [stderr]    Compiling displaydoc v0.2.7
[INFO] [stderr]    Compiling futures-macro v0.3.34
[INFO] [stderr]     Checking zerotrie v0.2.5
[INFO] [stderr]     Checking half v2.7.1
[INFO] [stderr]     Checking thiserror v2.0.20
[INFO] [stderr]     Checking elliptic-curve v0.14.1
[INFO] [stderr]     Checking zerovec v0.11.8
[INFO] [stderr]     Checking ciborium-ll v0.2.2
[INFO] [stderr]     Checking futures-util v0.3.34
[INFO] [stderr]     Checking primefield v0.14.0
[INFO] [stderr]     Checking rfc6979 v0.6.0
[INFO] [stderr]     Checking wnaf v0.14.1
[INFO] [stderr]     Checking ecdsa v0.17.0
[INFO] [stderr]     Checking primeorder v0.14.0
[INFO] [stderr]     Checking tinystr v0.8.4
[INFO] [stderr]     Checking icu_locale_core v2.3.0
[INFO] [stderr]     Checking potential_utf v0.1.6
[INFO] [stderr]     Checking icu_collections v2.3.0
[INFO] [stderr]     Checking rustls-native-certs v0.8.4
[INFO] [stderr]     Checking curve25519-dalek v5.0.0
[INFO] [stderr]    Compiling num-derive v0.5.1
[INFO] [stderr]     Checking blowfish v0.10.0
[INFO] [stderr]     Checking rustls-webpki v0.103.15
[INFO] [stderr]     Checking walkdir v2.5.0
[INFO] [stderr]     Checking ed25519 v3.0.0
[INFO] [stderr]     Checking icu_provider v2.3.1
[INFO] [stderr]    Compiling pin-project-internal v1.1.13
[INFO] [stderr]     Checking serde v1.0.229
[INFO] [stderr]     Checking bcrypt-pbkdf v0.11.0
[INFO] [stderr]     Checking icu_normalizer v2.3.0
[INFO] [stderr]     Checking icu_properties v2.3.0
[INFO] [stderr]     Checking ed25519-dalek v3.0.0
[INFO] [stderr]     Checking p521 v0.14.0
[INFO] [stderr]     Checking p384 v0.14.0
[INFO] [stderr]     Checking ciborium v0.2.2
[INFO] [stderr]     Checking ssh_format_error v0.1.0
[INFO] [stderr]     Checking vec-strings v0.4.8
[INFO] [stderr]     Checking openssh-sftp-protocol-error v0.1.1
[INFO] [stderr]     Checking ssh_format v0.14.1
[INFO] [stderr]     Checking kist-format v0.1.0 (/opt/rustwide/workdir/crates/kist-format)
[INFO] [stderr]     Checking triomphe v0.1.16
[INFO] [stderr]     Checking idna_adapter v1.2.2
[INFO] [stderr]     Checking concurrent_arena v0.1.11
[INFO] [stderr]     Checking idna v1.1.0
[INFO] [stderr]     Checking openssh-sftp-protocol v0.24.2
[INFO] [stderr]     Checking futures-executor v0.3.34
[INFO] [stderr]     Checking tokio-util v0.7.19
[INFO] [stderr]     Checking tower v0.5.3
[INFO] [stderr]     Checking url v2.5.8
[INFO] [stderr]     Checking openssh-sftp-error v0.5.1
[INFO] [stderr]     Checking tokio-io-utility v0.7.6
[INFO] [stderr]     Checking pin-project v1.1.13
[INFO] [stderr]     Checking serde_urlencoded v0.7.1
[INFO] [stderr]     Checking h2 v0.4.19
[INFO] [stderr]     Checking chrono v0.4.45
[INFO] [stderr]     Checking p256 v0.14.0
[INFO] [stderr]     Checking ssh-cipher v0.3.0
[INFO] [stderr]     Checking tower-http v0.6.11
[INFO] [stderr]     Checking awaitable v0.4.0
[INFO] [stderr]     Checking sha3 v0.11.0
[INFO] [stderr]     Checking sha1 v0.11.0
[INFO] [stderr]     Checking kem v0.3.0
[INFO] [stderr]     Checking module-lattice v0.2.3
[INFO] [stderr]     Checking num-integer v0.1.47
[INFO] [stderr]    Compiling derive_destructure2 v0.1.3
[INFO] [stderr]     Checking tokio-rustls v0.26.5
[INFO] [stderr]     Checking rustls-platform-verifier v0.7.0
[INFO] [stderr]     Checking spin v0.10.1
[INFO] [stderr]     Checking either v1.18.0
[INFO] [stderr]     Checking openssh-sftp-client-lowlevel v0.7.2
[INFO] [stderr]     Checking sha3 v0.12.0
[INFO] [stderr]     Checking crc-fast v1.10.0
[INFO] [stderr]    Compiling enum_dispatch v0.3.13
[INFO] [stderr]     Checking num-bigint v0.5.1
[INFO] [stderr]     Checking itertools v0.15.0
[INFO] [stderr]     Checking ml-kem v0.3.2
[INFO] [stderr]     Checking futures v0.3.34
[INFO] [stderr]     Checking russh-util v0.52.0
[INFO] [stderr]     Checking quick-xml v0.41.0
[INFO] [stderr]     Checking russh-cryptovec v0.62.0
[INFO] [stderr]    Compiling async-trait v0.1.92
[INFO] [stderr]     Checking generic-array v1.4.5
[INFO] [stderr]     Checking md-5 v0.11.0
[INFO] [stderr]    Compiling delegate v0.13.5
[INFO] [stdout] error[E0493]: destructor of `ArrayBuilder<T, N>` cannot be evaluated at compile-time
[INFO] [stdout]    --> /opt/rustwide/cargo-home/registry/src/index.crates.io-1949cf8c6b5b557f/generic-array-1.4.5/src/internal.rs:103:31
[INFO] [stdout]     |
[INFO] [stdout] 103 |     pub unsafe fn assume_init(self) -> GenericArray<T, N> {
[INFO] [stdout]     |                               ^^^^ the destructor for this type cannot be evaluated in constant functions
[INFO] [stdout] ...
[INFO] [stdout] 109 |     }
[INFO] [stdout]     |     - value is dropped here
[INFO] [stdout] 
[INFO] [stdout] 
[INFO] [stdout] error[E0493]: destructor of `GenericArray<core::mem::MaybeUninit<*const T>, N>` cannot be evaluated at compile-time
[INFO] [stdout]    --> /opt/rustwide/cargo-home/registry/src/index.crates.io-1949cf8c6b5b557f/generic-array-1.4.5/src/lib.rs:983:13
[INFO] [stdout]     |
[INFO] [stdout] 983 |         let mut out: GenericArray<MaybeUninit<*const T>, N> = GenericArray::uninit();
[INFO] [stdout]     |             ^^^^^^^ the destructor for this type cannot be evaluated in constant functions
[INFO] [stdout] ...
[INFO] [stdout] 998 |     }
[INFO] [stdout]     |     - value is dropped here
[INFO] [stdout] 
[INFO] [stdout] 
[INFO] [stdout] error[E0493]: destructor of `GenericArray<core::mem::MaybeUninit<*mut T>, N>` cannot be evaluated at compile-time
[INFO] [stdout]     --> /opt/rustwide/cargo-home/registry/src/index.crates.io-1949cf8c6b5b557f/generic-array-1.4.5/src/lib.rs:1018:13
[INFO] [stdout]      |
[INFO] [stdout] 1018 |         let mut out: GenericArray<MaybeUninit<*mut T>, N> = GenericArray::uninit();
[INFO] [stdout]      |             ^^^^^^^ the destructor for this type cannot be evaluated in constant functions
[INFO] [stdout] ...
[INFO] [stdout] 1033 |     }
[INFO] [stdout]      |     - value is dropped here
[INFO] [stdout] 
[INFO] [stdout] 
[INFO] [stderr]     Checking data-encoding v2.11.1
[INFO] [stdout] For more information about this error, try `rustc --explain E0493`.
[INFO] [stdout] 
[INFO] [stderr] error: could not compile `generic-array` (lib) due to 3 previous errors
[INFO] [stderr] warning: build failed, waiting for other jobs to finish...
[INFO] running `Command { std: "docker" "inspect" "4fa37b3f9defd92acbc18a381f79f1029a8d3d0293e8d49784cfedf35cf5790f", kill_on_drop: false }`
[INFO] running `Command { std: "docker" "rm" "-f" "4fa37b3f9defd92acbc18a381f79f1029a8d3d0293e8d49784cfedf35cf5790f", kill_on_drop: false }`
[INFO] [stdout] 4fa37b3f9defd92acbc18a381f79f1029a8d3d0293e8d49784cfedf35cf5790f
