[INFO] cloning repository https://github.com/TongThanaphon/latent-db
[INFO] running `Command { std: "git" "-c" "credential.helper=" "-c" "credential.helper=/workspace/cargo-home/bin/git-credential-null" "clone" "--bare" "https://github.com/TongThanaphon/latent-db" "/workspace/cache/git-repos/https%3A%2F%2Fgithub.com%2FTongThanaphon%2Flatent-db", kill_on_drop: false }`
[INFO] [stderr] Cloning into bare repository '/workspace/cache/git-repos/https%3A%2F%2Fgithub.com%2FTongThanaphon%2Flatent-db'...
[INFO] running `Command { std: "git" "rev-parse" "HEAD", kill_on_drop: false }`
[INFO] [stdout] 69bac94e593e7f868bb69fbe350310d7434d301d
[INFO] checking TongThanaphon/latent-db against c79f6bc4fc2389852aeff667626cb3e58adfe71c for pr-164081
[INFO] running `Command { std: "git" "clone" "/workspace/cache/git-repos/https%3A%2F%2Fgithub.com%2FTongThanaphon%2Flatent-db" "/workspace/builds/worker-5-tc2/source", kill_on_drop: false }`
[INFO] [stderr] Cloning into '/workspace/builds/worker-5-tc2/source'...
[INFO] [stderr] done.
[INFO] removed /workspace/builds/worker-5-tc2/source/.cargo/config.toml
[INFO] started tweaking git repo https://github.com/TongThanaphon/latent-db
[INFO] removed 0 missing examples
[INFO] removed 0 missing tests
[INFO] finished tweaking git repo https://github.com/TongThanaphon/latent-db
[INFO] tweaked toml for git repo https://github.com/TongThanaphon/latent-db written to /workspace/builds/worker-5-tc2/source/Cargo.toml
[INFO] validating manifest of git repo https://github.com/TongThanaphon/latent-db on toolchain c79f6bc4fc2389852aeff667626cb3e58adfe71c
[INFO] running `Command { std: CARGO_HOME="/workspace/cargo-home" RUSTUP_HOME="/workspace/rustup-home" "/workspace/cargo-home/bin/cargo" "+c79f6bc4fc2389852aeff667626cb3e58adfe71c" "metadata" "--manifest-path" "Cargo.toml" "--no-deps", kill_on_drop: false }`
[INFO] crate git repo https://github.com/TongThanaphon/latent-db already has a lockfile, it will not be regenerated
[INFO] running `Command { std: CARGO_HOME="/workspace/cargo-home" RUSTUP_HOME="/workspace/rustup-home" "/workspace/cargo-home/bin/cargo" "+c79f6bc4fc2389852aeff667626cb3e58adfe71c" "fetch" "--manifest-path" "Cargo.toml", kill_on_drop: false }`
[INFO] [stderr]     Blocking waiting for file lock on package cache
[INFO] running `Command { std: "docker" "create" "-v" "/var/lib/crater-agent-workspace/builds/worker-5-tc2/source:/opt/rustwide/workdir:ro,Z" "-v" "/var/lib/crater-agent-workspace/builds/worker-5-tc2/target:/opt/rustwide/target:rw,Z" "-v" "/var/lib/crater-agent-workspace/cargo-home:/opt/rustwide/cargo-home:ro,Z" "-v" "/var/lib/crater-agent-workspace/rustup-home:/opt/rustwide/rustup-home:ro,Z" "-m" "1610612736" "--network" "none" "ghcr.io/rust-lang/crates-build-env/linux@sha256:77db811e55d90add9212f6832c23229e3de5f1c1f9905e8cb07319ea15df73ac" "sleep" "infinity", kill_on_drop: false }`
[INFO] [stdout] 8b1981184842fb6b28cf1a3e32faff0d3e7621837cbf9136397c6523e08893d5
[INFO] running `Command { std: "docker" "start" "8b1981184842fb6b28cf1a3e32faff0d3e7621837cbf9136397c6523e08893d5", kill_on_drop: false }`
[INFO] running `Command { std: "docker" "inspect" "8b1981184842fb6b28cf1a3e32faff0d3e7621837cbf9136397c6523e08893d5", kill_on_drop: false }`
[INFO] running `Command { std: "docker" "exec" "-e" "SOURCE_DIR=/opt/rustwide/workdir" "-e" "CARGO_HOME=/opt/rustwide/cargo-home" "-e" "RUSTUP_HOME=/opt/rustwide/rustup-home" "-e" "CARGO_TARGET_DIR=/opt/rustwide/target" "-w" "/opt/rustwide/workdir" "--user" "0:0" "8b1981184842fb6b28cf1a3e32faff0d3e7621837cbf9136397c6523e08893d5" "/opt/rustwide/cargo-home/bin/cargo" "+c79f6bc4fc2389852aeff667626cb3e58adfe71c" "metadata" "--no-deps" "--format-version=1", kill_on_drop: false }`
[INFO] running `Command { std: "docker" "inspect" "8b1981184842fb6b28cf1a3e32faff0d3e7621837cbf9136397c6523e08893d5", kill_on_drop: false }`
[INFO] running `Command { std: "docker" "exec" "-e" "SOURCE_DIR=/opt/rustwide/workdir" "-e" "CARGO_HOME=/opt/rustwide/cargo-home" "-e" "RUSTUP_HOME=/opt/rustwide/rustup-home" "-e" "CARGO_TARGET_DIR=/opt/rustwide/target" "-e" "CARGO_INCREMENTAL=0" "-e" "RUST_BACKTRACE=full" "-e" "RUSTFLAGS=--cap-lints=forbid" "-e" "RUSTDOCFLAGS=--cap-lints=forbid" "-w" "/opt/rustwide/workdir" "--user" "0:0" "8b1981184842fb6b28cf1a3e32faff0d3e7621837cbf9136397c6523e08893d5" "/opt/rustwide/cargo-home/bin/cargo" "+c79f6bc4fc2389852aeff667626cb3e58adfe71c" "check" "--frozen" "--all" "--all-targets" "--message-format=json", kill_on_drop: false }`
[INFO] [stderr]     Checking bitflags v2.13.1
[INFO] [stderr]     Checking stable_deref_trait v1.2.1
[INFO] [stderr]    Compiling zerocopy v0.8.54
[INFO] [stderr]     Checking aho-corasick v1.1.4
[INFO] [stderr]    Compiling syn v2.0.119
[INFO] [stderr]     Checking futures-sink v0.3.33
[INFO] [stderr]     Checking mio v1.2.2
[INFO] [stderr]     Checking socket2 v0.6.5
[INFO] [stderr]    Compiling cc v1.3.0
[INFO] [stderr]     Checking http v1.4.2
[INFO] [stderr]    Compiling serde_json v1.0.151
[INFO] [stderr]    Compiling crossbeam-epoch v0.9.20
[INFO] [stderr]    Compiling syn v3.0.2
[INFO] [stderr]    Compiling crossbeam-deque v0.8.7
[INFO] [stderr]     Checking futures-io v0.3.33
[INFO] [stderr]    Compiling aws-lc-rs v1.17.3
[INFO] [stderr]    Compiling siphasher v1.0.3
[INFO] [stderr]     Checking futures-channel v0.3.32
[INFO] [stderr]    Compiling thiserror v2.0.19
[INFO] [stderr]    Compiling fastrand v2.5.0
[INFO] [stderr]    Compiling rustls v0.23.42
[INFO] [stderr]    Compiling phf_shared v0.13.1
[INFO] [stderr]    Compiling pulp v0.22.3
[INFO] [stderr]     Checking raw-cpuid v11.6.0
[INFO] [stderr]     Checking pulp-wasm-simd-flag v0.1.1
[INFO] [stderr]     Checking arrayvec v0.7.8
[INFO] [stderr]     Checking rustls-native-certs v0.8.4
[INFO] [stderr]     Checking rustix v1.1.4
[INFO] [stderr]     Checking dirs-sys v0.5.0
[INFO] [stderr]     Checking tracing-log v0.2.0
[INFO] [stderr]     Checking thread_local v1.1.10
[INFO] [stderr]     Checking typewit v1.15.2
[INFO] [stderr]    Compiling phf_generator v0.13.1
[INFO] [stderr]     Checking time v0.3.54
[INFO] [stderr]     Checking rand v0.10.2
[INFO] [stderr]     Checking dirs v6.0.0
[INFO] [stderr]    Compiling phf_codegen v0.13.1
[INFO] [stderr]    Compiling ahash v0.8.12
[INFO] [stderr]     Checking os_str_bytes v6.6.1
[INFO] [stderr]     Checking rayon-core v1.13.0
[INFO] [stderr]    Compiling linktime-proc-macro v0.2.0
[INFO] [stderr]     Checking symlink v0.1.0
[INFO] [stderr]     Checking link-section v0.19.0
[INFO] [stderr]    Compiling konst_proc_macros v0.4.1
[INFO] [stderr]     Checking chrono v0.4.45
[INFO] [stderr]     Checking const_panic v0.2.15
[INFO] [stderr]    Compiling string_cache_codegen v0.6.1
[INFO] [stderr]     Checking http-body v1.1.0
[INFO] [stderr]     Checking http-body-util v0.1.4
[INFO] [stderr]     Checking rayon v1.12.0
[INFO] [stderr]     Checking castaway v0.2.4
[INFO] [stderr]     Checking sysinfo v0.38.4
[INFO] [stderr]     Checking regex-automata v0.4.16
[INFO] [stderr]     Checking whoami v2.1.2
[INFO] [stderr]     Checking twox-hash v2.1.3
[INFO] [stderr]     Checking precomputed-hash v0.1.1
[INFO] [stderr]     Checking more-asserts v0.3.1
[INFO] [stderr]    Compiling cmake v0.1.58
[INFO] [stderr]     Checking ctor v1.0.9
[INFO] [stderr]     Checking humantime v2.4.0
[INFO] [stderr]     Checking konst v0.4.3
[INFO] [stderr]     Checking base64 v0.13.1
[INFO] [stderr]     Checking const-str v1.1.0
[INFO] [stderr]    Compiling macro_rules_attribute-proc_macro v0.2.2
[INFO] [stderr]     Checking oneshot v0.1.13
[INFO] [stderr]     Checking colored v3.1.1
[INFO] [stderr]    Compiling redb v3.1.3
[INFO] [stderr]     Checking unicode-segmentation v1.13.3
[INFO] [stderr]     Checking lz4_flex v0.13.1
[INFO] [stderr]     Checking macro_rules_attribute v0.2.2
[INFO] [stderr]    Compiling web_atoms v0.2.5
[INFO] [stderr]     Checking uuid v1.24.0
[INFO] [stderr]     Checking countio v0.3.0
[INFO] [stderr]     Checking approx v0.5.1
[INFO] [stderr]     Checking unicode-normalization-alignments v0.1.12
[INFO] [stderr]     Checking safe-transmute v0.11.3
[INFO] [stderr]     Checking heapify v0.2.0
[INFO] [stderr]     Checking tempfile v3.27.0
[INFO] [stderr]    Compiling prettyplease v0.2.37
[INFO] [stderr]     Checking unicode-width v0.2.2
[INFO] [stderr]    Compiling aws-lc-sys v0.43.0
[INFO] [stderr]    Compiling ring v0.17.14
[INFO] [stderr]    Compiling blake3 v1.8.5
[INFO] [stderr]    Compiling onig_sys v69.9.3
[INFO] [stderr]    Compiling esaxx-rs v0.1.10
[INFO] [stderr]     Checking hashbrown v0.16.1
[INFO] [stderr]     Checking statrs v0.18.0
[INFO] [stdout] error[E0493]: destructor of `ArrayBuilder<T, N, D>` cannot be evaluated at compile-time
[INFO] [stdout]    --> /opt/rustwide/cargo-home/registry/src/index.crates.io-1949cf8c6b5b557f/konst-0.4.3/src/array/array_builder.rs:421:24
[INFO] [stdout]     |
[INFO] [stdout] 421 |     pub const fn build(self) -> [T; N] {
[INFO] [stdout]     |                        ^^^^ the destructor for this type cannot be evaluated in constant functions
[INFO] [stdout] ...
[INFO] [stdout] 437 |     }
[INFO] [stdout]     |     - value is dropped here
[INFO] [stdout] 
[INFO] [stdout] 
[INFO] [stdout] error[E0493]: destructor of `array_into_iter::IntoIter<T, N, D>` cannot be evaluated at compile-time
[INFO] [stdout]    --> /opt/rustwide/cargo-home/registry/src/index.crates.io-1949cf8c6b5b557f/konst-0.4.3/src/array/array_into_iter.rs:324:34
[INFO] [stdout]     |
[INFO] [stdout] 324 |     pub const fn assert_is_empty(self) {
[INFO] [stdout]     |                                  ^^^^ the destructor for this type cannot be evaluated in constant functions
[INFO] [stdout] ...
[INFO] [stdout] 327 |     }
[INFO] [stdout]     |     - value is dropped here
[INFO] [stdout] 
[INFO] [stdout] 
[INFO] [stdout] error[E0493]: destructor of `Option<(T, U)>` cannot be evaluated at compile-time
[INFO] [stdout]    --> /opt/rustwide/cargo-home/registry/src/index.crates.io-1949cf8c6b5b557f/konst-0.4.3/src/macros/control_flow.rs:83:42
[INFO] [stdout]     |
[INFO] [stdout]  81 |   macro_rules! if_let_Some {
[INFO] [stdout]  82 |       ($some:pat = $e:expr => $then:block $(else $else:block)?) => {
[INFO] [stdout]  83 |           match $crate::option::__opt($e) {opt =>
[INFO] [stdout]     |                                            ^^^ the destructor for this type cannot be evaluated in constant functions
[INFO] [stdout] ...
[INFO] [stdout]  90 |               }
[INFO] [stdout]     |               - value is dropped here
[INFO] [stdout]     |
[INFO] [stdout]    ::: /opt/rustwide/cargo-home/registry/src/index.crates.io-1949cf8c6b5b557f/konst-0.4.3/src/option.rs:635:5
[INFO] [stdout]     |
[INFO] [stdout] 635 | /     crate::if_let_Some! {tuple = opt => {
[INFO] [stdout] 636 | |         crate::destructure!{(l, r) = tuple}
[INFO] [stdout] 637 | |
[INFO] [stdout] 638 | |         (Some(l), Some(r))
[INFO] [stdout] 639 | |     } else {
[INFO] [stdout] 640 | |         (None, None)
[INFO] [stdout] 641 | |     }}
[INFO] [stdout]     | |______- in this macro invocation
[INFO] [stdout] 
[INFO] [stdout] 
[INFO] [stderr]     Checking digest v0.11.3
[INFO] [stderr]     Checking string_cache v0.9.0
[INFO] [stderr]     Checking dtoa v1.0.11
[INFO] [stderr]    Compiling portable-atomic v1.14.0
[INFO] [stdout] For more information about this error, try `rustc --explain E0493`.
[INFO] [stdout] 
[INFO] [stderr] error: could not compile `konst` (lib) due to 3 previous errors
[INFO] [stderr] warning: build failed, waiting for other jobs to finish...
[INFO] running `Command { std: "docker" "inspect" "8b1981184842fb6b28cf1a3e32faff0d3e7621837cbf9136397c6523e08893d5", kill_on_drop: false }`
[INFO] running `Command { std: "docker" "rm" "-f" "8b1981184842fb6b28cf1a3e32faff0d3e7621837cbf9136397c6523e08893d5", kill_on_drop: false }`
[INFO] [stdout] 8b1981184842fb6b28cf1a3e32faff0d3e7621837cbf9136397c6523e08893d5
