[INFO] cloning repository https://github.com/TheBobBobs/masquerade-bot
[INFO] running `Command { std: "git" "-c" "credential.helper=" "-c" "credential.helper=/workspace/cargo-home/bin/git-credential-null" "clone" "--bare" "https://github.com/TheBobBobs/masquerade-bot" "/workspace/cache/git-repos/https%3A%2F%2Fgithub.com%2FTheBobBobs%2Fmasquerade-bot", kill_on_drop: false }`
[INFO] [stderr] Cloning into bare repository '/workspace/cache/git-repos/https%3A%2F%2Fgithub.com%2FTheBobBobs%2Fmasquerade-bot'...
[INFO] running `Command { std: "git" "rev-parse" "HEAD", kill_on_drop: false }`
[INFO] [stdout] 3c52551783461e7b07b9b555005dce81832dd535
[INFO] checking TheBobBobs/masquerade-bot against c79f6bc4fc2389852aeff667626cb3e58adfe71c for pr-164081
[INFO] running `Command { std: "git" "clone" "/workspace/cache/git-repos/https%3A%2F%2Fgithub.com%2FTheBobBobs%2Fmasquerade-bot" "/workspace/builds/worker-5-tc2/source", kill_on_drop: false }`
[INFO] [stderr] Cloning into '/workspace/builds/worker-5-tc2/source'...
[INFO] [stderr] done.
[INFO] started tweaking git repo https://github.com/TheBobBobs/masquerade-bot
[INFO] finished tweaking git repo https://github.com/TheBobBobs/masquerade-bot
[INFO] tweaked toml for git repo https://github.com/TheBobBobs/masquerade-bot written to /workspace/builds/worker-5-tc2/source/Cargo.toml
[INFO] validating manifest of git repo https://github.com/TheBobBobs/masquerade-bot on toolchain c79f6bc4fc2389852aeff667626cb3e58adfe71c
[INFO] running `Command { std: CARGO_HOME="/workspace/cargo-home" RUSTUP_HOME="/workspace/rustup-home" "/workspace/cargo-home/bin/cargo" "+c79f6bc4fc2389852aeff667626cb3e58adfe71c" "metadata" "--manifest-path" "Cargo.toml" "--no-deps", kill_on_drop: false }`
[INFO] running `Command { std: CARGO_HOME="/workspace/cargo-home" RUSTUP_HOME="/workspace/rustup-home" "/workspace/cargo-home/bin/cargo" "+c79f6bc4fc2389852aeff667626cb3e58adfe71c" "generate-lockfile" "--manifest-path" "Cargo.toml", kill_on_drop: false }`
[INFO] [stderr]     Updating crates.io index
[INFO] [stderr]     Updating git repository `https://github.com/TheBobBobs/volty.git`
[INFO] [stderr]     Updating git repository `https://github.com/insertish/OptionalStruct`
[INFO] [stderr]      Locking 376 packages to highest Rust 1.101.0-nightly compatible versions
[INFO] [stderr]       Adding generic-array v0.14.7 (available: v0.14.9)
[INFO] [stderr]       Adding reqwest v0.12.28 (available: v0.13.5)
[INFO] [stderr]       Adding validator v0.19.0 (available: v0.21.0)
[INFO] running `Command { std: CARGO_HOME="/workspace/cargo-home" RUSTUP_HOME="/workspace/rustup-home" "/workspace/cargo-home/bin/cargo" "+c79f6bc4fc2389852aeff667626cb3e58adfe71c" "fetch" "--manifest-path" "Cargo.toml", kill_on_drop: false }`
[INFO] running `Command { std: "docker" "create" "-v" "/var/lib/crater-agent-workspace/builds/worker-5-tc2/source:/opt/rustwide/workdir:ro,Z" "-v" "/var/lib/crater-agent-workspace/builds/worker-5-tc2/target:/opt/rustwide/target:rw,Z" "-v" "/var/lib/crater-agent-workspace/cargo-home:/opt/rustwide/cargo-home:ro,Z" "-v" "/var/lib/crater-agent-workspace/rustup-home:/opt/rustwide/rustup-home:ro,Z" "-m" "1610612736" "--network" "none" "ghcr.io/rust-lang/crates-build-env/linux@sha256:77db811e55d90add9212f6832c23229e3de5f1c1f9905e8cb07319ea15df73ac" "sleep" "infinity", kill_on_drop: false }`
[INFO] [stdout] 6842da939a58efa2b8e18a21ece628485dc9e9cf3856a8dde1caa7f221f77fa1
[INFO] running `Command { std: "docker" "start" "6842da939a58efa2b8e18a21ece628485dc9e9cf3856a8dde1caa7f221f77fa1", kill_on_drop: false }`
[INFO] running `Command { std: "docker" "inspect" "6842da939a58efa2b8e18a21ece628485dc9e9cf3856a8dde1caa7f221f77fa1", kill_on_drop: false }`
[INFO] running `Command { std: "docker" "exec" "-e" "SOURCE_DIR=/opt/rustwide/workdir" "-e" "CARGO_HOME=/opt/rustwide/cargo-home" "-e" "RUSTUP_HOME=/opt/rustwide/rustup-home" "-e" "CARGO_TARGET_DIR=/opt/rustwide/target" "-w" "/opt/rustwide/workdir" "--user" "0:0" "6842da939a58efa2b8e18a21ece628485dc9e9cf3856a8dde1caa7f221f77fa1" "/opt/rustwide/cargo-home/bin/cargo" "+c79f6bc4fc2389852aeff667626cb3e58adfe71c" "metadata" "--no-deps" "--format-version=1", kill_on_drop: false }`
[INFO] running `Command { std: "docker" "inspect" "6842da939a58efa2b8e18a21ece628485dc9e9cf3856a8dde1caa7f221f77fa1", kill_on_drop: false }`
[INFO] running `Command { std: "docker" "exec" "-e" "SOURCE_DIR=/opt/rustwide/workdir" "-e" "CARGO_HOME=/opt/rustwide/cargo-home" "-e" "RUSTUP_HOME=/opt/rustwide/rustup-home" "-e" "CARGO_TARGET_DIR=/opt/rustwide/target" "-e" "CARGO_INCREMENTAL=0" "-e" "RUST_BACKTRACE=full" "-e" "RUSTFLAGS=--cap-lints=forbid" "-e" "RUSTDOCFLAGS=--cap-lints=forbid" "-w" "/opt/rustwide/workdir" "--user" "0:0" "6842da939a58efa2b8e18a21ece628485dc9e9cf3856a8dde1caa7f221f77fa1" "/opt/rustwide/cargo-home/bin/cargo" "+c79f6bc4fc2389852aeff667626cb3e58adfe71c" "check" "--frozen" "--all" "--all-targets" "--message-format=json", kill_on_drop: false }`
[INFO] [stderr]    Compiling unicode-ident v1.0.27
[INFO] [stderr]    Compiling libc v0.2.191
[INFO] [stderr]    Compiling serde_core v1.0.229
[INFO] [stderr]    Compiling find-msvc-tools v0.1.15
[INFO] [stderr]    Compiling portable-atomic v1.15.0
[INFO] [stderr]    Compiling pkg-config v0.3.34
[INFO] [stderr]     Checking bytes v1.12.1
[INFO] [stderr]     Checking futures-core v0.3.34
[INFO] [stderr]     Checking smallvec v1.16.3
[INFO] [stderr]     Checking futures-sink v0.3.34
[INFO] [stderr]    Compiling fs_extra v1.3.0
[INFO] [stderr]     Checking equivalent v1.0.3
[INFO] [stderr]    Compiling dunce v1.0.5
[INFO] [stderr]     Checking zeroize v1.9.1
[INFO] [stderr]     Checking log v0.4.34
[INFO] [stderr]    Compiling aws-lc-rs v1.18.2
[INFO] [stderr]    Compiling rustversion v1.0.23
[INFO] [stderr]    Compiling proc-macro2 v1.0.107
[INFO] [stderr]    Compiling zerocopy v0.8.63
[INFO] [stderr]    Compiling rustls v0.23.46
[INFO] [stderr]     Checking futures-channel v0.3.34
[INFO] [stderr]    Compiling serde_json v1.0.154
[INFO] [stderr]    Compiling getrandom v0.4.3
[INFO] [stderr]     Checking rustls-pki-types v1.15.1
[INFO] [stderr]    Compiling crunchy v0.2.4
[INFO] [stderr]     Checking foldhash v0.2.0
[INFO] [stderr]     Checking aho-corasick v1.1.5
[INFO] [stderr]    Compiling tiny-keccak v2.0.2
[INFO] [stderr]    Compiling thiserror v2.0.21
[INFO] [stderr]     Checking want v0.3.2
[INFO] [stderr]     Checking hybrid-array v0.4.15
[INFO] [stderr]    Compiling winnow v1.0.4
[INFO] [stderr]    Compiling crossbeam-utils v0.8.23
[INFO] [stderr]    Compiling cfg-if v1.0.5
[INFO] [stderr]    Compiling quote v1.0.47
[INFO] [stderr]    Compiling time-macros v0.2.32
[INFO] [stderr]     Checking webpki-roots v1.0.10
[INFO] [stderr]    Compiling indexmap v2.14.2
[INFO] [stderr]     Checking time-core v0.1.9
[INFO] [stderr]     Checking powerfmt v0.2.1
[INFO] [stderr]     Checking http v1.5.0
[INFO] [stderr]     Checking base64 v0.23.1
[INFO] [stderr]    Compiling syn v3.0.9
[INFO] [stderr]    Compiling syn v2.0.119
[INFO] [stderr]    Compiling toml_datetime v1.1.2+spec-1.1.0
[INFO] [stderr]     Checking deranged v0.5.9
[INFO] [stderr]     Checking once_cell v1.21.4
[INFO] [stderr]    Compiling proc-macro-error-attr3 v3.1.1
[INFO] [stderr]     Checking ctutils v0.4.3
[INFO] [stderr]     Checking crypto-common v0.2.2
[INFO] [stderr]     Checking tracing-core v0.1.36
[INFO] [stderr]     Checking block-buffer v0.12.1
[INFO] [stderr]     Checking event-listener v5.4.2
[INFO] [stderr]    Compiling encoding_rs v0.8.42
[INFO] [stderr]     Checking tracing v0.1.44
[INFO] [stderr]     Checking sync_wrapper v1.0.2
[INFO] [stderr]    Compiling unicode-xid v0.0.4
[INFO] [stderr]    Compiling crossbeam-epoch v0.9.21
[INFO] [stderr]    Compiling unicase v2.10.0
[INFO] [stderr]     Checking http-body v1.1.0
[INFO] [stderr]    Compiling jobserver v0.1.35
[INFO] [stderr]    Compiling getrandom v0.2.17
[INFO] [stderr]    Compiling mime_guess v2.0.5
[INFO] [stderr]     Checking regex-automata v0.4.18
[INFO] [stderr]    Compiling const-random-macro v0.1.16
[INFO] [stderr]     Checking digest v0.11.3
[INFO] [stderr]     Checking http-body-util v0.1.5
[INFO] [stderr]     Checking event-listener-strategy v0.5.4
[INFO] [stderr]     Checking errno v0.3.14
[INFO] [stderr]     Checking mio v1.2.4
[INFO] [stderr]     Checking socket2 v0.6.5
[INFO] [stderr]     Checking signal-hook-registry v1.4.8
[INFO] [stderr]    Compiling cc v1.9.0
[INFO] [stderr]     Checking getrandom v0.3.4
[INFO] [stderr]    Compiling const-random v0.1.18
[INFO] [stderr]     Checking parking_lot_core v0.9.12
[INFO] [stderr]    Compiling synom v0.11.3
[INFO] [stderr]     Checking rand_core v0.9.5
[INFO] [stderr]     Checking core_detect v1.0.0
[INFO] [stderr]    Compiling quote v0.3.15
[INFO] [stderr]     Checking simdutf8 v0.1.5
[INFO] [stderr]    Compiling multiversion_no_op v1.0.0
[INFO] [stderr]     Checking tinyvec v1.13.3
[INFO] [stderr]     Checking crossbeam-channel v0.5.17
[INFO] [stderr]     Checking parking_lot v0.12.5
[INFO] [stderr]     Checking async-lock v3.4.2
[INFO] [stderr]     Checking chacha20 v0.10.2
[INFO] [stderr]    Compiling syn v0.11.11
[INFO] [stderr]     Checking generic-array v1.4.5
[INFO] [stderr]     Checking rustls-native-certs v0.8.5
[INFO] [stderr]     Checking either v1.19.0
[INFO] [stderr]     Checking tagptr v0.2.0
[INFO] [stderr]    Compiling toml_parser v1.1.5+spec-1.1.0
[INFO] [stderr]     Checking sha1 v0.10.7
[INFO] [stderr]     Checking rand v0.10.3
[INFO] [stderr]    Compiling ahash v0.8.12
[INFO] [stderr]     Checking time v0.3.55
[INFO] [stdout] error[E0493]: destructor of `ArrayBuilder<T, N>` cannot be evaluated at compile-time
[INFO] [stdout]    --> /opt/rustwide/cargo-home/registry/src/index.crates.io-1949cf8c6b5b557f/generic-array-1.4.5/src/internal.rs:103:31
[INFO] [stdout]     |
[INFO] [stdout] 103 |     pub unsafe fn assume_init(self) -> GenericArray<T, N> {
[INFO] [stdout]     |                               ^^^^ the destructor for this type cannot be evaluated in constant functions
[INFO] [stdout] ...
[INFO] [stdout] 109 |     }
[INFO] [stdout]     |     - value is dropped here
[INFO] [stdout] 
[INFO] [stdout] 
[INFO] [stderr]     Checking impl_ops v0.1.1
[INFO] [stdout] error[E0493]: destructor of `GenericArray<core::mem::MaybeUninit<*const T>, N>` cannot be evaluated at compile-time
[INFO] [stdout]    --> /opt/rustwide/cargo-home/registry/src/index.crates.io-1949cf8c6b5b557f/generic-array-1.4.5/src/lib.rs:983:13
[INFO] [stdout]     |
[INFO] [stdout] 983 |         let mut out: GenericArray<MaybeUninit<*const T>, N> = GenericArray::uninit();
[INFO] [stdout]     |             ^^^^^^^ the destructor for this type cannot be evaluated in constant functions
[INFO] [stdout] ...
[INFO] [stdout] 998 |     }
[INFO] [stdout]     |     - value is dropped here
[INFO] [stdout] 
[INFO] [stdout] 
[INFO] [stdout] error[E0493]: destructor of `GenericArray<core::mem::MaybeUninit<*mut T>, N>` cannot be evaluated at compile-time
[INFO] [stdout]     --> /opt/rustwide/cargo-home/registry/src/index.crates.io-1949cf8c6b5b557f/generic-array-1.4.5/src/lib.rs:1018:13
[INFO] [stdout]      |
[INFO] [stdout] 1018 |         let mut out: GenericArray<MaybeUninit<*mut T>, N> = GenericArray::uninit();
[INFO] [stdout]      |             ^^^^^^^ the destructor for this type cannot be evaluated in constant functions
[INFO] [stdout] ...
[INFO] [stdout] 1033 |     }
[INFO] [stdout]      |     - value is dropped here
[INFO] [stdout] 
[INFO] [stdout] 
[INFO] [stdout] For more information about this error, try `rustc --explain E0493`.
[INFO] [stdout] 
[INFO] [stderr] error: could not compile `generic-array` (lib) due to 3 previous errors
[INFO] [stderr] warning: build failed, waiting for other jobs to finish...
[INFO] running `Command { std: "docker" "inspect" "6842da939a58efa2b8e18a21ece628485dc9e9cf3856a8dde1caa7f221f77fa1", kill_on_drop: false }`
[INFO] running `Command { std: "docker" "rm" "-f" "6842da939a58efa2b8e18a21ece628485dc9e9cf3856a8dde1caa7f221f77fa1", kill_on_drop: false }`
[INFO] [stdout] 6842da939a58efa2b8e18a21ece628485dc9e9cf3856a8dde1caa7f221f77fa1
