[INFO] cloning repository https://github.com/SuperInstance/constraint-audio
[INFO] running `Command { std: "git" "-c" "credential.helper=" "-c" "credential.helper=/workspace/cargo-home/bin/git-credential-null" "clone" "--bare" "https://github.com/SuperInstance/constraint-audio" "/workspace/cache/git-repos/https%3A%2F%2Fgithub.com%2FSuperInstance%2Fconstraint-audio", kill_on_drop: false }`
[INFO] [stderr] Cloning into bare repository '/workspace/cache/git-repos/https%3A%2F%2Fgithub.com%2FSuperInstance%2Fconstraint-audio'...
[INFO] running `Command { std: "git" "rev-parse" "HEAD", kill_on_drop: false }`
[INFO] [stdout] d0feeaac6c8ce90eaebd5140c8c5a7a384012836
[INFO] checking SuperInstance/constraint-audio against c79f6bc4fc2389852aeff667626cb3e58adfe71c for pr-164081
[INFO] running `Command { std: "git" "clone" "/workspace/cache/git-repos/https%3A%2F%2Fgithub.com%2FSuperInstance%2Fconstraint-audio" "/workspace/builds/worker-2-tc2/source", kill_on_drop: false }`
[INFO] [stderr] Cloning into '/workspace/builds/worker-2-tc2/source'...
[INFO] [stderr] done.
[INFO] started tweaking git repo https://github.com/SuperInstance/constraint-audio
[INFO] finished tweaking git repo https://github.com/SuperInstance/constraint-audio
[INFO] tweaked toml for git repo https://github.com/SuperInstance/constraint-audio written to /workspace/builds/worker-2-tc2/source/Cargo.toml
[INFO] validating manifest of git repo https://github.com/SuperInstance/constraint-audio on toolchain c79f6bc4fc2389852aeff667626cb3e58adfe71c
[INFO] running `Command { std: CARGO_HOME="/workspace/cargo-home" RUSTUP_HOME="/workspace/rustup-home" "/workspace/cargo-home/bin/cargo" "+c79f6bc4fc2389852aeff667626cb3e58adfe71c" "metadata" "--manifest-path" "Cargo.toml" "--no-deps", kill_on_drop: false }`
[INFO] crate git repo https://github.com/SuperInstance/constraint-audio already has a lockfile, it will not be regenerated
[INFO] running `Command { std: CARGO_HOME="/workspace/cargo-home" RUSTUP_HOME="/workspace/rustup-home" "/workspace/cargo-home/bin/cargo" "+c79f6bc4fc2389852aeff667626cb3e58adfe71c" "fetch" "--manifest-path" "Cargo.toml", kill_on_drop: false }`
[INFO] running `Command { std: "docker" "create" "-v" "/var/lib/crater-agent-workspace/builds/worker-2-tc2/source:/opt/rustwide/workdir:ro,Z" "-v" "/var/lib/crater-agent-workspace/builds/worker-2-tc2/target:/opt/rustwide/target:rw,Z" "-v" "/var/lib/crater-agent-workspace/cargo-home:/opt/rustwide/cargo-home:ro,Z" "-v" "/var/lib/crater-agent-workspace/rustup-home:/opt/rustwide/rustup-home:ro,Z" "-m" "1610612736" "--network" "none" "ghcr.io/rust-lang/crates-build-env/linux@sha256:77db811e55d90add9212f6832c23229e3de5f1c1f9905e8cb07319ea15df73ac" "sleep" "infinity", kill_on_drop: false }`
[INFO] [stdout] ac75d9ab1c8977b4d18b19ce98575d4d0ec0d94b47ee7cc6b8689413a4e1819a
[INFO] running `Command { std: "docker" "start" "ac75d9ab1c8977b4d18b19ce98575d4d0ec0d94b47ee7cc6b8689413a4e1819a", kill_on_drop: false }`
[INFO] running `Command { std: "docker" "inspect" "ac75d9ab1c8977b4d18b19ce98575d4d0ec0d94b47ee7cc6b8689413a4e1819a", kill_on_drop: false }`
[INFO] running `Command { std: "docker" "exec" "-e" "SOURCE_DIR=/opt/rustwide/workdir" "-e" "CARGO_HOME=/opt/rustwide/cargo-home" "-e" "RUSTUP_HOME=/opt/rustwide/rustup-home" "-e" "CARGO_TARGET_DIR=/opt/rustwide/target" "-w" "/opt/rustwide/workdir" "--user" "0:0" "ac75d9ab1c8977b4d18b19ce98575d4d0ec0d94b47ee7cc6b8689413a4e1819a" "/opt/rustwide/cargo-home/bin/cargo" "+c79f6bc4fc2389852aeff667626cb3e58adfe71c" "metadata" "--no-deps" "--format-version=1", kill_on_drop: false }`
[INFO] running `Command { std: "docker" "inspect" "ac75d9ab1c8977b4d18b19ce98575d4d0ec0d94b47ee7cc6b8689413a4e1819a", kill_on_drop: false }`
[INFO] running `Command { std: "docker" "exec" "-e" "SOURCE_DIR=/opt/rustwide/workdir" "-e" "CARGO_HOME=/opt/rustwide/cargo-home" "-e" "RUSTUP_HOME=/opt/rustwide/rustup-home" "-e" "CARGO_TARGET_DIR=/opt/rustwide/target" "-e" "CARGO_INCREMENTAL=0" "-e" "RUST_BACKTRACE=full" "-e" "RUSTFLAGS=--cap-lints=forbid" "-e" "RUSTDOCFLAGS=--cap-lints=forbid" "-w" "/opt/rustwide/workdir" "--user" "0:0" "ac75d9ab1c8977b4d18b19ce98575d4d0ec0d94b47ee7cc6b8689413a4e1819a" "/opt/rustwide/cargo-home/bin/cargo" "+c79f6bc4fc2389852aeff667626cb3e58adfe71c" "check" "--frozen" "--all" "--all-targets" "--message-format=json", kill_on_drop: false }`
[INFO] [stderr]     Checking bytemuck v1.25.0
[INFO] [stderr]     Checking log v0.4.29
[INFO] [stderr]    Compiling zerocopy v0.8.48
[INFO] [stderr]    Compiling libc v0.2.186
[INFO] [stderr]    Compiling pkg-config v0.3.33
[INFO] [stderr]    Compiling num-traits v0.2.19
[INFO] [stderr]    Compiling ahash v0.8.12
[INFO] [stderr]     Checking once_cell v1.21.4
[INFO] [stderr]     Checking typenum v1.20.0
[INFO] [stderr]     Checking extended v0.1.0
[INFO] [stderr]     Checking dyn-clone v1.0.20
[INFO] [stderr]     Checking glam v0.28.0
[INFO] [stderr]    Compiling syn v2.0.117
[INFO] [stderr]     Checking bitflags v2.11.1
[INFO] [stderr]    Compiling serde_json v1.0.150
[INFO] [stderr]    Compiling cpal v0.15.3
[INFO] [stderr]     Checking tinyvec v1.11.0
[INFO] [stderr]     Checking memchr v2.8.0
[INFO] [stderr]     Checking symphonia-core v0.5.5
[INFO] [stderr]     Checking safe_arch v0.7.4
[INFO] [stderr]    Compiling alsa-sys v0.3.1
[INFO] [stderr]     Checking wide v0.7.33
[INFO] [stderr]     Checking num-complex v0.4.6
[INFO] [stderr]     Checking microfft v0.6.0
[INFO] [stderr]     Checking symphonia-metadata v0.5.5
[INFO] [stderr]     Checking symphonia-codec-alac v0.5.5
[INFO] [stderr]     Checking symphonia-codec-adpcm v0.5.5
[INFO] [stderr]     Checking symphonia-codec-aac v0.5.5
[INFO] [stderr]     Checking symphonia-codec-pcm v0.5.5
[INFO] [stderr]     Checking alsa v0.9.1
[INFO] [stderr]     Checking generic-array v1.4.1
[INFO] [stderr]     Checking symphonia-utils-xiph v0.5.5
[INFO] [stderr]     Checking symphonia-format-caf v0.5.5
[INFO] [stderr]     Checking symphonia-format-riff v0.5.5
[INFO] [stderr]     Checking symphonia-bundle-mp3 v0.5.5
[INFO] [stderr]     Checking symphonia-format-isomp4 v0.5.5
[INFO] [stderr]     Checking symphonia-codec-vorbis v0.5.5
[INFO] [stderr]     Checking symphonia-format-ogg v0.5.5
[INFO] [stderr]     Checking symphonia-bundle-flac v0.5.5
[INFO] [stderr]     Checking symphonia-format-mkv v0.5.5
[INFO] [stderr]     Checking symphonia v0.5.5
[INFO] [stdout] error[E0493]: destructor of `ArrayBuilder<T, N>` cannot be evaluated at compile-time
[INFO] [stdout]    --> /opt/rustwide/cargo-home/registry/src/index.crates.io-1949cf8c6b5b557f/generic-array-1.4.1/src/internal.rs:103:31
[INFO] [stdout]     |
[INFO] [stdout] 103 |     pub unsafe fn assume_init(self) -> GenericArray<T, N> {
[INFO] [stdout]     |                               ^^^^ the destructor for this type cannot be evaluated in constant functions
[INFO] [stdout] ...
[INFO] [stdout] 109 |     }
[INFO] [stdout]     |     - value is dropped here
[INFO] [stdout] 
[INFO] [stdout] 
[INFO] [stdout] error[E0493]: destructor of `GenericArray<core::mem::MaybeUninit<*const T>, N>` cannot be evaluated at compile-time
[INFO] [stdout]    --> /opt/rustwide/cargo-home/registry/src/index.crates.io-1949cf8c6b5b557f/generic-array-1.4.1/src/lib.rs:970:13
[INFO] [stdout]     |
[INFO] [stdout] 970 |         let mut out: GenericArray<MaybeUninit<*const T>, N> = GenericArray::uninit();
[INFO] [stdout]     |             ^^^^^^^ the destructor for this type cannot be evaluated in constant functions
[INFO] [stdout] ...
[INFO] [stdout] 985 |     }
[INFO] [stdout]     |     - value is dropped here
[INFO] [stdout] 
[INFO] [stdout] 
[INFO] [stdout] error[E0493]: destructor of `GenericArray<core::mem::MaybeUninit<*mut T>, N>` cannot be evaluated at compile-time
[INFO] [stdout]     --> /opt/rustwide/cargo-home/registry/src/index.crates.io-1949cf8c6b5b557f/generic-array-1.4.1/src/lib.rs:1005:13
[INFO] [stdout]      |
[INFO] [stdout] 1005 |         let mut out: GenericArray<MaybeUninit<*mut T>, N> = GenericArray::uninit();
[INFO] [stdout]      |             ^^^^^^^ the destructor for this type cannot be evaluated in constant functions
[INFO] [stdout] ...
[INFO] [stdout] 1020 |     }
[INFO] [stdout]      |     - value is dropped here
[INFO] [stdout] 
[INFO] [stdout] 
[INFO] [stdout] For more information about this error, try `rustc --explain E0493`.
[INFO] [stdout] 
[INFO] [stderr] error: could not compile `generic-array` (lib) due to 3 previous errors
[INFO] [stderr] warning: build failed, waiting for other jobs to finish...
[INFO] running `Command { std: "docker" "inspect" "ac75d9ab1c8977b4d18b19ce98575d4d0ec0d94b47ee7cc6b8689413a4e1819a", kill_on_drop: false }`
[INFO] running `Command { std: "docker" "rm" "-f" "ac75d9ab1c8977b4d18b19ce98575d4d0ec0d94b47ee7cc6b8689413a4e1819a", kill_on_drop: false }`
[INFO] [stdout] ac75d9ab1c8977b4d18b19ce98575d4d0ec0d94b47ee7cc6b8689413a4e1819a
