[INFO] cloning repository https://github.com/PIsberg/karkinos-brute
[INFO] running `Command { std: "git" "-c" "credential.helper=" "-c" "credential.helper=/workspace/cargo-home/bin/git-credential-null" "clone" "--bare" "https://github.com/PIsberg/karkinos-brute" "/workspace/cache/git-repos/https%3A%2F%2Fgithub.com%2FPIsberg%2Fkarkinos-brute", kill_on_drop: false }`
[INFO] [stderr] Cloning into bare repository '/workspace/cache/git-repos/https%3A%2F%2Fgithub.com%2FPIsberg%2Fkarkinos-brute'...
[INFO] running `Command { std: "git" "rev-parse" "HEAD", kill_on_drop: false }`
[INFO] [stdout] 5e1ccb9ff30c94cee9165f62e271a936ff046fbf
[INFO] checking PIsberg/karkinos-brute against c79f6bc4fc2389852aeff667626cb3e58adfe71c for pr-164081
[INFO] running `Command { std: "git" "clone" "/workspace/cache/git-repos/https%3A%2F%2Fgithub.com%2FPIsberg%2Fkarkinos-brute" "/workspace/builds/worker-6-tc2/source", kill_on_drop: false }`
[INFO] [stderr] Cloning into '/workspace/builds/worker-6-tc2/source'...
[INFO] [stderr] done.
[INFO] started tweaking git repo https://github.com/PIsberg/karkinos-brute
[INFO] removed 0 missing examples
[INFO] finished tweaking git repo https://github.com/PIsberg/karkinos-brute
[INFO] tweaked toml for git repo https://github.com/PIsberg/karkinos-brute written to /workspace/builds/worker-6-tc2/source/Cargo.toml
[INFO] validating manifest of git repo https://github.com/PIsberg/karkinos-brute on toolchain c79f6bc4fc2389852aeff667626cb3e58adfe71c
[INFO] running `Command { std: CARGO_HOME="/workspace/cargo-home" RUSTUP_HOME="/workspace/rustup-home" "/workspace/cargo-home/bin/cargo" "+c79f6bc4fc2389852aeff667626cb3e58adfe71c" "metadata" "--manifest-path" "Cargo.toml" "--no-deps", kill_on_drop: false }`
[INFO] crate git repo https://github.com/PIsberg/karkinos-brute already has a lockfile, it will not be regenerated
[INFO] running `Command { std: CARGO_HOME="/workspace/cargo-home" RUSTUP_HOME="/workspace/rustup-home" "/workspace/cargo-home/bin/cargo" "+c79f6bc4fc2389852aeff667626cb3e58adfe71c" "fetch" "--manifest-path" "Cargo.toml", kill_on_drop: false }`
[INFO] running `Command { std: "docker" "create" "-v" "/var/lib/crater-agent-workspace/builds/worker-6-tc2/source:/opt/rustwide/workdir:ro,Z" "-v" "/var/lib/crater-agent-workspace/builds/worker-6-tc2/target:/opt/rustwide/target:rw,Z" "-v" "/var/lib/crater-agent-workspace/cargo-home:/opt/rustwide/cargo-home:ro,Z" "-v" "/var/lib/crater-agent-workspace/rustup-home:/opt/rustwide/rustup-home:ro,Z" "-m" "1610612736" "--network" "none" "ghcr.io/rust-lang/crates-build-env/linux@sha256:77db811e55d90add9212f6832c23229e3de5f1c1f9905e8cb07319ea15df73ac" "sleep" "infinity", kill_on_drop: false }`
[INFO] [stdout] 2e62ca8c33988ef53db5d329cb8cac9cbd0a2e1df26227bab6ddbced8786124c
[INFO] running `Command { std: "docker" "start" "2e62ca8c33988ef53db5d329cb8cac9cbd0a2e1df26227bab6ddbced8786124c", kill_on_drop: false }`
[INFO] running `Command { std: "docker" "inspect" "2e62ca8c33988ef53db5d329cb8cac9cbd0a2e1df26227bab6ddbced8786124c", kill_on_drop: false }`
[INFO] running `Command { std: "docker" "exec" "-e" "SOURCE_DIR=/opt/rustwide/workdir" "-e" "CARGO_HOME=/opt/rustwide/cargo-home" "-e" "RUSTUP_HOME=/opt/rustwide/rustup-home" "-e" "CARGO_TARGET_DIR=/opt/rustwide/target" "-w" "/opt/rustwide/workdir" "--user" "0:0" "2e62ca8c33988ef53db5d329cb8cac9cbd0a2e1df26227bab6ddbced8786124c" "/opt/rustwide/cargo-home/bin/cargo" "+c79f6bc4fc2389852aeff667626cb3e58adfe71c" "metadata" "--no-deps" "--format-version=1", kill_on_drop: false }`
[INFO] running `Command { std: "docker" "inspect" "2e62ca8c33988ef53db5d329cb8cac9cbd0a2e1df26227bab6ddbced8786124c", kill_on_drop: false }`
[INFO] running `Command { std: "docker" "exec" "-e" "SOURCE_DIR=/opt/rustwide/workdir" "-e" "CARGO_HOME=/opt/rustwide/cargo-home" "-e" "RUSTUP_HOME=/opt/rustwide/rustup-home" "-e" "CARGO_TARGET_DIR=/opt/rustwide/target" "-e" "CARGO_INCREMENTAL=0" "-e" "RUST_BACKTRACE=full" "-e" "RUSTFLAGS=--cap-lints=forbid" "-e" "RUSTDOCFLAGS=--cap-lints=forbid" "-w" "/opt/rustwide/workdir" "--user" "0:0" "2e62ca8c33988ef53db5d329cb8cac9cbd0a2e1df26227bab6ddbced8786124c" "/opt/rustwide/cargo-home/bin/cargo" "+c79f6bc4fc2389852aeff667626cb3e58adfe71c" "check" "--frozen" "--all" "--all-targets" "--message-format=json", kill_on_drop: false }`
[INFO] [stderr]    Compiling libc v0.2.186
[INFO] [stderr]     Checking typenum v1.20.1
[INFO] [stderr]     Checking const-oid v0.9.6
[INFO] [stderr]     Checking cmov v0.5.4
[INFO] [stderr]    Compiling getrandom v0.4.3
[INFO] [stderr]     Checking rand_core v0.10.1
[INFO] [stderr]     Checking base64ct v1.8.3
[INFO] [stderr]    Compiling serde_core v1.0.229
[INFO] [stderr]     Checking memchr v2.8.3
[INFO] [stderr]    Compiling proc-macro2 v1.0.107
[INFO] [stderr]    Compiling radium v0.7.0
[INFO] [stderr]     Checking tap v1.0.1
[INFO] [stderr]    Compiling libm v0.2.16
[INFO] [stderr]    Compiling serde v1.0.229
[INFO] [stderr]    Compiling num-traits v0.2.19
[INFO] [stderr]     Checking const-oid v0.10.2
[INFO] [stderr]     Checking wyz v0.5.1
[INFO] [stderr]     Checking funty v2.0.0
[INFO] [stderr]    Compiling serde_json v1.0.151
[INFO] [stderr]     Checking ctutils v0.4.2
[INFO] [stderr]    Compiling generic-array v0.14.7
[INFO] [stderr]    Compiling zerocopy v0.8.55
[INFO] [stderr]    Compiling find-msvc-tools v0.1.9
[INFO] [stderr]    Compiling parking_lot_core v0.9.12
[INFO] [stderr]     Checking pem-rfc7468 v0.7.0
[INFO] [stderr]    Compiling semver v1.0.28
[INFO] [stderr]     Checking byteorder v1.5.0
[INFO] [stderr]    Compiling cc v1.3.0
[INFO] [stderr]    Compiling smallvec v1.15.2
[INFO] [stderr]     Checking litemap v0.8.2
[INFO] [stderr]     Checking writeable v0.6.3
[INFO] [stderr]    Compiling rustc_version v0.4.1
[INFO] [stderr]    Compiling icu_properties_data v2.2.0
[INFO] [stderr]    Compiling lalrpop-util v0.23.1
[INFO] [stderr]     Checking bitvec v1.1.1
[INFO] [stderr]    Compiling siphasher v1.0.3
[INFO] [stderr]    Compiling icu_normalizer_data v2.2.0
[INFO] [stderr]    Compiling block-buffer v0.10.4
[INFO] [stderr]    Compiling crypto-common v0.1.7
[INFO] [stderr]    Compiling regex-syntax v0.8.11
[INFO] [stderr]    Compiling indexmap v2.14.0
[INFO] [stderr]    Compiling digest v0.10.7
[INFO] [stderr]    Compiling quote v1.0.47
[INFO] [stderr]    Compiling curve25519-dalek v4.1.3
[INFO] [stderr]    Compiling phf_shared v0.13.1
[INFO] [stderr]    Compiling hashbrown v0.15.5
[INFO] [stderr]     Checking keccak v0.2.0
[INFO] [stderr]    Compiling log v0.4.33
[INFO] [stderr]    Compiling bit-vec v0.9.1
[INFO] [stderr]    Compiling getrandom v0.3.4
[INFO] [stderr]    Compiling syn v2.0.119
[INFO] [stderr]    Compiling syn v3.0.2
[INFO] [stderr]    Compiling either v1.16.0
[INFO] [stderr]     Checking getrandom v0.2.17
[INFO] [stderr]    Compiling rustversion v1.0.23
[INFO] [stderr]     Checking rand_core v0.6.4
[INFO] [stderr]    Compiling new_debug_unreachable v1.0.6
[INFO] [stderr]    Compiling keccak v0.1.6
[INFO] [stderr]    Compiling fixedbitset v0.5.7
[INFO] [stderr]     Checking cpufeatures v0.3.0
[INFO] [stderr]     Checking simd-adler32 v0.3.10
[INFO] [stderr]    Compiling precomputed-hash v0.1.1
[INFO] [stderr]    Compiling term v1.2.1
[INFO] [stderr]    Compiling num-bigint-dig v0.8.6
[INFO] [stderr]     Checking spin v0.9.9
[INFO] [stderr]    Compiling same-file v1.0.6
[INFO] [stderr]    Compiling parking_lot v0.12.5
[INFO] [stderr]     Checking lazy_static v1.5.0
[INFO] [stderr]    Compiling walkdir v2.5.0
[INFO] [stderr]     Checking miniz_oxide v0.8.9
[INFO] [stderr]    Compiling sha3 v0.10.9
[INFO] [stderr]    Compiling ascii-canvas v4.0.0
[INFO] [stderr]    Compiling string_cache v0.9.0
[INFO] [stderr]    Compiling itertools v0.14.0
[INFO] [stderr]    Compiling ring v0.17.14
[INFO] [stderr]    Compiling petgraph v0.8.3
[INFO] [stderr]    Compiling regex-automata v0.4.16
[INFO] [stderr]    Compiling bit-set v0.9.1
[INFO] [stderr]    Compiling ena v0.14.4
[INFO] [stderr]     Checking aho-corasick v1.1.4
[INFO] [stderr]    Compiling httparse v1.10.1
[INFO] [stderr]     Checking cpubits v0.1.1
[INFO] [stderr]     Checking num-integer v0.1.46
[INFO] [stderr]    Compiling unicode-xid v0.2.6
[INFO] [stderr]     Checking flate2 v1.1.9
[INFO] [stderr]    Compiling sha1collisiondetection v0.3.4
[INFO] [stderr]     Checking num-iter v0.1.46
[INFO] [stderr]     Checking sponge-cursor v0.1.0
[INFO] [stderr]    Compiling portable-atomic v1.14.0
[INFO] [stderr]    Compiling crossbeam-utils v0.8.22
[INFO] [stderr]     Checking ff v0.13.1
[INFO] [stderr]    Compiling rustls v0.23.42
[INFO] [stderr]     Checking group v0.13.0
[INFO] [stderr]     Checking libbz2-rs-sys v0.2.5
[INFO] [stderr]     Checking http v1.4.2
[INFO] [stderr]     Checking rand_core v0.9.5
[INFO] [stderr]     Checking generic-array v1.4.4
[INFO] [stderr]     Checking hybrid-array v0.3.1
[INFO] [stderr]     Checking password-hash v0.5.0
[INFO] [stderr]     Checking bzip2 v0.6.1
[INFO] [stderr]     Checking base64 v0.23.1
[INFO] [stderr]     Checking once_cell v1.21.4
[INFO] [stderr]     Checking clap_builder v4.6.6
[INFO] [stderr]     Checking ureq-proto v0.6.1
[INFO] [stderr]     Checking buffered-reader v1.4.1
[INFO] [stderr]     Checking console v0.16.4
[INFO] [stderr]     Checking rand v0.9.5
[INFO] [stdout] error[E0493]: destructor of `ArrayBuilder<T, N>` cannot be evaluated at compile-time
[INFO] [stdout]    --> /opt/rustwide/cargo-home/registry/src/index.crates.io-1949cf8c6b5b557f/generic-array-1.4.4/src/internal.rs:103:31
[INFO] [stdout]     |
[INFO] [stdout] 103 |     pub unsafe fn assume_init(self) -> GenericArray<T, N> {
[INFO] [stdout]     |                               ^^^^ the destructor for this type cannot be evaluated in constant functions
[INFO] [stdout] ...
[INFO] [stdout] 109 |     }
[INFO] [stdout]     |     - value is dropped here
[INFO] [stdout] 
[INFO] [stdout] 
[INFO] [stdout] error[E0493]: destructor of `GenericArray<core::mem::MaybeUninit<*const T>, N>` cannot be evaluated at compile-time
[INFO] [stdout]    --> /opt/rustwide/cargo-home/registry/src/index.crates.io-1949cf8c6b5b557f/generic-array-1.4.4/src/lib.rs:981:13
[INFO] [stdout]     |
[INFO] [stdout] 981 |         let mut out: GenericArray<MaybeUninit<*const T>, N> = GenericArray::uninit();
[INFO] [stdout]     |             ^^^^^^^ the destructor for this type cannot be evaluated in constant functions
[INFO] [stdout] ...
[INFO] [stdout] 996 |     }
[INFO] [stdout]     |     - value is dropped here
[INFO] [stdout] 
[INFO] [stdout] 
[INFO] [stdout] error[E0493]: destructor of `GenericArray<core::mem::MaybeUninit<*mut T>, N>` cannot be evaluated at compile-time
[INFO] [stdout]     --> /opt/rustwide/cargo-home/registry/src/index.crates.io-1949cf8c6b5b557f/generic-array-1.4.4/src/lib.rs:1016:13
[INFO] [stdout]      |
[INFO] [stdout] 1016 |         let mut out: GenericArray<MaybeUninit<*mut T>, N> = GenericArray::uninit();
[INFO] [stdout]      |             ^^^^^^^ the destructor for this type cannot be evaluated in constant functions
[INFO] [stdout] ...
[INFO] [stdout] 1031 |     }
[INFO] [stdout]      |     - value is dropped here
[INFO] [stdout] 
[INFO] [stdout] 
[INFO] [stderr]     Checking dyn-clone v1.0.20
[INFO] [stdout] For more information about this error, try `rustc --explain E0493`.
[INFO] [stdout] 
[INFO] [stderr] error: could not compile `generic-array` (lib) due to 3 previous errors
[INFO] [stderr] warning: build failed, waiting for other jobs to finish...
[INFO] running `Command { std: "docker" "inspect" "2e62ca8c33988ef53db5d329cb8cac9cbd0a2e1df26227bab6ddbced8786124c", kill_on_drop: false }`
[INFO] running `Command { std: "docker" "rm" "-f" "2e62ca8c33988ef53db5d329cb8cac9cbd0a2e1df26227bab6ddbced8786124c", kill_on_drop: false }`
[INFO] [stdout] 2e62ca8c33988ef53db5d329cb8cac9cbd0a2e1df26227bab6ddbced8786124c
