[INFO] cloning repository https://github.com/NivredG/hf-hub
[INFO] running `Command { std: "git" "-c" "credential.helper=" "-c" "credential.helper=/workspace/cargo-home/bin/git-credential-null" "clone" "--bare" "https://github.com/NivredG/hf-hub" "/workspace/cache/git-repos/https%3A%2F%2Fgithub.com%2FNivredG%2Fhf-hub", kill_on_drop: false }`
[INFO] [stderr] Cloning into bare repository '/workspace/cache/git-repos/https%3A%2F%2Fgithub.com%2FNivredG%2Fhf-hub'...
[INFO] running `Command { std: "git" "rev-parse" "HEAD", kill_on_drop: false }`
[INFO] [stdout] 194cfbd673b8be116950b277a2248f17375524db
[INFO] checking NivredG/hf-hub against c79f6bc4fc2389852aeff667626cb3e58adfe71c for pr-164081
[INFO] running `Command { std: "git" "clone" "/workspace/cache/git-repos/https%3A%2F%2Fgithub.com%2FNivredG%2Fhf-hub" "/workspace/builds/worker-1-tc2/source", kill_on_drop: false }`
[INFO] [stderr] Cloning into '/workspace/builds/worker-1-tc2/source'...
[INFO] [stderr] done.
[INFO] started tweaking git repo https://github.com/NivredG/hf-hub
[INFO] finished tweaking git repo https://github.com/NivredG/hf-hub
[INFO] tweaked toml for git repo https://github.com/NivredG/hf-hub written to /workspace/builds/worker-1-tc2/source/Cargo.toml
[INFO] validating manifest of git repo https://github.com/NivredG/hf-hub on toolchain c79f6bc4fc2389852aeff667626cb3e58adfe71c
[INFO] running `Command { std: CARGO_HOME="/workspace/cargo-home" RUSTUP_HOME="/workspace/rustup-home" "/workspace/cargo-home/bin/cargo" "+c79f6bc4fc2389852aeff667626cb3e58adfe71c" "metadata" "--manifest-path" "Cargo.toml" "--no-deps", kill_on_drop: false }`
[INFO] crate git repo https://github.com/NivredG/hf-hub already has a lockfile, it will not be regenerated
[INFO] running `Command { std: CARGO_HOME="/workspace/cargo-home" RUSTUP_HOME="/workspace/rustup-home" "/workspace/cargo-home/bin/cargo" "+c79f6bc4fc2389852aeff667626cb3e58adfe71c" "fetch" "--manifest-path" "Cargo.toml", kill_on_drop: false }`
[INFO] [stderr] warning: `package.homepage` is redundant with `package.repository`
[INFO] [stderr]  --> hf-hub/Cargo.toml:8:12
[INFO] [stderr]   |
[INFO] [stderr] 7 | repository = "https://github.com/huggingface/hf-hub"
[INFO] [stderr]   |              ---------------------------------------
[INFO] [stderr] 8 | homepage = "https://github.com/huggingface/hf-hub"
[INFO] [stderr]   |            ^^^^^^^^^^^^^^^^^^^^^^^^^^^^^^^^^^^^^^^
[INFO] [stderr]   |
[INFO] [stderr]   = note: `cargo::redundant_homepage` is set to `warn` by default
[INFO] [stderr] help: consider removing `package.homepage`
[INFO] [stderr] warning: `hf-hub` (manifest) generated 1 warning
[INFO] running `Command { std: "docker" "create" "-v" "/var/lib/crater-agent-workspace/builds/worker-1-tc2/source:/opt/rustwide/workdir:ro,Z" "-v" "/var/lib/crater-agent-workspace/builds/worker-1-tc2/target:/opt/rustwide/target:rw,Z" "-v" "/var/lib/crater-agent-workspace/cargo-home:/opt/rustwide/cargo-home:ro,Z" "-v" "/var/lib/crater-agent-workspace/rustup-home:/opt/rustwide/rustup-home:ro,Z" "-m" "1610612736" "--network" "none" "ghcr.io/rust-lang/crates-build-env/linux@sha256:77db811e55d90add9212f6832c23229e3de5f1c1f9905e8cb07319ea15df73ac" "sleep" "infinity", kill_on_drop: false }`
[INFO] [stdout] 90b103e922bf8ae258f441ef9c37b416b38f96e25569b5915cfdceacbf1b5068
[INFO] running `Command { std: "docker" "start" "90b103e922bf8ae258f441ef9c37b416b38f96e25569b5915cfdceacbf1b5068", kill_on_drop: false }`
[INFO] running `Command { std: "docker" "inspect" "90b103e922bf8ae258f441ef9c37b416b38f96e25569b5915cfdceacbf1b5068", kill_on_drop: false }`
[INFO] running `Command { std: "docker" "exec" "-e" "SOURCE_DIR=/opt/rustwide/workdir" "-e" "CARGO_HOME=/opt/rustwide/cargo-home" "-e" "RUSTUP_HOME=/opt/rustwide/rustup-home" "-e" "CARGO_TARGET_DIR=/opt/rustwide/target" "-w" "/opt/rustwide/workdir" "--user" "0:0" "90b103e922bf8ae258f441ef9c37b416b38f96e25569b5915cfdceacbf1b5068" "/opt/rustwide/cargo-home/bin/cargo" "+c79f6bc4fc2389852aeff667626cb3e58adfe71c" "metadata" "--no-deps" "--format-version=1", kill_on_drop: false }`
[INFO] running `Command { std: "docker" "inspect" "90b103e922bf8ae258f441ef9c37b416b38f96e25569b5915cfdceacbf1b5068", kill_on_drop: false }`
[INFO] running `Command { std: "docker" "exec" "-e" "SOURCE_DIR=/opt/rustwide/workdir" "-e" "CARGO_HOME=/opt/rustwide/cargo-home" "-e" "RUSTUP_HOME=/opt/rustwide/rustup-home" "-e" "CARGO_TARGET_DIR=/opt/rustwide/target" "-e" "CARGO_INCREMENTAL=0" "-e" "RUST_BACKTRACE=full" "-e" "RUSTFLAGS=--cap-lints=forbid" "-e" "RUSTDOCFLAGS=--cap-lints=forbid" "-w" "/opt/rustwide/workdir" "--user" "0:0" "90b103e922bf8ae258f441ef9c37b416b38f96e25569b5915cfdceacbf1b5068" "/opt/rustwide/cargo-home/bin/cargo" "+c79f6bc4fc2389852aeff667626cb3e58adfe71c" "check" "--frozen" "--all" "--all-targets" "--message-format=json", kill_on_drop: false }`
[INFO] [stderr] warning: `package.homepage` is redundant with `package.repository`
[INFO] [stderr]  --> hf-hub/Cargo.toml:8:12
[INFO] [stderr]   |
[INFO] [stderr] 7 | repository = "https://github.com/huggingface/hf-hub"
[INFO] [stderr]   |              ---------------------------------------
[INFO] [stderr] 8 | homepage = "https://github.com/huggingface/hf-hub"
[INFO] [stderr]   |            ^^^^^^^^^^^^^^^^^^^^^^^^^^^^^^^^^^^^^^^
[INFO] [stderr]   |
[INFO] [stderr]   = note: `cargo::redundant_homepage` is set to `warn` by default
[INFO] [stderr] help: consider removing `package.homepage`
[INFO] [stderr] warning: `hf-hub` (manifest) generated 1 warning
[INFO] [stderr]    Compiling proc-macro2 v1.0.106
[INFO] [stderr]    Compiling unicode-ident v1.0.24
[INFO] [stderr]    Compiling quote v1.0.45
[INFO] [stderr]    Compiling libc v0.2.183
[INFO] [stderr]     Checking cfg-if v1.0.4
[INFO] [stderr]     Checking memchr v2.8.0
[INFO] [stderr]     Checking pin-project-lite v0.2.17
[INFO] [stderr]    Compiling shlex v1.3.0
[INFO] [stderr]     Checking once_cell v1.21.4
[INFO] [stderr]    Compiling find-msvc-tools v0.1.9
[INFO] [stderr]     Checking itoa v1.0.17
[INFO] [stderr]     Checking smallvec v1.15.1
[INFO] [stderr]     Checking futures-core v0.3.32
[INFO] [stderr]     Checking stable_deref_trait v1.2.1
[INFO] [stderr]     Checking bytes v1.11.1
[INFO] [stderr]     Checking futures-sink v0.3.32
[INFO] [stderr]    Compiling fs_extra v1.3.0
[INFO] [stderr]    Compiling serde_core v1.0.228
[INFO] [stderr]    Compiling dunce v1.0.5
[INFO] [stderr]     Checking slab v0.4.12
[INFO] [stderr]     Checking futures-io v0.3.32
[INFO] [stderr]    Compiling serde v1.0.228
[INFO] [stderr]     Checking futures-channel v0.3.32
[INFO] [stderr]     Checking writeable v0.6.2
[INFO] [stderr]     Checking zeroize v1.8.2
[INFO] [stderr]    Compiling zerocopy v0.8.42
[INFO] [stderr]     Checking futures-task v0.3.32
[INFO] [stderr]     Checking litemap v0.8.1
[INFO] [stderr]    Compiling aws-lc-rs v1.16.3
[INFO] [stderr]     Checking tracing-core v0.1.36
[INFO] [stderr]    Compiling crossbeam-utils v0.8.21
[INFO] [stderr]    Compiling icu_normalizer_data v2.1.1
[INFO] [stderr]    Compiling icu_properties_data v2.1.2
[INFO] [stderr]     Checking regex-syntax v0.8.10
[INFO] [stderr]    Compiling zmij v1.0.21
[INFO] [stderr]     Checking rustls-pki-types v1.14.0
[INFO] [stderr]     Checking percent-encoding v2.3.2
[INFO] [stderr]    Compiling serde_json v1.0.149
[INFO] [stderr]     Checking log v0.4.29
[INFO] [stderr]     Checking http v1.4.0
[INFO] [stderr]    Compiling autocfg v1.5.0
[INFO] [stderr]    Compiling rustls v0.23.37
[INFO] [stderr]     Checking bitflags v2.11.0
[INFO] [stderr]     Checking untrusted v0.9.0
[INFO] [stderr]    Compiling httparse v1.10.1
[INFO] [stderr]     Checking equivalent v1.0.2
[INFO] [stderr]     Checking hashbrown v0.16.1
[INFO] [stderr]     Checking try-lock v0.2.5
[INFO] [stderr]     Checking subtle v2.6.1
[INFO] [stderr]     Checking tower-service v0.3.3
[INFO] [stderr]     Checking atomic-waker v1.1.2
[INFO] [stderr]     Checking fnv v1.0.7
[INFO] [stderr]     Checking want v0.3.1
[INFO] [stderr]     Checking form_urlencoded v1.2.2
[INFO] [stderr]    Compiling getrandom v0.4.2
[INFO] [stderr]     Checking utf8_iter v1.0.4
[INFO] [stderr]     Checking rand_core v0.10.1
[INFO] [stderr]    Compiling unicase v2.9.0
[INFO] [stderr]     Checking sync_wrapper v1.0.2
[INFO] [stderr]     Checking tower-layer v0.3.3
[INFO] [stderr]    Compiling typenum v1.19.0
[INFO] [stderr]     Checking aho-corasick v1.1.4
[INFO] [stderr]     Checking base64 v0.22.1
[INFO] [stderr]    Compiling num-traits v0.2.19
[INFO] [stderr]     Checking openssl-probe v0.2.1
[INFO] [stderr]    Compiling thiserror v2.0.18
[INFO] [stderr]     Checking either v1.15.0
[INFO] [stderr]    Compiling mime_guess v2.0.5
[INFO] [stderr]     Checking ipnet v2.12.0
[INFO] [stderr]     Checking http-body v1.0.1
[INFO] [stderr]     Checking rustls-native-certs v0.8.3
[INFO] [stderr]     Checking lazy_static v1.5.0
[INFO] [stderr]     Checking mime v0.3.17
[INFO] [stderr]     Checking option-ext v0.2.0
[INFO] [stderr]    Compiling anyhow v1.0.103
[INFO] [stderr]     Checking cpufeatures v0.3.0
[INFO] [stderr]     Checking ryu v1.0.23
[INFO] [stderr]     Checking powerfmt v0.2.0
[INFO] [stderr]    Compiling rustix v1.1.4
[INFO] [stderr]     Checking sharded-slab v0.1.7
[INFO] [stderr]    Compiling syn v2.0.117
[INFO] [stderr]     Checking http-body-util v0.1.3
[INFO] [stderr]     Checking deranged v0.5.8
[INFO] [stderr]     Checking tracing-log v0.2.0
[INFO] [stderr]     Checking encoding_rs v0.8.35
[INFO] [stderr]     Checking thread_local v1.1.9
[INFO] [stderr]     Checking linux-raw-sys v0.12.1
[INFO] [stderr]     Checking nu-ansi-term v0.50.3
[INFO] [stderr]     Checking indexmap v2.13.0
[INFO] [stderr]     Checking typewit v1.14.2
[INFO] [stderr]     Checking mio v1.2.0
[INFO] [stderr]     Checking socket2 v0.6.3
[INFO] [stderr]     Checking dirs-sys v0.5.0
[INFO] [stderr]     Checking getrandom v0.2.17
[INFO] [stderr]     Checking time-core v0.1.8
[INFO] [stderr]     Checking num-conv v0.2.0
[INFO] [stderr]     Checking rand_core v0.6.4
[INFO] [stderr]     Checking dirs v6.0.0
[INFO] [stderr]    Compiling jobserver v0.1.34
[INFO] [stderr]     Checking chacha20 v0.10.0
[INFO] [stderr]     Checking crossbeam-channel v0.5.15
[INFO] [stderr]     Checking os_str_bytes v6.6.1
[INFO] [stderr]     Checking link-section v0.16.1
[INFO] [stderr]    Compiling konst_proc_macros v0.4.1
[INFO] [stderr]     Checking const_panic v0.2.15
[INFO] [stderr]     Checking iana-time-zone v0.1.65
[INFO] [stderr]    Compiling linktime-proc-macro v0.1.0
[INFO] [stderr]    Compiling cc v1.2.57
[INFO] [stderr]     Checking chrono v0.4.44
[INFO] [stderr]     Checking rand v0.10.1
[INFO] [stderr]     Checking sysinfo v0.38.4
[INFO] [stderr]     Checking whoami v2.1.1
[INFO] [stderr]     Checking ctor v1.0.5
[INFO] [stderr]    Compiling ident_case v1.0.1
[INFO] [stderr]     Checking constant_time_eq v0.4.2
[INFO] [stderr]     Checking const-str v1.1.0
[INFO] [stderr]    Compiling crc32fast v1.5.0
[INFO] [stderr]     Checking cpufeatures v0.2.17
[INFO] [stderr]     Checking arrayref v0.3.9
[INFO] [stderr]    Compiling redb v3.1.2
[INFO] [stderr]     Checking regex-automata v0.4.14
[INFO] [stderr]     Checking arrayvec v0.7.6
[INFO] [stderr]     Checking konst v0.4.3
[INFO] [stderr]     Checking colored v3.1.1
[INFO] [stderr]     Checking humantime v2.3.0
[INFO] [stderr]     Checking more-asserts v0.3.1
[INFO] [stderr]     Checking oneshot v0.1.13
[INFO] [stderr]     Checking hybrid-array v0.4.10
[INFO] [stderr]     Checking twox-hash v2.1.2
[INFO] [stderr]    Compiling strsim v0.11.1
[INFO] [stderr]     Checking approx v0.5.1
[INFO] [stderr]     Checking uuid v1.22.0
[INFO] [stderr]     Checking lz4_flex v0.13.0
[INFO] [stderr]     Checking itertools v0.14.0
[INFO] [stderr]     Checking countio v0.3.0
[INFO] [stderr]     Checking fastrand v2.3.0
[INFO] [stderr]     Checking time v0.3.47
[INFO] [stderr]     Checking const-oid v0.10.2
[INFO] [stderr]     Checking static_assertions v1.1.0
[INFO] [stderr]     Checking heapify v0.2.0
[INFO] [stderr]    Compiling prettyplease v0.2.37
[INFO] [stderr]     Checking safe-transmute v0.11.3
[INFO] [stderr]     Checking bytemuck v1.25.0
[INFO] [stderr]    Compiling rustversion v1.0.22
[INFO] [stderr]     Checking statrs v0.18.0
[INFO] [stderr]     Checking cfg-if v0.1.10
[INFO] [stderr]     Checking urlencoding v2.1.3
[INFO] [stderr]     Checking gearhash v0.1.3
[INFO] [stderr]     Checking pathdiff v0.2.3
[INFO] [stderr]    Compiling parking_lot_core v0.9.12
[INFO] [stderr]     Checking scopeguard v1.2.0
[INFO] [stderr]     Checking utf8parse v0.2.2
[INFO] [stderr]     Checking anstyle v1.0.14
[INFO] [stderr]     Checking lock_api v0.4.14
[INFO] [stderr]     Checking anstyle-query v1.1.5
[INFO] [stderr]     Checking anstyle-parse v1.0.0
[INFO] [stdout] error[E0493]: destructor of `ArrayBuilder<T, N, D>` cannot be evaluated at compile-time
[INFO] [stdout]    --> /opt/rustwide/cargo-home/registry/src/index.crates.io-1949cf8c6b5b557f/konst-0.4.3/src/array/array_builder.rs:421:24
[INFO] [stdout]     |
[INFO] [stdout] 421 |     pub const fn build(self) -> [T; N] {
[INFO] [stdout]     |                        ^^^^ the destructor for this type cannot be evaluated in constant functions
[INFO] [stdout] ...
[INFO] [stdout] 437 |     }
[INFO] [stdout]     |     - value is dropped here
[INFO] [stdout] 
[INFO] [stdout] 
[INFO] [stderr]     Checking colorchoice v1.0.5
[INFO] [stdout] error[E0493]: destructor of `array_into_iter::IntoIter<T, N, D>` cannot be evaluated at compile-time
[INFO] [stdout]    --> /opt/rustwide/cargo-home/registry/src/index.crates.io-1949cf8c6b5b557f/konst-0.4.3/src/array/array_into_iter.rs:324:34
[INFO] [stdout]     |
[INFO] [stdout] 324 |     pub const fn assert_is_empty(self) {
[INFO] [stdout]     |                                  ^^^^ the destructor for this type cannot be evaluated in constant functions
[INFO] [stdout] ...
[INFO] [stdout] 327 |     }
[INFO] [stdout]     |     - value is dropped here
[INFO] [stdout] 
[INFO] [stdout] 
[INFO] [stderr]     Checking is_terminal_polyfill v1.70.2
[INFO] [stderr]     Checking clap_lex v1.1.0
[INFO] [stderr]    Compiling cmake v0.1.57
[INFO] [stdout] error[E0493]: destructor of `Option<(T, U)>` cannot be evaluated at compile-time
[INFO] [stdout]    --> /opt/rustwide/cargo-home/registry/src/index.crates.io-1949cf8c6b5b557f/konst-0.4.3/src/macros/control_flow.rs:83:42
[INFO] [stdout]     |
[INFO] [stdout]  81 |   macro_rules! if_let_Some {
[INFO] [stdout]  82 |       ($some:pat = $e:expr => $then:block $(else $else:block)?) => {
[INFO] [stdout]  83 |           match $crate::option::__opt($e) {opt =>
[INFO] [stdout]     |                                            ^^^ the destructor for this type cannot be evaluated in constant functions
[INFO] [stdout] ...
[INFO] [stdout]  90 |               }
[INFO] [stdout]     |               - value is dropped here
[INFO] [stdout]     |
[INFO] [stdout]    ::: /opt/rustwide/cargo-home/registry/src/index.crates.io-1949cf8c6b5b557f/konst-0.4.3/src/option.rs:635:5
[INFO] [stdout]     |
[INFO] [stdout] 635 | /     crate::if_let_Some! {tuple = opt => {
[INFO] [stdout] 636 | |         crate::destructure!{(l, r) = tuple}
[INFO] [stdout] 637 | |
[INFO] [stdout] 638 | |         (Some(l), Some(r))
[INFO] [stdout] 639 | |     } else {
[INFO] [stdout] 640 | |         (None, None)
[INFO] [stdout] 641 | |     }}
[INFO] [stdout]     | |______- in this macro invocation
[INFO] [stdout] 
[INFO] [stdout] 
[INFO] [stderr]     Checking anstream v1.0.0
[INFO] [stderr]     Checking crypto-common v0.2.1
[INFO] [stderr]     Checking block-buffer v0.12.0
[INFO] [stderr]     Checking parking_lot v0.12.5
[INFO] [stderr]    Compiling getrandom v0.3.4
[INFO] [stderr]    Compiling heck v0.5.0
[INFO] [stdout] For more information about this error, try `rustc --explain E0493`.
[INFO] [stdout] 
[INFO] [stderr]     Checking clap_builder v4.6.0
[INFO] [stderr] error: could not compile `konst` (lib) due to 3 previous errors
[INFO] [stderr] warning: build failed, waiting for other jobs to finish...
[INFO] running `Command { std: "docker" "inspect" "90b103e922bf8ae258f441ef9c37b416b38f96e25569b5915cfdceacbf1b5068", kill_on_drop: false }`
[INFO] running `Command { std: "docker" "rm" "-f" "90b103e922bf8ae258f441ef9c37b416b38f96e25569b5915cfdceacbf1b5068", kill_on_drop: false }`
[INFO] [stdout] 90b103e922bf8ae258f441ef9c37b416b38f96e25569b5915cfdceacbf1b5068
