[INFO] cloning repository https://github.com/NextFire/mi-monitor-homekit
[INFO] running `Command { std: "git" "-c" "credential.helper=" "-c" "credential.helper=/workspace/cargo-home/bin/git-credential-null" "clone" "--bare" "https://github.com/NextFire/mi-monitor-homekit" "/workspace/cache/git-repos/https%3A%2F%2Fgithub.com%2FNextFire%2Fmi-monitor-homekit", kill_on_drop: false }`
[INFO] [stderr] Cloning into bare repository '/workspace/cache/git-repos/https%3A%2F%2Fgithub.com%2FNextFire%2Fmi-monitor-homekit'...
[INFO] running `Command { std: "git" "rev-parse" "HEAD", kill_on_drop: false }`
[INFO] [stdout] fff24f84320d3c1aca7b960c1f10b661f808da8e
[INFO] checking NextFire/mi-monitor-homekit against c79f6bc4fc2389852aeff667626cb3e58adfe71c for pr-164081
[INFO] running `Command { std: "git" "clone" "/workspace/cache/git-repos/https%3A%2F%2Fgithub.com%2FNextFire%2Fmi-monitor-homekit" "/workspace/builds/worker-1-tc2/source", kill_on_drop: false }`
[INFO] [stderr] Cloning into '/workspace/builds/worker-1-tc2/source'...
[INFO] [stderr] done.
[INFO] started tweaking git repo https://github.com/NextFire/mi-monitor-homekit
[INFO] finished tweaking git repo https://github.com/NextFire/mi-monitor-homekit
[INFO] tweaked toml for git repo https://github.com/NextFire/mi-monitor-homekit written to /workspace/builds/worker-1-tc2/source/Cargo.toml
[INFO] validating manifest of git repo https://github.com/NextFire/mi-monitor-homekit on toolchain c79f6bc4fc2389852aeff667626cb3e58adfe71c
[INFO] running `Command { std: CARGO_HOME="/workspace/cargo-home" RUSTUP_HOME="/workspace/rustup-home" "/workspace/cargo-home/bin/cargo" "+c79f6bc4fc2389852aeff667626cb3e58adfe71c" "metadata" "--manifest-path" "Cargo.toml" "--no-deps", kill_on_drop: false }`
[INFO] crate git repo https://github.com/NextFire/mi-monitor-homekit already has a lockfile, it will not be regenerated
[INFO] running `Command { std: CARGO_HOME="/workspace/cargo-home" RUSTUP_HOME="/workspace/rustup-home" "/workspace/cargo-home/bin/cargo" "+c79f6bc4fc2389852aeff667626cb3e58adfe71c" "fetch" "--manifest-path" "Cargo.toml", kill_on_drop: false }`
[INFO] running `Command { std: "docker" "create" "-v" "/var/lib/crater-agent-workspace/builds/worker-1-tc2/source:/opt/rustwide/workdir:ro,Z" "-v" "/var/lib/crater-agent-workspace/builds/worker-1-tc2/target:/opt/rustwide/target:rw,Z" "-v" "/var/lib/crater-agent-workspace/cargo-home:/opt/rustwide/cargo-home:ro,Z" "-v" "/var/lib/crater-agent-workspace/rustup-home:/opt/rustwide/rustup-home:ro,Z" "-m" "1610612736" "--network" "none" "ghcr.io/rust-lang/crates-build-env/linux@sha256:77db811e55d90add9212f6832c23229e3de5f1c1f9905e8cb07319ea15df73ac" "sleep" "infinity", kill_on_drop: false }`
[INFO] [stdout] 59d2283444e159748a938614f5d28604b86d25b86a6fff2e5b047ff6d15af436
[INFO] running `Command { std: "docker" "start" "59d2283444e159748a938614f5d28604b86d25b86a6fff2e5b047ff6d15af436", kill_on_drop: false }`
[INFO] running `Command { std: "docker" "inspect" "59d2283444e159748a938614f5d28604b86d25b86a6fff2e5b047ff6d15af436", kill_on_drop: false }`
[INFO] running `Command { std: "docker" "exec" "-e" "SOURCE_DIR=/opt/rustwide/workdir" "-e" "CARGO_HOME=/opt/rustwide/cargo-home" "-e" "RUSTUP_HOME=/opt/rustwide/rustup-home" "-e" "CARGO_TARGET_DIR=/opt/rustwide/target" "-w" "/opt/rustwide/workdir" "--user" "0:0" "59d2283444e159748a938614f5d28604b86d25b86a6fff2e5b047ff6d15af436" "/opt/rustwide/cargo-home/bin/cargo" "+c79f6bc4fc2389852aeff667626cb3e58adfe71c" "metadata" "--no-deps" "--format-version=1", kill_on_drop: false }`
[INFO] running `Command { std: "docker" "inspect" "59d2283444e159748a938614f5d28604b86d25b86a6fff2e5b047ff6d15af436", kill_on_drop: false }`
[INFO] running `Command { std: "docker" "exec" "-e" "SOURCE_DIR=/opt/rustwide/workdir" "-e" "CARGO_HOME=/opt/rustwide/cargo-home" "-e" "RUSTUP_HOME=/opt/rustwide/rustup-home" "-e" "CARGO_TARGET_DIR=/opt/rustwide/target" "-e" "CARGO_INCREMENTAL=0" "-e" "RUST_BACKTRACE=full" "-e" "RUSTFLAGS=--cap-lints=forbid" "-e" "RUSTDOCFLAGS=--cap-lints=forbid" "-w" "/opt/rustwide/workdir" "--user" "0:0" "59d2283444e159748a938614f5d28604b86d25b86a6fff2e5b047ff6d15af436" "/opt/rustwide/cargo-home/bin/cargo" "+c79f6bc4fc2389852aeff667626cb3e58adfe71c" "check" "--frozen" "--all" "--all-targets" "--message-format=json", kill_on_drop: false }`
[INFO] [stderr]     Checking typenum v1.20.1
[INFO] [stderr]     Checking memchr v2.8.1
[INFO] [stderr]     Checking smallvec v1.15.1
[INFO] [stderr]    Compiling syn v2.0.117
[INFO] [stderr]     Checking getrandom v0.2.17
[INFO] [stderr]    Compiling serde_core v1.0.228
[INFO] [stderr]    Compiling num-traits v0.2.19
[INFO] [stderr]     Checking slab v0.4.12
[INFO] [stderr]     Checking rand_core v0.6.4
[INFO] [stderr]    Compiling serde v1.0.228
[INFO] [stderr]     Checking subtle v2.4.1
[INFO] [stderr]     Checking parking_lot_core v0.9.12
[INFO] [stderr]     Checking mio v1.2.1
[INFO] [stderr]     Checking cpufeatures v0.2.17
[INFO] [stderr]    Compiling libdbus-sys v0.2.7
[INFO] [stderr]     Checking parking_lot v0.12.5
[INFO] [stderr]     Checking log v0.4.30
[INFO] [stderr]    Compiling semver v1.0.28
[INFO] [stderr]    Compiling zerocopy v0.8.49
[INFO] [stderr]    Compiling rustc_version v0.4.1
[INFO] [stderr]     Checking aho-corasick v1.1.4
[INFO] [stderr]    Compiling num-bigint v0.2.6
[INFO] [stderr]     Checking regex-syntax v0.8.10
[INFO] [stderr]    Compiling curve25519-dalek v4.1.3
[INFO] [stderr]     Checking opaque-debug v0.3.1
[INFO] [stderr]     Checking num-integer v0.1.46
[INFO] [stderr]     Checking http v0.2.12
[INFO] [stderr]     Checking num-bigint v0.4.6
[INFO] [stderr]     Checking tracing-core v0.1.36
[INFO] [stderr]     Checking percent-encoding v2.3.2
[INFO] [stderr]     Checking signature v2.2.0
[INFO] [stderr]     Checking generic-array v0.14.7
[INFO] [stderr]     Checking regex-automata v0.4.14
[INFO] [stderr]     Checking xml v1.3.0
[INFO] [stderr]     Checking itertools v0.14.0
[INFO] [stderr]     Checking crypto-common v0.1.7
[INFO] [stderr]     Checking block-buffer v0.10.4
[INFO] [stderr]     Checking digest v0.10.7
[INFO] [stderr]     Checking digest v0.9.0
[INFO] [stderr]     Checking inout v0.1.4
[INFO] [stderr]     Checking universal-hash v0.5.1
[INFO] [stderr]     Checking crypto-mac v0.11.1
[INFO] [stderr]     Checking sha2 v0.10.9
[INFO] [stderr]     Checking poly1305 v0.8.0
[INFO] [stderr]     Checking hmac v0.11.0
[INFO] [stderr]     Checking num-rational v0.4.2
[INFO] [stderr]     Checking aead v0.5.2
[INFO] [stderr]     Checking block-buffer v0.9.0
[INFO] [stderr]     Checking uuid v1.23.2
[INFO] [stderr]     Checking tracing v0.1.44
[INFO] [stderr]     Checking generic-array v0.12.4
[INFO] [stderr]     Checking form_urlencoded v1.2.2
[INFO] [stderr]     Checking http-body v0.4.6
[INFO] [stderr]     Checking num-iter v0.1.45
[INFO] [stderr]     Checking num-complex v0.4.6
[INFO] [stderr]     Checking hostname v0.4.2
[INFO] [stderr]     Checking if-addrs v0.14.0
[INFO] [stderr]     Checking is-terminal v0.4.17
[INFO] [stderr]     Checking c_linked_list v1.1.1
[INFO] [stderr]     Checking humantime v2.3.0
[INFO] [stderr]     Checking termcolor v1.4.1
[INFO] [stderr]     Checking bitflags v2.11.1
[INFO] [stderr]     Checking multimap v0.10.1
[INFO] [stderr]     Checking dashmap v6.2.1
[INFO] [stderr]     Checking get_if_addrs v0.5.3
[INFO] [stderr]     Checking num v0.4.3
[INFO] [stderr]     Checking generic-array v1.4.2
[INFO] [stderr]     Checking serde_json v1.0.150
[INFO] [stderr]     Checking sha2 v0.9.9
[INFO] [stderr]     Checking regex v1.12.3
[INFO] [stderr]     Checking srp v0.5.0
[INFO] [stderr]     Checking serde_bytes v0.11.19
[INFO] [stderr]     Checking hkdf v0.11.0
[INFO] [stderr]     Checking env_logger v0.10.2
[INFO] [stdout] error[E0493]: destructor of `ArrayBuilder<T, N>` cannot be evaluated at compile-time
[INFO] [stdout]    --> /opt/rustwide/cargo-home/registry/src/index.crates.io-1949cf8c6b5b557f/generic-array-1.4.2/src/internal.rs:103:31
[INFO] [stdout]     |
[INFO] [stdout] 103 |     pub unsafe fn assume_init(self) -> GenericArray<T, N> {
[INFO] [stdout]     |                               ^^^^ the destructor for this type cannot be evaluated in constant functions
[INFO] [stdout] ...
[INFO] [stdout] 109 |     }
[INFO] [stdout]     |     - value is dropped here
[INFO] [stdout] 
[INFO] [stdout] 
[INFO] [stdout] error[E0493]: destructor of `GenericArray<core::mem::MaybeUninit<*const T>, N>` cannot be evaluated at compile-time
[INFO] [stdout]    --> /opt/rustwide/cargo-home/registry/src/index.crates.io-1949cf8c6b5b557f/generic-array-1.4.2/src/lib.rs:970:13
[INFO] [stdout]     |
[INFO] [stdout] 970 |         let mut out: GenericArray<MaybeUninit<*const T>, N> = GenericArray::uninit();
[INFO] [stdout]     |             ^^^^^^^ the destructor for this type cannot be evaluated in constant functions
[INFO] [stdout] ...
[INFO] [stdout] 985 |     }
[INFO] [stdout]     |     - value is dropped here
[INFO] [stdout] 
[INFO] [stdout] 
[INFO] [stdout] error[E0493]: destructor of `GenericArray<core::mem::MaybeUninit<*mut T>, N>` cannot be evaluated at compile-time
[INFO] [stdout]     --> /opt/rustwide/cargo-home/registry/src/index.crates.io-1949cf8c6b5b557f/generic-array-1.4.2/src/lib.rs:1005:13
[INFO] [stdout]      |
[INFO] [stdout] 1005 |         let mut out: GenericArray<MaybeUninit<*mut T>, N> = GenericArray::uninit();
[INFO] [stdout]      |             ^^^^^^^ the destructor for this type cannot be evaluated in constant functions
[INFO] [stdout] ...
[INFO] [stdout] 1020 |     }
[INFO] [stdout]      |     - value is dropped here
[INFO] [stdout] 
[INFO] [stdout] 
[INFO] [stdout] For more information about this error, try `rustc --explain E0493`.
[INFO] [stdout] 
[INFO] [stderr] error: could not compile `generic-array` (lib) due to 3 previous errors
[INFO] [stderr] warning: build failed, waiting for other jobs to finish...
[INFO] running `Command { std: "docker" "inspect" "59d2283444e159748a938614f5d28604b86d25b86a6fff2e5b047ff6d15af436", kill_on_drop: false }`
[INFO] running `Command { std: "docker" "rm" "-f" "59d2283444e159748a938614f5d28604b86d25b86a6fff2e5b047ff6d15af436", kill_on_drop: false }`
[INFO] [stdout] 59d2283444e159748a938614f5d28604b86d25b86a6fff2e5b047ff6d15af436
