[INFO] cloning repository https://github.com/MoyuTeams/GuoSSHell
[INFO] running `Command { std: "git" "-c" "credential.helper=" "-c" "credential.helper=/workspace/cargo-home/bin/git-credential-null" "clone" "--bare" "https://github.com/MoyuTeams/GuoSSHell" "/workspace/cache/git-repos/https%3A%2F%2Fgithub.com%2FMoyuTeams%2FGuoSSHell", kill_on_drop: false }`
[INFO] [stderr] Cloning into bare repository '/workspace/cache/git-repos/https%3A%2F%2Fgithub.com%2FMoyuTeams%2FGuoSSHell'...
[INFO] running `Command { std: "git" "rev-parse" "HEAD", kill_on_drop: false }`
[INFO] [stdout] a2c6f0897c05b3d9c788d65bc6655a9be73e71a7
[INFO] checking MoyuTeams/GuoSSHell against c79f6bc4fc2389852aeff667626cb3e58adfe71c for pr-164081
[INFO] running `Command { std: "git" "clone" "/workspace/cache/git-repos/https%3A%2F%2Fgithub.com%2FMoyuTeams%2FGuoSSHell" "/workspace/builds/worker-4-tc2/source", kill_on_drop: false }`
[INFO] [stderr] Cloning into '/workspace/builds/worker-4-tc2/source'...
[INFO] [stderr] done.
[INFO] removed /workspace/builds/worker-4-tc2/source/rust-toolchain.toml
[INFO] started tweaking git repo https://github.com/MoyuTeams/GuoSSHell
[INFO] finished tweaking git repo https://github.com/MoyuTeams/GuoSSHell
[INFO] tweaked toml for git repo https://github.com/MoyuTeams/GuoSSHell written to /workspace/builds/worker-4-tc2/source/Cargo.toml
[INFO] validating manifest of git repo https://github.com/MoyuTeams/GuoSSHell on toolchain c79f6bc4fc2389852aeff667626cb3e58adfe71c
[INFO] running `Command { std: CARGO_HOME="/workspace/cargo-home" RUSTUP_HOME="/workspace/rustup-home" "/workspace/cargo-home/bin/cargo" "+c79f6bc4fc2389852aeff667626cb3e58adfe71c" "metadata" "--manifest-path" "Cargo.toml" "--no-deps", kill_on_drop: false }`
[INFO] crate git repo https://github.com/MoyuTeams/GuoSSHell already has a lockfile, it will not be regenerated
[INFO] running `Command { std: CARGO_HOME="/workspace/cargo-home" RUSTUP_HOME="/workspace/rustup-home" "/workspace/cargo-home/bin/cargo" "+c79f6bc4fc2389852aeff667626cb3e58adfe71c" "fetch" "--manifest-path" "Cargo.toml", kill_on_drop: false }`
[INFO] running `Command { std: "docker" "create" "-v" "/var/lib/crater-agent-workspace/builds/worker-4-tc2/source:/opt/rustwide/workdir:ro,Z" "-v" "/var/lib/crater-agent-workspace/builds/worker-4-tc2/target:/opt/rustwide/target:rw,Z" "-v" "/var/lib/crater-agent-workspace/cargo-home:/opt/rustwide/cargo-home:ro,Z" "-v" "/var/lib/crater-agent-workspace/rustup-home:/opt/rustwide/rustup-home:ro,Z" "-m" "1610612736" "--network" "none" "ghcr.io/rust-lang/crates-build-env/linux@sha256:77db811e55d90add9212f6832c23229e3de5f1c1f9905e8cb07319ea15df73ac" "sleep" "infinity", kill_on_drop: false }`
[INFO] [stdout] 528998cfdb1aca9651e53679a3faaded7a5a22fd257fd6dd55ff05f72b1a07bd
[INFO] running `Command { std: "docker" "start" "528998cfdb1aca9651e53679a3faaded7a5a22fd257fd6dd55ff05f72b1a07bd", kill_on_drop: false }`
[INFO] running `Command { std: "docker" "inspect" "528998cfdb1aca9651e53679a3faaded7a5a22fd257fd6dd55ff05f72b1a07bd", kill_on_drop: false }`
[INFO] running `Command { std: "docker" "exec" "-e" "SOURCE_DIR=/opt/rustwide/workdir" "-e" "CARGO_HOME=/opt/rustwide/cargo-home" "-e" "RUSTUP_HOME=/opt/rustwide/rustup-home" "-e" "CARGO_TARGET_DIR=/opt/rustwide/target" "-w" "/opt/rustwide/workdir" "--user" "0:0" "528998cfdb1aca9651e53679a3faaded7a5a22fd257fd6dd55ff05f72b1a07bd" "/opt/rustwide/cargo-home/bin/cargo" "+c79f6bc4fc2389852aeff667626cb3e58adfe71c" "metadata" "--no-deps" "--format-version=1", kill_on_drop: false }`
[INFO] running `Command { std: "docker" "inspect" "528998cfdb1aca9651e53679a3faaded7a5a22fd257fd6dd55ff05f72b1a07bd", kill_on_drop: false }`
[INFO] running `Command { std: "docker" "exec" "-e" "SOURCE_DIR=/opt/rustwide/workdir" "-e" "CARGO_HOME=/opt/rustwide/cargo-home" "-e" "RUSTUP_HOME=/opt/rustwide/rustup-home" "-e" "CARGO_TARGET_DIR=/opt/rustwide/target" "-e" "CARGO_INCREMENTAL=0" "-e" "RUST_BACKTRACE=full" "-e" "RUSTFLAGS=--cap-lints=forbid" "-e" "RUSTDOCFLAGS=--cap-lints=forbid" "-w" "/opt/rustwide/workdir" "--user" "0:0" "528998cfdb1aca9651e53679a3faaded7a5a22fd257fd6dd55ff05f72b1a07bd" "/opt/rustwide/cargo-home/bin/cargo" "+c79f6bc4fc2389852aeff667626cb3e58adfe71c" "check" "--frozen" "--all" "--all-targets" "--message-format=json", kill_on_drop: false }`
[INFO] [stderr]    Compiling serde_core v1.0.229
[INFO] [stderr]    Compiling num-traits v0.2.19
[INFO] [stderr]    Compiling serde v1.0.229
[INFO] [stderr]     Checking futures-io v0.3.34
[INFO] [stderr]     Checking hybrid-array v0.4.15
[INFO] [stderr]     Checking getrandom v0.4.3
[INFO] [stderr]     Checking der v0.8.2
[INFO] [stderr]    Compiling syn v3.0.5
[INFO] [stderr]    Compiling rustix v1.1.4
[INFO] [stderr]     Checking concurrent-queue v2.5.0
[INFO] [stderr]    Compiling toml_edit v0.25.15+spec-1.1.0
[INFO] [stderr]    Compiling enumflags2_derive v0.7.12
[INFO] [stderr]     Checking linux-raw-sys v0.12.1
[INFO] [stderr]     Checking log v0.4.34
[INFO] [stderr]    Compiling find-msvc-tools v0.1.12
[INFO] [stderr]     Checking futures-lite v2.6.1
[INFO] [stderr]    Compiling cc v1.4.6
[INFO] [stderr]    Compiling async-io v2.6.0
[INFO] [stderr]     Checking futures-sink v0.3.34
[INFO] [stderr]     Checking smallvec v1.16.1
[INFO] [stderr]     Checking async-channel v2.5.0
[INFO] [stderr]     Checking futures-channel v0.3.34
[INFO] [stderr]     Checking generic-array v0.14.7
[INFO] [stderr]    Compiling endi v1.1.1
[INFO] [stderr]     Checking winnow v1.0.4
[INFO] [stderr]     Checking parking_lot_core v0.9.12
[INFO] [stderr]     Checking regex-automata v0.4.18
[INFO] [stderr]     Checking piper v0.2.5
[INFO] [stderr]     Checking tracing-core v0.1.36
[INFO] [stderr]     Checking async-lock v3.4.2
[INFO] [stderr]    Compiling nix v0.31.3
[INFO] [stderr]    Compiling proc-macro-crate v3.5.0
[INFO] [stderr]     Checking num-integer v0.1.47
[INFO] [stderr]     Checking tracing v0.1.44
[INFO] [stderr]     Checking blocking v1.7.0
[INFO] [stderr]     Checking async-executor v1.14.0
[INFO] [stderr]     Checking num-complex v0.4.6
[INFO] [stderr]     Checking spki v0.8.0
[INFO] [stderr]     Checking crypto-common v0.2.2
[INFO] [stderr]     Checking block-buffer v0.12.1
[INFO] [stderr]     Checking block-padding v0.4.2
[INFO] [stderr]     Checking crypto-bigint v0.7.5 (https://github.com/MoyuTeams/crypto-bigint?rev=9a4f70ace040b57f5f5cffc0d4389d2676baee9d#9a4f70ac)
[INFO] [stderr]     Checking sec1 v0.8.1
[INFO] [stderr]     Checking num-bigint v0.4.8
[INFO] [stderr]     Checking num-iter v0.1.46
[INFO] [stderr]     Checking inout v0.2.2
[INFO] [stderr]    Compiling curve25519-dalek v5.0.0
[INFO] [stderr]    Compiling thiserror-impl v1.0.69
[INFO] [stderr]    Compiling async-recursion v1.1.1
[INFO] [stderr]     Checking ordered-stream v0.2.0
[INFO] [stderr]     Checking chrono v0.4.45
[INFO] [stderr]     Checking crypto-common v0.1.7
[INFO] [stderr]     Checking block-buffer v0.10.4
[INFO] [stderr]    Compiling curve25519-dalek-derive v0.1.1
[INFO] [stderr]     Checking keccak v0.2.2
[INFO] [stderr]    Compiling libsqlite3-sys v0.35.0
[INFO] [stderr]    Compiling crc32fast v1.5.2
[INFO] [stderr]     Checking dirs-sys v0.5.0
[INFO] [stderr]     Checking hashbrown v0.15.5
[INFO] [stderr]     Checking digest v0.10.7
[INFO] [stderr]    Compiling ring v0.17.14
[INFO] [stderr]     Checking pkcs1 v0.8.0-rc.4
[INFO] [stderr]    Compiling signal-hook v0.4.4
[INFO] [stderr]     Checking simd-adler32 v0.3.10
[INFO] [stderr]     Checking sha2 v0.10.9
[INFO] [stderr]     Checking digest v0.11.3
[INFO] [stderr]     Checking cipher v0.5.2
[INFO] [stderr]     Checking universal-hash v0.6.1
[INFO] [stderr]     Checking hmac v0.13.0
[INFO] [stderr]     Checking sha2 v0.11.0
[INFO] [stderr]     Checking polyval v0.7.3
[INFO] [stderr]     Checking pbkdf2 v0.13.0
[INFO] [stderr]     Checking aead v0.6.1
[INFO] [stderr]     Checking hkdf v0.13.0
[INFO] [stderr]     Checking ghash v0.6.0
[INFO] [stderr]     Checking signature v3.0.0
[INFO] [stderr]     Checking aes v0.9.3
[INFO] [stderr]     Checking cbc v0.2.1
[INFO] [stderr]     Checking ctr v0.10.1
[INFO] [stderr]     Checking salsa20 v0.11.0
[INFO] [stderr]     Checking chacha20 v0.10.2
[INFO] [stderr]     Checking thiserror v1.0.69
[INFO] [stderr]     Checking blowfish v0.10.0
[INFO] [stderr]     Checking poly1305 v0.9.1
[INFO] [stderr]     Checking blake2 v0.11.0
[INFO] [stderr]     Checking hashlink v0.10.0
[INFO] [stderr]     Checking rand v0.10.2
[INFO] [stderr]     Checking num-rational v0.4.2
[INFO] [stderr]     Checking argon2 v0.6.0
[INFO] [stderr]     Checking sha3 v0.11.0
[INFO] [stderr]     Checking sha1 v0.11.0
[INFO] [stderr]     Checking miniz_oxide v0.9.1
[INFO] [stderr]     Checking kem v0.3.0
[INFO] [stderr]     Checking aes-gcm v0.11.1
[INFO] [stderr]     Checking num v0.4.3
[INFO] [stderr]     Checking directories v6.0.0
[INFO] [stderr]     Checking bitflags v2.13.2
[INFO] [stderr]     Checking uuid v1.26.1
[INFO] [stderr]     Checking serde_json v1.0.151
[INFO] [stderr]     Checking module-lattice v0.2.3
[INFO] [stderr]     Checking getrandom v0.2.17
[INFO] [stderr]     Checking scrypt v0.12.0
[INFO] [stderr]     Checking regex v1.13.1
[INFO] [stderr]     Checking bcrypt-pbkdf v0.11.0
[INFO] [stderr]     Checking sponge-cursor v0.1.0
[INFO] [stderr]     Checking cursor-icon v1.2.0
[INFO] [stderr]    Compiling enum_dispatch v0.3.13
[INFO] [stderr]     Checking flate2 v1.1.10
[INFO] [stderr]     Checking ml-kem v0.3.2
[INFO] [stderr]     Checking sha3 v0.12.0
[INFO] [stderr]     Checking pkcs5 v0.8.1
[INFO] [stderr]     Checking generic-array v1.4.5
[INFO] [stderr]     Checking pkcs8 v0.11.0
[INFO] [stderr]     Checking filedescriptor v0.8.3
[INFO] [stderr]     Checking ed25519 v3.0.0
[INFO] [stderr]     Checking parking_lot v0.12.5
[INFO] [stderr]     Checking ed25519-dalek v3.0.0
[INFO] [stderr]     Checking internal-russh-num-bigint v0.5.0
[INFO] [stderr]    Compiling delegate v0.13.5
[INFO] [stderr]     Checking serial2 v0.2.38
[INFO] [stderr]     Checking md5 v0.8.1
[INFO] [stderr]     Checking hex-literal v1.1.0
[INFO] [stderr]     Checking downcast-rs v2.0.2
[INFO] [stderr]     Checking data-encoding v2.11.1
[INFO] [stderr]    Compiling virtue v0.0.18
[INFO] [stderr]     Checking shell-words v1.1.1
[INFO] [stderr]    Compiling zerocopy v0.8.59
[INFO] [stderr]    Compiling zerocopy-derive v0.8.59
[INFO] [stderr]     Checking atomic v0.5.3
[INFO] [stderr]    Compiling rinf_proc v8.10.1
[INFO] [stderr]     Checking allo-isolate v0.1.27
[INFO] [stdout] error[E0493]: destructor of `ArrayBuilder<T, N>` cannot be evaluated at compile-time
[INFO] [stdout]    --> /opt/rustwide/cargo-home/registry/src/index.crates.io-1949cf8c6b5b557f/generic-array-1.4.5/src/internal.rs:103:31
[INFO] [stdout]     |
[INFO] [stdout] 103 |     pub unsafe fn assume_init(self) -> GenericArray<T, N> {
[INFO] [stdout]     |                               ^^^^ the destructor for this type cannot be evaluated in constant functions
[INFO] [stdout] ...
[INFO] [stdout] 109 |     }
[INFO] [stdout]     |     - value is dropped here
[INFO] [stdout] 
[INFO] [stdout] 
[INFO] [stdout] error[E0493]: destructor of `GenericArray<core::mem::MaybeUninit<*const T>, N>` cannot be evaluated at compile-time
[INFO] [stdout]    --> /opt/rustwide/cargo-home/registry/src/index.crates.io-1949cf8c6b5b557f/generic-array-1.4.5/src/lib.rs:983:13
[INFO] [stdout]     |
[INFO] [stdout] 983 |         let mut out: GenericArray<MaybeUninit<*const T>, N> = GenericArray::uninit();
[INFO] [stdout]     |             ^^^^^^^ the destructor for this type cannot be evaluated in constant functions
[INFO] [stdout] ...
[INFO] [stdout] 998 |     }
[INFO] [stdout]     |     - value is dropped here
[INFO] [stdout] 
[INFO] [stdout] 
[INFO] [stdout] error[E0493]: destructor of `GenericArray<core::mem::MaybeUninit<*mut T>, N>` cannot be evaluated at compile-time
[INFO] [stdout]     --> /opt/rustwide/cargo-home/registry/src/index.crates.io-1949cf8c6b5b557f/generic-array-1.4.5/src/lib.rs:1018:13
[INFO] [stdout]      |
[INFO] [stdout] 1018 |         let mut out: GenericArray<MaybeUninit<*mut T>, N> = GenericArray::uninit();
[INFO] [stdout]      |             ^^^^^^^ the destructor for this type cannot be evaluated in constant functions
[INFO] [stdout] ...
[INFO] [stdout] 1033 |     }
[INFO] [stdout]      |     - value is dropped here
[INFO] [stdout] 
[INFO] [stdout] 
[INFO] [stdout] For more information about this error, try `rustc --explain E0493`.
[INFO] [stdout] 
[INFO] [stderr] error: could not compile `generic-array` (lib) due to 3 previous errors
[INFO] [stderr] warning: build failed, waiting for other jobs to finish...
[INFO] running `Command { std: "docker" "inspect" "528998cfdb1aca9651e53679a3faaded7a5a22fd257fd6dd55ff05f72b1a07bd", kill_on_drop: false }`
[INFO] running `Command { std: "docker" "rm" "-f" "528998cfdb1aca9651e53679a3faaded7a5a22fd257fd6dd55ff05f72b1a07bd", kill_on_drop: false }`
[INFO] [stdout] 528998cfdb1aca9651e53679a3faaded7a5a22fd257fd6dd55ff05f72b1a07bd
