[INFO] cloning repository https://github.com/GodgunPk/pk-ssh-rust-Persistent-MCP-SSH-Server-with-LMDB-Web-UI
[INFO] running `Command { std: "git" "-c" "credential.helper=" "-c" "credential.helper=/workspace/cargo-home/bin/git-credential-null" "clone" "--bare" "https://github.com/GodgunPk/pk-ssh-rust-Persistent-MCP-SSH-Server-with-LMDB-Web-UI" "/workspace/cache/git-repos/https%3A%2F%2Fgithub.com%2FGodgunPk%2Fpk-ssh-rust-Persistent-MCP-SSH-Server-with-LMDB-Web-UI", kill_on_drop: false }`
[INFO] [stderr] Cloning into bare repository '/workspace/cache/git-repos/https%3A%2F%2Fgithub.com%2FGodgunPk%2Fpk-ssh-rust-Persistent-MCP-SSH-Server-with-LMDB-Web-UI'...
[INFO] running `Command { std: "git" "rev-parse" "HEAD", kill_on_drop: false }`
[INFO] [stdout] 0e0888c4898839c0095627387e8e3e41004ce662
[INFO] checking GodgunPk/pk-ssh-rust-Persistent-MCP-SSH-Server-with-LMDB-Web-UI against c79f6bc4fc2389852aeff667626cb3e58adfe71c for pr-164081
[INFO] running `Command { std: "git" "clone" "/workspace/cache/git-repos/https%3A%2F%2Fgithub.com%2FGodgunPk%2Fpk-ssh-rust-Persistent-MCP-SSH-Server-with-LMDB-Web-UI" "/workspace/builds/worker-6-tc2/source", kill_on_drop: false }`
[INFO] [stderr] Cloning into '/workspace/builds/worker-6-tc2/source'...
[INFO] [stderr] done.
[INFO] started tweaking git repo https://github.com/GodgunPk/pk-ssh-rust-Persistent-MCP-SSH-Server-with-LMDB-Web-UI
[INFO] finished tweaking git repo https://github.com/GodgunPk/pk-ssh-rust-Persistent-MCP-SSH-Server-with-LMDB-Web-UI
[INFO] tweaked toml for git repo https://github.com/GodgunPk/pk-ssh-rust-Persistent-MCP-SSH-Server-with-LMDB-Web-UI written to /workspace/builds/worker-6-tc2/source/Cargo.toml
[INFO] validating manifest of git repo https://github.com/GodgunPk/pk-ssh-rust-Persistent-MCP-SSH-Server-with-LMDB-Web-UI on toolchain c79f6bc4fc2389852aeff667626cb3e58adfe71c
[INFO] running `Command { std: CARGO_HOME="/workspace/cargo-home" RUSTUP_HOME="/workspace/rustup-home" "/workspace/cargo-home/bin/cargo" "+c79f6bc4fc2389852aeff667626cb3e58adfe71c" "metadata" "--manifest-path" "Cargo.toml" "--no-deps", kill_on_drop: false }`
[INFO] crate git repo https://github.com/GodgunPk/pk-ssh-rust-Persistent-MCP-SSH-Server-with-LMDB-Web-UI already has a lockfile, it will not be regenerated
[INFO] running `Command { std: CARGO_HOME="/workspace/cargo-home" RUSTUP_HOME="/workspace/rustup-home" "/workspace/cargo-home/bin/cargo" "+c79f6bc4fc2389852aeff667626cb3e58adfe71c" "fetch" "--manifest-path" "Cargo.toml", kill_on_drop: false }`
[INFO] running `Command { std: "docker" "create" "-v" "/var/lib/crater-agent-workspace/builds/worker-6-tc2/source:/opt/rustwide/workdir:ro,Z" "-v" "/var/lib/crater-agent-workspace/builds/worker-6-tc2/target:/opt/rustwide/target:rw,Z" "-v" "/var/lib/crater-agent-workspace/cargo-home:/opt/rustwide/cargo-home:ro,Z" "-v" "/var/lib/crater-agent-workspace/rustup-home:/opt/rustwide/rustup-home:ro,Z" "-m" "1610612736" "--network" "none" "ghcr.io/rust-lang/crates-build-env/linux@sha256:77db811e55d90add9212f6832c23229e3de5f1c1f9905e8cb07319ea15df73ac" "sleep" "infinity", kill_on_drop: false }`
[INFO] [stdout] d94839c2cdf1cdad1c44597cbbfb44a4598ed2f7d9ec7bcc7b19d02e5352f6b1
[INFO] running `Command { std: "docker" "start" "d94839c2cdf1cdad1c44597cbbfb44a4598ed2f7d9ec7bcc7b19d02e5352f6b1", kill_on_drop: false }`
[INFO] running `Command { std: "docker" "inspect" "d94839c2cdf1cdad1c44597cbbfb44a4598ed2f7d9ec7bcc7b19d02e5352f6b1", kill_on_drop: false }`
[INFO] running `Command { std: "docker" "exec" "-e" "SOURCE_DIR=/opt/rustwide/workdir" "-e" "CARGO_HOME=/opt/rustwide/cargo-home" "-e" "RUSTUP_HOME=/opt/rustwide/rustup-home" "-e" "CARGO_TARGET_DIR=/opt/rustwide/target" "-w" "/opt/rustwide/workdir" "--user" "0:0" "d94839c2cdf1cdad1c44597cbbfb44a4598ed2f7d9ec7bcc7b19d02e5352f6b1" "/opt/rustwide/cargo-home/bin/cargo" "+c79f6bc4fc2389852aeff667626cb3e58adfe71c" "metadata" "--no-deps" "--format-version=1", kill_on_drop: false }`
[INFO] running `Command { std: "docker" "inspect" "d94839c2cdf1cdad1c44597cbbfb44a4598ed2f7d9ec7bcc7b19d02e5352f6b1", kill_on_drop: false }`
[INFO] running `Command { std: "docker" "exec" "-e" "SOURCE_DIR=/opt/rustwide/workdir" "-e" "CARGO_HOME=/opt/rustwide/cargo-home" "-e" "RUSTUP_HOME=/opt/rustwide/rustup-home" "-e" "CARGO_TARGET_DIR=/opt/rustwide/target" "-e" "CARGO_INCREMENTAL=0" "-e" "RUST_BACKTRACE=full" "-e" "RUSTFLAGS=--cap-lints=forbid" "-e" "RUSTDOCFLAGS=--cap-lints=forbid" "-w" "/opt/rustwide/workdir" "--user" "0:0" "d94839c2cdf1cdad1c44597cbbfb44a4598ed2f7d9ec7bcc7b19d02e5352f6b1" "/opt/rustwide/cargo-home/bin/cargo" "+c79f6bc4fc2389852aeff667626cb3e58adfe71c" "check" "--frozen" "--all" "--all-targets" "--message-format=json", kill_on_drop: false }`
[INFO] [stderr]    Compiling libc v0.2.186
[INFO] [stderr]     Checking zeroize v1.9.0
[INFO] [stderr]     Checking subtle v2.6.1
[INFO] [stderr]     Checking cmov v0.5.4
[INFO] [stderr]    Compiling getrandom v0.4.3
[INFO] [stderr]     Checking base64ct v1.8.3
[INFO] [stderr]     Checking bytes v1.12.1
[INFO] [stderr]    Compiling num-traits v0.2.19
[INFO] [stderr]    Compiling serde_core v1.0.229
[INFO] [stderr]     Checking futures-core v0.3.33
[INFO] [stderr]     Checking smallvec v1.15.2
[INFO] [stderr]    Compiling syn v2.0.119
[INFO] [stderr]    Compiling syn v3.0.2
[INFO] [stderr]     Checking base16ct v1.0.0
[INFO] [stderr]    Compiling siphasher v1.0.3
[INFO] [stderr]     Checking futures-sink v0.3.33
[INFO] [stderr]    Compiling rand_core v0.6.4
[INFO] [stderr]    Compiling serde v1.0.229
[INFO] [stderr]     Checking ff v0.14.0
[INFO] [stderr]     Checking futures-channel v0.3.33
[INFO] [stderr]     Checking tracing-core v0.1.36
[INFO] [stderr]    Compiling rand v0.8.7
[INFO] [stderr]    Compiling crossbeam-utils v0.8.22
[INFO] [stderr]    Compiling phf_shared v0.11.3
[INFO] [stderr]    Compiling semver v1.0.28
[INFO] [stderr]     Checking group v0.14.0
[INFO] [stderr]     Checking ctutils v0.4.2
[INFO] [stderr]     Checking pem-rfc7468 v1.0.0
[INFO] [stderr]     Checking der v0.8.1
[INFO] [stderr]     Checking http v1.4.2
[INFO] [stderr]    Compiling fs_extra v1.3.0
[INFO] [stderr]     Checking futures-io v0.3.33
[INFO] [stderr]     Checking byteorder v1.5.0
[INFO] [stderr]    Compiling dunce v1.0.5
[INFO] [stderr]     Checking slab v0.4.12
[INFO] [stderr]    Compiling zmij v1.0.23
[INFO] [stderr]    Compiling rustc_version v0.4.1
[INFO] [stderr]     Checking hybrid-array v0.4.13
[INFO] [stderr]     Checking futures-task v0.3.33
[INFO] [stderr]    Compiling serde_json v1.0.151
[INFO] [stderr]    Compiling generic-array v0.14.9
[INFO] [stderr]    Compiling nix v0.31.3
[INFO] [stderr]    Compiling rustversion v1.0.23
[INFO] [stderr]     Checking tower-service v0.3.3
[INFO] [stderr]     Checking num-integer v0.1.46
[INFO] [stderr]     Checking keccak v0.2.0
[INFO] [stderr]    Compiling phf_generator v0.11.3
[INFO] [stderr]    Compiling curve25519-dalek v5.0.0-rc.1
[INFO] [stderr]    Compiling aws-lc-rs v1.17.3
[INFO] [stderr]     Checking sync_wrapper v1.0.2
[INFO] [stderr]     Checking httpdate v1.0.3
[INFO] [stderr]     Checking simd-adler32 v0.3.10
[INFO] [stderr]     Checking tower-layer v0.3.3
[INFO] [stderr]     Checking powerfmt v0.2.0
[INFO] [stderr]     Checking form_urlencoded v1.2.2
[INFO] [stderr]     Checking miniz_oxide v0.8.9
[INFO] [stderr]     Checking sharded-slab v0.1.7
[INFO] [stderr]     Checking deranged v0.5.8
[INFO] [stderr]     Checking tracing-log v0.2.0
[INFO] [stderr]     Checking thread_local v1.1.10
[INFO] [stderr]    Compiling jobserver v0.1.35
[INFO] [stderr]     Checking crossbeam-queue v0.3.13
[INFO] [stderr]     Checking num-conv v0.1.0
[INFO] [stderr]     Checking mime v0.3.17
[INFO] [stderr]    Compiling anyhow v1.0.104
[INFO] [stderr]     Checking http-body v1.1.0
[INFO] [stderr]     Checking http-body-util v0.1.4
[INFO] [stderr]     Checking untrusted v0.7.1
[INFO] [stderr]    Compiling cc v1.3.0
[INFO] [stderr]     Checking heed-traits v0.20.0
[INFO] [stderr]     Checking hex v0.4.3
[INFO] [stderr]    Compiling once_cell v1.21.4
[INFO] [stderr]     Checking ryu v1.0.23
[INFO] [stderr]     Checking time-core v0.1.7
[INFO] [stderr]     Checking nu-ansi-term v0.50.3
[INFO] [stderr]     Checking generic-array v1.4.4
[INFO] [stderr]     Checking flate2 v1.1.9
[INFO] [stderr]     Checking spki v0.8.0
[INFO] [stderr]     Checking synchronoise v1.0.1
[INFO] [stderr]     Checking crossbeam-channel v0.5.16
[INFO] [stderr]     Checking pkcs1 v0.8.0-rc.4
[INFO] [stderr]     Checking num-bigint v0.4.8
[INFO] [stderr]     Checking matchit v0.8.4
[INFO] [stderr]     Checking data-encoding v2.11.0
[INFO] [stderr]     Checking symlink v0.1.0
[INFO] [stderr]     Checking hex-literal v1.1.0
[INFO] [stderr]     Checking tracing-subscriber v0.3.23
[INFO] [stderr]     Checking md5 v0.8.1
[INFO] [stderr]     Checking time v0.3.45
[INFO] [stderr]     Checking dotenvy v0.15.7
[INFO] [stderr]     Checking block-buffer v0.12.1
[INFO] [stderr]     Checking block-padding v0.4.2
[INFO] [stderr]     Checking sec1 v0.8.1
[INFO] [stderr]     Checking wnaf v0.14.0
[INFO] [stderr]     Checking module-lattice v0.2.3
[INFO] [stderr]    Compiling cmake v0.1.58
[INFO] [stdout] error[E0493]: destructor of `ArrayBuilder<T, N>` cannot be evaluated at compile-time
[INFO] [stdout]    --> /opt/rustwide/cargo-home/registry/src/index.crates.io-1949cf8c6b5b557f/generic-array-1.4.4/src/internal.rs:103:31
[INFO] [stdout]     |
[INFO] [stdout] 103 |     pub unsafe fn assume_init(self) -> GenericArray<T, N> {
[INFO] [stdout]     |                               ^^^^ the destructor for this type cannot be evaluated in constant functions
[INFO] [stdout] ...
[INFO] [stdout] 109 |     }
[INFO] [stdout]     |     - value is dropped here
[INFO] [stdout] 
[INFO] [stdout] 
[INFO] [stdout] error[E0493]: destructor of `GenericArray<core::mem::MaybeUninit<*const T>, N>` cannot be evaluated at compile-time
[INFO] [stdout]    --> /opt/rustwide/cargo-home/registry/src/index.crates.io-1949cf8c6b5b557f/generic-array-1.4.4/src/lib.rs:981:13
[INFO] [stdout]     |
[INFO] [stdout] 981 |         let mut out: GenericArray<MaybeUninit<*const T>, N> = GenericArray::uninit();
[INFO] [stdout]     |             ^^^^^^^ the destructor for this type cannot be evaluated in constant functions
[INFO] [stdout] ...
[INFO] [stdout] 996 |     }
[INFO] [stdout]     |     - value is dropped here
[INFO] [stdout] 
[INFO] [stdout] 
[INFO] [stderr]     Checking inout v0.2.2
[INFO] [stdout] error[E0493]: destructor of `GenericArray<core::mem::MaybeUninit<*mut T>, N>` cannot be evaluated at compile-time
[INFO] [stdout]     --> /opt/rustwide/cargo-home/registry/src/index.crates.io-1949cf8c6b5b557f/generic-array-1.4.4/src/lib.rs:1016:13
[INFO] [stdout]      |
[INFO] [stdout] 1016 |         let mut out: GenericArray<MaybeUninit<*mut T>, N> = GenericArray::uninit();
[INFO] [stdout]      |             ^^^^^^^ the destructor for this type cannot be evaluated in constant functions
[INFO] [stdout] ...
[INFO] [stdout] 1031 |     }
[INFO] [stdout]      |     - value is dropped here
[INFO] [stdout] 
[INFO] [stdout] 
[INFO] [stdout] For more information about this error, try `rustc --explain E0493`.
[INFO] [stdout] 
[INFO] [stderr] error: could not compile `generic-array` (lib) due to 3 previous errors
[INFO] [stderr] warning: build failed, waiting for other jobs to finish...
[INFO] running `Command { std: "docker" "inspect" "d94839c2cdf1cdad1c44597cbbfb44a4598ed2f7d9ec7bcc7b19d02e5352f6b1", kill_on_drop: false }`
[INFO] running `Command { std: "docker" "rm" "-f" "d94839c2cdf1cdad1c44597cbbfb44a4598ed2f7d9ec7bcc7b19d02e5352f6b1", kill_on_drop: false }`
[INFO] [stdout] d94839c2cdf1cdad1c44597cbbfb44a4598ed2f7d9ec7bcc7b19d02e5352f6b1
