[INFO] cloning repository https://github.com/BeanieMen/rat-invaders
[INFO] running `Command { std: "git" "-c" "credential.helper=" "-c" "credential.helper=/workspace/cargo-home/bin/git-credential-null" "clone" "--bare" "https://github.com/BeanieMen/rat-invaders" "/workspace/cache/git-repos/https%3A%2F%2Fgithub.com%2FBeanieMen%2Frat-invaders", kill_on_drop: false }`
[INFO] [stderr] Cloning into bare repository '/workspace/cache/git-repos/https%3A%2F%2Fgithub.com%2FBeanieMen%2Frat-invaders'...
[INFO] running `Command { std: "git" "rev-parse" "HEAD", kill_on_drop: false }`
[INFO] [stdout] 04fc513613d3c6158e26f11ece152127dc24c085
[INFO] checking BeanieMen/rat-invaders against c79f6bc4fc2389852aeff667626cb3e58adfe71c for pr-164081
[INFO] running `Command { std: "git" "clone" "/workspace/cache/git-repos/https%3A%2F%2Fgithub.com%2FBeanieMen%2Frat-invaders" "/workspace/builds/worker-7-tc2/source", kill_on_drop: false }`
[INFO] [stderr] Cloning into '/workspace/builds/worker-7-tc2/source'...
[INFO] [stderr] done.
[INFO] started tweaking git repo https://github.com/BeanieMen/rat-invaders
[INFO] finished tweaking git repo https://github.com/BeanieMen/rat-invaders
[INFO] tweaked toml for git repo https://github.com/BeanieMen/rat-invaders written to /workspace/builds/worker-7-tc2/source/Cargo.toml
[INFO] validating manifest of git repo https://github.com/BeanieMen/rat-invaders on toolchain c79f6bc4fc2389852aeff667626cb3e58adfe71c
[INFO] running `Command { std: CARGO_HOME="/workspace/cargo-home" RUSTUP_HOME="/workspace/rustup-home" "/workspace/cargo-home/bin/cargo" "+c79f6bc4fc2389852aeff667626cb3e58adfe71c" "metadata" "--manifest-path" "Cargo.toml" "--no-deps", kill_on_drop: false }`
[INFO] crate git repo https://github.com/BeanieMen/rat-invaders already has a lockfile, it will not be regenerated
[INFO] running `Command { std: CARGO_HOME="/workspace/cargo-home" RUSTUP_HOME="/workspace/rustup-home" "/workspace/cargo-home/bin/cargo" "+c79f6bc4fc2389852aeff667626cb3e58adfe71c" "fetch" "--manifest-path" "Cargo.toml", kill_on_drop: false }`
[INFO] running `Command { std: "docker" "create" "-v" "/var/lib/crater-agent-workspace/builds/worker-7-tc2/source:/opt/rustwide/workdir:ro,Z" "-v" "/var/lib/crater-agent-workspace/builds/worker-7-tc2/target:/opt/rustwide/target:rw,Z" "-v" "/var/lib/crater-agent-workspace/cargo-home:/opt/rustwide/cargo-home:ro,Z" "-v" "/var/lib/crater-agent-workspace/rustup-home:/opt/rustwide/rustup-home:ro,Z" "-m" "1610612736" "--network" "none" "ghcr.io/rust-lang/crates-build-env/linux@sha256:77db811e55d90add9212f6832c23229e3de5f1c1f9905e8cb07319ea15df73ac" "sleep" "infinity", kill_on_drop: false }`
[INFO] [stdout] c8ad5e6c8bc2d5ce890a63df6182e6ef43358ba4d830357fefbbb8999e19353b
[INFO] running `Command { std: "docker" "start" "c8ad5e6c8bc2d5ce890a63df6182e6ef43358ba4d830357fefbbb8999e19353b", kill_on_drop: false }`
[INFO] running `Command { std: "docker" "inspect" "c8ad5e6c8bc2d5ce890a63df6182e6ef43358ba4d830357fefbbb8999e19353b", kill_on_drop: false }`
[INFO] running `Command { std: "docker" "exec" "-e" "SOURCE_DIR=/opt/rustwide/workdir" "-e" "CARGO_HOME=/opt/rustwide/cargo-home" "-e" "RUSTUP_HOME=/opt/rustwide/rustup-home" "-e" "CARGO_TARGET_DIR=/opt/rustwide/target" "-w" "/opt/rustwide/workdir" "--user" "0:0" "c8ad5e6c8bc2d5ce890a63df6182e6ef43358ba4d830357fefbbb8999e19353b" "/opt/rustwide/cargo-home/bin/cargo" "+c79f6bc4fc2389852aeff667626cb3e58adfe71c" "metadata" "--no-deps" "--format-version=1", kill_on_drop: false }`
[INFO] running `Command { std: "docker" "inspect" "c8ad5e6c8bc2d5ce890a63df6182e6ef43358ba4d830357fefbbb8999e19353b", kill_on_drop: false }`
[INFO] running `Command { std: "docker" "exec" "-e" "SOURCE_DIR=/opt/rustwide/workdir" "-e" "CARGO_HOME=/opt/rustwide/cargo-home" "-e" "RUSTUP_HOME=/opt/rustwide/rustup-home" "-e" "CARGO_TARGET_DIR=/opt/rustwide/target" "-e" "CARGO_INCREMENTAL=0" "-e" "RUST_BACKTRACE=full" "-e" "RUSTFLAGS=--cap-lints=forbid" "-e" "RUSTDOCFLAGS=--cap-lints=forbid" "-w" "/opt/rustwide/workdir" "--user" "0:0" "c8ad5e6c8bc2d5ce890a63df6182e6ef43358ba4d830357fefbbb8999e19353b" "/opt/rustwide/cargo-home/bin/cargo" "+c79f6bc4fc2389852aeff667626cb3e58adfe71c" "check" "--frozen" "--all" "--all-targets" "--message-format=json", kill_on_drop: false }`
[INFO] [stderr]     Checking subtle v2.6.1
[INFO] [stderr]     Checking cmov v0.5.4
[INFO] [stderr]    Compiling getrandom v0.4.3
[INFO] [stderr]     Checking base64ct v1.8.3
[INFO] [stderr]     Checking const-oid v0.10.2
[INFO] [stderr]    Compiling num-traits v0.2.19
[INFO] [stderr]     Checking cpubits v0.1.1
[INFO] [stderr]    Compiling toml_parser v1.1.3+spec-1.1.0
[INFO] [stderr]    Compiling toml_datetime v1.1.1+spec-1.1.0
[INFO] [stderr]     Checking getrandom v0.2.17
[INFO] [stderr]     Checking static_assertions v1.1.0
[INFO] [stderr]     Checking generic-array v0.14.7
[INFO] [stderr]    Compiling parity-scale-codec v3.7.5
[INFO] [stderr]    Compiling syn v3.0.5
[INFO] [stderr]    Compiling const_format_proc_macros v0.2.34
[INFO] [stderr]     Checking smallvec v1.16.0
[INFO] [stderr]    Compiling impl-trait-for-tuples v0.2.3
[INFO] [stderr]    Compiling crunchy v0.2.4
[INFO] [stderr]     Checking konst_macro_rules v0.2.19
[INFO] [stderr]    Compiling zerocopy v0.8.57
[INFO] [stderr]     Checking hex v0.4.3
[INFO] [stderr]     Checking rand_core v0.6.4
[INFO] [stderr]    Compiling derive_more-impl v1.0.0
[INFO] [stderr]     Checking arrayvec v0.7.8
[INFO] [stderr]     Checking byte-slice-cast v1.2.3
[INFO] [stderr]     Checking konst v0.2.20
[INFO] [stderr]     Checking ctutils v0.4.2
[INFO] [stderr]     Checking pem-rfc7468 v0.7.0
[INFO] [stderr]     Checking pem-rfc7468 v1.0.0
[INFO] [stderr]    Compiling semver v1.0.28
[INFO] [stderr]    Compiling darling_core v0.20.11
[INFO] [stderr]    Compiling derive_more-impl v2.1.1
[INFO] [stderr]     Checking der v0.7.10
[INFO] [stderr]     Checking der v0.8.2
[INFO] [stderr]     Checking mio v1.2.3
[INFO] [stderr]     Checking ff v0.14.0
[INFO] [stderr]    Compiling toml_edit v0.25.13+spec-1.1.0
[INFO] [stderr]     Checking hybrid-array v0.4.15
[INFO] [stderr]    Compiling rustc_version v0.4.1
[INFO] [stderr]     Checking crypto-common v0.1.7
[INFO] [stderr]     Checking block-buffer v0.10.4
[INFO] [stderr]     Checking block-padding v0.3.3
[INFO] [stderr]     Checking digest v0.10.7
[INFO] [stderr]     Checking inout v0.1.4
[INFO] [stderr]     Checking const_format v0.2.36
[INFO] [stderr]     Checking rustc-hex v2.1.0
[INFO] [stderr]     Checking cipher v0.4.4
[INFO] [stderr]     Checking hmac v0.12.1
[INFO] [stderr]     Checking sha2 v0.10.9
[INFO] [stderr]     Checking pbkdf2 v0.12.2
[INFO] [stderr]     Checking fixed-hash v0.8.0
[INFO] [stderr]     Checking signature v2.2.0
[INFO] [stderr]     Checking group v0.14.0
[INFO] [stderr]     Checking futures-channel v0.3.34
[INFO] [stderr]     Checking aes v0.8.4
[INFO] [stderr]     Checking salsa20 v0.10.2
[INFO] [stderr]     Checking cbc v0.1.2
[INFO] [stderr]     Checking spki v0.7.3
[INFO] [stderr]     Checking ff v0.13.1
[INFO] [stderr]     Checking scrypt v0.11.0
[INFO] [stderr]     Checking base16ct v1.0.0
[INFO] [stderr]     Checking group v0.13.0
[INFO] [stderr]     Checking derive_more v1.0.0
[INFO] [stderr]     Checking hkdf v0.12.4
[INFO] [stderr]     Checking crypto-bigint v0.5.5
[INFO] [stderr]     Checking uint v0.10.1
[INFO] [stderr]     Checking scale-type-resolver v0.2.0
[INFO] [stderr]    Compiling curve25519-dalek-derive v0.1.1
[INFO] [stderr]    Compiling getrandom v0.3.4
[INFO] [stderr]    Compiling find-msvc-tools v0.1.12
[INFO] [stderr]    Compiling cc v1.4.5
[INFO] [stderr]     Checking pkcs5 v0.7.1
[INFO] [stderr]    Compiling proc-macro-crate v3.5.0
[INFO] [stderr]     Checking primitive-types v0.13.1
[INFO] [stderr]     Checking num-integer v0.1.47
[INFO] [stderr]     Checking universal-hash v0.5.1
[INFO] [stderr]    Compiling ahash v0.8.12
[INFO] [stderr]    Compiling strum_macros v0.28.0
[INFO] [stderr]     Checking spki v0.8.0
[INFO] [stderr]     Checking pkcs8 v0.10.2
[INFO] [stderr]     Checking itertools v0.14.0
[INFO] [stderr]     Checking parking_lot_core v0.9.12
[INFO] [stderr]     Checking hashbrown v0.16.1
[INFO] [stderr]     Checking sec1 v0.7.3
[INFO] [stderr]     Checking hashbrown v0.17.1
[INFO] [stderr]     Checking crypto-common v0.2.2
[INFO] [stderr]     Checking block-buffer v0.12.1
[INFO] [stderr]     Checking block-padding v0.4.2
[INFO] [stderr]     Checking inout v0.2.2
[INFO] [stderr]    Compiling parity-scale-codec-derive v3.7.5
[INFO] [stderr]     Checking crypto-bigint v0.7.5
[INFO] [stderr]    Compiling scale-info-derive v2.11.6
[INFO] [stderr]     Checking sec1 v0.8.1
[INFO] [stderr]     Checking rfc6979 v0.4.0
[INFO] [stderr]     Checking blake2 v0.10.6
[INFO] [stderr]     Checking castaway v0.2.4
[INFO] [stderr]     Checking elliptic-curve v0.13.8
[INFO] [stderr]    Compiling cmake v0.1.58
[INFO] [stderr]     Checking unicode-segmentation v1.13.3
[INFO] [stderr]    Compiling instability v0.3.13
[INFO] [stderr]    Compiling byteorder v1.5.0
[INFO] [stderr]    Compiling signal-hook v0.3.18
[INFO] [stderr]    Compiling thiserror v2.0.20
[INFO] [stderr]     Checking unicode-width v0.2.2
[INFO] [stderr]     Checking digest v0.11.3
[INFO] [stderr]     Checking cipher v0.5.2
[INFO] [stderr]     Checking universal-hash v0.6.1
[INFO] [stderr]     Checking aead v0.6.1
[INFO] [stderr]     Checking polyval v0.7.3
[INFO] [stderr]     Checking ecdsa v0.16.9
[INFO] [stderr]     Checking hmac v0.13.0
[INFO] [stderr]     Checking sha2 v0.11.0
[INFO] [stderr]     Checking ghash v0.6.0
[INFO] [stderr]     Checking signature v3.0.0
[INFO] [stderr]    Compiling aws-lc-sys v0.45.0
[INFO] [stderr]     Checking primeorder v0.13.6
[INFO] [stderr]    Compiling uint v0.9.5
[INFO] [stderr]     Checking pbkdf2 v0.13.0
[INFO] [stderr]     Checking aes v0.9.3
[INFO] [stderr]     Checking ctr v0.10.1
[INFO] [stderr]     Checking salsa20 v0.11.0
[INFO] [stderr]     Checking cbc v0.2.1
[INFO] [stderr]     Checking hkdf v0.13.0
[INFO] [stderr]     Checking chacha20 v0.10.2
[INFO] [stderr]     Checking compact_str v0.9.1
[INFO] [stderr]     Checking lru v0.18.4
[INFO] [stderr]     Checking polyval v0.6.2
[INFO] [stderr]    Compiling curve25519-dalek v5.0.0
[INFO] [stderr]    Compiling curve25519-dalek v4.1.3
[INFO] [stderr]    Compiling enum-iterator-derive v1.5.0
[INFO] [stderr]    Compiling gear-stack-buffer v1.10.0
[INFO] [stderr]    Compiling bs58 v0.5.1
[INFO] [stderr]     Checking aes-gcm v0.11.1
[INFO] [stderr]    Compiling indoc v2.0.7
[INFO] [stderr]     Checking unicode-truncate v2.0.1
[INFO] [stderr]    Compiling rustix v1.1.4
[INFO] [stderr]     Checking spin v0.9.9
[INFO] [stderr]     Checking scrypt v0.12.0
[INFO] [stderr]    Compiling cfg_aliases v0.2.2
[INFO] [stderr]     Checking critical-section v1.2.0
[INFO] [stderr]    Compiling num-bigint-dig v0.8.6
[INFO] [stderr]    Compiling darling_macro v0.20.11
[INFO] [stderr]     Checking gear-ss58 v1.10.0
[INFO] [stderr]     Checking pkcs5 v0.8.1
[INFO] [stderr]    Compiling nix v0.31.3
[INFO] [stderr]     Checking lazy_static v1.5.0
[INFO] [stderr]     Checking ghash v0.5.1
[INFO] [stderr]     Checking parking_lot v0.12.5
[INFO] [stderr]     Checking num-iter v0.1.46
[INFO] [stderr]     Checking ctr v0.9.2
[INFO] [stderr]    Compiling darling v0.20.11
[INFO] [stderr]    Compiling scale-decode-derive v0.16.2
[INFO] [stderr]    Compiling scale-encode-derive v0.10.1
[INFO] [stderr]     Checking ssh-encoding v0.2.0
[INFO] [stderr]     Checking aead v0.5.2
[INFO] [stderr]     Checking page_size v0.6.0
[INFO] [stderr]     Checking libc-print v0.1.23
[INFO] [stderr]     Checking str-buf v3.0.3
[INFO] [stderr]     Checking pkcs8 v0.11.0
[INFO] [stderr]    Compiling gcore v1.10.0
[INFO] [stderr]    Compiling crc32fast v1.5.1
[INFO] [stderr]     Checking num_threads v0.1.7
[INFO] [stderr]    Compiling darling_core v0.24.1
[INFO] [stderr]     Checking strum v0.28.0
[INFO] [stderr]     Checking time v0.3.55
[INFO] [stderr]     Checking hashbrown v0.15.5
[INFO] [stderr]     Checking gear-dlmalloc v0.2.1
[INFO] [stderr]     Checking ed25519 v3.0.0
[INFO] [stderr]     Checking aes-gcm v0.10.3
[INFO] [stderr]     Checking signal-hook-mio v0.2.5
[INFO] [stderr]     Checking enum-iterator v1.5.0
[INFO] [stderr]     Checking blowfish v0.10.0
[INFO] [stderr]     Checking scale-bits v0.7.0
[INFO] [stderr]     Checking scale-info v2.11.6
[INFO] [stderr]     Checking impl-codec v0.6.0
[INFO] [stderr]     Checking blake2 v0.11.0
[INFO] [stderr]     Checking poly1305 v0.9.1
[INFO] [stderr]     Checking pkcs1 v0.7.5
[INFO] [stderr]     Checking ed25519 v2.2.3
[INFO] [stderr]     Checking pkcs1 v0.8.0-rc.4
[INFO] [stderr]     Checking poly1305 v0.8.0
[INFO] [stderr]     Checking primitive-types v0.12.2
[INFO] [stderr]     Checking blowfish v0.9.1
[INFO] [stderr]     Checking chacha20 v0.9.1
[INFO] [stderr]     Checking line-clipping v0.3.8
[INFO] [stderr]    Compiling aws-lc-rs v1.18.1
[INFO] [stderr]    Compiling derive_more v0.99.20
[INFO] [stderr]     Checking bcrypt-pbkdf v0.10.0
[INFO] [stderr]     Checking miniz_oxide v0.9.1
[INFO] [stderr]     Checking ssh-cipher v0.2.0
[INFO] [stderr]     Checking chrono v0.4.45
[INFO] [stderr]     Checking dequemap v0.3.0
[INFO] [stderr]     Checking argon2 v0.6.0
[INFO] [stderr]     Checking bcrypt-pbkdf v0.11.0
[INFO] [stderr]     Checking ed25519-dalek v3.0.0
[INFO] [stderr]     Checking galloc v1.10.0
[INFO] [stderr]     Checking ed25519-dalek v2.2.0
[INFO] [stderr]     Checking sha3 v0.11.0
[INFO] [stderr]     Checking rand v0.10.2
[INFO] [stderr]     Checking p256 v0.13.2
[INFO] [stderr]     Checking p521 v0.13.3
[INFO] [stderr]     Checking p384 v0.13.1
[INFO] [stderr]     Checking primefield v0.14.0
[INFO] [stderr]     Checking elliptic-curve v0.14.1
[INFO] [stderr]     Checking rfc6979 v0.6.0
[INFO] [stderr]     Checking ssh-encoding v0.3.0
[INFO] [stderr]     Checking crypto-primes v0.7.2
[INFO] [stderr]    Compiling thiserror-impl v2.0.20
[INFO] [stderr]    Compiling futures-macro v0.3.34
[INFO] [stderr]    Compiling bytemuck_derive v1.12.0
[INFO] [stderr]     Checking derive_more v2.1.1
[INFO] [stderr]     Checking ppv-lite86 v0.2.21
[INFO] [stderr]    Compiling tokio-macros v2.7.2
[INFO] [stderr]     Checking wnaf v0.14.1
[INFO] [stderr]     Checking crossterm v0.29.0
[INFO] [stderr]     Checking ssh-cipher v0.3.0
[INFO] [stderr]    Compiling serde_derive v1.0.229
[INFO] [stderr]     Checking hashbrown v0.14.5
[INFO] [stderr]     Checking sha1 v0.11.0
[INFO] [stderr]     Checking rand_chacha v0.3.1
[INFO] [stderr]     Checking primeorder v0.14.0
[INFO] [stderr]     Checking ecdsa v0.17.0
[INFO] [stderr]     Checking kem v0.3.0
[INFO] [stderr]     Checking module-lattice v0.2.3
[INFO] [stderr]     Checking rand v0.8.8
[INFO] [stderr]     Checking tokio v1.53.1
[INFO] [stderr]     Checking futures-util v0.3.34
[INFO] [stderr]    Compiling thiserror-impl v1.0.69
[INFO] [stderr]     Checking sponge-cursor v0.1.0
[INFO] [stderr]     Checking waker-fn v1.2.0
[INFO] [stderr]    Compiling enum_dispatch v0.3.13
[INFO] [stderr]     Checking sha3 v0.12.0
[INFO] [stderr]     Checking dashmap v6.2.1
[INFO] [stderr]     Checking ml-kem v0.3.2
[INFO] [stderr]     Checking p521 v0.14.0
[INFO] [stderr]     Checking kasuari v0.4.12
[INFO] [stderr]     Checking scale-decode v0.16.2
[INFO] [stderr]     Checking bytemuck v1.25.2
[INFO] [stderr]     Checking scale-encode v0.10.1
[INFO] [stderr]     Checking gsys v1.10.0
[INFO] [stderr]     Checking ratatui-core v0.1.2
[INFO] [stderr]     Checking rsa v0.10.0-rc.18
[INFO] [stderr]    Compiling gprimitives v1.10.0
[INFO] [stderr]     Checking p384 v0.14.0
[INFO] [stderr]     Checking p256 v0.14.0
[INFO] [stderr]     Checking thiserror v1.0.69
[INFO] [stderr]    Compiling gstd-codegen v1.10.0
[INFO] [stderr]     Checking num-bigint v0.5.1
[INFO] [stderr]     Checking russh-cryptovec v0.62.0
[INFO] [stderr]    Compiling async-trait v0.1.92
[INFO] [stderr]     Checking gmeta v1.7.1
[INFO] [stderr]     Checking flate2 v1.1.10
[INFO] [stderr]     Checking std-ext v0.4.0
[INFO] [stderr]     Checking crossbeam-queue v0.3.14
[INFO] [stderr]     Checking russh-cryptovec v0.48.0
[INFO] [stderr]     Checking sha1 v0.10.7
[INFO] [stderr]     Checking generic-array v1.4.5
[INFO] [stderr]    Compiling delegate v0.13.5
[INFO] [stderr]     Checking rsa v0.9.10
[INFO] [stdout] error[E0493]: destructor of `ArrayBuilder<T, N>` cannot be evaluated at compile-time
[INFO] [stdout]    --> /opt/rustwide/cargo-home/registry/src/index.crates.io-1949cf8c6b5b557f/generic-array-1.4.5/src/internal.rs:103:31
[INFO] [stdout]     |
[INFO] [stdout] 103 |     pub unsafe fn assume_init(self) -> GenericArray<T, N> {
[INFO] [stdout]     |                               ^^^^ the destructor for this type cannot be evaluated in constant functions
[INFO] [stdout] ...
[INFO] [stdout] 109 |     }
[INFO] [stdout]     |     - value is dropped here
[INFO] [stdout] 
[INFO] [stdout] 
[INFO] [stderr]    Compiling darling_macro v0.24.1
[INFO] [stdout] error[E0493]: destructor of `GenericArray<core::mem::MaybeUninit<*const T>, N>` cannot be evaluated at compile-time
[INFO] [stdout]    --> /opt/rustwide/cargo-home/registry/src/index.crates.io-1949cf8c6b5b557f/generic-array-1.4.5/src/lib.rs:983:13
[INFO] [stdout]     |
[INFO] [stdout] 983 |         let mut out: GenericArray<MaybeUninit<*const T>, N> = GenericArray::uninit();
[INFO] [stdout]     |             ^^^^^^^ the destructor for this type cannot be evaluated in constant functions
[INFO] [stdout] ...
[INFO] [stdout] 998 |     }
[INFO] [stdout]     |     - value is dropped here
[INFO] [stdout] 
[INFO] [stdout] 
[INFO] [stdout] error[E0493]: destructor of `GenericArray<core::mem::MaybeUninit<*mut T>, N>` cannot be evaluated at compile-time
[INFO] [stdout]     --> /opt/rustwide/cargo-home/registry/src/index.crates.io-1949cf8c6b5b557f/generic-array-1.4.5/src/lib.rs:1018:13
[INFO] [stdout]      |
[INFO] [stdout] 1018 |         let mut out: GenericArray<MaybeUninit<*mut T>, N> = GenericArray::uninit();
[INFO] [stdout]      |             ^^^^^^^ the destructor for this type cannot be evaluated in constant functions
[INFO] [stdout] ...
[INFO] [stdout] 1033 |     }
[INFO] [stdout]      |     - value is dropped here
[INFO] [stdout] 
[INFO] [stdout] 
[INFO] [stdout] For more information about this error, try `rustc --explain E0493`.
[INFO] [stdout] 
[INFO] [stderr] error: could not compile `generic-array` (lib) due to 3 previous errors
[INFO] [stderr] warning: build failed, waiting for other jobs to finish...
[INFO] running `Command { std: "docker" "inspect" "c8ad5e6c8bc2d5ce890a63df6182e6ef43358ba4d830357fefbbb8999e19353b", kill_on_drop: false }`
[INFO] running `Command { std: "docker" "rm" "-f" "c8ad5e6c8bc2d5ce890a63df6182e6ef43358ba4d830357fefbbb8999e19353b", kill_on_drop: false }`
[INFO] [stdout] c8ad5e6c8bc2d5ce890a63df6182e6ef43358ba4d830357fefbbb8999e19353b
