[INFO] fetching crate teo-generator 0.3.9...
[INFO] checking teo-generator-0.3.9 against c79f6bc4fc2389852aeff667626cb3e58adfe71c for pr-164081
[INFO] extracting crate teo-generator 0.3.9 into /workspace/builds/worker-5-tc2/source
[INFO] started tweaking crates.io crate teo-generator 0.3.9
[INFO] finished tweaking crates.io crate teo-generator 0.3.9
[INFO] tweaked toml for crates.io crate teo-generator 0.3.9 written to /workspace/builds/worker-5-tc2/source/Cargo.toml
[INFO] validating manifest of crates.io crate teo-generator 0.3.9 on toolchain c79f6bc4fc2389852aeff667626cb3e58adfe71c
[INFO] running `Command { std: CARGO_HOME="/workspace/cargo-home" RUSTUP_HOME="/workspace/rustup-home" "/workspace/cargo-home/bin/cargo" "+c79f6bc4fc2389852aeff667626cb3e58adfe71c" "metadata" "--manifest-path" "Cargo.toml" "--no-deps", kill_on_drop: false }`
[INFO] running `Command { std: CARGO_HOME="/workspace/cargo-home" RUSTUP_HOME="/workspace/rustup-home" "/workspace/cargo-home/bin/cargo" "+c79f6bc4fc2389852aeff667626cb3e58adfe71c" "generate-lockfile" "--manifest-path" "Cargo.toml", kill_on_drop: false }`
[INFO] [stderr]     Blocking waiting for file lock on package cache
[ERROR] error running command: no output for 300 seconds
[INFO] checking teo-generator-0.3.9 against c79f6bc4fc2389852aeff667626cb3e58adfe71c for pr-164081
[INFO] extracting crate teo-generator 0.3.9 into /workspace/builds/worker-5-tc2/source
[INFO] started tweaking crates.io crate teo-generator 0.3.9
[INFO] finished tweaking crates.io crate teo-generator 0.3.9
[INFO] tweaked toml for crates.io crate teo-generator 0.3.9 written to /workspace/builds/worker-5-tc2/source/Cargo.toml
[INFO] validating manifest of crates.io crate teo-generator 0.3.9 on toolchain c79f6bc4fc2389852aeff667626cb3e58adfe71c
[INFO] running `Command { std: CARGO_HOME="/workspace/cargo-home" RUSTUP_HOME="/workspace/rustup-home" "/workspace/cargo-home/bin/cargo" "+c79f6bc4fc2389852aeff667626cb3e58adfe71c" "metadata" "--manifest-path" "Cargo.toml" "--no-deps", kill_on_drop: false }`
[INFO] running `Command { std: CARGO_HOME="/workspace/cargo-home" RUSTUP_HOME="/workspace/rustup-home" "/workspace/cargo-home/bin/cargo" "+c79f6bc4fc2389852aeff667626cb3e58adfe71c" "generate-lockfile" "--manifest-path" "Cargo.toml", kill_on_drop: false }`
[INFO] [stderr]     Blocking waiting for file lock on package cache
[INFO] [stderr]     Updating crates.io index
[INFO] [stderr]     Blocking waiting for file lock on package cache
[INFO] [stderr]      Locking 316 packages to highest compatible versions
[INFO] [stderr]       Adding askama v0.12.1 (available: v0.16.1)
[INFO] [stderr]       Adding colored v2.2.0 (available: v3.1.1)
[INFO] [stderr]       Adding cuid v1.2.0 (available: v1.3.3)
[INFO] [stderr]       Adding generic-array v0.14.7 (available: v0.14.9)
[INFO] [stderr]       Adding itertools v0.13.0 (available: v0.15.0)
[INFO] [stderr]       Adding lazy_static v1.4.0 (available: v1.5.1)
[INFO] [stderr]       Adding psm v0.1.24 (available: v0.1.32)
[INFO] [stderr]       Adding reqwest v0.12.28 (available: v0.13.5)
[INFO] [stderr]       Adding toml_edit v0.22.27 (available: v0.25.17+spec-1.1.0)
[INFO] running `Command { std: CARGO_HOME="/workspace/cargo-home" RUSTUP_HOME="/workspace/rustup-home" "/workspace/cargo-home/bin/cargo" "+c79f6bc4fc2389852aeff667626cb3e58adfe71c" "fetch" "--manifest-path" "Cargo.toml", kill_on_drop: false }`
[INFO] [stderr]     Blocking waiting for file lock on package cache
[INFO] [stderr]     Blocking waiting for file lock on package cache
[INFO] [stderr]  Downloading crates ...
[INFO] [stderr]   Downloaded teo-result v0.3.5
[INFO] [stderr]   Downloaded teo-runtime v0.3.8
[INFO] [stderr]   Downloaded snailquote v0.3.1
[INFO] [stderr]   Downloaded history-box v0.1.1
[INFO] [stderr]   Downloaded random-string v1.1.0
[INFO] [stderr]   Downloaded inflector-plus v0.11.7
[INFO] [stderr]   Downloaded array_tool v1.0.3
[INFO] [stderr]   Downloaded key-path v0.2.3
[INFO] [stderr]   Downloaded cuid v1.2.0
[INFO] [stderr]   Downloaded deferred-box v0.1.4
[INFO] [stderr]   Downloaded cuid2 v0.1.6
[INFO] [stderr]   Downloaded quoted-string v0.6.1
[INFO] [stderr]   Downloaded teo-parser v0.3.0
[INFO] running `Command { std: "docker" "create" "-v" "/var/lib/crater-agent-workspace/builds/worker-5-tc2/source:/opt/rustwide/workdir:ro,Z" "-v" "/var/lib/crater-agent-workspace/builds/worker-5-tc2/target:/opt/rustwide/target:rw,Z" "-v" "/var/lib/crater-agent-workspace/cargo-home:/opt/rustwide/cargo-home:ro,Z" "-v" "/var/lib/crater-agent-workspace/rustup-home:/opt/rustwide/rustup-home:ro,Z" "-m" "1610612736" "--network" "none" "ghcr.io/rust-lang/crates-build-env/linux@sha256:77db811e55d90add9212f6832c23229e3de5f1c1f9905e8cb07319ea15df73ac" "sleep" "infinity", kill_on_drop: false }`
[INFO] [stdout] cf589732782ad99b9f265c13f8130cbb8068898d94957acc9c75eae850836d09
[INFO] running `Command { std: "docker" "start" "cf589732782ad99b9f265c13f8130cbb8068898d94957acc9c75eae850836d09", kill_on_drop: false }`
[INFO] running `Command { std: "docker" "inspect" "cf589732782ad99b9f265c13f8130cbb8068898d94957acc9c75eae850836d09", kill_on_drop: false }`
[INFO] running `Command { std: "docker" "exec" "-e" "SOURCE_DIR=/opt/rustwide/workdir" "-e" "CARGO_HOME=/opt/rustwide/cargo-home" "-e" "RUSTUP_HOME=/opt/rustwide/rustup-home" "-e" "CARGO_TARGET_DIR=/opt/rustwide/target" "-w" "/opt/rustwide/workdir" "--user" "0:0" "cf589732782ad99b9f265c13f8130cbb8068898d94957acc9c75eae850836d09" "/opt/rustwide/cargo-home/bin/cargo" "+c79f6bc4fc2389852aeff667626cb3e58adfe71c" "metadata" "--no-deps" "--format-version=1", kill_on_drop: false }`
[INFO] running `Command { std: "docker" "inspect" "cf589732782ad99b9f265c13f8130cbb8068898d94957acc9c75eae850836d09", kill_on_drop: false }`
[INFO] running `Command { std: "docker" "exec" "-e" "SOURCE_DIR=/opt/rustwide/workdir" "-e" "CARGO_HOME=/opt/rustwide/cargo-home" "-e" "RUSTUP_HOME=/opt/rustwide/rustup-home" "-e" "CARGO_TARGET_DIR=/opt/rustwide/target" "-e" "CARGO_INCREMENTAL=0" "-e" "RUST_BACKTRACE=full" "-e" "RUSTFLAGS=--cap-lints=forbid" "-e" "RUSTDOCFLAGS=--cap-lints=forbid" "-w" "/opt/rustwide/workdir" "--user" "0:0" "cf589732782ad99b9f265c13f8130cbb8068898d94957acc9c75eae850836d09" "/opt/rustwide/cargo-home/bin/cargo" "+c79f6bc4fc2389852aeff667626cb3e58adfe71c" "check" "--frozen" "--all" "--all-targets" "--message-format=json", kill_on_drop: false }`
[INFO] [stderr]     Checking equivalent v1.0.3
[INFO] [stderr]    Compiling psm v0.1.24
[INFO] [stderr]    Compiling syn v3.0.9
[INFO] [stderr]    Compiling syn v2.0.119
[INFO] [stderr]     Checking parking_lot_core v0.9.12
[INFO] [stderr]     Checking num-integer v0.1.47
[INFO] [stderr]    Compiling stacker v0.1.25
[INFO] [stderr]     Checking ppv-lite86 v0.2.21
[INFO] [stderr]     Checking getrandom v0.2.17
[INFO] [stderr]     Checking getrandom v0.3.4
[INFO] [stderr]    Compiling darling_core v0.13.4
[INFO] [stderr]    Compiling time-macros v0.2.32
[INFO] [stderr]     Checking time-core v0.1.9
[INFO] [stderr]    Compiling serde_json v1.0.154
[INFO] [stderr]     Checking chacha20 v0.10.2
[INFO] [stderr]     Checking getrandom v0.4.3
[INFO] [stderr]     Checking indexmap v2.14.2
[INFO] [stderr]    Compiling encoding_rs v0.8.42
[INFO] [stderr]     Checking rand_core v0.9.5
[INFO] [stderr]     Checking ahash v0.8.12
[INFO] [stderr]    Compiling cookie v0.18.2
[INFO] [stderr]    Compiling thiserror v2.0.21
[INFO] [stderr]     Checking bitvec v1.1.1
[INFO] [stderr]     Checking parking_lot v0.12.5
[INFO] [stderr]     Checking rustls-pki-types v1.15.1
[INFO] [stderr]     Checking rand v0.10.3
[INFO] [stderr]     Checking num-bigint v0.4.8
[INFO] [stderr]     Checking inout v0.1.4
[INFO] [stderr]     Checking rand_core v0.6.4
[INFO] [stderr]     Checking serde_bytes v0.11.19
[INFO] [stderr]    Compiling ring v0.17.14
[INFO] [stderr]    Compiling minimal-lexical v0.2.1
[INFO] [stderr]     Checking digest v0.11.3
[INFO] [stderr]    Compiling pest v2.9.4
[INFO] [stderr]     Checking rand_chacha v0.9.0
[INFO] [stderr]     Checking rand_chacha v0.3.1
[INFO] [stderr]     Checking cipher v0.4.4
[INFO] [stderr]     Checking num-iter v0.1.46
[INFO] [stderr]     Checking rand v0.9.5
[INFO] [stderr]    Compiling mime_guess v2.0.5
[INFO] [stderr]     Checking num-complex v0.4.6
[INFO] [stderr]     Checking keccak v0.2.2
[INFO] [stderr]    Compiling nom v7.1.3
[INFO] [stderr]     Checking match_cfg v0.1.0
[INFO] [stderr]    Compiling mime v0.3.17
[INFO] [stderr]     Checking hostname v0.3.1
[INFO] [stderr]     Checking uuid v1.28.0
[INFO] [stderr]     Checking blowfish v0.9.1
[INFO] [stderr]     Checking sha3 v0.11.0
[INFO] [stderr]     Checking rand v0.8.8
[INFO] [stderr]     Checking colored v2.2.0
[INFO] [stderr]     Checking path-clean v1.0.1
[INFO] [stderr]     Checking cuid-util v0.1.1
[INFO] [stderr]     Checking time v0.3.55
[INFO] [stderr]     Checking fastrand v1.9.0
[INFO] [stderr]     Checking array_tool v1.0.3
[INFO] [stderr]     Checking strum v0.26.3
[INFO] [stderr]     Checking bcrypt v0.16.0
[INFO] [stderr]     Checking random-string v1.1.0
[INFO] [stderr]     Checking pad v0.1.6
[INFO] [stderr]     Checking humansize v2.1.3
[INFO] [stderr]     Checking num-rational v0.4.2
[INFO] [stderr]     Checking bigdecimal v0.3.1
[INFO] [stderr]     Checking inflector-plus v0.11.7
[INFO] [stderr]     Checking key-path v0.2.3
[INFO] [stderr]     Checking history-box v0.1.1
[INFO] [stdout] error[E0493]: destructor of `[(Op<R>, bool); N]` cannot be evaluated at compile-time
[INFO] [stdout]    --> /opt/rustwide/cargo-home/registry/src/index.crates.io-1949cf8c6b5b557f/pest-2.9.4/src/pratt_parser.rs:328:28
[INFO] [stdout]     |
[INFO] [stdout] 328 |     pub const fn new_const(ops: [(Op<R>, bool); N]) -> Self {
[INFO] [stdout]     |                            ^^^ the destructor for this type cannot be evaluated in constant functions
[INFO] [stdout] ...
[INFO] [stdout] 355 |     }
[INFO] [stdout]     |     - value is dropped here
[INFO] [stdout] 
[INFO] [stdout] 
[INFO] [stderr]     Checking toml_datetime v0.6.11
[INFO] [stderr]     Checking deferred-box v0.1.4
[INFO] [stdout] For more information about this error, try `rustc --explain E0493`.
[INFO] [stdout] 
[INFO] [stderr]     Checking askama_escape v0.10.3
[INFO] [stderr] error: could not compile `pest` (lib) due to 1 previous error
[INFO] [stderr] warning: build failed, waiting for other jobs to finish...
[INFO] [stdout] error[E0493]: destructor of `[(Op<R>, bool); N]` cannot be evaluated at compile-time
[INFO] [stdout]    --> /opt/rustwide/cargo-home/registry/src/index.crates.io-1949cf8c6b5b557f/pest-2.9.4/src/pratt_parser.rs:328:28
[INFO] [stdout]     |
[INFO] [stdout] 328 |     pub const fn new_const(ops: [(Op<R>, bool); N]) -> Self {
[INFO] [stdout]     |                            ^^^ the destructor for this type cannot be evaluated in constant functions
[INFO] [stdout] ...
[INFO] [stdout] 355 |     }
[INFO] [stdout]     |     - value is dropped here
[INFO] [stdout] 
[INFO] [stdout] 
[INFO] [stdout] For more information about this error, try `rustc --explain E0493`.
[INFO] [stdout] 
[INFO] [stderr] error: could not compile `pest` (lib) due to 1 previous error
[INFO] running `Command { std: "docker" "inspect" "cf589732782ad99b9f265c13f8130cbb8068898d94957acc9c75eae850836d09", kill_on_drop: false }`
[INFO] running `Command { std: "docker" "rm" "-f" "cf589732782ad99b9f265c13f8130cbb8068898d94957acc9c75eae850836d09", kill_on_drop: false }`
[INFO] [stdout] cf589732782ad99b9f265c13f8130cbb8068898d94957acc9c75eae850836d09
