[INFO] fetching crate clearhead_cli 0.3.0...
[INFO] checking clearhead_cli-0.3.0 against c79f6bc4fc2389852aeff667626cb3e58adfe71c for pr-164081
[INFO] extracting crate clearhead_cli 0.3.0 into /workspace/builds/worker-1-tc2/source
[INFO] started tweaking crates.io crate clearhead_cli 0.3.0
[INFO] removed 0 missing examples
[INFO] removed 0 missing tests
[INFO] finished tweaking crates.io crate clearhead_cli 0.3.0
[INFO] tweaked toml for crates.io crate clearhead_cli 0.3.0 written to /workspace/builds/worker-1-tc2/source/Cargo.toml
[INFO] validating manifest of crates.io crate clearhead_cli 0.3.0 on toolchain c79f6bc4fc2389852aeff667626cb3e58adfe71c
[INFO] running `Command { std: CARGO_HOME="/workspace/cargo-home" RUSTUP_HOME="/workspace/rustup-home" "/workspace/cargo-home/bin/cargo" "+c79f6bc4fc2389852aeff667626cb3e58adfe71c" "metadata" "--manifest-path" "Cargo.toml" "--no-deps", kill_on_drop: false }`
[INFO] crate crates.io crate clearhead_cli 0.3.0 already has a lockfile, it will not be regenerated
[INFO] running `Command { std: CARGO_HOME="/workspace/cargo-home" RUSTUP_HOME="/workspace/rustup-home" "/workspace/cargo-home/bin/cargo" "+c79f6bc4fc2389852aeff667626cb3e58adfe71c" "fetch" "--manifest-path" "Cargo.toml", kill_on_drop: false }`
[INFO] [stderr]     Blocking waiting for file lock on package cache
[ERROR] error running command: no output for 300 seconds
[INFO] checking clearhead_cli-0.3.0 against c79f6bc4fc2389852aeff667626cb3e58adfe71c for pr-164081
[INFO] extracting crate clearhead_cli 0.3.0 into /workspace/builds/worker-1-tc2/source
[INFO] started tweaking crates.io crate clearhead_cli 0.3.0
[INFO] removed 0 missing examples
[INFO] removed 0 missing tests
[INFO] finished tweaking crates.io crate clearhead_cli 0.3.0
[INFO] tweaked toml for crates.io crate clearhead_cli 0.3.0 written to /workspace/builds/worker-1-tc2/source/Cargo.toml
[INFO] validating manifest of crates.io crate clearhead_cli 0.3.0 on toolchain c79f6bc4fc2389852aeff667626cb3e58adfe71c
[INFO] running `Command { std: CARGO_HOME="/workspace/cargo-home" RUSTUP_HOME="/workspace/rustup-home" "/workspace/cargo-home/bin/cargo" "+c79f6bc4fc2389852aeff667626cb3e58adfe71c" "metadata" "--manifest-path" "Cargo.toml" "--no-deps", kill_on_drop: false }`
[INFO] crate crates.io crate clearhead_cli 0.3.0 already has a lockfile, it will not be regenerated
[INFO] running `Command { std: CARGO_HOME="/workspace/cargo-home" RUSTUP_HOME="/workspace/rustup-home" "/workspace/cargo-home/bin/cargo" "+c79f6bc4fc2389852aeff667626cb3e58adfe71c" "fetch" "--manifest-path" "Cargo.toml", kill_on_drop: false }`
[INFO] [stderr]     Blocking waiting for file lock on package cache
[INFO] [stderr]     Updating crates.io index
[INFO] [stderr]     Blocking waiting for file lock on package cache
[INFO] [stderr]  Downloading crates ...
[INFO] [stderr]   Downloaded termtree v1.0.0
[INFO] [stderr]   Downloaded ls-types v0.0.6
[INFO] [stderr]   Downloaded tower-lsp-server v0.23.0
[INFO] [stderr]   Downloaded iso8601 v0.6.5
[INFO] [stderr]   Downloaded tree-sitter-actions v0.10.0
[INFO] [stderr]   Downloaded topiary-web-tree-sitter-sys v0.7.3
[INFO] [stderr]   Downloaded peg-runtime v0.8.6
[INFO] [stderr]   Downloaded topiary-tree-sitter-facade v0.7.3
[INFO] [stderr]   Downloaded peg v0.8.6
[INFO] [stderr]   Downloaded oxrdfio v0.2.5
[INFO] [stderr]   Downloaded sparopt v0.3.6
[INFO] [stderr]   Downloaded oxiri v0.2.11
[INFO] [stderr]   Downloaded sparesults v0.3.3
[INFO] [stderr]   Downloaded json-event-parser v0.2.3
[INFO] [stderr]   Downloaded oxilangtag v0.1.6
[INFO] [stderr]   Downloaded oxsdatatypes v0.2.2
[INFO] [stderr]   Downloaded spareval v0.2.6
[INFO] [stderr]   Downloaded topiary-core v0.7.3
[INFO] [stderr]   Downloaded spargebra v0.4.6
[INFO] [stderr]   Downloaded peg-macros v0.8.6
[INFO] [stderr]   Downloaded oxrdfxml v0.2.3
[INFO] [stderr]   Downloaded oxrdf v0.3.3
[INFO] [stderr]   Downloaded ryu-js v1.0.3
[INFO] [stderr]   Downloaded icalendar v0.17.13
[INFO] [stderr]   Downloaded oxttl v0.2.3
[INFO] [stderr]   Downloaded rrule v0.14.0
[INFO] [stderr]   Downloaded prettydiff v0.8.1
[INFO] [stderr]   Downloaded tree-sitter v0.26.12
[INFO] [stderr]   Downloaded oxigraph v0.5.9
[INFO] [stderr]   Downloaded jsonschema v0.18.3
[INFO] [stderr]   Downloaded clearhead_core v0.3.0
[INFO] [stderr]   Downloaded oxjsonld v0.2.5
[INFO] running `Command { std: "docker" "create" "-v" "/var/lib/crater-agent-workspace/builds/worker-1-tc2/source:/opt/rustwide/workdir:ro,Z" "-v" "/var/lib/crater-agent-workspace/builds/worker-1-tc2/target:/opt/rustwide/target:rw,Z" "-v" "/var/lib/crater-agent-workspace/cargo-home:/opt/rustwide/cargo-home:ro,Z" "-v" "/var/lib/crater-agent-workspace/rustup-home:/opt/rustwide/rustup-home:ro,Z" "-m" "1610612736" "--network" "none" "ghcr.io/rust-lang/crates-build-env/linux@sha256:77db811e55d90add9212f6832c23229e3de5f1c1f9905e8cb07319ea15df73ac" "sleep" "infinity", kill_on_drop: false }`
[INFO] [stdout] f1852a9d8d7f6db950d857beb00b53eaf9474e5bc7d3cbe13e44ddc5b3dc38d8
[INFO] running `Command { std: "docker" "start" "f1852a9d8d7f6db950d857beb00b53eaf9474e5bc7d3cbe13e44ddc5b3dc38d8", kill_on_drop: false }`
[INFO] running `Command { std: "docker" "inspect" "f1852a9d8d7f6db950d857beb00b53eaf9474e5bc7d3cbe13e44ddc5b3dc38d8", kill_on_drop: false }`
[INFO] running `Command { std: "docker" "exec" "-e" "SOURCE_DIR=/opt/rustwide/workdir" "-e" "CARGO_HOME=/opt/rustwide/cargo-home" "-e" "RUSTUP_HOME=/opt/rustwide/rustup-home" "-e" "CARGO_TARGET_DIR=/opt/rustwide/target" "-w" "/opt/rustwide/workdir" "--user" "0:0" "f1852a9d8d7f6db950d857beb00b53eaf9474e5bc7d3cbe13e44ddc5b3dc38d8" "/opt/rustwide/cargo-home/bin/cargo" "+c79f6bc4fc2389852aeff667626cb3e58adfe71c" "metadata" "--no-deps" "--format-version=1", kill_on_drop: false }`
[INFO] running `Command { std: "docker" "inspect" "f1852a9d8d7f6db950d857beb00b53eaf9474e5bc7d3cbe13e44ddc5b3dc38d8", kill_on_drop: false }`
[INFO] running `Command { std: "docker" "exec" "-e" "SOURCE_DIR=/opt/rustwide/workdir" "-e" "CARGO_HOME=/opt/rustwide/cargo-home" "-e" "RUSTUP_HOME=/opt/rustwide/rustup-home" "-e" "CARGO_TARGET_DIR=/opt/rustwide/target" "-e" "CARGO_INCREMENTAL=0" "-e" "RUST_BACKTRACE=full" "-e" "RUSTFLAGS=--cap-lints=forbid" "-e" "RUSTDOCFLAGS=--cap-lints=forbid" "-w" "/opt/rustwide/workdir" "--user" "0:0" "f1852a9d8d7f6db950d857beb00b53eaf9474e5bc7d3cbe13e44ddc5b3dc38d8" "/opt/rustwide/cargo-home/bin/cargo" "+c79f6bc4fc2389852aeff667626cb3e58adfe71c" "check" "--frozen" "--all" "--all-targets" "--message-format=json", kill_on_drop: false }`
[INFO] [stderr]    Compiling zerocopy v0.8.56
[INFO] [stderr]    Compiling serde_core v1.0.229
[INFO] [stderr]     Checking regex-automata v0.4.18
[INFO] [stderr]     Checking oxiri v0.2.11
[INFO] [stderr]     Checking oxilangtag v0.1.6
[INFO] [stderr]    Compiling syn v3.0.3
[INFO] [stderr]     Checking getrandom v0.3.4
[INFO] [stderr]     Checking bitflags v2.13.1
[INFO] [stderr]    Compiling rustix v1.1.4
[INFO] [stderr]    Compiling tree-sitter-language v0.1.7
[INFO] [stderr]     Checking digest v0.10.7
[INFO] [stderr]    Compiling serde_json v1.0.151
[INFO] [stderr]     Checking parking_lot_core v0.9.12
[INFO] [stderr]    Compiling owo-colors v4.3.0
[INFO] [stderr]     Checking json-event-parser v0.2.3
[INFO] [stderr]    Compiling peg-runtime v0.8.6
[INFO] [stderr]     Checking rand_core v0.9.5
[INFO] [stderr]    Compiling crossbeam-deque v0.8.7
[INFO] [stderr]     Checking object v0.37.3
[INFO] [stderr]     Checking crossbeam-epoch v0.9.20
[INFO] [stderr]     Checking nom v8.0.0
[INFO] [stderr]     Checking quick-xml v0.37.5
[INFO] [stderr]     Checking sha2 v0.10.9
[INFO] [stderr]     Checking rustc-demangle v0.1.28
[INFO] [stderr]    Compiling winnow v1.0.4
[INFO] [stderr]     Checking futures-channel v0.3.34
[INFO] [stderr]    Compiling peg-macros v0.8.6
[INFO] [stderr]     Checking either v1.18.0
[INFO] [stderr]    Compiling toml_writer v1.1.2+spec-1.1.0
[INFO] [stderr]     Checking unicode-linebreak v0.1.5
[INFO] [stderr]     Checking ryu-js v1.0.3
[INFO] [stderr]     Checking is_ci v1.2.0
[INFO] [stderr]     Checking rayon-core v1.13.0
[INFO] [stderr]     Checking uuid v1.24.1
[INFO] [stderr]     Checking supports-color v3.0.2
[INFO] [stderr]    Compiling toml_parser v1.1.3+spec-1.1.0
[INFO] [stderr]     Checking textwrap v0.16.2
[INFO] [stderr]     Checking parking_lot v0.12.5
[INFO] [stderr]    Compiling miette-derive v7.6.0
[INFO] [stderr]    Compiling tree-sitter-actions v0.10.0
[INFO] [stderr]     Checking supports-hyperlinks v3.2.0
[INFO] [stderr]     Checking supports-unicode v3.0.0
[INFO] [stderr]     Checking borrow-or-share v0.2.4
[INFO] [stderr]    Compiling pulldown-cmark v0.13.4
[INFO] [stderr]     Checking dirs-sys v0.5.0
[INFO] [stderr]     Checking dashmap v6.2.1
[INFO] [stderr]     Checking rayon v1.12.0
[INFO] [stderr]     Checking tracing v0.1.44
[INFO] [stderr]     Checking prettydiff v0.8.1
[INFO] [stderr]     Checking itertools v0.11.0
[INFO] [stderr]     Checking md-5 v0.10.6
[INFO] [stderr]     Checking sha1 v0.10.7
[INFO] [stderr]    Compiling blake3 v1.8.7
[INFO] [stderr]    Compiling pest v2.9.0
[INFO] [stderr]     Checking dirs v6.0.0
[INFO] [stderr]     Checking num-bigint v0.4.8
[INFO] [stderr]     Checking tracing-log v0.2.0
[INFO] [stderr]     Checking thread_local v1.1.10
[INFO] [stderr]     Checking petgraph v0.8.3
[INFO] [stderr]     Checking peg v0.8.6
[INFO] [stderr]     Checking shellexpand v3.1.2
[INFO] [stderr]     Checking num-iter v0.1.46
[INFO] [stderr]     Checking num-complex v0.4.6
[INFO] [stderr]    Compiling ahash v0.8.12
[INFO] [stderr]     Checking bit-vec v0.6.3
[INFO] [stderr]     Checking predicates-core v1.0.10
[INFO] [stderr]     Checking termtree v1.0.0
[INFO] [stderr]    Compiling time-macros v0.2.32
[INFO] [stderr]     Checking float-cmp v0.10.0
[INFO] [stderr]     Checking bit-set v0.5.3
[INFO] [stderr]     Checking vte v0.14.1
[INFO] [stderr]    Compiling assert_cmd v2.2.2
[INFO] [stderr]     Checking predicates-tree v1.0.13
[INFO] [stderr]     Checking strip-ansi-escapes v0.2.1
[INFO] [stderr]     Checking console v0.16.4
[INFO] [stdout] error[E0493]: destructor of `[(Op<R>, bool); N]` cannot be evaluated at compile-time
[INFO] [stdout]    --> /opt/rustwide/cargo-home/registry/src/index.crates.io-1949cf8c6b5b557f/pest-2.9.0/src/pratt_parser.rs:328:28
[INFO] [stdout]     |
[INFO] [stdout] 328 |     pub const fn new_const(ops: [(Op<R>, bool); N]) -> Self {
[INFO] [stdout]     |                            ^^^ the destructor for this type cannot be evaluated in constant functions
[INFO] [stdout] ...
[INFO] [stdout] 355 |     }
[INFO] [stdout]     |     - value is dropped here
[INFO] [stdout] 
[INFO] [stdout] 
[INFO] [stderr]     Checking wait-timeout v0.2.1
[INFO] [stderr] error: could not compile `pest` (lib) due to 1 previous error
[INFO] [stderr] 
[INFO] [stderr] Caused by:
[INFO] [stderr]   process didn't exit successfully: `/opt/rustwide/rustup-home/toolchains/c79f6bc4fc2389852aeff667626cb3e58adfe71c/bin/rustc --crate-name pest --edition=2021 /opt/rustwide/cargo-home/registry/src/index.crates.io-1949cf8c6b5b557f/pest-2.9.0/src/lib.rs --error-format=json --json=diagnostic-rendered-ansi,artifacts,future-incompat,unused-externs-silent --crate-type lib --emit=dep-info,metadata,link -Z embed-metadata=no -C embed-bitcode=no --cfg 'feature="default"' --cfg 'feature="memchr"' --cfg 'feature="std"' --check-cfg 'cfg(docsrs,test)' --check-cfg 'cfg(feature, values("const_prec_climber", "default", "memchr", "miette-error", "pretty-print", "std"))' -C metadata=9d020fb793c90b73 -C extra-filename=-4ed369c3c48d6d9a --out-dir /opt/rustwide/target/debug/build/pest/4ed369c3c48d6d9a/out --extern memchr=/opt/rustwide/target/debug/build/memchr/eb8ac1f1f77ae379/out/libmemchr-eb8ac1f1f77ae379.rmeta --extern ucd_trie=/opt/rustwide/target/debug/build/ucd-trie/9bcde3556d193e0f/out/libucd_trie-9bcde3556d193e0f.rmeta --cap-lints allow --cap-lints=forbid --force-warn=unused_crate_dependencies` (signal: 9, SIGKILL: kill)
[INFO] [stderr] warning: build failed, waiting for other jobs to finish...
[INFO] [stderr] error: could not compile `regex-automata` (lib)
[INFO] [stderr] 
[INFO] [stderr] Caused by:
[INFO] [stderr]   process didn't exit successfully: `/opt/rustwide/rustup-home/toolchains/c79f6bc4fc2389852aeff667626cb3e58adfe71c/bin/rustc --crate-name regex_automata --edition=2021 /opt/rustwide/cargo-home/registry/src/index.crates.io-1949cf8c6b5b557f/regex-automata-0.4.18/src/lib.rs --error-format=json --json=diagnostic-rendered-ansi,artifacts,future-incompat,unused-externs-silent --crate-type lib --emit=dep-info,metadata -C embed-bitcode=no -C debuginfo=2 --cfg 'feature="alloc"' --cfg 'feature="dfa"' --cfg 'feature="dfa-build"' --cfg 'feature="dfa-onepass"' --cfg 'feature="dfa-search"' --cfg 'feature="hybrid"' --cfg 'feature="meta"' --cfg 'feature="nfa"' --cfg 'feature="nfa-backtrack"' --cfg 'feature="nfa-pikevm"' --cfg 'feature="nfa-thompson"' --cfg 'feature="perf"' --cfg 'feature="perf-inline"' --cfg 'feature="perf-literal"' --cfg 'feature="perf-literal-multisubstring"' --cfg 'feature="perf-literal-substring"' --cfg 'feature="std"' --cfg 'feature="syntax"' --cfg 'feature="unicode"' --cfg 'feature="unicode-age"' --cfg 'feature="unicode-bool"' --cfg 'feature="unicode-case"' --cfg 'feature="unicode-gencat"' --cfg 'feature="unicode-perl"' --cfg 'feature="unicode-script"' --cfg 'feature="unicode-segment"' --cfg 'feature="unicode-word-boundary"' --check-cfg 'cfg(docsrs,test)' --check-cfg 'cfg(feature, values("alloc", "default", "dfa", "dfa-build", "dfa-onepass", "dfa-search", "hybrid", "internal-instrument", "internal-instrument-pikevm", "logging", "meta", "nfa", "nfa-backtrack", "nfa-pikevm", "nfa-thompson", "perf", "perf-inline", "perf-literal", "perf-literal-multisubstring", "perf-literal-substring", "std", "syntax", "unicode", "unicode-age", "unicode-bool", "unicode-case", "unicode-gencat", "unicode-perl", "unicode-script", "unicode-segment", "unicode-word-boundary"))' -C metadata=bd485008eda0f3a5 -C extra-filename=-397df712e04e12c8 --out-dir /opt/rustwide/target/debug/build/regex-automata/397df712e04e12c8/out -L dependency=/opt/rustwide/target/debug/build/memchr/b924193483665774/out --extern aho_corasick=/opt/rustwide/target/debug/build/aho-corasick/e5eb68f430059ec7/out/libaho_corasick-e5eb68f430059ec7.rmeta --extern memchr=/opt/rustwide/target/debug/build/memchr/b924193483665774/out/libmemchr-b924193483665774.rmeta --extern regex_syntax=/opt/rustwide/target/debug/build/regex-syntax/aa2c0ef21912879c/out/libregex_syntax-aa2c0ef21912879c.rmeta --cap-lints allow --cap-lints=forbid --force-warn=unused_crate_dependencies` (signal: 9, SIGKILL: kill)
[INFO] [stdout] error[E0493]: destructor of `[(Op<R>, bool); N]` cannot be evaluated at compile-time
[INFO] [stdout]    --> /opt/rustwide/cargo-home/registry/src/index.crates.io-1949cf8c6b5b557f/pest-2.9.0/src/pratt_parser.rs:328:28
[INFO] [stdout]     |
[INFO] [stdout] 328 |     pub const fn new_const(ops: [(Op<R>, bool); N]) -> Self {
[INFO] [stdout]     |                            ^^^ the destructor for this type cannot be evaluated in constant functions
[INFO] [stdout] ...
[INFO] [stdout] 355 |     }
[INFO] [stdout]     |     - value is dropped here
[INFO] [stdout] 
[INFO] [stdout] 
[INFO] [stdout] For more information about this error, try `rustc --explain E0493`.
[INFO] [stdout] 
[INFO] [stderr] error: could not compile `pest` (lib) due to 1 previous error
[INFO] running `Command { std: "docker" "inspect" "f1852a9d8d7f6db950d857beb00b53eaf9474e5bc7d3cbe13e44ddc5b3dc38d8", kill_on_drop: false }`
[INFO] running `Command { std: "docker" "rm" "-f" "f1852a9d8d7f6db950d857beb00b53eaf9474e5bc7d3cbe13e44ddc5b3dc38d8", kill_on_drop: false }`
[INFO] [stdout] f1852a9d8d7f6db950d857beb00b53eaf9474e5bc7d3cbe13e44ddc5b3dc38d8
