[INFO] fetching crate tycho-simulation 0.461.2...
[INFO] checking tycho-simulation-0.461.2 against 34f4a807e2d84184fff4e42d4539092569b6fcd6 for pr-164081
[INFO] extracting crate tycho-simulation 0.461.2 into /workspace/builds/worker-2-tc1/source
[INFO] started tweaking crates.io crate tycho-simulation 0.461.2
[INFO] removed 0 missing examples
[INFO] removed 0 missing tests
[INFO] finished tweaking crates.io crate tycho-simulation 0.461.2
[INFO] tweaked toml for crates.io crate tycho-simulation 0.461.2 written to /workspace/builds/worker-2-tc1/source/Cargo.toml
[INFO] validating manifest of crates.io crate tycho-simulation 0.461.2 on toolchain 34f4a807e2d84184fff4e42d4539092569b6fcd6
[INFO] running `Command { std: CARGO_HOME="/workspace/cargo-home" RUSTUP_HOME="/workspace/rustup-home" "/workspace/cargo-home/bin/cargo" "+34f4a807e2d84184fff4e42d4539092569b6fcd6" "metadata" "--manifest-path" "Cargo.toml" "--no-deps", kill_on_drop: false }`
[INFO] crate crates.io crate tycho-simulation 0.461.2 already has a lockfile, it will not be regenerated
[INFO] running `Command { std: CARGO_HOME="/workspace/cargo-home" RUSTUP_HOME="/workspace/rustup-home" "/workspace/cargo-home/bin/cargo" "+34f4a807e2d84184fff4e42d4539092569b6fcd6" "fetch" "--manifest-path" "Cargo.toml", kill_on_drop: false }`
[INFO] [stderr]     Updating crates.io index
[INFO] [stderr]     Blocking waiting for file lock on package cache
[INFO] [stderr]  Downloading crates ...
[INFO] [stderr]   Downloaded uuid v1.18.1
[INFO] [stderr]   Downloaded typetag v0.2.21
[INFO] [stderr]   Downloaded strum v0.25.0
[INFO] [stderr]   Downloaded deepsize_derive v0.1.2
[INFO] [stderr]   Downloaded deepsize v0.2.0
[INFO] [stderr]   Downloaded potential_utf v0.1.3
[INFO] [stderr]   Downloaded uuid-macro-internal v1.18.1
[INFO] [stderr]   Downloaded typetag-impl v0.2.21
[INFO] [stderr]   Downloaded compression-core v0.4.29
[INFO] [stderr]   Downloaded inventory v0.3.21
[INFO] [stderr]   Downloaded erased-serde v0.4.6
[INFO] [stderr]   Downloaded strum_macros v0.25.3
[INFO] [stderr]   Downloaded find-msvc-tools v0.1.0
[INFO] [stderr]   Downloaded compression-codecs v0.4.31
[INFO] [stderr]   Downloaded zmij v1.0.16
[INFO] [stderr]   Downloaded anyhow v1.0.76
[INFO] [stderr]   Downloaded wit-bindgen v0.45.0
[INFO] [stderr]   Downloaded utoipa v4.2.3
[INFO] [stderr]   Downloaded tempfile v3.21.0
[INFO] [stderr]   Downloaded cc v1.2.35
[INFO] [stderr]   Downloaded futures v0.1.31
[INFO] [stderr]   Downloaded io-uring v0.7.10
[INFO] [stderr]   Downloaded wasi v0.14.3+wasi-0.2.4
[INFO] [stderr]   Downloaded indexmap v2.11.0
[INFO] [stderr]   Downloaded async-compression v0.4.32
[INFO] [stderr]   Downloaded tycho-common v0.461.2
[INFO] [stderr]   Downloaded zerovec v0.11.4
[INFO] [stderr]   Downloaded utoipa-gen v4.3.1
[INFO] [stderr]   Downloaded reqwest v0.12.23
[INFO] [stderr]   Downloaded metrics v0.24.2
[INFO] [stderr]   Downloaded clap_derive v4.5.55
[INFO] [stderr]   Downloaded hyper v1.7.0
[INFO] [stderr]   Downloaded anstream v0.6.20
[INFO] [stderr]   Downloaded anstyle-query v1.1.4
[INFO] [stderr]   Downloaded web-sys v0.3.95
[INFO] [stderr]   Downloaded anstyle-wincon v3.0.10
[INFO] [stderr]   Downloaded clap_builder v4.5.60
[INFO] [stderr]   Downloaded alloy-trie v0.9.5
[INFO] [stderr]   Downloaded ruint v1.20.0
[INFO] [stderr]   Downloaded tycho-execution v0.461.2
[INFO] [stderr]   Downloaded alloy v1.8.3
[INFO] [stderr]   Downloaded nybbles v0.4.3
[INFO] [stderr]   Downloaded winnow v0.7.13
[INFO] [stderr]   Downloaded clap v4.5.60
[INFO] [stderr]   Downloaded deranged v0.5.3
[INFO] [stderr]   Downloaded keccak v0.2.1
[INFO] [stderr]   Downloaded winapi-util v0.1.10
[INFO] [stderr]   Downloaded alloy-json-abi v1.5.7
[INFO] [stderr]   Downloaded alloy-transport v1.8.3
[INFO] [stderr]   Downloaded turnkey_api_key_stamper v0.6.2
[INFO] [stderr]   Downloaded alloy-signer v1.8.3
[INFO] [stderr]   Downloaded alloy-sol-macro-input v1.5.7
[INFO] [stderr]   Downloaded alloy-dyn-abi v1.5.7
[INFO] [stderr]   Downloaded alloy-eip7928 v0.3.4
[INFO] [stderr]   Downloaded alloy-sol-macro-expander v1.5.7
[INFO] [stderr]   Downloaded alloy-rpc-types-eth v1.8.3
[INFO] [stderr]   Downloaded alloy-signer-local v1.8.3
[INFO] [stderr]   Downloaded alloy-transport-http v1.8.3
[INFO] [stderr]   Downloaded turnkey_client v0.6.2
[INFO] [stderr]   Downloaded alloy-signer-ledger v1.8.3
[INFO] [stderr]   Downloaded alloy-consensus v1.8.3
[INFO] [stderr]   Downloaded prost-derive v0.12.6
[INFO] [stderr]   Downloaded alloy-tx-macros v1.8.3
[INFO] [stderr]   Downloaded alloy-sol-macro v1.5.7
[INFO] [stderr]   Downloaded alloy-signer-turnkey v1.8.3
[INFO] [stderr]   Downloaded alloy-rpc-types-any v1.8.3
[INFO] [stderr]   Downloaded aws-smithy-query v0.60.7
[INFO] [stderr]   Downloaded tonic-prost v0.14.5
[INFO] [stderr]   Downloaded prost-derive v0.14.3
[INFO] [stderr]   Downloaded secret-vault-value v1.0.1
[INFO] [stderr]   Downloaded const-hex v1.15.0
[INFO] [stderr]   Downloaded alloy-sol-type-parser v1.5.7
[INFO] [stderr]   Downloaded prost v0.12.6
[INFO] [stderr]   Downloaded prost v0.14.3
[INFO] [stderr]   Downloaded simple_asn1 v0.6.4
[INFO] [stderr]   Downloaded alloy-hardforks v0.2.13
[INFO] [stderr]   Downloaded alloy-rpc-types-debug v1.8.3
[INFO] [stderr]   Downloaded alloy-consensus-any v1.8.3
[INFO] [stderr]   Downloaded alloy-signer-gcp v1.8.3
[INFO] [stderr]   Downloaded aws-credential-types v1.2.6
[INFO] [stderr]   Downloaded aws-smithy-http v0.62.3
[INFO] [stderr]   Downloaded alloy-rpc-types v1.8.3
[INFO] [stderr]   Downloaded alloy-json-rpc v1.8.3
[INFO] [stderr]   Downloaded prost-types v0.12.6
[INFO] [stderr]   Downloaded alloy-network v1.8.3
[INFO] [stderr]   Downloaded alloy-network-primitives v1.8.3
[INFO] [stderr]   Downloaded rstest_reuse v0.7.0
[INFO] [stderr]   Downloaded alloy-signer-aws v1.8.3
[INFO] [stderr]   Downloaded rusb v0.9.4
[INFO] [stderr]   Downloaded borsh-derive v1.6.1
[INFO] [stderr]   Downloaded aws-smithy-json v0.61.5
[INFO] [stderr]   Downloaded az v1.3.0
[INFO] [stderr]   Downloaded instability v0.3.12
[INFO] [stderr]   Downloaded syn-solidity v1.5.7
[INFO] [stderr]   Downloaded alloy-rpc-types-anvil v1.8.3
[INFO] [stderr]   Downloaded alloy-node-bindings v1.8.3
[INFO] [stderr]   Downloaded alloy-core v1.5.7
[INFO] [stderr]   Downloaded predicates-tree v1.0.12
[INFO] [stderr]   Downloaded predicates-core v1.0.9
[INFO] [stderr]   Downloaded downcast v0.11.0
[INFO] [stderr]   Downloaded enum_delegate v0.2.0
[INFO] [stderr]   Downloaded enum_delegate_lib v0.2.0
[INFO] [stderr]   Downloaded dotenv v0.15.0
[INFO] [stderr]   Downloaded aws-types v1.3.8
[INFO] [stderr]   Downloaded aws-smithy-xml v0.60.10
[INFO] [stderr]   Downloaded revm-database-interface v7.0.5
[INFO] [stderr]   Downloaded tokio-tungstenite v0.28.0
[INFO] [stderr]   Downloaded sketches-ddsketch v0.3.0
[INFO] [stderr]   Downloaded alloy-sol-types v1.5.7
[INFO] [stderr]   Downloaded borsh v1.6.1
[INFO] [stderr]   Downloaded revm-state v7.0.5
[INFO] [stderr]   Downloaded jsonwebtoken v10.3.0
[INFO] [stderr]   Downloaded revm-primitives v20.2.1
[INFO] [stderr]   Downloaded uint v0.10.0
[INFO] [stderr]   Downloaded dialoguer v0.10.4
[INFO] [stderr]   Downloaded prost-types v0.14.3
[INFO] [stderr]   Downloaded regex-lite v0.1.7
[INFO] [stderr]   Downloaded revm v29.0.1
[INFO] [stderr]   Downloaded revm-context v9.1.0
[INFO] [stderr]   Downloaded revm-context-interface v10.2.0
[INFO] [stderr]   Downloaded revm-inspector v10.0.1
[INFO] [stderr]   Downloaded mockito v1.7.0
[INFO] [stderr]   Downloaded mockall v0.13.1
[INFO] [stderr]   Downloaded mockall_derive v0.13.1
[INFO] [stderr]   Downloaded tonic v0.14.5
[INFO] [stderr]   Downloaded fragile v2.0.1
[INFO] [stderr]   Downloaded alloy-rpc-client v1.8.3
[INFO] [stderr]   Downloaded evm_ekubo_sdk v0.6.5
[INFO] [stderr]   Downloaded coins-ledger v0.13.0
[INFO] [stderr]   Downloaded alloy-rpc-types-trace v1.8.3
[INFO] [stderr]   Downloaded rstest v0.23.0
[INFO] [stderr]   Downloaded aws-sigv4 v1.3.4
[INFO] [stderr]   Downloaded revm-bytecode v6.2.2
[INFO] [stderr]   Downloaded revm-database v7.0.5
[INFO] [stderr]   Downloaded lunarbase-pmm-math v0.4.1
[INFO] [stderr]   Downloaded aws-smithy-runtime-api v1.9.0
[INFO] [stderr]   Downloaded aws-runtime v1.5.10
[INFO] [stderr]   Downloaded alloy-chains v0.2.39
[INFO] [stderr]   Downloaded rstest_macros v0.23.0
[INFO] [stderr]   Downloaded revm-interpreter v25.0.3
[INFO] [stderr]   Downloaded revm-handler v10.0.1
[INFO] [stderr]   Downloaded metrics-util v0.20.0
[INFO] [stderr]   Downloaded ekubo_sdk v3.1.2
[INFO] [stderr]   Downloaded starknet-types-core v1.0.0
[INFO] [stderr]   Downloaded aws-smithy-runtime v1.9.1
[INFO] [stderr]   Downloaded revm-precompile v27.0.0
[INFO] [stderr]   Downloaded alloy-primitives v0.6.4
[INFO] [stderr]   Downloaded revm-inspectors v0.30.1
[INFO] [stderr]   Downloaded raw-cpuid v11.5.0
[INFO] [stderr]   Downloaded balancer-maths-rust v0.5.0
[INFO] [stderr]   Downloaded reqwest v0.13.2
[INFO] [stderr]   Downloaded aws-config v1.8.6
[INFO] [stderr]   Downloaded foundry-block-explorers v0.22.0
[INFO] [stderr]   Downloaded tycho-ethereum v0.461.2
[INFO] [stderr]   Downloaded tycho-client v0.461.2
[INFO] [stderr]   Downloaded aws-sdk-sts v1.85.0
[INFO] [stderr]   Downloaded alloy-provider v1.8.3
[INFO] [stderr]   Downloaded hidapi-rusb v1.3.3
[INFO] [stderr]   Downloaded lambdaworks-crypto v0.13.0
[INFO] [stderr]   Downloaded libusb1-sys v0.7.0
[INFO] [stderr]   Downloaded lambdaworks-math v0.13.0
[INFO] [stderr]   Downloaded alloy-genesis v1.8.3
[INFO] [stderr]   Downloaded blst v0.3.15
[INFO] [stderr]   Downloaded rug v1.29.0
[INFO] [stderr]   Downloaded aws-sdk-kms v1.86.0
[INFO] [stderr]   Downloaded c-kzg v2.1.1
[INFO] [stderr]   Downloaded gmp-mpfr-sys v1.7.0
[INFO] [stderr]   Downloaded gcloud-sdk v0.29.0
[INFO] running `Command { std: "docker" "create" "-v" "/var/lib/crater-agent-workspace/builds/worker-2-tc1/source:/opt/rustwide/workdir:ro,Z" "-v" "/var/lib/crater-agent-workspace/builds/worker-2-tc1/target:/opt/rustwide/target:rw,Z" "-v" "/var/lib/crater-agent-workspace/cargo-home:/opt/rustwide/cargo-home:ro,Z" "-v" "/var/lib/crater-agent-workspace/rustup-home:/opt/rustwide/rustup-home:ro,Z" "-m" "1610612736" "--network" "none" "ghcr.io/rust-lang/crates-build-env/linux@sha256:77db811e55d90add9212f6832c23229e3de5f1c1f9905e8cb07319ea15df73ac" "sleep" "infinity", kill_on_drop: false }`
[INFO] [stdout] c9de81fd21e0f0158420bdbe302b30a790818076c7691e9dc0b38cf1a2a0ebb0
[INFO] running `Command { std: "docker" "start" "c9de81fd21e0f0158420bdbe302b30a790818076c7691e9dc0b38cf1a2a0ebb0", kill_on_drop: false }`
[INFO] running `Command { std: "docker" "inspect" "c9de81fd21e0f0158420bdbe302b30a790818076c7691e9dc0b38cf1a2a0ebb0", kill_on_drop: false }`
[INFO] running `Command { std: "docker" "exec" "-e" "SOURCE_DIR=/opt/rustwide/workdir" "-e" "CARGO_HOME=/opt/rustwide/cargo-home" "-e" "RUSTUP_HOME=/opt/rustwide/rustup-home" "-e" "CARGO_TARGET_DIR=/opt/rustwide/target" "-w" "/opt/rustwide/workdir" "--user" "0:0" "c9de81fd21e0f0158420bdbe302b30a790818076c7691e9dc0b38cf1a2a0ebb0" "/opt/rustwide/cargo-home/bin/cargo" "+34f4a807e2d84184fff4e42d4539092569b6fcd6" "metadata" "--no-deps" "--format-version=1", kill_on_drop: false }`
[INFO] running `Command { std: "docker" "inspect" "c9de81fd21e0f0158420bdbe302b30a790818076c7691e9dc0b38cf1a2a0ebb0", kill_on_drop: false }`
[INFO] running `Command { std: "docker" "exec" "-e" "SOURCE_DIR=/opt/rustwide/workdir" "-e" "CARGO_HOME=/opt/rustwide/cargo-home" "-e" "RUSTUP_HOME=/opt/rustwide/rustup-home" "-e" "CARGO_TARGET_DIR=/opt/rustwide/target" "-e" "CARGO_INCREMENTAL=0" "-e" "RUST_BACKTRACE=full" "-e" "RUSTFLAGS=--cap-lints=forbid" "-e" "RUSTDOCFLAGS=--cap-lints=forbid" "-w" "/opt/rustwide/workdir" "--user" "0:0" "c9de81fd21e0f0158420bdbe302b30a790818076c7691e9dc0b38cf1a2a0ebb0" "/opt/rustwide/cargo-home/bin/cargo" "+34f4a807e2d84184fff4e42d4539092569b6fcd6" "check" "--frozen" "--all" "--all-targets" "--message-format=json", kill_on_drop: false }`
[INFO] [stderr]    Compiling proc-macro2 v1.0.101
[INFO] [stderr]    Compiling libc v0.2.185
[INFO] [stderr]     Checking cfg-if v1.0.3
[INFO] [stderr]    Compiling typenum v1.18.0
[INFO] [stderr]    Compiling zerocopy v0.8.26
[INFO] [stderr]     Checking subtle v2.6.1
[INFO] [stderr]     Checking const-oid v0.9.6
[INFO] [stderr]    Compiling getrandom v0.3.3
[INFO] [stderr]    Compiling find-msvc-tools v0.1.0
[INFO] [stderr]    Compiling generic-array v0.14.7
[INFO] [stderr]    Compiling num-traits v0.2.19
[INFO] [stderr]     Checking memchr v2.7.5
[INFO] [stderr]     Checking hashbrown v0.15.5
[INFO] [stderr]    Compiling ruint-macro v1.2.1
[INFO] [stderr]     Checking base16ct v0.2.0
[INFO] [stderr]     Checking foldhash v0.2.0
[INFO] [stderr]     Checking keccak v0.2.1
[INFO] [stderr]    Compiling zmij v1.0.16
[INFO] [stderr]    Compiling winnow v0.7.13
[INFO] [stderr]    Compiling serde_json v1.0.149
[INFO] [stderr]     Checking hashbrown v0.17.1
[INFO] [stderr]    Compiling serde v1.0.228
[INFO] [stderr]     Checking tracing-core v0.1.34
[INFO] [stderr]    Compiling thiserror v2.0.16
[INFO] [stderr]     Checking bitflags v2.11.1
[INFO] [stderr]    Compiling itoa v1.0.15
[INFO] [stderr]    Compiling quote v1.0.40
[INFO] [stderr]    Compiling cpufeatures v0.2.17
[INFO] [stderr]    Compiling ruint v1.20.0
[INFO] [stderr]    Compiling syn v2.0.117
[INFO] [stderr]    Compiling indexmap v2.11.0
[INFO] [stderr]     Checking futures v0.1.31
[INFO] [stderr]    Compiling proc-macro-error-attr2 v2.0.0
[INFO] [stderr]    Compiling keccak v0.1.5
[INFO] [stderr]     Checking writeable v0.6.1
[INFO] [stderr]     Checking getrandom v0.2.16
[INFO] [stderr]     Checking rand_core v0.6.4
[INFO] [stderr]     Checking getrandom v0.4.2
[INFO] [stderr]     Checking signal-hook-registry v1.4.6
[INFO] [stderr]     Checking mio v1.0.4
[INFO] [stderr]     Checking socket2 v0.6.0
[INFO] [stderr]    Compiling jobserver v0.1.34
[INFO] [stderr]     Checking litemap v0.8.0
[INFO] [stderr]     Checking ff v0.13.1
[INFO] [stderr]    Compiling icu_normalizer_data v2.0.0
[INFO] [stderr]     Checking crc-catalog v2.4.0
[INFO] [stderr]    Compiling cc v1.2.35
[INFO] [stderr]    Compiling icu_properties_data v2.0.1
[INFO] [stderr]     Checking crc v3.3.0
[INFO] [stderr]     Checking num-integer v0.1.46
[INFO] [stderr]    Compiling rustls v0.23.46
[INFO] [stderr]     Checking group v0.13.0
[INFO] [stderr]    Compiling ahash v0.8.12
[INFO] [stderr]    Compiling hybrid-array v0.4.10
[INFO] [stderr]     Checking iri-string v0.7.8
[INFO] [stderr]     Checking futures-utils-wasm v0.1.0
[INFO] [stderr]    Compiling openssl v0.10.73
[INFO] [stderr]     Checking siphasher v1.0.1
[INFO] [stderr]    Compiling native-tls v0.2.14
[INFO] [stderr]    Compiling rustix v1.0.8
[INFO] [stderr]    Compiling syn v1.0.109
[INFO] [stderr]     Checking phf_shared v0.14.0
[INFO] [stderr]     Checking fastrand v2.3.0
[INFO] [stderr]     Checking aho-corasick v1.1.3
[INFO] [stderr]    Compiling toml_edit v0.22.27
[INFO] [stderr]     Checking hashbrown v0.16.1
[INFO] [stderr]    Compiling block-buffer v0.10.4
[INFO] [stderr]    Compiling crypto-common v0.1.6
[INFO] [stderr]     Checking phf v0.14.0
[INFO] [stderr]    Compiling proc-macro-error-attr v1.0.4
[INFO] [stderr]    Compiling block-buffer v0.12.0
[INFO] [stderr]    Compiling crypto-common v0.2.1
[INFO] [stderr]    Compiling digest v0.10.7
[INFO] [stderr]    Compiling cmake v0.1.54
[INFO] [stderr]    Compiling semver v1.0.26
[INFO] [stderr]    Compiling sha3 v0.10.8
[INFO] [stderr]    Compiling anyhow v1.0.76
[INFO] [stderr]     Checking anstyle v1.0.11
[INFO] [stderr]    Compiling crunchy v0.2.4
[INFO] [stderr]     Checking num_cpus v1.17.0
[INFO] [stderr]    Compiling proc-macro-error v1.0.4
[INFO] [stderr]     Checking lru v0.16.3
[INFO] [stderr]     Checking hashbrown v0.14.5
[INFO] [stderr]     Checking regex-syntax v0.8.6
[INFO] [stderr]     Checking threadpool v1.8.1
[INFO] [stderr]    Compiling aws-lc-sys v0.45.0
[INFO] [stderr]    Compiling ring v0.17.14
[INFO] [stderr]    Compiling openssl-sys v0.9.109
[INFO] [stderr]    Compiling zstd-sys v2.0.15+zstd.1.5.7
[INFO] [stderr]    Compiling blst v0.3.15
[INFO] [stderr]    Compiling num-bigint v0.4.6
[INFO] [stderr]    Compiling digest v0.11.2
[INFO] [stderr]    Compiling secp256k1-sys v0.11.0
[INFO] [stderr]    Compiling sha3 v0.11.0
[INFO] [stderr]    Compiling c-kzg v2.1.1
[INFO] [stderr]     Checking tempfile v3.21.0
[INFO] [stderr]     Checking num-iter v0.1.45
[INFO] [stderr]     Checking num-complex v0.4.6
[INFO] [stderr]    Compiling proc-macro-crate v3.3.0
[INFO] [stderr]     Checking anstyle-query v1.1.4
[INFO] [stderr]    Compiling typetag v0.2.21
[INFO] [stderr]    Compiling tiny-keccak v2.0.2
[INFO] [stderr]     Checking compression-core v0.4.29
[INFO] [stderr]     Checking anstream v0.6.20
[INFO] [stderr]     Checking utf-8 v0.7.6
[INFO] [stderr]     Checking inventory v0.3.21
[INFO] [stderr]    Compiling synstructure v0.13.2
[INFO] [stderr]    Compiling syn-solidity v1.5.7
[INFO] [stderr]    Compiling macro-string v0.1.4
[INFO] [stderr]    Compiling proc-macro-error2 v2.0.1
[INFO] [stderr]    Compiling darling_core v0.21.3
[INFO] [stderr]     Checking regex-automata v0.4.14
[INFO] [stderr]     Checking data-encoding v2.9.0
[INFO] [stderr]     Checking clap_builder v4.5.60
[INFO] [stderr]     Checking encoding_rs v0.8.35
[INFO] [stderr]     Checking strum v0.25.0
[INFO] [stderr]     Checking deranged v0.5.3
[INFO] [stderr]    Compiling rustc_version v0.4.1
[INFO] [stderr] error: could not compile `syn` (lib)
[INFO] [stderr] 
[INFO] [stderr] Caused by:
[INFO] [stderr]   process didn't exit successfully: `/opt/rustwide/rustup-home/toolchains/34f4a807e2d84184fff4e42d4539092569b6fcd6/bin/rustc --crate-name syn --edition=2021 /opt/rustwide/cargo-home/registry/src/index.crates.io-1949cf8c6b5b557f/syn-2.0.117/src/lib.rs --error-format=json --json=diagnostic-rendered-ansi,artifacts,future-incompat,unused-externs-silent --crate-type lib --emit=dep-info,metadata,link -Z embed-metadata=no -C embed-bitcode=no --cfg 'feature="clone-impls"' --cfg 'feature="default"' --cfg 'feature="derive"' --cfg 'feature="extra-traits"' --cfg 'feature="fold"' --cfg 'feature="full"' --cfg 'feature="parsing"' --cfg 'feature="printing"' --cfg 'feature="proc-macro"' --cfg 'feature="visit"' --cfg 'feature="visit-mut"' --check-cfg 'cfg(docsrs,test)' --check-cfg 'cfg(feature, values("clone-impls", "default", "derive", "extra-traits", "fold", "full", "parsing", "printing", "proc-macro", "test", "visit", "visit-mut"))' -C metadata=753d0c69d8404c35 -C extra-filename=-3f5c6eb8ad6aede6 --out-dir /opt/rustwide/target/debug/build/syn/3f5c6eb8ad6aede6/out -L dependency=/opt/rustwide/target/debug/build/proc-macro2/de7ee06c3fe72efe/out -L dependency=/opt/rustwide/target/debug/build/unicode-ident/b3925cc8f83e9ac1/out --extern proc_macro2=/opt/rustwide/target/debug/build/proc-macro2/de7ee06c3fe72efe/out/libproc_macro2-de7ee06c3fe72efe.rmeta --extern quote=/opt/rustwide/target/debug/build/quote/6d61887bd730fe19/out/libquote-6d61887bd730fe19.rmeta --extern unicode_ident=/opt/rustwide/target/debug/build/unicode-ident/b3925cc8f83e9ac1/out/libunicode_ident-b3925cc8f83e9ac1.rmeta --cap-lints allow --cap-lints=forbid --force-warn=unused_crate_dependencies` (signal: 9, SIGKILL: kill)
[INFO] [stderr] warning: build failed, waiting for other jobs to finish...
[INFO] [stderr] error: could not compile `syn` (lib)
[INFO] [stderr] 
[INFO] [stderr] Caused by:
[INFO] [stderr]   process didn't exit successfully: `/opt/rustwide/rustup-home/toolchains/34f4a807e2d84184fff4e42d4539092569b6fcd6/bin/rustc --crate-name syn --edition=2018 /opt/rustwide/cargo-home/registry/src/index.crates.io-1949cf8c6b5b557f/syn-1.0.109/src/lib.rs --error-format=json --json=diagnostic-rendered-ansi,artifacts,future-incompat,unused-externs-silent --crate-type lib --emit=dep-info,metadata,link -Z embed-metadata=no -C embed-bitcode=no --cfg 'feature="clone-impls"' --cfg 'feature="default"' --cfg 'feature="derive"' --cfg 'feature="full"' --cfg 'feature="parsing"' --cfg 'feature="printing"' --cfg 'feature="proc-macro"' --cfg 'feature="quote"' --check-cfg 'cfg(docsrs,test)' --check-cfg 'cfg(feature, values("clone-impls", "default", "derive", "extra-traits", "fold", "full", "parsing", "printing", "proc-macro", "quote", "test", "visit", "visit-mut"))' -C metadata=37933f5f4fdf58fc -C extra-filename=-1ecc6a16b5c83c39 --out-dir /opt/rustwide/target/debug/build/syn/1ecc6a16b5c83c39/out -L dependency=/opt/rustwide/target/debug/build/proc-macro2/de7ee06c3fe72efe/out -L dependency=/opt/rustwide/target/debug/build/unicode-ident/b3925cc8f83e9ac1/out --extern proc_macro2=/opt/rustwide/target/debug/build/proc-macro2/de7ee06c3fe72efe/out/libproc_macro2-de7ee06c3fe72efe.rmeta --extern quote=/opt/rustwide/target/debug/build/quote/6d61887bd730fe19/out/libquote-6d61887bd730fe19.rmeta --extern unicode_ident=/opt/rustwide/target/debug/build/unicode-ident/b3925cc8f83e9ac1/out/libunicode_ident-b3925cc8f83e9ac1.rmeta --cap-lints allow --cap-lints=forbid --force-warn=unused_crate_dependencies` (signal: 9, SIGKILL: kill)
[INFO] [stderr] warning: secp256k1-sys@0.11.0: cc: fatal error: Killed signal terminated program cc1
[INFO] [stderr] warning: secp256k1-sys@0.11.0: compilation terminated.
[INFO] [stderr] warning: secp256k1-sys@0.11.0: ToolExecError: command did not execute successfully (status code exit status: 1): LC_ALL="C" "cc" "-O0" "-ffunction-sections" "-fdata-sections" "-fPIC" "-gdwarf-4" "-fno-omit-frame-pointer" "-m64" "-I" "depend/secp256k1/" "-I" "depend/secp256k1/include" "-I" "depend/secp256k1/src" "-Wall" "-Wextra" "-Wno-unused-function" "-Wno-unused-parameter" "-DSECP256K1_API=" "-DENABLE_MODULE_ECDH=1" "-DENABLE_MODULE_SCHNORRSIG=1" "-DENABLE_MODULE_EXTRAKEYS=1" "-DENABLE_MODULE_ELLSWIFT=1" "-Dprintf(...)=" "-DECMULT_GEN_PREC_BITS=4" "-DECMULT_WINDOW_SIZE=15" "-DUSE_EXTERNAL_DEFAULT_CALLBACKS=1" "-DENABLE_MODULE_RECOVERY=1" "-o" "/opt/rustwide/target/debug/build/secp256k1-sys/acb9933e6e307106/out/fce6141bfa9bf74c-precomputed_ecmult.o" "-c" "depend/secp256k1/src/precomputed_ecmult.c"
[INFO] [stderr] warning: secp256k1-sys@0.11.0: In file included from depend/secp256k1/src/secp256k1.c:39:
[INFO] [stderr] warning: secp256k1-sys@0.11.0: depend/secp256k1/src/hsort_impl.h: In function 'rustsecp256k1_v0_11_heap_swap64':
[INFO] [stderr] warning: secp256k1-sys@0.11.0: depend/secp256k1/src/hsort_impl.h:30:5: error: implicit declaration of function 'memmove' [-Wimplicit-function-declaration]
[INFO] [stderr] warning: secp256k1-sys@0.11.0:    30 |     memmove(a, b, len);
[INFO] [stderr] warning: secp256k1-sys@0.11.0:       |     ^~~~~~~
[INFO] [stderr] warning: secp256k1-sys@0.11.0: depend/secp256k1/src/hsort_impl.h:11:1: note: include '<string.h>' or provide a declaration of 'memmove'
[INFO] [stderr] warning: secp256k1-sys@0.11.0:    10 | #include "hsort.h"
[INFO] [stderr] warning: secp256k1-sys@0.11.0:   +++ |+#include <string.h>
[INFO] [stderr] warning: secp256k1-sys@0.11.0:    11 | 
[INFO] [stderr] warning: secp256k1-sys@0.11.0: depend/secp256k1/src/hsort_impl.h:30:5: warning: incompatible implicit declaration of built-in function 'memmove' [-Wbuiltin-declaration-mismatch]
[INFO] [stderr] warning: secp256k1-sys@0.11.0:    30 |     memmove(a, b, len);
[INFO] [stderr] warning: secp256k1-sys@0.11.0:       |     ^~~~~~~
[INFO] [stderr] warning: secp256k1-sys@0.11.0: depend/secp256k1/src/hsort_impl.h:30:5: note: include '<string.h>' or provide a declaration of 'memmove'
[INFO] [stderr] warning: secp256k1-sys@0.11.0: ToolExecError: command did not execute successfully (status code exit status: 1): LC_ALL="C" "cc" "-O0" "-ffunction-sections" "-fdata-sections" "-fPIC" "-gdwarf-4" "-fno-omit-frame-pointer" "-m64" "-I" "depend/secp256k1/" "-I" "depend/secp256k1/include" "-I" "depend/secp256k1/src" "-I" "wasm/wasm-sysroot" "-Wall" "-Wextra" "-Wno-unused-function" "-Wno-unused-parameter" "-DSECP256K1_API=" "-DENABLE_MODULE_ECDH=1" "-DENABLE_MODULE_SCHNORRSIG=1" "-DENABLE_MODULE_EXTRAKEYS=1" "-DENABLE_MODULE_ELLSWIFT=1" "-Dprintf(...)=" "-DECMULT_GEN_PREC_BITS=4" "-DECMULT_WINDOW_SIZE=15" "-DUSE_EXTERNAL_DEFAULT_CALLBACKS=1" "-DENABLE_MODULE_RECOVERY=1" "-o" "/opt/rustwide/target/debug/build/secp256k1-sys/acb9933e6e307106/out/fce6141bfa9bf74c-secp256k1.o" "-c" "depend/secp256k1/src/secp256k1.c"
[INFO] [stderr] error: failed to run custom build command for `secp256k1-sys v0.11.0`
[INFO] [stderr] note: To improve backtraces for build dependencies, set the CARGO_PROFILE_DEV_BUILD_OVERRIDE_DEBUG=true environment variable to enable debug information generation.
[INFO] [stderr] 
[INFO] [stderr] Caused by:
[INFO] [stderr]   process didn't exit successfully: `/opt/rustwide/target/debug/build/secp256k1-sys/ffff8d1b955e274a/out/build_script_build` (exit status: 1)
[INFO] [stderr]   --- stdout
[INFO] [stderr]   OUT_DIR = Some(/opt/rustwide/target/debug/build/secp256k1-sys/acb9933e6e307106/out)
[INFO] [stderr]   OPT_LEVEL = Some(0)
[INFO] [stderr]   TARGET = Some(x86_64-unknown-linux-gnu)
[INFO] [stderr]   HOST = Some(x86_64-unknown-linux-gnu)
[INFO] [stderr]   cargo:rerun-if-env-changed=CC_x86_64-unknown-linux-gnu
[INFO] [stderr]   CC_x86_64-unknown-linux-gnu = None
[INFO] [stderr]   cargo:rerun-if-env-changed=CC_x86_64_unknown_linux_gnu
[INFO] [stderr]   CC_x86_64_unknown_linux_gnu = None
[INFO] [stderr]   cargo:rerun-if-env-changed=HOST_CC
[INFO] [stderr]   HOST_CC = None
[INFO] [stderr]   cargo:rerun-if-env-changed=CC
[INFO] [stderr]   CC = None
[INFO] [stderr]   cargo:rerun-if-env-changed=CC_ENABLE_DEBUG_OUTPUT
[INFO] [stderr]   RUSTC_WRAPPER = None
[INFO] [stderr]   cargo:rerun-if-env-changed=CRATE_CC_NO_DEFAULTS
[INFO] [stderr]   CRATE_CC_NO_DEFAULTS = None
[INFO] [stderr]   DEBUG = Some(true)
[INFO] [stderr]   CARGO_CFG_TARGET_FEATURE = Some(fxsr,sse,sse2,x87)
[INFO] [stderr]   cargo:rerun-if-env-changed=CFLAGS
[INFO] [stderr]   CFLAGS = None
[INFO] [stderr]   cargo:rerun-if-env-changed=HOST_CFLAGS
[INFO] [stderr]   HOST_CFLAGS = None
[INFO] [stderr]   cargo:rerun-if-env-changed=CFLAGS_x86_64_unknown_linux_gnu
[INFO] [stderr]   CFLAGS_x86_64_unknown_linux_gnu = None
[INFO] [stderr]   cargo:rerun-if-env-changed=CFLAGS_x86_64-unknown-linux-gnu
[INFO] [stderr]   CFLAGS_x86_64-unknown-linux-gnu = None
[INFO] [stderr]   CARGO_ENCODED_RUSTFLAGS = Some(--cap-lints=forbid)
[INFO] [stderr]   OUT_DIR = Some(/opt/rustwide/target/debug/build/secp256k1-sys/acb9933e6e307106/out)
[INFO] [stderr]   cargo:rerun-if-env-changed=CC_ENABLE_DEBUG_OUTPUT
[INFO] [stderr]   cargo:rerun-if-env-changed=CRATE_CC_NO_DEFAULTS
[INFO] [stderr]   CRATE_CC_NO_DEFAULTS = None
[INFO] [stderr]   TARGET = Some(x86_64-unknown-linux-gnu)
[INFO] [stderr]   CARGO_CFG_TARGET_FEATURE = Some(fxsr,sse,sse2,x87)
[INFO] [stderr]   HOST = Some(x86_64-unknown-linux-gnu)
[INFO] [stderr]   cargo:rerun-if-env-changed=CFLAGS
[INFO] [stderr]   CFLAGS = None
[INFO] [stderr]   cargo:rerun-if-env-changed=HOST_CFLAGS
[INFO] [stderr]   HOST_CFLAGS = None
[INFO] [stderr]   cargo:rerun-if-env-changed=CFLAGS_x86_64_unknown_linux_gnu
[INFO] [stderr]   CFLAGS_x86_64_unknown_linux_gnu = None
[INFO] [stderr]   cargo:rerun-if-env-changed=CFLAGS_x86_64-unknown-linux-gnu
[INFO] [stderr]   CFLAGS_x86_64-unknown-linux-gnu = None
[INFO] [stderr]   OUT_DIR = Some(/opt/rustwide/target/debug/build/secp256k1-sys/acb9933e6e307106/out)
[INFO] [stderr]   cargo:rerun-if-env-changed=CC_ENABLE_DEBUG_OUTPUT
[INFO] [stderr]   cargo:rerun-if-env-changed=CRATE_CC_NO_DEFAULTS
[INFO] [stderr]   CRATE_CC_NO_DEFAULTS = None
[INFO] [stderr]   TARGET = Some(x86_64-unknown-linux-gnu)
[INFO] [stderr]   CARGO_CFG_TARGET_FEATURE = Some(fxsr,sse,sse2,x87)
[INFO] [stderr]   HOST = Some(x86_64-unknown-linux-gnu)
[INFO] [stderr]   cargo:rerun-if-env-changed=CFLAGS
[INFO] [stderr]   CFLAGS = None
[INFO] [stderr]   cargo:rerun-if-env-changed=HOST_CFLAGS
[INFO] [stderr]   HOST_CFLAGS = None
[INFO] [stderr]   cargo:rerun-if-env-changed=CFLAGS_x86_64_unknown_linux_gnu
[INFO] [stderr]   CFLAGS_x86_64_unknown_linux_gnu = None
[INFO] [stderr]   cargo:rerun-if-env-changed=CFLAGS_x86_64-unknown-linux-gnu
[INFO] [stderr]   CFLAGS_x86_64-unknown-linux-gnu = None
[INFO] [stderr]   cargo:warning=cc: fatal error: Killed signal terminated program cc1
[INFO] [stderr]   cargo:warning=compilation terminated.
[INFO] [stderr]   exit status: 0
[INFO] [stderr]   exit status: 0
[INFO] [stderr]   exit status: 1
[INFO] [stderr]   cargo:warning=ToolExecError: command did not execute successfully (status code exit status: 1): LC_ALL="C" "cc" "-O0" "-ffunction-sections" "-fdata-sections" "-fPIC" "-gdwarf-4" "-fno-omit-frame-pointer" "-m64" "-I" "depend/secp256k1/" "-I" "depend/secp256k1/include" "-I" "depend/secp256k1/src" "-Wall" "-Wextra" "-Wno-unused-function" "-Wno-unused-parameter" "-DSECP256K1_API=" "-DENABLE_MODULE_ECDH=1" "-DENABLE_MODULE_SCHNORRSIG=1" "-DENABLE_MODULE_EXTRAKEYS=1" "-DENABLE_MODULE_ELLSWIFT=1" "-Dprintf(...)=" "-DECMULT_GEN_PREC_BITS=4" "-DECMULT_WINDOW_SIZE=15" "-DUSE_EXTERNAL_DEFAULT_CALLBACKS=1" "-DENABLE_MODULE_RECOVERY=1" "-o" "/opt/rustwide/target/debug/build/secp256k1-sys/acb9933e6e307106/out/fce6141bfa9bf74c-precomputed_ecmult.o" "-c" "depend/secp256k1/src/precomputed_ecmult.c"
[INFO] [stderr]   exit status: 0
[INFO] [stderr]   cargo:warning=In file included from depend/secp256k1/src/secp256k1.c:39:
[INFO] [stderr]   cargo:warning=depend/secp256k1/src/hsort_impl.h: In function 'rustsecp256k1_v0_11_heap_swap64':
[INFO] [stderr]   cargo:warning=depend/secp256k1/src/hsort_impl.h:30:5: error: implicit declaration of function 'memmove' [-Wimplicit-function-declaration]
[INFO] [stderr]   cargo:warning=   30 |     memmove(a, b, len);
[INFO] [stderr]   cargo:warning=      |     ^~~~~~~
[INFO] [stderr]   cargo:warning=depend/secp256k1/src/hsort_impl.h:11:1: note: include '<string.h>' or provide a declaration of 'memmove'
[INFO] [stderr]   cargo:warning=   10 | #include "hsort.h"
[INFO] [stderr]   cargo:warning=  +++ |+#include <string.h>
[INFO] [stderr]   cargo:warning=   11 | 
[INFO] [stderr]   cargo:warning=depend/secp256k1/src/hsort_impl.h:30:5: warning: incompatible implicit declaration of built-in function 'memmove' [-Wbuiltin-declaration-mismatch]
[INFO] [stderr]   cargo:warning=   30 |     memmove(a, b, len);
[INFO] [stderr]   cargo:warning=      |     ^~~~~~~
[INFO] [stderr]   cargo:warning=depend/secp256k1/src/hsort_impl.h:30:5: note: include '<string.h>' or provide a declaration of 'memmove'
[INFO] [stderr]   exit status: 0
[INFO] [stderr]   exit status: 0
[INFO] [stderr]   exit status: 1
[INFO] [stderr]   cargo:warning=ToolExecError: command did not execute successfully (status code exit status: 1): LC_ALL="C" "cc" "-O0" "-ffunction-sections" "-fdata-sections" "-fPIC" "-gdwarf-4" "-fno-omit-frame-pointer" "-m64" "-I" "depend/secp256k1/" "-I" "depend/secp256k1/include" "-I" "depend/secp256k1/src" "-I" "wasm/wasm-sysroot" "-Wall" "-Wextra" "-Wno-unused-function" "-Wno-unused-parameter" "-DSECP256K1_API=" "-DENABLE_MODULE_ECDH=1" "-DENABLE_MODULE_SCHNORRSIG=1" "-DENABLE_MODULE_EXTRAKEYS=1" "-DENABLE_MODULE_ELLSWIFT=1" "-Dprintf(...)=" "-DECMULT_GEN_PREC_BITS=4" "-DECMULT_WINDOW_SIZE=15" "-DUSE_EXTERNAL_DEFAULT_CALLBACKS=1" "-DENABLE_MODULE_RECOVERY=1" "-o" "/opt/rustwide/target/debug/build/secp256k1-sys/acb9933e6e307106/out/fce6141bfa9bf74c-secp256k1.o" "-c" "depend/secp256k1/src/secp256k1.c"
[INFO] [stderr]   exit status: 0
[INFO] [stderr] 
[INFO] [stderr]   --- stderr
[INFO] [stderr] 
[INFO] [stderr] 
[INFO] [stderr]   error occurred in cc-rs: command did not execute successfully (status code exit status: 1): LC_ALL="C" "cc" "-O0" "-ffunction-sections" "-fdata-sections" "-fPIC" "-gdwarf-4" "-fno-omit-frame-pointer" "-m64" "-I" "depend/secp256k1/" "-I" "depend/secp256k1/include" "-I" "depend/secp256k1/src" "-I" "wasm/wasm-sysroot" "-Wall" "-Wextra" "-Wno-unused-function" "-Wno-unused-parameter" "-DSECP256K1_API=" "-DENABLE_MODULE_ECDH=1" "-DENABLE_MODULE_SCHNORRSIG=1" "-DENABLE_MODULE_EXTRAKEYS=1" "-DENABLE_MODULE_ELLSWIFT=1" "-Dprintf(...)=" "-DECMULT_GEN_PREC_BITS=4" "-DECMULT_WINDOW_SIZE=15" "-DUSE_EXTERNAL_DEFAULT_CALLBACKS=1" "-DENABLE_MODULE_RECOVERY=1" "-o" "/opt/rustwide/target/debug/build/secp256k1-sys/acb9933e6e307106/out/fce6141bfa9bf74c-secp256k1.o" "-c" "depend/secp256k1/src/secp256k1.c"
[INFO] [stderr] 
[INFO] [stderr] 
[INFO] running `Command { std: "docker" "inspect" "c9de81fd21e0f0158420bdbe302b30a790818076c7691e9dc0b38cf1a2a0ebb0", kill_on_drop: false }`
[INFO] running `Command { std: "docker" "rm" "-f" "c9de81fd21e0f0158420bdbe302b30a790818076c7691e9dc0b38cf1a2a0ebb0", kill_on_drop: false }`
[INFO] [stdout] c9de81fd21e0f0158420bdbe302b30a790818076c7691e9dc0b38cf1a2a0ebb0
