[INFO] fetching crate tauri-bundler 3.0.0-alpha.4...
[INFO] checking tauri-bundler-3.0.0-alpha.4 against c79f6bc4fc2389852aeff667626cb3e58adfe71c for pr-164081
[INFO] extracting crate tauri-bundler 3.0.0-alpha.4 into /workspace/builds/worker-1-tc2/source
[INFO] started tweaking crates.io crate tauri-bundler 3.0.0-alpha.4
[INFO] finished tweaking crates.io crate tauri-bundler 3.0.0-alpha.4
[INFO] tweaked toml for crates.io crate tauri-bundler 3.0.0-alpha.4 written to /workspace/builds/worker-1-tc2/source/Cargo.toml
[INFO] validating manifest of crates.io crate tauri-bundler 3.0.0-alpha.4 on toolchain c79f6bc4fc2389852aeff667626cb3e58adfe71c
[INFO] running `Command { std: CARGO_HOME="/workspace/cargo-home" RUSTUP_HOME="/workspace/rustup-home" "/workspace/cargo-home/bin/cargo" "+c79f6bc4fc2389852aeff667626cb3e58adfe71c" "metadata" "--manifest-path" "Cargo.toml" "--no-deps", kill_on_drop: false }`
[INFO] crate crates.io crate tauri-bundler 3.0.0-alpha.4 already has a lockfile, it will not be regenerated
[INFO] running `Command { std: CARGO_HOME="/workspace/cargo-home" RUSTUP_HOME="/workspace/rustup-home" "/workspace/cargo-home/bin/cargo" "+c79f6bc4fc2389852aeff667626cb3e58adfe71c" "fetch" "--manifest-path" "Cargo.toml", kill_on_drop: false }`
[INFO] running `Command { std: "docker" "create" "-v" "/var/lib/crater-agent-workspace/builds/worker-1-tc2/source:/opt/rustwide/workdir:ro,Z" "-v" "/var/lib/crater-agent-workspace/builds/worker-1-tc2/target:/opt/rustwide/target:rw,Z" "-v" "/var/lib/crater-agent-workspace/cargo-home:/opt/rustwide/cargo-home:ro,Z" "-v" "/var/lib/crater-agent-workspace/rustup-home:/opt/rustwide/rustup-home:ro,Z" "-m" "1610612736" "--network" "none" "ghcr.io/rust-lang/crates-build-env/linux@sha256:77db811e55d90add9212f6832c23229e3de5f1c1f9905e8cb07319ea15df73ac" "sleep" "infinity", kill_on_drop: false }`
[INFO] [stdout] e8f9b8122cf97e8592dacb0b5f5a18ef651a7f88f08523a4be14697bede62f79
[INFO] running `Command { std: "docker" "start" "e8f9b8122cf97e8592dacb0b5f5a18ef651a7f88f08523a4be14697bede62f79", kill_on_drop: false }`
[INFO] running `Command { std: "docker" "inspect" "e8f9b8122cf97e8592dacb0b5f5a18ef651a7f88f08523a4be14697bede62f79", kill_on_drop: false }`
[INFO] running `Command { std: "docker" "exec" "-e" "SOURCE_DIR=/opt/rustwide/workdir" "-e" "CARGO_HOME=/opt/rustwide/cargo-home" "-e" "RUSTUP_HOME=/opt/rustwide/rustup-home" "-e" "CARGO_TARGET_DIR=/opt/rustwide/target" "-w" "/opt/rustwide/workdir" "--user" "0:0" "e8f9b8122cf97e8592dacb0b5f5a18ef651a7f88f08523a4be14697bede62f79" "/opt/rustwide/cargo-home/bin/cargo" "+c79f6bc4fc2389852aeff667626cb3e58adfe71c" "metadata" "--no-deps" "--format-version=1", kill_on_drop: false }`
[INFO] running `Command { std: "docker" "inspect" "e8f9b8122cf97e8592dacb0b5f5a18ef651a7f88f08523a4be14697bede62f79", kill_on_drop: false }`
[INFO] running `Command { std: "docker" "exec" "-e" "SOURCE_DIR=/opt/rustwide/workdir" "-e" "CARGO_HOME=/opt/rustwide/cargo-home" "-e" "RUSTUP_HOME=/opt/rustwide/rustup-home" "-e" "CARGO_TARGET_DIR=/opt/rustwide/target" "-e" "CARGO_INCREMENTAL=0" "-e" "RUST_BACKTRACE=full" "-e" "RUSTFLAGS=--cap-lints=forbid" "-e" "RUSTDOCFLAGS=--cap-lints=forbid" "-w" "/opt/rustwide/workdir" "--user" "0:0" "e8f9b8122cf97e8592dacb0b5f5a18ef651a7f88f08523a4be14697bede62f79" "/opt/rustwide/cargo-home/bin/cargo" "+c79f6bc4fc2389852aeff667626cb3e58adfe71c" "check" "--frozen" "--all" "--all-targets" "--message-format=json", kill_on_drop: false }`
[INFO] [stderr]     Checking smallvec v1.16.3
[INFO] [stderr]    Compiling serde_json v1.0.154
[INFO] [stderr]     Checking log v0.4.34
[INFO] [stderr]    Compiling zerocopy v0.8.62
[INFO] [stderr]    Compiling syn v2.0.119
[INFO] [stderr]     Checking getrandom v0.2.17
[INFO] [stderr]    Compiling syn v3.0.8
[INFO] [stderr]    Compiling cc v1.8.0
[INFO] [stderr]     Checking num-integer v0.1.47
[INFO] [stderr]     Checking bitvec v1.1.1
[INFO] [stderr]    Compiling thiserror v2.0.21
[INFO] [stderr]    Compiling phf_shared v0.13.1
[INFO] [stderr]    Compiling generic-array v0.14.7
[INFO] [stderr]     Checking crossbeam-epoch v0.9.21
[INFO] [stderr]     Checking either v1.19.0
[INFO] [stderr]    Compiling parking_lot_core v0.9.12
[INFO] [stderr]     Checking rand_core v0.6.4
[INFO] [stderr]     Checking crossbeam-deque v0.8.8
[INFO] [stderr]     Checking bytemuck v1.25.2
[INFO] [stderr]    Compiling lalrpop-util v0.23.1
[INFO] [stderr]    Compiling indexmap v2.14.2
[INFO] [stderr]    Compiling hashbrown v0.15.5
[INFO] [stderr]     Checking regex-automata v0.4.18
[INFO] [stderr]    Compiling parking_lot v0.12.5
[INFO] [stderr]    Compiling curve25519-dalek v4.1.3
[INFO] [stderr]    Compiling block-buffer v0.10.4
[INFO] [stderr]    Compiling crypto-common v0.1.7
[INFO] [stderr]     Checking rayon-core v1.13.0
[INFO] [stderr]    Compiling bit-vec v0.9.1
[INFO] [stderr]     Checking num-bigint v0.4.8
[INFO] [stderr]    Compiling digest v0.10.7
[INFO] [stderr]     Checking num-iter v0.1.46
[INFO] [stderr]    Compiling term v1.2.1
[INFO] [stderr]     Checking spin v0.9.9
[INFO] [stderr]     Checking zlib-rs v0.6.8
[INFO] [stderr]     Checking lazy_static v1.5.1
[INFO] [stderr]    Compiling itertools v0.14.0
[INFO] [stderr]    Compiling sha3 v0.10.9
[INFO] [stderr]    Compiling string_cache v0.9.0
[INFO] [stderr]     Checking num-complex v0.4.6
[INFO] [stderr]     Checking rayon v1.12.0
[INFO] [stderr]    Compiling bit-set v0.9.1
[INFO] [stderr]    Compiling ascii-canvas v4.0.0
[INFO] [stderr]    Compiling petgraph v0.8.3
[INFO] [stderr]     Checking getrandom v0.3.4
[INFO] [stderr]     Checking no_std_io2 v0.9.4
[INFO] [stderr]    Compiling pulp v0.22.3
[INFO] [stderr]    Compiling sha1collisiondetection v0.3.4
[INFO] [stderr]    Compiling httparse v1.10.1
[INFO] [stderr]    Compiling rustls v0.23.46
[INFO] [stderr]    Compiling zstd-safe v8.1.0
[INFO] [stderr]     Checking uuid v1.28.0
[INFO] [stderr]    Compiling phf_generator v0.13.1
[INFO] [stderr]    Compiling num-traits v0.2.19
[INFO] [stderr]     Checking rand_core v0.9.5
[INFO] [stderr]     Checking bitstream-io v4.10.0
[INFO] [stderr]     Checking generic-array v1.4.5
[INFO] [stderr]    Compiling rav1e v0.8.1
[INFO] [stderr]     Checking password-hash v0.5.0
[INFO] [stderr]     Checking raw-cpuid v11.6.0
[INFO] [stderr]    Compiling simd_helpers v0.1.0
[INFO] [stderr]    Compiling psm v0.1.24
[INFO] [stderr]     Checking ff v0.13.1
[INFO] [stderr]    Compiling stacker v0.1.25
[INFO] [stderr]     Checking group v0.13.0
[INFO] [stderr]    Compiling zstd-sys v2.1.1+zstd.1.5.7
[INFO] [stderr]    Compiling ring v0.17.14
[INFO] [stderr]     Checking num-rational v0.4.2
[INFO] [stdout] error[E0493]: destructor of `ArrayBuilder<T, N>` cannot be evaluated at compile-time
[INFO] [stdout]    --> /opt/rustwide/cargo-home/registry/src/index.crates.io-1949cf8c6b5b557f/generic-array-1.4.5/src/internal.rs:103:31
[INFO] [stdout]     |
[INFO] [stdout] 103 |     pub unsafe fn assume_init(self) -> GenericArray<T, N> {
[INFO] [stdout]     |                               ^^^^ the destructor for this type cannot be evaluated in constant functions
[INFO] [stdout] ...
[INFO] [stdout] 109 |     }
[INFO] [stdout]     |     - value is dropped here
[INFO] [stdout] 
[INFO] [stdout] 
[INFO] [stdout] error[E0493]: destructor of `GenericArray<core::mem::MaybeUninit<*const T>, N>` cannot be evaluated at compile-time
[INFO] [stdout]    --> /opt/rustwide/cargo-home/registry/src/index.crates.io-1949cf8c6b5b557f/generic-array-1.4.5/src/lib.rs:983:13
[INFO] [stdout]     |
[INFO] [stdout] 983 |         let mut out: GenericArray<MaybeUninit<*const T>, N> = GenericArray::uninit();
[INFO] [stdout]     |             ^^^^^^^ the destructor for this type cannot be evaluated in constant functions
[INFO] [stdout] ...
[INFO] [stdout] 998 |     }
[INFO] [stdout]     |     - value is dropped here
[INFO] [stdout] 
[INFO] [stdout] 
[INFO] [stdout] error[E0493]: destructor of `GenericArray<core::mem::MaybeUninit<*mut T>, N>` cannot be evaluated at compile-time
[INFO] [stdout]     --> /opt/rustwide/cargo-home/registry/src/index.crates.io-1949cf8c6b5b557f/generic-array-1.4.5/src/lib.rs:1018:13
[INFO] [stdout]      |
[INFO] [stdout] 1018 |         let mut out: GenericArray<MaybeUninit<*mut T>, N> = GenericArray::uninit();
[INFO] [stdout]      |             ^^^^^^^ the destructor for this type cannot be evaluated in constant functions
[INFO] [stdout] ...
[INFO] [stdout] 1033 |     }
[INFO] [stdout]      |     - value is dropped here
[INFO] [stdout] 
[INFO] [stdout] 
[INFO] [stdout] For more information about this error, try `rustc --explain E0493`.
[INFO] [stdout] 
[INFO] [stderr] error: could not compile `generic-array` (lib) due to 3 previous errors
[INFO] [stderr] warning: build failed, waiting for other jobs to finish...
[INFO] running `Command { std: "docker" "inspect" "e8f9b8122cf97e8592dacb0b5f5a18ef651a7f88f08523a4be14697bede62f79", kill_on_drop: false }`
[INFO] running `Command { std: "docker" "rm" "-f" "e8f9b8122cf97e8592dacb0b5f5a18ef651a7f88f08523a4be14697bede62f79", kill_on_drop: false }`
[INFO] [stdout] e8f9b8122cf97e8592dacb0b5f5a18ef651a7f88f08523a4be14697bede62f79
