[INFO] fetching crate senna-rs 0.21.5...
[INFO] checking senna-rs-0.21.5 against c79f6bc4fc2389852aeff667626cb3e58adfe71c for pr-164081
[INFO] extracting crate senna-rs 0.21.5 into /workspace/builds/worker-5-tc2/source
[INFO] started tweaking crates.io crate senna-rs 0.21.5
[INFO] removed 0 missing examples
[INFO] removed 0 missing tests
[INFO] finished tweaking crates.io crate senna-rs 0.21.5
[INFO] tweaked toml for crates.io crate senna-rs 0.21.5 written to /workspace/builds/worker-5-tc2/source/Cargo.toml
[INFO] validating manifest of crates.io crate senna-rs 0.21.5 on toolchain c79f6bc4fc2389852aeff667626cb3e58adfe71c
[INFO] running `Command { std: CARGO_HOME="/workspace/cargo-home" RUSTUP_HOME="/workspace/rustup-home" "/workspace/cargo-home/bin/cargo" "+c79f6bc4fc2389852aeff667626cb3e58adfe71c" "metadata" "--manifest-path" "Cargo.toml" "--no-deps", kill_on_drop: false }`
[INFO] crate crates.io crate senna-rs 0.21.5 already has a lockfile, it will not be regenerated
[INFO] running `Command { std: CARGO_HOME="/workspace/cargo-home" RUSTUP_HOME="/workspace/rustup-home" "/workspace/cargo-home/bin/cargo" "+c79f6bc4fc2389852aeff667626cb3e58adfe71c" "fetch" "--manifest-path" "Cargo.toml", kill_on_drop: false }`
[INFO] [stderr] warning: `package.homepage` is redundant with `package.repository`
[INFO] [stderr]    --> Cargo.toml:148:12
[INFO] [stderr]     |
[INFO] [stderr] 148 | homepage = "https://github.com/causalpathlab/senna-rs"
[INFO] [stderr]     |            ^^^^^^^^^^^^^^^^^^^^^^^^^^^^^^^^^^^^^^^^^^^
[INFO] [stderr] ...
[INFO] [stderr] 153 | repository = "https://github.com/causalpathlab/senna-rs"
[INFO] [stderr]     |              -------------------------------------------
[INFO] [stderr]     |
[INFO] [stderr]     = note: `cargo::redundant_homepage` is set to `warn` by default
[INFO] [stderr] help: consider removing `package.homepage`
[INFO] [stderr] warning: `senna-rs` (manifest) generated 1 warning
[INFO] [stderr]     Blocking waiting for file lock on package cache
[ERROR] error running command: no output for 300 seconds
[INFO] checking senna-rs-0.21.5 against c79f6bc4fc2389852aeff667626cb3e58adfe71c for pr-164081
[INFO] extracting crate senna-rs 0.21.5 into /workspace/builds/worker-5-tc2/source
[INFO] started tweaking crates.io crate senna-rs 0.21.5
[INFO] removed 0 missing examples
[INFO] removed 0 missing tests
[INFO] finished tweaking crates.io crate senna-rs 0.21.5
[INFO] tweaked toml for crates.io crate senna-rs 0.21.5 written to /workspace/builds/worker-5-tc2/source/Cargo.toml
[INFO] validating manifest of crates.io crate senna-rs 0.21.5 on toolchain c79f6bc4fc2389852aeff667626cb3e58adfe71c
[INFO] running `Command { std: CARGO_HOME="/workspace/cargo-home" RUSTUP_HOME="/workspace/rustup-home" "/workspace/cargo-home/bin/cargo" "+c79f6bc4fc2389852aeff667626cb3e58adfe71c" "metadata" "--manifest-path" "Cargo.toml" "--no-deps", kill_on_drop: false }`
[INFO] crate crates.io crate senna-rs 0.21.5 already has a lockfile, it will not be regenerated
[INFO] running `Command { std: CARGO_HOME="/workspace/cargo-home" RUSTUP_HOME="/workspace/rustup-home" "/workspace/cargo-home/bin/cargo" "+c79f6bc4fc2389852aeff667626cb3e58adfe71c" "fetch" "--manifest-path" "Cargo.toml", kill_on_drop: false }`
[INFO] [stderr] warning: `package.homepage` is redundant with `package.repository`
[INFO] [stderr]    --> Cargo.toml:148:12
[INFO] [stderr]     |
[INFO] [stderr] 148 | homepage = "https://github.com/causalpathlab/senna-rs"
[INFO] [stderr]     |            ^^^^^^^^^^^^^^^^^^^^^^^^^^^^^^^^^^^^^^^^^^^
[INFO] [stderr] ...
[INFO] [stderr] 153 | repository = "https://github.com/causalpathlab/senna-rs"
[INFO] [stderr]     |              -------------------------------------------
[INFO] [stderr]     |
[INFO] [stderr]     = note: `cargo::redundant_homepage` is set to `warn` by default
[INFO] [stderr] help: consider removing `package.homepage`
[INFO] [stderr] warning: `senna-rs` (manifest) generated 1 warning
[INFO] [stderr]     Blocking waiting for file lock on package cache
[ERROR] error running command: no output for 300 seconds
[INFO] checking senna-rs-0.21.5 against c79f6bc4fc2389852aeff667626cb3e58adfe71c for pr-164081
[INFO] extracting crate senna-rs 0.21.5 into /workspace/builds/worker-5-tc2/source
[INFO] started tweaking crates.io crate senna-rs 0.21.5
[INFO] removed 0 missing examples
[INFO] removed 0 missing tests
[INFO] finished tweaking crates.io crate senna-rs 0.21.5
[INFO] tweaked toml for crates.io crate senna-rs 0.21.5 written to /workspace/builds/worker-5-tc2/source/Cargo.toml
[INFO] validating manifest of crates.io crate senna-rs 0.21.5 on toolchain c79f6bc4fc2389852aeff667626cb3e58adfe71c
[INFO] running `Command { std: CARGO_HOME="/workspace/cargo-home" RUSTUP_HOME="/workspace/rustup-home" "/workspace/cargo-home/bin/cargo" "+c79f6bc4fc2389852aeff667626cb3e58adfe71c" "metadata" "--manifest-path" "Cargo.toml" "--no-deps", kill_on_drop: false }`
[INFO] crate crates.io crate senna-rs 0.21.5 already has a lockfile, it will not be regenerated
[INFO] running `Command { std: CARGO_HOME="/workspace/cargo-home" RUSTUP_HOME="/workspace/rustup-home" "/workspace/cargo-home/bin/cargo" "+c79f6bc4fc2389852aeff667626cb3e58adfe71c" "fetch" "--manifest-path" "Cargo.toml", kill_on_drop: false }`
[INFO] [stderr] warning: `package.homepage` is redundant with `package.repository`
[INFO] [stderr]    --> Cargo.toml:148:12
[INFO] [stderr]     |
[INFO] [stderr] 148 | homepage = "https://github.com/causalpathlab/senna-rs"
[INFO] [stderr]     |            ^^^^^^^^^^^^^^^^^^^^^^^^^^^^^^^^^^^^^^^^^^^
[INFO] [stderr] ...
[INFO] [stderr] 153 | repository = "https://github.com/causalpathlab/senna-rs"
[INFO] [stderr]     |              -------------------------------------------
[INFO] [stderr]     |
[INFO] [stderr]     = note: `cargo::redundant_homepage` is set to `warn` by default
[INFO] [stderr] help: consider removing `package.homepage`
[INFO] [stderr] warning: `senna-rs` (manifest) generated 1 warning
[INFO] [stderr]     Blocking waiting for file lock on package cache
[INFO] [stderr]     Blocking waiting for file lock on package cache
[INFO] running `Command { std: "docker" "create" "-v" "/var/lib/crater-agent-workspace/builds/worker-5-tc2/source:/opt/rustwide/workdir:ro,Z" "-v" "/var/lib/crater-agent-workspace/builds/worker-5-tc2/target:/opt/rustwide/target:rw,Z" "-v" "/var/lib/crater-agent-workspace/cargo-home:/opt/rustwide/cargo-home:ro,Z" "-v" "/var/lib/crater-agent-workspace/rustup-home:/opt/rustwide/rustup-home:ro,Z" "-m" "1610612736" "--network" "none" "ghcr.io/rust-lang/crates-build-env/linux@sha256:77db811e55d90add9212f6832c23229e3de5f1c1f9905e8cb07319ea15df73ac" "sleep" "infinity", kill_on_drop: false }`
[INFO] [stdout] d020dff12d3d4eab0e31d46f7010f5c8ba1d2c08709e9f428d01ca73813e5364
[INFO] running `Command { std: "docker" "start" "d020dff12d3d4eab0e31d46f7010f5c8ba1d2c08709e9f428d01ca73813e5364", kill_on_drop: false }`
[INFO] running `Command { std: "docker" "inspect" "d020dff12d3d4eab0e31d46f7010f5c8ba1d2c08709e9f428d01ca73813e5364", kill_on_drop: false }`
[INFO] running `Command { std: "docker" "exec" "-e" "SOURCE_DIR=/opt/rustwide/workdir" "-e" "CARGO_HOME=/opt/rustwide/cargo-home" "-e" "RUSTUP_HOME=/opt/rustwide/rustup-home" "-e" "CARGO_TARGET_DIR=/opt/rustwide/target" "-w" "/opt/rustwide/workdir" "--user" "0:0" "d020dff12d3d4eab0e31d46f7010f5c8ba1d2c08709e9f428d01ca73813e5364" "/opt/rustwide/cargo-home/bin/cargo" "+c79f6bc4fc2389852aeff667626cb3e58adfe71c" "metadata" "--no-deps" "--format-version=1", kill_on_drop: false }`
[INFO] running `Command { std: "docker" "inspect" "d020dff12d3d4eab0e31d46f7010f5c8ba1d2c08709e9f428d01ca73813e5364", kill_on_drop: false }`
[INFO] running `Command { std: "docker" "exec" "-e" "SOURCE_DIR=/opt/rustwide/workdir" "-e" "CARGO_HOME=/opt/rustwide/cargo-home" "-e" "RUSTUP_HOME=/opt/rustwide/rustup-home" "-e" "CARGO_TARGET_DIR=/opt/rustwide/target" "-e" "CARGO_INCREMENTAL=0" "-e" "RUST_BACKTRACE=full" "-e" "RUSTFLAGS=--cap-lints=forbid" "-e" "RUSTDOCFLAGS=--cap-lints=forbid" "-w" "/opt/rustwide/workdir" "--user" "0:0" "d020dff12d3d4eab0e31d46f7010f5c8ba1d2c08709e9f428d01ca73813e5364" "/opt/rustwide/cargo-home/bin/cargo" "+c79f6bc4fc2389852aeff667626cb3e58adfe71c" "check" "--frozen" "--all" "--all-targets" "--message-format=json", kill_on_drop: false }`
[INFO] [stderr] warning: `package.homepage` is redundant with `package.repository`
[INFO] [stderr]    --> Cargo.toml:148:12
[INFO] [stderr]     |
[INFO] [stderr] 148 | homepage = "https://github.com/causalpathlab/senna-rs"
[INFO] [stderr]     |            ^^^^^^^^^^^^^^^^^^^^^^^^^^^^^^^^^^^^^^^^^^^
[INFO] [stderr] ...
[INFO] [stderr] 153 | repository = "https://github.com/causalpathlab/senna-rs"
[INFO] [stderr]     |              -------------------------------------------
[INFO] [stderr]     |
[INFO] [stderr]     = note: `cargo::redundant_homepage` is set to `warn` by default
[INFO] [stderr] help: consider removing `package.homepage`
[INFO] [stderr] warning: `senna-rs` (manifest) generated 1 warning
[INFO] [stderr]    Compiling zerocopy v0.8.63
[INFO] [stderr]     Checking equivalent v1.0.3
[INFO] [stderr]    Compiling libc v0.2.191
[INFO] [stderr]    Compiling crossbeam-epoch v0.9.21
[INFO] [stderr]    Compiling syn v3.0.9
[INFO] [stderr]    Compiling syn v2.0.119
[INFO] [stderr]     Checking getrandom v0.3.4
[INFO] [stderr]     Checking itertools v0.14.0
[INFO] [stderr]     Checking num-integer v0.1.47
[INFO] [stderr]     Checking smallvec v1.16.3
[INFO] [stderr]    Compiling serde_json v1.0.154
[INFO] [stderr]     Checking aho-corasick v1.1.5
[INFO] [stderr]    Compiling pulp v0.22.3
[INFO] [stderr]     Checking getrandom v0.4.3
[INFO] [stderr]     Checking hashbrown v0.17.1
[INFO] [stderr]     Checking raw-cpuid v11.6.0
[INFO] [stderr]     Checking pulp-wasm-simd-flag v0.1.1
[INFO] [stderr]    Compiling dyn-stack-macros v0.1.3
[INFO] [stderr]     Checking parking_lot_core v0.9.12
[INFO] [stderr]    Compiling ahash v0.8.12
[INFO] [stderr]     Checking rand_core v0.9.5
[INFO] [stderr]     Checking num-bigint v0.4.8
[INFO] [stderr]     Checking zeroize v1.9.1
[INFO] [stderr]    Compiling rustix v1.1.5
[INFO] [stderr]     Checking zlib-rs v0.6.8
[INFO] [stderr]     Checking parking_lot v0.12.5
[INFO] [stderr]     Checking chrono v0.4.45
[INFO] [stderr]     Checking num-bigint v0.5.1
[INFO] [stderr]     Checking hashbrown v0.16.1
[INFO] [stderr]     Checking approx v0.5.1
[INFO] [stderr]     Checking crossbeam-deque v0.8.8
[INFO] [stderr]     Checking block-buffer v0.12.1
[INFO] [stderr]    Compiling matrixmultiply v0.3.11
[INFO] [stderr]     Checking digest v0.11.3
[INFO] [stderr]     Checking deranged v0.5.9
[INFO] [stderr]     Checking powerfmt v0.2.1
[INFO] [stderr]     Checking linux-raw-sys v0.12.1
[INFO] [stderr]     Checking rayon-core v1.13.0
[INFO] [stderr]    Compiling portable-atomic v1.15.0
[INFO] [stderr]     Checking indexmap v2.14.2
[INFO] [stderr]     Checking rayon v1.12.0
[INFO] [stderr]     Checking regex-automata v0.4.18
[INFO] [stderr]     Checking chacha20 v0.10.2
[INFO] [stderr]     Checking getrandom v0.2.17
[INFO] [stderr]    Compiling jobserver v0.1.35
[INFO] [stderr]    Compiling syn v1.0.109
[INFO] [stderr]    Compiling target-features v0.1.6
[INFO] [stderr]     Checking num-rational v0.4.2
[INFO] [stderr]    Compiling cc v1.8.0
[INFO] [stderr]     Checking flate2 v1.1.10
[INFO] [stderr]    Compiling esaxx-rs v0.1.10
[INFO] [stderr]    Compiling zstd-safe v7.3.0
[INFO] [stderr]     Checking simdutf8 v0.1.5
[INFO] [stderr]     Checking arrow-schema v59.3.1
[INFO] [stderr]     Checking rand v0.10.3
[INFO] [stderr]     Checking nom v7.1.3
[INFO] [stderr]     Checking rand_core v0.6.4
[INFO] [stderr]     Checking num_cpus v1.17.0
[INFO] [stderr]    Compiling zstd-safe v8.2.0
[INFO] [stderr]    Compiling macro_rules_attribute-proc_macro v0.2.3
[INFO] [stderr]     Checking time v0.3.55
[INFO] [stderr]     Checking typed-path v0.12.3
[INFO] [stderr]     Checking stable_deref_trait v1.2.1
[INFO] [stderr]    Compiling nix v0.31.3
[INFO] [stderr]     Checking unicode-normalization-alignments v0.1.12
[INFO] [stderr]     Checking macro_rules_attribute v0.2.3
[INFO] [stderr]     Checking inout v0.2.4
[INFO] [stderr]    Compiling constant_time_eq v0.6.1
[INFO] [stderr]     Checking errno v0.3.14
[INFO] [stderr]    Compiling snap v1.1.2
[INFO] [stderr]     Checking unicode_categories v0.1.1
[INFO] [stderr]     Checking signal-hook-registry v1.4.8
[INFO] [stderr]     Checking cipher v0.5.2
[INFO] [stderr]     Checking flatbuffers v25.12.19
[INFO] [stderr]     Checking unicode-truncate v2.0.1
[INFO] [stderr]     Checking memmap2 v0.9.11
[INFO] [stderr]     Checking lru v0.18.5
[INFO] [stderr]     Checking hmac v0.13.0
[INFO] [stderr]     Checking sha2 v0.11.1
[INFO] [stderr]     Checking console v0.16.6
[INFO] [stderr]     Checking cblas-sys v0.1.4
[INFO] [stderr]     Checking jiff-core v0.1.1
[INFO] [stderr]     Checking num-lazy v0.4.1
[INFO] [stderr]     Checking twox-hash v2.1.5
[INFO] [stderr]    Compiling indoc v2.0.8
[INFO] [stderr]     Checking unsafe_cell_slice v0.2.2
[INFO] [stderr]     Checking zopfli v0.8.4
[INFO] [stderr]     Checking lz4_flex v0.14.0
[INFO] [stderr]     Checking aes v0.9.3
[INFO] [stderr]     Checking pbkdf2 v0.13.0
[INFO] [stderr]     Checking signal-hook v0.3.18
[INFO] [stderr]     Checking regex v1.13.1
[INFO] [stderr]     Checking zip v7.4.0
[INFO] [stderr]     Checking sha1 v0.11.0
[INFO] [stderr]     Checking num-iter v0.1.46
[INFO] [stderr]    Compiling encoding_rs v0.8.42
[INFO] [stderr]     Checking mio v1.2.4
[INFO] [stderr]     Checking ordered-float v3.9.2
[INFO] [stderr]     Checking lzma-rust2 v0.22.0
[INFO] [stderr]    Compiling legume-numeric v0.9.4
[INFO] [stderr]     Checking ppmd-rust v1.5.0
[INFO] [stderr]     Checking inventory v0.3.25
[INFO] [stderr]     Checking env_filter v2.0.0
[INFO] [stderr]     Checking deflate64 v0.1.12
[INFO] [stderr]    Compiling litrs v1.0.1
[INFO] [stderr]     Checking petgraph v0.8.3
[INFO] [stderr]     Checking tempfile v3.27.0
[INFO] [stderr]     Checking signal-hook-mio v0.2.5
[INFO] [stderr]     Checking phf_shared v0.11.3
[INFO] [stderr]    Compiling zstd-sys v2.1.2+zstd.1.5.7
[INFO] [stderr]    Compiling psm v0.1.24
[INFO] [stderr]    Compiling stacker v0.1.25
[INFO] [stderr]    Compiling onig_sys v69.9.3
[INFO] [stderr]    Compiling link-cplusplus v1.0.12
[INFO] [stderr]    Compiling lz4-sys v1.11.1+lz4-1.10.0
[INFO] [stderr]    Compiling libz-sys v1.1.30
[INFO] [stderr]    Compiling snappy_src v0.2.7+snappy.1.3.1
[INFO] [stderr]     Checking jiff v0.2.38
[INFO] [stderr]     Checking rayon-cond v0.4.0
[INFO] [stderr]     Checking indicatif v0.18.6
[INFO] [stderr]    Compiling pest v2.9.4
[INFO] [stderr]    Compiling document-features v0.2.12
[INFO] [stderr]     Checking ctrlc v3.5.2
[INFO] [stderr]    Compiling blosc-src v0.3.8
[INFO] [stderr]     Checking rand_distr v0.6.0
[INFO] [stderr]     Checking ordered-float v5.5.0
[INFO] [stderr]     Checking line-clipping v0.3.8
[INFO] [stderr]    Compiling multiversion_no_op v1.0.0
[INFO] [stderr]     Checking core_detect v1.0.0
[INFO] [stderr]     Checking event-listener v5.4.2
[INFO] [stderr]     Checking phf v0.11.3
[INFO] [stderr]     Checking crossbeam-channel v0.5.17
[INFO] [stderr]    Compiling smartstring v1.0.1
[INFO] [stderr]    Compiling by_address v1.2.1
[INFO] [stderr]    Compiling ref-cast v1.0.27
[INFO] [stderr]     Checking tracing-core v0.1.36
[INFO] [stderr]    Compiling synstructure v0.14.0
[INFO] [stderr]    Compiling darling_core v0.24.1
[INFO] [stderr]    Compiling darling_core v0.20.11
[INFO] [stdout] error[E0493]: destructor of `[(Op<R>, bool); N]` cannot be evaluated at compile-time
[INFO] [stdout]    --> /opt/rustwide/cargo-home/registry/src/index.crates.io-1949cf8c6b5b557f/pest-2.9.4/src/pratt_parser.rs:328:28
[INFO] [stdout]     |
[INFO] [stdout] 328 |     pub const fn new_const(ops: [(Op<R>, bool); N]) -> Self {
[INFO] [stdout]     |                            ^^^ the destructor for this type cannot be evaluated in constant functions
[INFO] [stdout] ...
[INFO] [stdout] 355 |     }
[INFO] [stdout]     |     - value is dropped here
[INFO] [stdout] 
[INFO] [stdout] 
[INFO] [stdout] For more information about this error, try `rustc --explain E0493`.
[INFO] [stdout] 
[INFO] [stderr] error: could not compile `pest` (lib) due to 1 previous error
[INFO] [stderr] warning: build failed, waiting for other jobs to finish...
[INFO] running `Command { std: "docker" "inspect" "d020dff12d3d4eab0e31d46f7010f5c8ba1d2c08709e9f428d01ca73813e5364", kill_on_drop: false }`
[INFO] running `Command { std: "docker" "rm" "-f" "d020dff12d3d4eab0e31d46f7010f5c8ba1d2c08709e9f428d01ca73813e5364", kill_on_drop: false }`
[INFO] [stdout] d020dff12d3d4eab0e31d46f7010f5c8ba1d2c08709e9f428d01ca73813e5364
