[INFO] fetching crate mnemes 0.1.1...
[INFO] checking mnemes-0.1.1 against c79f6bc4fc2389852aeff667626cb3e58adfe71c for pr-164081
[INFO] extracting crate mnemes 0.1.1 into /workspace/builds/worker-6-tc2/source
[INFO] started tweaking crates.io crate mnemes 0.1.1
[INFO] removed 0 missing tests
[INFO] finished tweaking crates.io crate mnemes 0.1.1
[INFO] tweaked toml for crates.io crate mnemes 0.1.1 written to /workspace/builds/worker-6-tc2/source/Cargo.toml
[INFO] validating manifest of crates.io crate mnemes 0.1.1 on toolchain c79f6bc4fc2389852aeff667626cb3e58adfe71c
[INFO] running `Command { std: CARGO_HOME="/workspace/cargo-home" RUSTUP_HOME="/workspace/rustup-home" "/workspace/cargo-home/bin/cargo" "+c79f6bc4fc2389852aeff667626cb3e58adfe71c" "metadata" "--manifest-path" "Cargo.toml" "--no-deps", kill_on_drop: false }`
[INFO] crate crates.io crate mnemes 0.1.1 already has a lockfile, it will not be regenerated
[INFO] running `Command { std: CARGO_HOME="/workspace/cargo-home" RUSTUP_HOME="/workspace/rustup-home" "/workspace/cargo-home/bin/cargo" "+c79f6bc4fc2389852aeff667626cb3e58adfe71c" "fetch" "--manifest-path" "Cargo.toml", kill_on_drop: false }`
[INFO] running `Command { std: "docker" "create" "-v" "/var/lib/crater-agent-workspace/builds/worker-6-tc2/source:/opt/rustwide/workdir:ro,Z" "-v" "/var/lib/crater-agent-workspace/builds/worker-6-tc2/target:/opt/rustwide/target:rw,Z" "-v" "/var/lib/crater-agent-workspace/cargo-home:/opt/rustwide/cargo-home:ro,Z" "-v" "/var/lib/crater-agent-workspace/rustup-home:/opt/rustwide/rustup-home:ro,Z" "-m" "1610612736" "--network" "none" "ghcr.io/rust-lang/crates-build-env/linux@sha256:77db811e55d90add9212f6832c23229e3de5f1c1f9905e8cb07319ea15df73ac" "sleep" "infinity", kill_on_drop: false }`
[INFO] [stdout] b850abd1246e33d6ce07eed0cb0ada0cb86580deeaabc2fc9b8bf56d7a522b0d
[INFO] running `Command { std: "docker" "start" "b850abd1246e33d6ce07eed0cb0ada0cb86580deeaabc2fc9b8bf56d7a522b0d", kill_on_drop: false }`
[INFO] running `Command { std: "docker" "inspect" "b850abd1246e33d6ce07eed0cb0ada0cb86580deeaabc2fc9b8bf56d7a522b0d", kill_on_drop: false }`
[INFO] running `Command { std: "docker" "exec" "-e" "SOURCE_DIR=/opt/rustwide/workdir" "-e" "CARGO_HOME=/opt/rustwide/cargo-home" "-e" "RUSTUP_HOME=/opt/rustwide/rustup-home" "-e" "CARGO_TARGET_DIR=/opt/rustwide/target" "-w" "/opt/rustwide/workdir" "--user" "0:0" "b850abd1246e33d6ce07eed0cb0ada0cb86580deeaabc2fc9b8bf56d7a522b0d" "/opt/rustwide/cargo-home/bin/cargo" "+c79f6bc4fc2389852aeff667626cb3e58adfe71c" "metadata" "--no-deps" "--format-version=1", kill_on_drop: false }`
[INFO] running `Command { std: "docker" "inspect" "b850abd1246e33d6ce07eed0cb0ada0cb86580deeaabc2fc9b8bf56d7a522b0d", kill_on_drop: false }`
[INFO] running `Command { std: "docker" "exec" "-e" "SOURCE_DIR=/opt/rustwide/workdir" "-e" "CARGO_HOME=/opt/rustwide/cargo-home" "-e" "RUSTUP_HOME=/opt/rustwide/rustup-home" "-e" "CARGO_TARGET_DIR=/opt/rustwide/target" "-e" "CARGO_INCREMENTAL=0" "-e" "RUST_BACKTRACE=full" "-e" "RUSTFLAGS=--cap-lints=forbid" "-e" "RUSTDOCFLAGS=--cap-lints=forbid" "-w" "/opt/rustwide/workdir" "--user" "0:0" "b850abd1246e33d6ce07eed0cb0ada0cb86580deeaabc2fc9b8bf56d7a522b0d" "/opt/rustwide/cargo-home/bin/cargo" "+c79f6bc4fc2389852aeff667626cb3e58adfe71c" "check" "--frozen" "--all" "--all-targets" "--message-format=json", kill_on_drop: false }`
[INFO] [stderr]    Compiling libc v0.2.186
[INFO] [stderr]     Checking log v0.4.33
[INFO] [stderr]    Compiling proc-macro2 v1.0.107
[INFO] [stderr]    Compiling serde_core v1.0.229
[INFO] [stderr]     Checking bitflags v2.13.1
[INFO] [stderr]     Checking smallvec v1.15.2
[INFO] [stderr]     Checking stable_deref_trait v1.2.1
[INFO] [stderr]    Compiling serde_json v1.0.150
[INFO] [stderr]    Compiling zerocopy v0.8.54
[INFO] [stderr]    Compiling num-traits v0.2.19
[INFO] [stderr]     Checking futures-core v0.3.33
[INFO] [stderr]     Checking futures-sink v0.3.33
[INFO] [stderr]     Checking aho-corasick v1.1.4
[INFO] [stderr]     Checking subtle v2.6.1
[INFO] [stderr]     Checking either v1.16.0
[INFO] [stderr]     Checking futures-io v0.3.33
[INFO] [stderr]     Checking indexmap v2.14.0
[INFO] [stderr]     Checking http v1.4.2
[INFO] [stderr]    Compiling thiserror v2.0.19
[INFO] [stderr]     Checking futures-task v0.3.33
[INFO] [stderr]    Compiling crossbeam-epoch v0.9.20
[INFO] [stderr]    Compiling crossbeam-deque v0.8.7
[INFO] [stderr]    Compiling aws-lc-rs v1.17.3
[INFO] [stderr]     Checking futures-channel v0.3.33
[INFO] [stderr]     Checking rustls-pki-types v1.15.0
[INFO] [stderr]     Checking cpufeatures v0.3.0
[INFO] [stderr]    Compiling getrandom v0.4.3
[INFO] [stderr]    Compiling rustls v0.23.42
[INFO] [stderr]     Checking sync_wrapper v1.0.2
[INFO] [stderr]     Checking ipnet v2.12.0
[INFO] [stderr]    Compiling pulp v0.22.3
[INFO] [stderr]     Checking raw-cpuid v11.6.0
[INFO] [stderr]    Compiling dyn-stack-macros v0.1.3
[INFO] [stderr]     Checking itertools v0.14.0
[INFO] [stderr]     Checking pulp-wasm-simd-flag v0.1.1
[INFO] [stderr]     Checking reborrow v0.5.5
[INFO] [stderr]    Compiling mime_guess v2.0.5
[INFO] [stderr]     Checking webpki-roots v1.0.9
[INFO] [stderr]    Compiling seq-macro v0.3.6
[INFO] [stderr]    Compiling crc32fast v1.5.0
[INFO] [stderr]     Checking constant_time_eq v0.4.2
[INFO] [stderr]     Checking http-body v1.1.0
[INFO] [stderr]     Checking arrayref v0.3.9
[INFO] [stderr]     Checking arrayvec v0.7.8
[INFO] [stderr]     Checking generic-array v0.14.7
[INFO] [stderr]     Checking rustls-native-certs v0.8.4
[INFO] [stderr]    Compiling quote v1.0.47
[INFO] [stderr]     Checking encoding_rs v0.8.35
[INFO] [stderr]     Checking option-ext v0.2.0
[INFO] [stderr]     Checking mio v1.2.2
[INFO] [stderr]     Checking getrandom v0.3.4
[INFO] [stderr]     Checking socket2 v0.6.5
[INFO] [stderr]     Checking getrandom v0.2.17
[INFO] [stderr]    Compiling syn v2.0.119
[INFO] [stderr]    Compiling syn v3.0.0
[INFO] [stderr]     Checking rand_core v0.9.5
[INFO] [stderr]     Checking http-body-util v0.1.4
[INFO] [stderr]     Checking rayon-core v1.13.0
[INFO] [stderr]     Checking regex-automata v0.4.16
[INFO] [stderr]     Checking unicase v2.9.0
[INFO] [stderr]     Checking dirs-sys v0.5.0
[INFO] [stderr]     Checking uuid v1.24.0
[INFO] [stderr]     Checking chacha20 v0.10.1
[INFO] [stderr]     Checking tracing-log v0.2.0
[INFO] [stderr]     Checking thread_local v1.1.10
[INFO] [stderr]     Checking typewit v1.15.2
[INFO] [stderr]    Compiling cxxbridge-flags v1.0.198
[INFO] [stderr]    Compiling jobserver v0.1.35
[INFO] [stderr]     Checking foldhash v0.2.0
[INFO] [stderr]    Compiling scratch v1.0.9
[INFO] [stderr]     Checking time v0.3.54
[INFO] [stderr]     Checking crypto-common v0.1.7
[INFO] [stderr]     Checking const_panic v0.2.15
[INFO] [stderr]     Checking block-buffer v0.10.4
[INFO] [stderr]     Checking dirs v6.0.0
[INFO] [stderr]     Checking hybrid-array v0.4.13
[INFO] [stderr]     Checking crossbeam-channel v0.5.16
[INFO] [stderr]     Checking rand v0.10.2
[INFO] [stderr]     Checking rayon v1.12.0
[INFO] [stderr]     Checking os_str_bytes v6.6.1
[INFO] [stderr]    Compiling cc v1.3.0
[INFO] [stderr]     Checking link-section v0.19.0
[INFO] [stderr]    Compiling termcolor v1.4.1
[INFO] [stderr]     Checking minimal-lexical v0.2.1
[INFO] [stderr]    Compiling esaxx-rs v0.1.10
[INFO] [stderr]    Compiling rustix v1.1.4
[INFO] [stderr]    Compiling linktime-proc-macro v0.2.0
[INFO] [stderr]    Compiling konst_proc_macros v0.4.1
[INFO] [stderr]    Compiling codespan-reporting v0.13.1
[INFO] [stderr]     Checking nom v7.1.3
[INFO] [stderr]     Checking digest v0.10.7
[INFO] [stderr]     Checking sysinfo v0.38.4
[INFO] [stderr]     Checking whoami v2.1.2
[INFO] [stderr]    Compiling openssl v0.10.81
[INFO] [stderr]     Checking colored v3.1.1
[INFO] [stderr]     Checking ctor v1.0.9
[INFO] [stderr]     Checking twox-hash v2.1.3
[INFO] [stderr]    Compiling redb v3.1.3
[INFO] [stderr]     Checking more-asserts v0.3.1
[INFO] [stderr]     Checking konst v0.4.3
[INFO] [stderr]     Checking foreign-types-shared v0.1.1
[INFO] [stderr]     Checking humantime v2.4.0
[INFO] [stderr]     Checking oneshot v0.1.13
[INFO] [stderr]    Compiling macro_rules_attribute-proc_macro v0.2.2
[INFO] [stderr]     Checking base64 v0.13.1
[INFO] [stderr]     Checking const-str v1.1.0
[INFO] [stderr]     Checking hashbrown v0.16.1
[INFO] [stderr]     Checking foreign-types v0.3.2
[INFO] [stderr]     Checking lz4_flex v0.13.1
[INFO] [stderr]     Checking crypto-common v0.2.2
[INFO] [stderr]     Checking block-buffer v0.12.1
[INFO] [stderr]     Checking macro_rules_attribute v0.2.2
[INFO] [stderr]     Checking approx v0.5.1
[INFO] [stderr]     Checking countio v0.3.0
[INFO] [stderr]     Checking unicode-normalization-alignments v0.1.12
[INFO] [stderr]     Checking unicode_categories v0.1.1
[INFO] [stderr]     Checking safe-transmute v0.11.3
[INFO] [stderr]     Checking heapify v0.2.0
[INFO] [stderr]    Compiling cmake v0.1.58
[INFO] [stderr]    Compiling cxx-build v1.0.198
[INFO] [stderr]    Compiling native-tls v0.2.18
[INFO] [stderr]    Compiling schemars v0.8.22
[INFO] [stderr]     Checking statrs v0.18.0
[INFO] [stderr]     Checking dyn-clone v1.0.20
[INFO] [stderr]     Checking rayon-cond v0.4.0
[INFO] [stderr]     Checking typed-path v0.12.3
[INFO] [stderr]     Checking cfg-if v0.1.10
[INFO] [stderr]     Checking sha2 v0.10.9
[INFO] [stderr]     Checking digest v0.11.3
[INFO] [stderr]     Checking gearhash v0.1.3
[INFO] [stderr]     Checking num_cpus v1.17.0
[INFO] [stderr]     Checking memmap2 v0.9.11
[INFO] [stderr]     Checking bit-vec v0.8.0
[INFO] [stderr]    Compiling aws-lc-sys v0.43.0
[INFO] [stdout] error[E0493]: destructor of `ArrayBuilder<T, N, D>` cannot be evaluated at compile-time
[INFO] [stdout]    --> /opt/rustwide/cargo-home/registry/src/index.crates.io-1949cf8c6b5b557f/konst-0.4.3/src/array/array_builder.rs:421:24
[INFO] [stdout]     |
[INFO] [stdout] 421 |     pub const fn build(self) -> [T; N] {
[INFO] [stdout]     |                        ^^^^ the destructor for this type cannot be evaluated in constant functions
[INFO] [stdout] ...
[INFO] [stdout] 437 |     }
[INFO] [stdout]     |     - value is dropped here
[INFO] [stdout] 
[INFO] [stdout] 
[INFO] [stderr]    Compiling ring v0.17.14
[INFO] [stdout] error[E0493]: destructor of `array_into_iter::IntoIter<T, N, D>` cannot be evaluated at compile-time
[INFO] [stdout]    --> /opt/rustwide/cargo-home/registry/src/index.crates.io-1949cf8c6b5b557f/konst-0.4.3/src/array/array_into_iter.rs:324:34
[INFO] [stdout]     |
[INFO] [stdout] 324 |     pub const fn assert_is_empty(self) {
[INFO] [stdout]     |                                  ^^^^ the destructor for this type cannot be evaluated in constant functions
[INFO] [stdout] ...
[INFO] [stdout] 327 |     }
[INFO] [stdout]     |     - value is dropped here
[INFO] [stdout] 
[INFO] [stdout] 
[INFO] [stderr]    Compiling blake3 v1.8.5
[INFO] [stderr]    Compiling link-cplusplus v1.0.12
[INFO] [stderr]    Compiling openssl-sys v0.9.117
[INFO] [stderr]    Compiling onig_sys v69.9.3
[INFO] [stdout] error[E0493]: destructor of `Option<(T, U)>` cannot be evaluated at compile-time
[INFO] [stdout]    --> /opt/rustwide/cargo-home/registry/src/index.crates.io-1949cf8c6b5b557f/konst-0.4.3/src/macros/control_flow.rs:83:42
[INFO] [stdout]     |
[INFO] [stdout]  81 |   macro_rules! if_let_Some {
[INFO] [stdout]  82 |       ($some:pat = $e:expr => $then:block $(else $else:block)?) => {
[INFO] [stdout]  83 |           match $crate::option::__opt($e) {opt =>
[INFO] [stdout]     |                                            ^^^ the destructor for this type cannot be evaluated in constant functions
[INFO] [stdout] ...
[INFO] [stdout]  90 |               }
[INFO] [stdout]     |               - value is dropped here
[INFO] [stdout]     |
[INFO] [stdout]    ::: /opt/rustwide/cargo-home/registry/src/index.crates.io-1949cf8c6b5b557f/konst-0.4.3/src/option.rs:635:5
[INFO] [stdout]     |
[INFO] [stdout] 635 | /     crate::if_let_Some! {tuple = opt => {
[INFO] [stdout] 636 | |         crate::destructure!{(l, r) = tuple}
[INFO] [stdout] 637 | |
[INFO] [stdout] 638 | |         (Some(l), Some(r))
[INFO] [stdout] 639 | |     } else {
[INFO] [stdout] 640 | |         (None, None)
[INFO] [stdout] 641 | |     }}
[INFO] [stdout]     | |______- in this macro invocation
[INFO] [stdout] 
[INFO] [stdout] 
[INFO] [stderr]     Checking regex v1.13.1
[INFO] [stderr]    Compiling serde_derive v1.0.229
[INFO] [stderr]    Compiling thiserror-impl v2.0.19
[INFO] [stderr]    Compiling async-trait v0.1.91
[INFO] [stderr]     Checking matchers v0.2.0
[INFO] [stderr]     Checking bstr v1.13.0
[INFO] [stderr]    Compiling cxx v1.0.198
[INFO] [stdout] For more information about this error, try `rustc --explain E0493`.
[INFO] [stdout] 
[INFO] [stderr] error: could not compile `konst` (lib) due to 3 previous errors
[INFO] [stderr] warning: build failed, waiting for other jobs to finish...
[INFO] running `Command { std: "docker" "inspect" "b850abd1246e33d6ce07eed0cb0ada0cb86580deeaabc2fc9b8bf56d7a522b0d", kill_on_drop: false }`
[INFO] running `Command { std: "docker" "rm" "-f" "b850abd1246e33d6ce07eed0cb0ada0cb86580deeaabc2fc9b8bf56d7a522b0d", kill_on_drop: false }`
[INFO] [stdout] b850abd1246e33d6ce07eed0cb0ada0cb86580deeaabc2fc9b8bf56d7a522b0d
