[INFO] fetching crate fuguex-hooks 0.2.6...
[INFO] checking fuguex-hooks-0.2.6 against c79f6bc4fc2389852aeff667626cb3e58adfe71c for pr-164081
[INFO] extracting crate fuguex-hooks 0.2.6 into /workspace/builds/worker-0-tc2/source
[INFO] started tweaking crates.io crate fuguex-hooks 0.2.6
[INFO] finished tweaking crates.io crate fuguex-hooks 0.2.6
[INFO] tweaked toml for crates.io crate fuguex-hooks 0.2.6 written to /workspace/builds/worker-0-tc2/source/Cargo.toml
[INFO] validating manifest of crates.io crate fuguex-hooks 0.2.6 on toolchain c79f6bc4fc2389852aeff667626cb3e58adfe71c
[INFO] running `Command { std: CARGO_HOME="/workspace/cargo-home" RUSTUP_HOME="/workspace/rustup-home" "/workspace/cargo-home/bin/cargo" "+c79f6bc4fc2389852aeff667626cb3e58adfe71c" "metadata" "--manifest-path" "Cargo.toml" "--no-deps", kill_on_drop: false }`
[INFO] running `Command { std: CARGO_HOME="/workspace/cargo-home" RUSTUP_HOME="/workspace/rustup-home" "/workspace/cargo-home/bin/cargo" "+c79f6bc4fc2389852aeff667626cb3e58adfe71c" "generate-lockfile" "--manifest-path" "Cargo.toml", kill_on_drop: false }`
[INFO] [stderr]     Updating crates.io index
[INFO] [stderr]      Locking 169 packages to highest compatible versions
[INFO] [stderr]       Adding psm v0.1.24 (available: v0.1.32)
[INFO] [stderr]       Adding thiserror v1.0.69 (available: v2.0.21)
[INFO] running `Command { std: CARGO_HOME="/workspace/cargo-home" RUSTUP_HOME="/workspace/rustup-home" "/workspace/cargo-home/bin/cargo" "+c79f6bc4fc2389852aeff667626cb3e58adfe71c" "fetch" "--manifest-path" "Cargo.toml", kill_on_drop: false }`
[INFO] running `Command { std: "docker" "create" "-v" "/var/lib/crater-agent-workspace/builds/worker-0-tc2/source:/opt/rustwide/workdir:ro,Z" "-v" "/var/lib/crater-agent-workspace/builds/worker-0-tc2/target:/opt/rustwide/target:rw,Z" "-v" "/var/lib/crater-agent-workspace/cargo-home:/opt/rustwide/cargo-home:ro,Z" "-v" "/var/lib/crater-agent-workspace/rustup-home:/opt/rustwide/rustup-home:ro,Z" "-m" "1610612736" "--network" "none" "ghcr.io/rust-lang/crates-build-env/linux@sha256:77db811e55d90add9212f6832c23229e3de5f1c1f9905e8cb07319ea15df73ac" "sleep" "infinity", kill_on_drop: false }`
[INFO] [stdout] d5c7bb7d4e2afef89f07284a0e54066b93b6401a4e46e89139f6191d4775be63
[INFO] running `Command { std: "docker" "start" "d5c7bb7d4e2afef89f07284a0e54066b93b6401a4e46e89139f6191d4775be63", kill_on_drop: false }`
[INFO] running `Command { std: "docker" "inspect" "d5c7bb7d4e2afef89f07284a0e54066b93b6401a4e46e89139f6191d4775be63", kill_on_drop: false }`
[INFO] running `Command { std: "docker" "exec" "-e" "SOURCE_DIR=/opt/rustwide/workdir" "-e" "CARGO_HOME=/opt/rustwide/cargo-home" "-e" "RUSTUP_HOME=/opt/rustwide/rustup-home" "-e" "CARGO_TARGET_DIR=/opt/rustwide/target" "-w" "/opt/rustwide/workdir" "--user" "0:0" "d5c7bb7d4e2afef89f07284a0e54066b93b6401a4e46e89139f6191d4775be63" "/opt/rustwide/cargo-home/bin/cargo" "+c79f6bc4fc2389852aeff667626cb3e58adfe71c" "metadata" "--no-deps" "--format-version=1", kill_on_drop: false }`
[INFO] running `Command { std: "docker" "inspect" "d5c7bb7d4e2afef89f07284a0e54066b93b6401a4e46e89139f6191d4775be63", kill_on_drop: false }`
[INFO] running `Command { std: "docker" "exec" "-e" "SOURCE_DIR=/opt/rustwide/workdir" "-e" "CARGO_HOME=/opt/rustwide/cargo-home" "-e" "RUSTUP_HOME=/opt/rustwide/rustup-home" "-e" "CARGO_TARGET_DIR=/opt/rustwide/target" "-e" "CARGO_INCREMENTAL=0" "-e" "RUST_BACKTRACE=full" "-e" "RUSTFLAGS=--cap-lints=forbid" "-e" "RUSTDOCFLAGS=--cap-lints=forbid" "-w" "/opt/rustwide/workdir" "--user" "0:0" "d5c7bb7d4e2afef89f07284a0e54066b93b6401a4e46e89139f6191d4775be63" "/opt/rustwide/cargo-home/bin/cargo" "+c79f6bc4fc2389852aeff667626cb3e58adfe71c" "check" "--frozen" "--all" "--all-targets" "--message-format=json", kill_on_drop: false }`
[INFO] [stderr]    Compiling libc v0.2.191
[INFO] [stderr]    Compiling serde_core v1.0.229
[INFO] [stderr]    Compiling serde v1.0.229
[INFO] [stderr]    Compiling syn v3.0.9
[INFO] [stderr]    Compiling psm v0.1.24
[INFO] [stderr]    Compiling stacker v0.1.25
[INFO] [stderr]    Compiling gmp-mpfr-sys v1.7.1
[INFO] [stderr]    Compiling static_init_macro v1.0.4
[INFO] [stderr]    Compiling syn v2.0.119
[INFO] [stderr]    Compiling static_init v1.0.4
[INFO] [stderr]     Checking instant v0.1.13
[INFO] [stderr]    Compiling ahash v0.7.8
[INFO] [stderr]    Compiling rug v1.30.0
[INFO] [stderr]    Compiling getrandom v0.3.4
[INFO] [stderr]     Checking az v1.3.0
[INFO] [stderr]     Checking num-integer v0.1.47
[INFO] [stderr]     Checking xmlparser v0.13.6
[INFO] [stderr]     Checking unicase v2.10.0
[INFO] [stderr]     Checking roxmltree v0.18.1
[INFO] [stderr]     Checking equivalent v1.0.3
[INFO] [stderr]     Checking bumpalo v3.20.3
[INFO] [stderr]     Checking getrandom v0.2.17
[INFO] [stderr]    Compiling pest v2.9.4
[INFO] [stderr]     Checking unsafe_unwrap v0.1.0
[INFO] [stderr]     Checking indexmap v2.14.2
[INFO] [stderr]     Checking itertools v0.13.0
[INFO] [stderr]     Checking arrayvec v0.7.8
[INFO] [stderr]     Checking nom v7.1.3
[INFO] [stderr]     Checking bitflags v2.13.2
[INFO] [stderr]    Compiling either v1.19.0
[INFO] [stdout] error[E0493]: destructor of `[(Op<R>, bool); N]` cannot be evaluated at compile-time
[INFO] [stdout]    --> /opt/rustwide/cargo-home/registry/src/index.crates.io-1949cf8c6b5b557f/pest-2.9.4/src/pratt_parser.rs:328:28
[INFO] [stdout]     |
[INFO] [stdout] 328 |     pub const fn new_const(ops: [(Op<R>, bool); N]) -> Self {
[INFO] [stdout]     |                            ^^^ the destructor for this type cannot be evaluated in constant functions
[INFO] [stdout] ...
[INFO] [stdout] 355 |     }
[INFO] [stdout]     |     - value is dropped here
[INFO] [stdout] 
[INFO] [stdout] 
[INFO] [stderr]    Compiling serde_derive v1.0.229
[INFO] [stderr]    Compiling thiserror-impl v1.0.69
[INFO] [stdout] For more information about this error, try `rustc --explain E0493`.
[INFO] [stdout] 
[INFO] [stderr] error: could not compile `pest` (lib) due to 1 previous error
[INFO] [stderr] warning: build failed, waiting for other jobs to finish...
[INFO] [stdout] error[E0493]: destructor of `[(Op<R>, bool); N]` cannot be evaluated at compile-time
[INFO] [stdout]    --> /opt/rustwide/cargo-home/registry/src/index.crates.io-1949cf8c6b5b557f/pest-2.9.4/src/pratt_parser.rs:328:28
[INFO] [stdout]     |
[INFO] [stdout] 328 |     pub const fn new_const(ops: [(Op<R>, bool); N]) -> Self {
[INFO] [stdout]     |                            ^^^ the destructor for this type cannot be evaluated in constant functions
[INFO] [stdout] ...
[INFO] [stdout] 355 |     }
[INFO] [stdout]     |     - value is dropped here
[INFO] [stdout] 
[INFO] [stdout] 
[INFO] [stdout] For more information about this error, try `rustc --explain E0493`.
[INFO] [stdout] 
[INFO] [stderr] error: could not compile `pest` (lib) due to 1 previous error
[ERROR] error running command: no output for 300 seconds
[INFO] running `Command { std: "docker" "inspect" "d5c7bb7d4e2afef89f07284a0e54066b93b6401a4e46e89139f6191d4775be63", kill_on_drop: false }`
[INFO] running `Command { std: "docker" "rm" "-f" "d5c7bb7d4e2afef89f07284a0e54066b93b6401a4e46e89139f6191d4775be63", kill_on_drop: false }`
[INFO] [stdout] d5c7bb7d4e2afef89f07284a0e54066b93b6401a4e46e89139f6191d4775be63
