[INFO] fetching crate blit-proxy 0.44.0...
[INFO] checking blit-proxy-0.44.0 against c79f6bc4fc2389852aeff667626cb3e58adfe71c for pr-164081
[INFO] extracting crate blit-proxy 0.44.0 into /workspace/builds/worker-4-tc2/source
[INFO] started tweaking crates.io crate blit-proxy 0.44.0
[INFO] finished tweaking crates.io crate blit-proxy 0.44.0
[INFO] tweaked toml for crates.io crate blit-proxy 0.44.0 written to /workspace/builds/worker-4-tc2/source/Cargo.toml
[INFO] validating manifest of crates.io crate blit-proxy 0.44.0 on toolchain c79f6bc4fc2389852aeff667626cb3e58adfe71c
[INFO] running `Command { std: CARGO_HOME="/workspace/cargo-home" RUSTUP_HOME="/workspace/rustup-home" "/workspace/cargo-home/bin/cargo" "+c79f6bc4fc2389852aeff667626cb3e58adfe71c" "metadata" "--manifest-path" "Cargo.toml" "--no-deps", kill_on_drop: false }`
[INFO] crate crates.io crate blit-proxy 0.44.0 already has a lockfile, it will not be regenerated
[INFO] running `Command { std: CARGO_HOME="/workspace/cargo-home" RUSTUP_HOME="/workspace/rustup-home" "/workspace/cargo-home/bin/cargo" "+c79f6bc4fc2389852aeff667626cb3e58adfe71c" "fetch" "--manifest-path" "Cargo.toml", kill_on_drop: false }`
[INFO] running `Command { std: "docker" "create" "-v" "/var/lib/crater-agent-workspace/builds/worker-4-tc2/source:/opt/rustwide/workdir:ro,Z" "-v" "/var/lib/crater-agent-workspace/builds/worker-4-tc2/target:/opt/rustwide/target:rw,Z" "-v" "/var/lib/crater-agent-workspace/cargo-home:/opt/rustwide/cargo-home:ro,Z" "-v" "/var/lib/crater-agent-workspace/rustup-home:/opt/rustwide/rustup-home:ro,Z" "-m" "1610612736" "--network" "none" "ghcr.io/rust-lang/crates-build-env/linux@sha256:77db811e55d90add9212f6832c23229e3de5f1c1f9905e8cb07319ea15df73ac" "sleep" "infinity", kill_on_drop: false }`
[INFO] [stdout] 54fd391023999b55da5a685936e047e458158d077aad218bcf1ad6b89ff0ce10
[INFO] running `Command { std: "docker" "start" "54fd391023999b55da5a685936e047e458158d077aad218bcf1ad6b89ff0ce10", kill_on_drop: false }`
[INFO] running `Command { std: "docker" "inspect" "54fd391023999b55da5a685936e047e458158d077aad218bcf1ad6b89ff0ce10", kill_on_drop: false }`
[INFO] running `Command { std: "docker" "exec" "-e" "SOURCE_DIR=/opt/rustwide/workdir" "-e" "CARGO_HOME=/opt/rustwide/cargo-home" "-e" "RUSTUP_HOME=/opt/rustwide/rustup-home" "-e" "CARGO_TARGET_DIR=/opt/rustwide/target" "-w" "/opt/rustwide/workdir" "--user" "0:0" "54fd391023999b55da5a685936e047e458158d077aad218bcf1ad6b89ff0ce10" "/opt/rustwide/cargo-home/bin/cargo" "+c79f6bc4fc2389852aeff667626cb3e58adfe71c" "metadata" "--no-deps" "--format-version=1", kill_on_drop: false }`
[INFO] running `Command { std: "docker" "inspect" "54fd391023999b55da5a685936e047e458158d077aad218bcf1ad6b89ff0ce10", kill_on_drop: false }`
[INFO] running `Command { std: "docker" "exec" "-e" "SOURCE_DIR=/opt/rustwide/workdir" "-e" "CARGO_HOME=/opt/rustwide/cargo-home" "-e" "RUSTUP_HOME=/opt/rustwide/rustup-home" "-e" "CARGO_TARGET_DIR=/opt/rustwide/target" "-e" "CARGO_INCREMENTAL=0" "-e" "RUST_BACKTRACE=full" "-e" "RUSTFLAGS=--cap-lints=forbid" "-e" "RUSTDOCFLAGS=--cap-lints=forbid" "-w" "/opt/rustwide/workdir" "--user" "0:0" "54fd391023999b55da5a685936e047e458158d077aad218bcf1ad6b89ff0ce10" "/opt/rustwide/cargo-home/bin/cargo" "+c79f6bc4fc2389852aeff667626cb3e58adfe71c" "check" "--frozen" "--all" "--all-targets" "--message-format=json", kill_on_drop: false }`
[INFO] [stderr]    Compiling libc v0.2.186
[INFO] [stderr]     Checking cfg-if v1.0.4
[INFO] [stderr]     Checking zeroize v1.8.2
[INFO] [stderr]     Checking typenum v1.20.0
[INFO] [stderr]     Checking subtle v2.6.1
[INFO] [stderr]    Compiling proc-macro2 v1.0.106
[INFO] [stderr]    Compiling unicode-ident v1.0.24
[INFO] [stderr]    Compiling quote v1.0.45
[INFO] [stderr]     Checking cmov v0.5.3
[INFO] [stderr]     Checking rand_core v0.10.1
[INFO] [stderr]    Compiling getrandom v0.4.2
[INFO] [stderr]     Checking const-oid v0.10.2
[INFO] [stderr]     Checking base64ct v1.8.3
[INFO] [stderr]    Compiling version_check v0.9.5
[INFO] [stderr]    Compiling find-msvc-tools v0.1.9
[INFO] [stderr]    Compiling shlex v1.3.0
[INFO] [stderr]     Checking cpufeatures v0.3.0
[INFO] [stderr]     Checking bytes v1.11.1
[INFO] [stderr]    Compiling fs_extra v1.3.0
[INFO] [stderr]    Compiling dunce v1.0.5
[INFO] [stderr]     Checking pin-project-lite v0.2.17
[INFO] [stderr]     Checking cpubits v0.1.1
[INFO] [stderr]    Compiling autocfg v1.5.0
[INFO] [stderr]    Compiling aws-lc-rs v1.17.0
[INFO] [stderr]     Checking smallvec v1.15.1
[INFO] [stderr]     Checking itoa v1.0.18
[INFO] [stderr]     Checking untrusted v0.7.1
[INFO] [stderr]    Compiling generic-array v0.14.7
[INFO] [stderr]     Checking memchr v2.8.0
[INFO] [stderr]     Checking once_cell v1.21.4
[INFO] [stderr]     Checking log v0.4.29
[INFO] [stderr]     Checking ctutils v0.4.2
[INFO] [stderr]     Checking rustls-pki-types v1.14.1
[INFO] [stderr]    Compiling parking_lot_core v0.9.12
[INFO] [stderr]     Checking pem-rfc7468 v1.0.0
[INFO] [stderr]    Compiling getrandom v0.3.4
[INFO] [stderr]     Checking stable_deref_trait v1.2.1
[INFO] [stderr]     Checking scopeguard v1.2.0
[INFO] [stderr]    Compiling zerocopy v0.8.48
[INFO] [stderr]     Checking futures-core v0.3.32
[INFO] [stderr]     Checking lock_api v0.4.14
[INFO] [stderr]     Checking slab v0.4.12
[INFO] [stderr]     Checking der v0.8.0
[INFO] [stderr]     Checking cpufeatures v0.2.17
[INFO] [stderr]     Checking futures-sink v0.3.32
[INFO] [stderr]    Compiling semver v1.0.28
[INFO] [stderr]     Checking futures-task v0.3.32
[INFO] [stderr]     Checking futures-io v0.3.32
[INFO] [stderr]    Compiling thiserror v2.0.18
[INFO] [stderr]    Compiling cfg_aliases v0.2.1
[INFO] [stderr]     Checking untrusted v0.9.0
[INFO] [stderr]     Checking futures-channel v0.3.32
[INFO] [stderr]     Checking litemap v0.8.2
[INFO] [stderr]    Compiling rustls v0.23.40
[INFO] [stderr]     Checking writeable v0.6.3
[INFO] [stderr]    Compiling num-traits v0.2.19
[INFO] [stderr]    Compiling rustc_version v0.4.1
[INFO] [stderr]     Checking tracing-core v0.1.36
[INFO] [stderr]     Checking pem-rfc7468 v0.7.0
[INFO] [stderr]     Checking ff v0.14.0
[INFO] [stderr]     Checking flagset v0.4.7
[INFO] [stderr]    Compiling icu_normalizer_data v2.2.0
[INFO] [stderr]     Checking utf8_iter v1.0.4
[INFO] [stderr]     Checking const-oid v0.9.6
[INFO] [stderr]    Compiling icu_properties_data v2.2.0
[INFO] [stderr]     Checking powerfmt v0.2.0
[INFO] [stderr]    Compiling serde_core v1.0.228
[INFO] [stderr]     Checking base16ct v1.0.0
[INFO] [stderr]    Compiling syn v2.0.117
[INFO] [stderr]     Checking deranged v0.5.8
[INFO] [stderr]     Checking group v0.14.0
[INFO] [stderr]     Checking http v1.4.0
[INFO] [stderr]    Compiling httparse v1.10.1
[INFO] [stderr]     Checking time-core v0.1.8
[INFO] [stderr]     Checking num-conv v0.2.1
[INFO] [stderr]     Checking percent-encoding v2.3.2
[INFO] [stderr]    Compiling serde v1.0.228
[INFO] [stderr]     Checking openssl-probe v0.2.1
[INFO] [stderr]     Checking signature v2.2.0
[INFO] [stderr]     Checking bitflags v2.11.1
[INFO] [stderr]     Checking rustls-native-certs v0.8.3
[INFO] [stderr]     Checking base64 v0.22.1
[INFO] [stderr]     Checking base16ct v0.2.0
[INFO] [stderr]     Checking form_urlencoded v1.2.2
[INFO] [stderr]    Compiling curve25519-dalek v5.0.0-rc.0
[INFO] [stderr]     Checking nom v8.0.0
[INFO] [stderr]     Checking rustc-hash v2.1.2
[INFO] [stderr]    Compiling libm v0.2.16
[INFO] [stderr]     Checking tower-service v0.3.3
[INFO] [stderr]     Checking try-lock v0.2.5
[INFO] [stderr]     Checking arrayvec v0.7.6
[INFO] [stderr]     Checking want v0.3.1
[INFO] [stderr]    Compiling curve25519-dalek v4.1.3
[INFO] [stderr]    Compiling nix v0.31.3
[INFO] [stderr]     Checking spki v0.8.0
[INFO] [stderr]    Compiling jobserver v0.1.34
[INFO] [stderr]     Checking atomic-waker v1.1.2
[INFO] [stderr]     Checking byteorder v1.5.0
[INFO] [stderr]     Checking data-encoding v2.11.0
[INFO] [stderr]     Checking crc-catalog v2.5.0
[INFO] [stderr]     Checking utf8parse v0.2.2
[INFO] [stderr]    Compiling crc32fast v1.5.0
[INFO] [stderr]     Checking http-body v1.0.1
[INFO] [stderr]    Compiling rustversion v1.0.22
[INFO] [stderr]     Checking fastrand v2.4.1
[INFO] [stderr]    Compiling zmij v1.0.21
[INFO] [stderr]    Compiling ref-cast v1.0.25
[INFO] [stderr]     Checking crc v3.4.0
[INFO] [stderr]     Checking anstyle-parse v1.0.0
[INFO] [stderr]    Compiling cc v1.2.62
[INFO] [stderr]     Checking pkcs1 v0.8.0-rc.4
[INFO] [stderr]     Checking num-integer v0.1.46
[INFO] [stderr]    Compiling quinn-udp v0.5.14
[INFO] [stderr]     Checking sync_wrapper v1.0.2
[INFO] [stderr]     Checking keccak v0.2.0
[INFO] [stderr]     Checking adler2 v2.0.1
[INFO] [stderr]     Checking siphasher v1.0.3
[INFO] [stderr]     Checking equivalent v1.0.2
[INFO] [stderr]     Checking hybrid-array v0.4.12
[INFO] [stderr]     Checking simd-adler32 v0.3.9
[INFO] [stderr]     Checking fiat-crypto v0.3.0
[INFO] [stderr]     Checking hashbrown v0.17.1
[INFO] [stderr]    Compiling serde_json v1.0.149
[INFO] [stderr]     Checking is_terminal_polyfill v1.70.2
[INFO] [stderr]     Checking opaque-debug v0.3.1
[INFO] [stderr]     Checking tower-layer v0.3.3
[INFO] [stderr]     Checking ipnet v2.12.0
[INFO] [stderr]     Checking anstyle v1.0.14
[INFO] [stderr]     Checking anstyle-query v1.1.5
[INFO] [stderr]     Checking tinyvec_macros v0.1.1
[INFO] [stderr]     Checking getrandom v0.2.17
[INFO] [stderr]     Checking socket2 v0.6.3
[INFO] [stderr]     Checking rand_core v0.6.4
[INFO] [stderr]     Checking errno v0.3.14
[INFO] [stderr]     Checking signal-hook-registry v1.4.8
[INFO] [stderr]     Checking mio v1.2.0
[INFO] [stderr]     Checking parking_lot v0.12.5
[INFO] [stderr]     Checking time v0.3.47
[INFO] [stderr]     Checking colorchoice v1.0.5
[INFO] [stderr]     Checking rand_core v0.9.5
[INFO] [stderr]     Checking anstream v1.0.0
[INFO] [stderr]     Checking tinyvec v1.11.0
[INFO] [stderr]     Checking crypto-common v0.1.7
[INFO] [stderr]     Checking inout v0.1.4
[INFO] [stderr]     Checking block-buffer v0.10.4
[INFO] [stderr]    Compiling cmake v0.1.58
[INFO] [stderr]     Checking aead v0.5.2
[INFO] [stderr]     Checking cipher v0.4.4
[INFO] [stderr]     Checking digest v0.10.7
[INFO] [stderr]     Checking universal-hash v0.5.1
[INFO] [stderr]     Checking poly1305 v0.8.0
[INFO] [stderr]     Checking ctr v0.9.2
[INFO] [stderr]     Checking aes v0.8.4
[INFO] [stderr]     Checking sha1 v0.10.6
[INFO] [stderr]     Checking indexmap v2.14.0
[INFO] [stderr]     Checking ccm v0.5.0
[INFO] [stderr]     Checking salsa20 v0.10.2
[INFO] [stderr]     Checking miniz_oxide v0.8.9
[INFO] [stderr]    Compiling quinn v0.11.9
[INFO] [stderr]     Checking strsim v0.11.1
[INFO] [stderr]     Checking hex v0.4.3
[INFO] [stderr]    Compiling aws-lc-sys v0.41.0
[INFO] [stderr]    Compiling ring v0.17.14
[INFO] [stderr]    Compiling heck v0.5.0
[INFO] [stderr]     Checking lru-slab v0.1.2
[INFO] [stderr]     Checking clap_lex v1.1.0
[INFO] [stderr]     Checking crypto_secretbox v0.1.1
[INFO] [stderr]     Checking sha2 v0.10.9
[INFO] [stderr]     Checking crypto-common v0.2.1
[INFO] [stderr]     Checking block-buffer v0.12.0
[INFO] [stderr]     Checking block-padding v0.4.2
[INFO] [stderr]     Checking crypto-bigint v0.7.5
[INFO] [stderr]     Checking inout v0.2.2
[INFO] [stderr]     Checking sec1 v0.8.1
[INFO] [stderr]     Checking module-lattice v0.2.3
[INFO] [stderr]     Checking generic-array v1.4.1
[INFO] [stderr]     Checking flate2 v1.1.9
[INFO] [stderr]     Checking clap_builder v4.6.0
[INFO] [stderr]     Checking num-bigint v0.4.6
[INFO] [stderr]     Checking http-body-util v0.1.3
[INFO] [stderr]     Checking ed25519 v2.2.3
[INFO] [stderr]     Checking yasna v0.6.0
[INFO] [stderr]     Checking combine v4.6.7
[INFO] [stderr]     Checking md5 v0.8.0
[INFO] [stderr]     Checking lz4_flex v0.13.1
[INFO] [stderr]     Checking unicode-width v0.2.2
[INFO] [stderr]     Checking hex-literal v1.1.0
[INFO] [stderr]     Checking uuid v1.23.1
[INFO] [stderr]     Checking blit-remote v0.44.0
[INFO] [stdout] error[E0493]: destructor of `ArrayBuilder<T, N>` cannot be evaluated at compile-time
[INFO] [stdout]    --> /opt/rustwide/cargo-home/registry/src/index.crates.io-1949cf8c6b5b557f/generic-array-1.4.1/src/internal.rs:103:31
[INFO] [stdout]     |
[INFO] [stdout] 103 |     pub unsafe fn assume_init(self) -> GenericArray<T, N> {
[INFO] [stdout]     |                               ^^^^ the destructor for this type cannot be evaluated in constant functions
[INFO] [stdout] ...
[INFO] [stdout] 109 |     }
[INFO] [stdout]     |     - value is dropped here
[INFO] [stdout] 
[INFO] [stdout] 
[INFO] [stderr]     Checking blit-sd-notify v0.44.0
[INFO] [stdout] error[E0493]: destructor of `GenericArray<core::mem::MaybeUninit<*const T>, N>` cannot be evaluated at compile-time
[INFO] [stdout]    --> /opt/rustwide/cargo-home/registry/src/index.crates.io-1949cf8c6b5b557f/generic-array-1.4.1/src/lib.rs:970:13
[INFO] [stdout]     |
[INFO] [stdout] 970 |         let mut out: GenericArray<MaybeUninit<*const T>, N> = GenericArray::uninit();
[INFO] [stdout]     |             ^^^^^^^ the destructor for this type cannot be evaluated in constant functions
[INFO] [stdout] ...
[INFO] [stdout] 985 |     }
[INFO] [stdout]     |     - value is dropped here
[INFO] [stdout] 
[INFO] [stdout] 
[INFO] [stdout] error[E0493]: destructor of `GenericArray<core::mem::MaybeUninit<*mut T>, N>` cannot be evaluated at compile-time
[INFO] [stdout]     --> /opt/rustwide/cargo-home/registry/src/index.crates.io-1949cf8c6b5b557f/generic-array-1.4.1/src/lib.rs:1005:13
[INFO] [stdout]      |
[INFO] [stdout] 1005 |         let mut out: GenericArray<MaybeUninit<*mut T>, N> = GenericArray::uninit();
[INFO] [stdout]      |             ^^^^^^^ the destructor for this type cannot be evaluated in constant functions
[INFO] [stdout] ...
[INFO] [stdout] 1020 |     }
[INFO] [stdout]      |     - value is dropped here
[INFO] [stdout] 
[INFO] [stdout] 
[INFO] [stderr]     Checking web-transport-trait v0.3.4
[INFO] [stdout] For more information about this error, try `rustc --explain E0493`.
[INFO] [stdout] 
[INFO] [stderr] error: could not compile `generic-array` (lib) due to 3 previous errors
[INFO] [stderr] warning: build failed, waiting for other jobs to finish...
[INFO] running `Command { std: "docker" "inspect" "54fd391023999b55da5a685936e047e458158d077aad218bcf1ad6b89ff0ce10", kill_on_drop: false }`
[INFO] running `Command { std: "docker" "rm" "-f" "54fd391023999b55da5a685936e047e458158d077aad218bcf1ad6b89ff0ce10", kill_on_drop: false }`
[INFO] [stdout] 54fd391023999b55da5a685936e047e458158d077aad218bcf1ad6b89ff0ce10
