[INFO] fetching crate assemblyline-filestore 0.2.1...
[INFO] checking assemblyline-filestore-0.2.1 against c79f6bc4fc2389852aeff667626cb3e58adfe71c for pr-164081
[INFO] extracting crate assemblyline-filestore 0.2.1 into /workspace/builds/worker-2-tc2/source
[INFO] started tweaking crates.io crate assemblyline-filestore 0.2.1
[INFO] finished tweaking crates.io crate assemblyline-filestore 0.2.1
[INFO] tweaked toml for crates.io crate assemblyline-filestore 0.2.1 written to /workspace/builds/worker-2-tc2/source/Cargo.toml
[INFO] validating manifest of crates.io crate assemblyline-filestore 0.2.1 on toolchain c79f6bc4fc2389852aeff667626cb3e58adfe71c
[INFO] running `Command { std: CARGO_HOME="/workspace/cargo-home" RUSTUP_HOME="/workspace/rustup-home" "/workspace/cargo-home/bin/cargo" "+c79f6bc4fc2389852aeff667626cb3e58adfe71c" "metadata" "--manifest-path" "Cargo.toml" "--no-deps", kill_on_drop: false }`
[INFO] crate crates.io crate assemblyline-filestore 0.2.1 already has a lockfile, it will not be regenerated
[INFO] running `Command { std: CARGO_HOME="/workspace/cargo-home" RUSTUP_HOME="/workspace/rustup-home" "/workspace/cargo-home/bin/cargo" "+c79f6bc4fc2389852aeff667626cb3e58adfe71c" "fetch" "--manifest-path" "Cargo.toml", kill_on_drop: false }`
[INFO] running `Command { std: "docker" "create" "-v" "/var/lib/crater-agent-workspace/builds/worker-2-tc2/source:/opt/rustwide/workdir:ro,Z" "-v" "/var/lib/crater-agent-workspace/builds/worker-2-tc2/target:/opt/rustwide/target:rw,Z" "-v" "/var/lib/crater-agent-workspace/cargo-home:/opt/rustwide/cargo-home:ro,Z" "-v" "/var/lib/crater-agent-workspace/rustup-home:/opt/rustwide/rustup-home:ro,Z" "-m" "1610612736" "--network" "none" "ghcr.io/rust-lang/crates-build-env/linux@sha256:77db811e55d90add9212f6832c23229e3de5f1c1f9905e8cb07319ea15df73ac" "sleep" "infinity", kill_on_drop: false }`
[INFO] [stdout] 7648da79cf5f0f8facd0c7413e9ab95bc648b7e9bc0b493210121b4abe9c0651
[INFO] running `Command { std: "docker" "start" "7648da79cf5f0f8facd0c7413e9ab95bc648b7e9bc0b493210121b4abe9c0651", kill_on_drop: false }`
[INFO] running `Command { std: "docker" "inspect" "7648da79cf5f0f8facd0c7413e9ab95bc648b7e9bc0b493210121b4abe9c0651", kill_on_drop: false }`
[INFO] running `Command { std: "docker" "exec" "-e" "SOURCE_DIR=/opt/rustwide/workdir" "-e" "CARGO_HOME=/opt/rustwide/cargo-home" "-e" "RUSTUP_HOME=/opt/rustwide/rustup-home" "-e" "CARGO_TARGET_DIR=/opt/rustwide/target" "-w" "/opt/rustwide/workdir" "--user" "0:0" "7648da79cf5f0f8facd0c7413e9ab95bc648b7e9bc0b493210121b4abe9c0651" "/opt/rustwide/cargo-home/bin/cargo" "+c79f6bc4fc2389852aeff667626cb3e58adfe71c" "metadata" "--no-deps" "--format-version=1", kill_on_drop: false }`
[INFO] running `Command { std: "docker" "inspect" "7648da79cf5f0f8facd0c7413e9ab95bc648b7e9bc0b493210121b4abe9c0651", kill_on_drop: false }`
[INFO] running `Command { std: "docker" "exec" "-e" "SOURCE_DIR=/opt/rustwide/workdir" "-e" "CARGO_HOME=/opt/rustwide/cargo-home" "-e" "RUSTUP_HOME=/opt/rustwide/rustup-home" "-e" "CARGO_TARGET_DIR=/opt/rustwide/target" "-e" "CARGO_INCREMENTAL=0" "-e" "RUST_BACKTRACE=full" "-e" "RUSTFLAGS=--cap-lints=forbid" "-e" "RUSTDOCFLAGS=--cap-lints=forbid" "-w" "/opt/rustwide/workdir" "--user" "0:0" "7648da79cf5f0f8facd0c7413e9ab95bc648b7e9bc0b493210121b4abe9c0651" "/opt/rustwide/cargo-home/bin/cargo" "+c79f6bc4fc2389852aeff667626cb3e58adfe71c" "check" "--frozen" "--all" "--all-targets" "--message-format=json", kill_on_drop: false }`
[INFO] [stderr]    Compiling libc v0.2.186
[INFO] [stderr]     Checking cfg-if v1.0.4
[INFO] [stderr]    Compiling proc-macro2 v1.0.106
[INFO] [stderr]    Compiling unicode-ident v1.0.24
[INFO] [stderr]    Compiling quote v1.0.45
[INFO] [stderr]     Checking zeroize v1.8.2
[INFO] [stderr]     Checking subtle v2.6.1
[INFO] [stderr]     Checking typenum v1.20.1
[INFO] [stderr]    Compiling serde_core v1.0.228
[INFO] [stderr]     Checking rand_core v0.10.1
[INFO] [stderr]    Compiling getrandom v0.4.2
[INFO] [stderr]     Checking cmov v0.5.4
[INFO] [stderr]     Checking pin-project-lite v0.2.17
[INFO] [stderr]     Checking memchr v2.8.1
[INFO] [stderr]     Checking bytes v1.11.1
[INFO] [stderr]     Checking smallvec v1.15.1
[INFO] [stderr]    Compiling autocfg v1.5.1
[INFO] [stderr]     Checking futures-core v0.3.32
[INFO] [stderr]    Compiling parking_lot_core v0.9.12
[INFO] [stderr]     Checking scopeguard v1.2.0
[INFO] [stderr]     Checking itoa v1.0.18
[INFO] [stderr]     Checking futures-io v0.3.32
[INFO] [stderr]    Compiling find-msvc-tools v0.1.9
[INFO] [stderr]     Checking lock_api v0.4.14
[INFO] [stderr]    Compiling shlex v2.0.1
[INFO] [stderr]     Checking slab v0.4.12
[INFO] [stderr]     Checking futures-sink v0.3.32
[INFO] [stderr]     Checking once_cell v1.21.4
[INFO] [stderr]     Checking futures-task v0.3.32
[INFO] [stderr]     Checking ctutils v0.4.2
[INFO] [stderr]     Checking futures-channel v0.3.32
[INFO] [stderr]    Compiling num-traits v0.2.19
[INFO] [stderr]     Checking const-oid v0.10.2
[INFO] [stderr]    Compiling version_check v0.9.5
[INFO] [stderr]     Checking fnv v1.0.7
[INFO] [stderr]     Checking base64ct v1.8.3
[INFO] [stderr]     Checking cpufeatures v0.3.0
[INFO] [stderr]    Compiling num-conv v0.2.2
[INFO] [stderr]     Checking powerfmt v0.2.0
[INFO] [stderr]    Compiling time-core v0.1.8
[INFO] [stderr]     Checking tracing-core v0.1.36
[INFO] [stderr]     Checking http v1.4.1
[INFO] [stderr]    Compiling generic-array v0.14.7
[INFO] [stderr]    Compiling time-macros v0.2.27
[INFO] [stderr]     Checking num_threads v0.1.7
[INFO] [stderr]     Checking const-oid v0.9.6
[INFO] [stderr]     Checking log v0.4.30
[INFO] [stderr]     Checking percent-encoding v2.3.2
[INFO] [stderr]     Checking ryu v1.0.23
[INFO] [stderr]    Compiling serde v1.0.228
[INFO] [stderr]     Checking equivalent v1.0.2
[INFO] [stderr]     Checking http v0.2.12
[INFO] [stderr]     Checking stable_deref_trait v1.2.1
[INFO] [stderr]     Checking cpubits v0.1.1
[INFO] [stderr]    Compiling crossbeam-utils v0.8.21
[INFO] [stderr]    Compiling semver v1.0.28
[INFO] [stderr]     Checking hashbrown v0.17.1
[INFO] [stderr]    Compiling httparse v1.10.1
[INFO] [stderr]     Checking vsimd v0.8.0
[INFO] [stderr]     Checking try-lock v0.2.5
[INFO] [stderr]     Checking tower-service v0.3.3
[INFO] [stderr]     Checking outref v0.5.2
[INFO] [stderr]    Compiling rustc_version v0.4.1
[INFO] [stderr]     Checking openssl-probe v0.2.1
[INFO] [stderr]     Checking either v1.16.0
[INFO] [stderr]    Compiling syn v2.0.117
[INFO] [stderr]     Checking num-integer v0.1.46
[INFO] [stderr]     Checking http-body v0.4.6
[INFO] [stderr]     Checking want v0.3.1
[INFO] [stderr]     Checking base64-simd v0.8.0
[INFO] [stderr]     Checking form_urlencoded v1.2.2
[INFO] [stderr]     Checking pem-rfc7468 v1.0.0
[INFO] [stderr]     Checking rustls-pki-types v1.14.1
[INFO] [stderr]     Checking litemap v0.8.2
[INFO] [stderr]     Checking pin-utils v0.1.0
[INFO] [stderr]     Checking ipnet v2.12.0
[INFO] [stderr]     Checking cpufeatures v0.2.17
[INFO] [stderr]    Compiling fs_extra v1.3.0
[INFO] [stderr]     Checking bytes-utils v0.1.4
[INFO] [stderr]     Checking writeable v0.6.3
[INFO] [stderr]    Compiling dunce v1.0.5
[INFO] [stderr]     Checking untrusted v0.9.0
[INFO] [stderr]     Checking atomic-waker v1.1.2
[INFO] [stderr]    Compiling icu_normalizer_data v2.2.0
[INFO] [stderr]     Checking utf8_iter v1.0.4
[INFO] [stderr]    Compiling icu_properties_data v2.2.0
[INFO] [stderr]    Compiling jobserver v0.1.34
[INFO] [stderr]    Compiling aws-lc-rs v1.17.0
[INFO] [stderr]    Compiling vcpkg v0.2.15
[INFO] [stderr]     Checking base64 v0.22.1
[INFO] [stderr]    Compiling pkg-config v0.3.33
[INFO] [stderr]     Checking der v0.8.0
[INFO] [stderr]     Checking sync_wrapper v1.0.2
[INFO] [stderr]     Checking tower-layer v0.3.3
[INFO] [stderr]     Checking hybrid-array v0.4.12
[INFO] [stderr]     Checking http-body v1.0.1
[INFO] [stderr]     Checking parking v2.2.1
[INFO] [stderr]     Checking http-body-util v0.1.3
[INFO] [stderr]     Checking pem-rfc7468 v0.7.0
[INFO] [stderr]    Compiling crc32fast v1.5.0
[INFO] [stderr]     Checking untrusted v0.7.1
[INFO] [stderr]     Checking indexmap v2.14.0
[INFO] [stderr]     Checking concurrent-queue v2.5.0
[INFO] [stderr]    Compiling zerocopy v0.8.50
[INFO] [stderr]    Compiling cc v1.2.63
[INFO] [stderr]     Checking der v0.7.10
[INFO] [stderr]     Checking fastrand v2.4.1
[INFO] [stderr]    Compiling thiserror v2.0.18
[INFO] [stderr]    Compiling openssl v0.10.80
[INFO] [stderr]    Compiling rustix v1.1.4
[INFO] [stderr]     Checking foreign-types-shared v0.1.1
[INFO] [stderr]    Compiling rustls v0.23.40
[INFO] [stderr]     Checking block-buffer v0.10.4
[INFO] [stderr]     Checking crypto-common v0.1.7
[INFO] [stderr]    Compiling rustversion v1.0.22
[INFO] [stderr]     Checking foreign-types v0.3.2
[INFO] [stderr]    Compiling rustls v0.21.12
[INFO] [stderr]     Checking linux-raw-sys v0.12.1
[INFO] [stderr]     Checking digest v0.10.7
[INFO] [stderr]    Compiling native-tls v0.2.18
[INFO] [stderr]     Checking base16ct v0.2.0
[INFO] [stderr]    Compiling thiserror v1.0.69
[INFO] [stderr]    Compiling getrandom v0.1.16
[INFO] [stderr]     Checking errno v0.3.14
[INFO] [stderr]     Checking signal-hook-registry v1.4.8
[INFO] [stderr]     Checking mio v1.2.1
[INFO] [stderr]     Checking socket2 v0.6.4
[INFO] [stderr]     Checking getrandom v0.2.17
[INFO] [stderr]     Checking hmac v0.12.1
[INFO] [stderr]     Checking sha2 v0.10.9
[INFO] [stderr]     Checking parking_lot v0.12.5
[INFO] [stderr]     Checking base64 v0.21.7
[INFO] [stderr]     Checking rand_core v0.6.4
[INFO] [stderr]     Checking socket2 v0.5.10
[INFO] [stderr]     Checking rustcrypto-ff v0.14.0-rc.1
[INFO] [stderr]    Compiling zmij v1.0.21
[INFO] [stderr]     Checking spki v0.8.0
[INFO] [stderr]     Checking openssl-probe v0.1.6
[INFO] [stderr]     Checking hex v0.4.3
[INFO] [stderr]     Checking httpdate v1.0.3
[INFO] [stderr]    Compiling cmake v0.1.58
[INFO] [stderr]     Checking rfc6979 v0.4.0
[INFO] [stderr]     Checking rustls-pemfile v1.0.4
[INFO] [stderr]     Checking rustls-native-certs v0.8.3
[INFO] [stderr]    Compiling cfg_aliases v0.2.1
[INFO] [stderr]     Checking rustls-native-certs v0.6.3
[INFO] [stderr]     Checking ff v0.13.1
[INFO] [stderr]     Checking crypto-bigint v0.5.5
[INFO] [stderr]     Checking signature v2.2.0
[INFO] [stderr]     Checking base16ct v1.0.0
[INFO] [stderr]    Compiling serde_json v1.0.150
[INFO] [stderr]     Checking rand_core v0.5.1
[INFO] [stderr]     Checking group v0.13.0
[INFO] [stderr]     Checking deranged v0.5.8
[INFO] [stderr]     Checking bitflags v2.11.1
[INFO] [stderr]     Checking uuid v1.23.2
[INFO] [stderr]     Checking rustcrypto-group v0.14.0-rc.1
[INFO] [stderr]    Compiling aws-types v1.3.16
[INFO] [stderr]    Compiling anyhow v1.0.102
[INFO] [stderr]     Checking iana-time-zone v0.1.65
[INFO] [stderr]     Checking minimal-lexical v0.2.1
[INFO] [stderr]     Checking event-listener v5.4.1
[INFO] [stderr]     Checking event-listener v2.5.3
[INFO] [stderr]     Checking fastrand v1.9.0
[INFO] [stderr]     Checking nom v7.1.3
[INFO] [stderr]    Compiling http-types v2.12.0
[INFO] [stderr]     Checking spki v0.7.3
[INFO] [stderr]    Compiling paste v1.0.15
[INFO] [stderr]     Checking base64 v0.13.1
[INFO] [stderr]     Checking waker-fn v1.2.0
[INFO] [stderr]     Checking event-listener-strategy v0.5.4
[INFO] [stderr]     Checking pkcs8 v0.10.2
[INFO] [stderr]     Checking futures-lite v1.13.0
[INFO] [stderr]     Checking crypto-common v0.2.2
[INFO] [stderr]     Checking block-buffer v0.12.0
[INFO] [stderr]     Checking block-padding v0.4.2
[INFO] [stderr]     Checking crypto-bigint v0.7.3
[INFO] [stderr]     Checking sec1 v0.8.1
[INFO] [stderr]    Compiling ring v0.17.14
[INFO] [stderr]    Compiling aws-lc-sys v0.41.0
[INFO] [stderr]     Checking inout v0.2.2
[INFO] [stderr]    Compiling openssl-sys v0.9.116
[INFO] [stderr]     Checking sec1 v0.7.3
[INFO] [stderr]     Checking async-channel v1.9.0
[INFO] [stderr]     Checking num-bigint v0.4.6
[INFO] [stderr]    Compiling azure_core v0.21.0
[INFO] [stderr]     Checking aho-corasick v1.1.4
[INFO] [stderr]    Compiling libm v0.2.16
[INFO] [stderr]     Checking regex-syntax v0.8.10
[INFO] [stderr]     Checking time v0.3.47
[INFO] [stderr]     Checking elliptic-curve v0.13.8
[INFO] [stderr]     Checking lazy_static v1.5.0
[INFO] [stderr]     Checking infer v0.2.3
[INFO] [stderr]     Checking digest v0.11.3
[INFO] [stderr]     Checking cipher v0.5.2
[INFO] [stderr]     Checking hmac v0.13.0
[INFO] [stderr]     Checking sha2 v0.11.0
[INFO] [stderr]     Checking signature v3.0.0
[INFO] [stderr]     Checking pbkdf2 v0.13.0
[INFO] [stderr]     Checking aes v0.9.1
[INFO] [stderr]     Checking cbc v0.2.1
[INFO] [stderr]     Checking salsa20 v0.11.0
[INFO] [stderr]     Checking hkdf v0.13.0
[INFO] [stderr]     Checking ecdsa v0.16.9
[INFO] [stderr]     Checking primeorder v0.13.6
[INFO] [stderr]     Checking universal-hash v0.6.1
[INFO] [stderr]     Checking rfc6979 v0.5.0
[INFO] [stderr]     Checking chacha20 v0.10.0
[INFO] [stderr]     Checking polyval v0.7.1
[INFO] [stderr]     Checking arc-swap v1.9.1
[INFO] [stderr]     Checking p256 v0.13.2
[INFO] [stderr]     Checking futures-lite v2.6.1
[INFO] [stderr]    Compiling curve25519-dalek v5.0.0-pre.6
[INFO] [stderr]    Compiling async-io v2.6.0
[INFO] [stderr]    Compiling io-lifetimes v2.0.4
[INFO] [stderr]    Compiling syn v1.0.109
[INFO] [stderr]     Checking dyn-clone v1.0.20
[INFO] [stderr]     Checking regex-lite v0.1.9
[INFO] [stderr]     Checking rusticata-macros v4.1.0
[INFO] [stderr]     Checking scrypt v0.12.0
[INFO] [stderr]     Checking data-encoding v2.11.0
[INFO] [stderr]    Compiling unicode-segmentation v1.13.2
[INFO] [stderr]     Checking pkcs5 v0.8.0
[INFO] [stderr]    Compiling io-lifetimes v3.0.1
[INFO] [stderr]    Compiling oid-registry v0.8.1
[INFO] [stderr]    Compiling convert_case v0.10.0
[INFO] [stderr]     Checking ghash v0.6.0
[INFO] [stderr]     Checking ctr v0.10.1
[INFO] [stderr]     Checking sha1 v0.11.0
[INFO] [stderr]     Checking aead v0.6.0-rc.10
[INFO] [stderr]     Checking async-lock v3.4.2
[INFO] [stderr]    Compiling slog v2.8.2
[INFO] [stderr]     Checking pkcs8 v0.11.0
[INFO] [stderr]    Compiling nix v0.31.3
[INFO] [stderr]    Compiling unicode-xid v0.2.6
[INFO] [stderr]     Checking byteorder v1.5.0
[INFO] [stderr]     Checking regex-automata v0.4.14
[INFO] [stderr]    Compiling io-extras v0.19.0
[INFO] [stderr]    Compiling const_fn v0.4.12
[INFO] [stderr]    Compiling doc-comment v0.3.4
[INFO] [stderr]     Checking xmlparser v0.13.6
[INFO] [stderr]     Checking ed25519 v3.0.0
[INFO] [stderr]    Compiling synstructure v0.13.2
[INFO] [stderr]     Checking blowfish v0.10.0
[INFO] [stderr]     Checking ppv-lite86 v0.2.21
[INFO] [stderr]     Checking aes-gcm v0.11.0-rc.4
[INFO] [stderr]     Checking poly1305 v0.9.0
[INFO] [stderr]     Checking blake2 v0.11.0-rc.6
[INFO] [stderr]     Checking pkcs1 v0.8.0-rc.4
[INFO] [stderr]     Checking aws-smithy-xml v0.60.15
[INFO] [stderr]     Checking elliptic-curve v0.14.0-rc.32
[INFO] [stderr]     Checking primefield v0.14.0-rc.9
[INFO] [stderr]     Checking rand_chacha v0.2.2
[INFO] [stderr]     Checking rand_chacha v0.3.1
[INFO] [stderr]     Checking ssh-encoding v0.3.0-rc.9
[INFO] [stderr]     Checking keccak v0.2.0
[INFO] [stderr]     Checking rand v0.7.3
[INFO] [stderr]     Checking urlencoding v2.1.3
[INFO] [stderr]    Compiling portable-atomic v1.13.1
[INFO] [stderr]     Checking rand v0.8.6
[INFO] [stderr]     Checking allocator-api2 v0.2.21
[INFO] [stderr]     Checking foldhash v0.2.0
[INFO] [stderr]     Checking hashbrown v0.14.5
[INFO] [stderr]     Checking fiat-crypto v0.3.0
[INFO] [stderr]    Compiling cap-primitives v4.0.2
[INFO] [stderr]     Checking crypto-primes v0.7.0
[INFO] [stderr]     Checking ecdsa v0.17.0-rc.18
[INFO] [stderr]     Checking primeorder v0.14.0-rc.9
[INFO] [stderr]     Checking spin v0.10.0
[INFO] [stderr]     Checking adler2 v2.0.1
[INFO] [stderr]     Checking simd-adler32 v0.3.9
[INFO] [stderr]     Checking crc-fast v1.10.0
[INFO] [stderr]     Checking dashmap v6.2.1
[INFO] [stderr]     Checking miniz_oxide v0.8.9
[INFO] [stderr]     Checking p256 v0.14.0-rc.9
[INFO] [stderr]     Checking p521 v0.14.0-rc.9
[INFO] [stderr]     Checking hashbrown v0.16.1
[INFO] [stderr]    Compiling tokio-macros v2.7.0
[INFO] [stderr]    Compiling futures-macro v0.3.32
[INFO] [stderr]    Compiling tracing-attributes v0.1.31
[INFO] [stderr]    Compiling displaydoc v0.2.6
[INFO] [stderr]    Compiling zerofrom-derive v0.1.7
[INFO] [stderr]    Compiling serde_derive v1.0.228
[INFO] [stderr]    Compiling yoke-derive v0.8.2
[INFO] [stderr]    Compiling zerovec-derive v0.11.3
[INFO] [stderr]     Checking tokio v1.52.3
[INFO] [stderr]    Compiling aws-smithy-runtime-api-macros v1.0.0
[INFO] [stderr]    Compiling thiserror-impl v2.0.18
[INFO] [stderr]     Checking futures-util v0.3.32
[INFO] [stderr]    Compiling openssl-macros v0.1.1
[INFO] [stderr]     Checking rustls-webpki v0.101.7
[INFO] [stderr]     Checking sct v0.7.1
[INFO] [stderr]    Compiling thiserror-impl v1.0.69
[INFO] [stderr]     Checking zerofrom v0.1.8
[INFO] [stderr]    Compiling async-trait v0.1.89
[INFO] [stderr]     Checking yoke v0.8.2
[INFO] [stderr]    Compiling pin-project-internal v1.1.13
[INFO] [stderr]     Checking zerovec v0.11.6
[INFO] [stderr]     Checking tracing v0.1.44
[INFO] [stderr]     Checking zerotrie v0.2.4
[INFO] [stderr]    Compiling asn1-rs-impl v0.2.0
[INFO] [stderr]    Compiling asn1-rs-derive v0.6.0
[INFO] [stderr]     Checking polling v3.11.0
[INFO] [stderr]     Checking regex v1.12.3
[INFO] [stderr]     Checking tinystr v0.8.3
[INFO] [stderr]     Checking potential_utf v0.1.5
[INFO] [stderr]     Checking icu_collections v2.2.0
[INFO] [stderr]    Compiling curve25519-dalek-derive v0.1.1
[INFO] [stderr]     Checking asn1-rs v0.7.2
[INFO] [stderr]     Checking icu_locale_core v2.2.0
[INFO] [stderr]    Compiling derive_more-impl v2.1.1
[INFO] [stderr]     Checking async-signal v0.2.14
[INFO] [stderr]     Checking pin-project v1.1.13
[INFO] [stderr]     Checking fs-set-times v0.20.3
[INFO] [stderr]     Checking rustix-linux-procfs v0.1.1
[INFO] [stderr]     Checking rsa v0.10.0-rc.18
[INFO] [stderr]     Checking ssh-cipher v0.3.0-rc.9
[INFO] [stderr]     Checking sha3 v0.11.0
[INFO] [stderr]    Compiling snafu-derive v0.6.10
[INFO] [stderr]     Checking argon2 v0.6.0-rc.8
[INFO] [stderr]    Compiling lazy-regex-proc_macros v3.6.0
[INFO] [stderr]     Checking icu_provider v2.2.0
[INFO] [stderr]     Checking bcrypt-pbkdf v0.11.0
[INFO] [stderr]     Checking rand v0.10.1
[INFO] [stderr]     Checking icu_properties v2.2.0
[INFO] [stderr]     Checking icu_normalizer v2.2.0
[INFO] [stderr]     Checking md-5 v0.11.0
[INFO] [stderr]     Checking kem v0.3.0
[INFO] [stderr]     Checking async-channel v2.5.0
[INFO] [stderr]     Checking futures-executor v0.3.32
[INFO] [stderr]     Checking der-parser v10.0.0
[INFO] [stderr]     Checking module-lattice v0.2.3
[INFO] [stderr]     Checking futures v0.3.32
[INFO] [stderr]     Checking serde_path_to_error v0.1.20
[INFO] [stderr]     Checking ed25519-dalek v3.0.0-pre.7
[INFO] [stderr]    Compiling nix v0.30.1
[INFO] [stderr]     Checking md-5 v0.10.6
[INFO] [stderr]     Checking block-padding v0.3.3
[INFO] [stderr]    Compiling prometheus v0.14.0
[INFO] [stderr]     Checking utf8parse v0.2.2
[INFO] [stderr]     Checking RustyXML v0.3.0
[INFO] [stderr]     Checking ambient-authority v0.0.2
[INFO] [stderr]    Compiling cap-std v4.0.2
[INFO] [stderr]     Checking async-task v4.7.1
[INFO] [stderr]     Checking serde_urlencoded v0.7.1
[INFO] [stderr]     Checking chrono v0.4.44
[INFO] [stderr]     Checking serde_qs v0.8.5
[INFO] [stderr]     Checking quick-xml v0.31.0
[INFO] [stderr]     Checking erased-serde v0.3.31
[INFO] [stderr]     Checking x509-parser v0.18.1
[INFO] [stderr]     Checking derive_more v2.1.1
[INFO] [stderr]    Compiling getrandom v0.3.4
[INFO] [stderr]     Checking maybe-owned v0.3.4
[INFO] [stderr]     Checking async-process v2.5.0
[INFO] [stderr]     Checking idna_adapter v1.2.2
[INFO] [stderr]     Checking idna v1.1.0
[INFO] [stderr]    Compiling enum_dispatch v0.3.13
[INFO] [stderr]     Checking snafu v0.6.10
[INFO] [stderr]     Checking anstyle-parse v1.0.0
[INFO] [stderr]     Checking internal-russh-num-bigint v0.5.0
[INFO] [stderr]     Checking url v2.5.8
[INFO] [stderr]     Checking ml-kem v0.3.2
[INFO] [stderr]     Checking inout v0.1.4
[INFO] [stderr]     Checking russh-cryptovec v0.61.0
[INFO] [stderr]     Checking lazy-regex v3.6.0
[INFO] [stderr]     Checking tz-rs v0.6.14
[INFO] [stderr]     Checking lru v0.16.4
[INFO] [stderr]     Checking flate2 v1.1.9
[INFO] [stderr]    Compiling delegate v0.13.5
[INFO] [stderr]     Checking serde_bytes v0.11.19
[INFO] [stderr]     Checking slog-scope v4.4.1
[INFO] [stderr]     Checking generic-array v1.4.2
[INFO] [stderr]     Checking sha1 v0.10.6
[INFO] [stderr]     Checking crossbeam-epoch v0.9.18
[INFO] [stderr]     Checking crossbeam-channel v0.5.15
[INFO] [stderr]     Checking is_terminal_polyfill v1.70.2
[INFO] [stderr]     Checking tagptr v0.2.0
[INFO] [stderr]     Checking md5 v0.7.0
[INFO] [stderr]     Checking anstyle-query v1.1.5
[INFO] [stderr]     Checking colorchoice v1.0.5
[INFO] [stderr]     Checking hex-literal v1.1.0
[INFO] [stderr]     Checking anstyle v1.0.14
[INFO] [stderr]     Checking slog-stdlog v4.1.1
[INFO] [stderr]     Checking proxy-protocol v0.5.0
[INFO] [stderr]     Checking env_filter v1.0.1
[INFO] [stderr]     Checking anstream v1.0.0
[INFO] [stderr]     Checking safe-path v0.1.0
[INFO] [stderr]     Checking jiff v0.2.28
[INFO] [stderr]     Checking tempfile v3.27.0
[INFO] [stderr]     Checking oauth2 v4.4.2
[INFO] [stdout] error[E0493]: destructor of `ArrayBuilder<T, N>` cannot be evaluated at compile-time
[INFO] [stdout]    --> /opt/rustwide/cargo-home/registry/src/index.crates.io-1949cf8c6b5b557f/generic-array-1.4.2/src/internal.rs:103:31
[INFO] [stdout]     |
[INFO] [stdout] 103 |     pub unsafe fn assume_init(self) -> GenericArray<T, N> {
[INFO] [stdout]     |                               ^^^^ the destructor for this type cannot be evaluated in constant functions
[INFO] [stdout] ...
[INFO] [stdout] 109 |     }
[INFO] [stdout]     |     - value is dropped here
[INFO] [stdout] 
[INFO] [stdout] 
[INFO] [stderr]     Checking moka v0.12.15
[INFO] [stdout] error[E0493]: destructor of `GenericArray<core::mem::MaybeUninit<*const T>, N>` cannot be evaluated at compile-time
[INFO] [stdout]    --> /opt/rustwide/cargo-home/registry/src/index.crates.io-1949cf8c6b5b557f/generic-array-1.4.2/src/lib.rs:970:13
[INFO] [stdout]     |
[INFO] [stdout] 970 |         let mut out: GenericArray<MaybeUninit<*const T>, N> = GenericArray::uninit();
[INFO] [stdout]     |             ^^^^^^^ the destructor for this type cannot be evaluated in constant functions
[INFO] [stdout] ...
[INFO] [stdout] 985 |     }
[INFO] [stdout]     |     - value is dropped here
[INFO] [stdout] 
[INFO] [stdout] 
[INFO] [stdout] error[E0493]: destructor of `GenericArray<core::mem::MaybeUninit<*mut T>, N>` cannot be evaluated at compile-time
[INFO] [stdout]     --> /opt/rustwide/cargo-home/registry/src/index.crates.io-1949cf8c6b5b557f/generic-array-1.4.2/src/lib.rs:1005:13
[INFO] [stdout]      |
[INFO] [stdout] 1005 |         let mut out: GenericArray<MaybeUninit<*mut T>, N> = GenericArray::uninit();
[INFO] [stdout]      |             ^^^^^^^ the destructor for this type cannot be evaluated in constant functions
[INFO] [stdout] ...
[INFO] [stdout] 1020 |     }
[INFO] [stdout]      |     - value is dropped here
[INFO] [stdout] 
[INFO] [stdout] 
[INFO] [stdout] For more information about this error, try `rustc --explain E0493`.
[INFO] [stdout] 
[INFO] [stderr] error: could not compile `generic-array` (lib) due to 3 previous errors
[INFO] [stderr] warning: build failed, waiting for other jobs to finish...
[INFO] running `Command { std: "docker" "inspect" "7648da79cf5f0f8facd0c7413e9ab95bc648b7e9bc0b493210121b4abe9c0651", kill_on_drop: false }`
[INFO] running `Command { std: "docker" "rm" "-f" "7648da79cf5f0f8facd0c7413e9ab95bc648b7e9bc0b493210121b4abe9c0651", kill_on_drop: false }`
[INFO] [stdout] 7648da79cf5f0f8facd0c7413e9ab95bc648b7e9bc0b493210121b4abe9c0651
