[INFO] cloning repository https://github.com/v-code01/ledge
[INFO] running `Command { std: "git" "-c" "credential.helper=" "-c" "credential.helper=/workspace/cargo-home/bin/git-credential-null" "clone" "--bare" "https://github.com/v-code01/ledge" "/workspace/cache/git-repos/https%3A%2F%2Fgithub.com%2Fv-code01%2Fledge", kill_on_drop: false }`
[INFO] [stderr] Cloning into bare repository '/workspace/cache/git-repos/https%3A%2F%2Fgithub.com%2Fv-code01%2Fledge'...
[INFO] running `Command { std: "git" "rev-parse" "HEAD", kill_on_drop: false }`
[INFO] [stdout] c88d5b16ead2679343f1d63b1a3bec4b0a3ba105
[INFO] checking v-code01/ledge against c79f6bc4fc2389852aeff667626cb3e58adfe71c for pr-164081
[INFO] running `Command { std: "git" "clone" "/workspace/cache/git-repos/https%3A%2F%2Fgithub.com%2Fv-code01%2Fledge" "/workspace/builds/worker-1-tc2/source", kill_on_drop: false }`
[INFO] [stderr] Cloning into '/workspace/builds/worker-1-tc2/source'...
[INFO] [stderr] done.
[INFO] removed /workspace/builds/worker-1-tc2/source/.cargo/config.toml
[INFO] removed /workspace/builds/worker-1-tc2/source/rust-toolchain.toml
[INFO] started tweaking git repo https://github.com/v-code01/ledge
[INFO] finished tweaking git repo https://github.com/v-code01/ledge
[INFO] tweaked toml for git repo https://github.com/v-code01/ledge written to /workspace/builds/worker-1-tc2/source/Cargo.toml
[INFO] validating manifest of git repo https://github.com/v-code01/ledge on toolchain c79f6bc4fc2389852aeff667626cb3e58adfe71c
[INFO] running `Command { std: CARGO_HOME="/workspace/cargo-home" RUSTUP_HOME="/workspace/rustup-home" "/workspace/cargo-home/bin/cargo" "+c79f6bc4fc2389852aeff667626cb3e58adfe71c" "metadata" "--manifest-path" "Cargo.toml" "--no-deps", kill_on_drop: false }`
[INFO] crate git repo https://github.com/v-code01/ledge already has a lockfile, it will not be regenerated
[INFO] running `Command { std: CARGO_HOME="/workspace/cargo-home" RUSTUP_HOME="/workspace/rustup-home" "/workspace/cargo-home/bin/cargo" "+c79f6bc4fc2389852aeff667626cb3e58adfe71c" "fetch" "--manifest-path" "Cargo.toml", kill_on_drop: false }`
[INFO] [stderr] warning: unused workspace dependency `gix-pack`
[INFO] [stderr]   --> Cargo.toml:27:1
[INFO] [stderr]    |
[INFO] [stderr] 27 | gix-pack = "0.54"
[INFO] [stderr]    | ^^^^^^^^
[INFO] [stderr]    |
[INFO] [stderr]    = note: `cargo::unused_workspace_dependencies` is set to `warn` by default
[INFO] [stderr] help: consider removing the workspace dependency `gix-pack`
[INFO] [stderr] warning: unused field `description` in `workspace.package`
[INFO] [stderr]   --> Cargo.toml:86:1
[INFO] [stderr]    |
[INFO] [stderr] 86 | description = "Git-compatible, content-addressed storage infrastructure for agent-scale workloads."
[INFO] [stderr]    | ^^^^^^^^^^^
[INFO] [stderr]    |
[INFO] [stderr]    = note: `cargo::unused_workspace_package_fields` is set to `warn` by default
[INFO] [stderr] help: consider removing the field `workspace.package.description`
[INFO] [stderr] warning: unused field `repository` in `workspace.package`
[INFO] [stderr]   --> Cargo.toml:89:1
[INFO] [stderr]    |
[INFO] [stderr] 89 | repository = "https://github.com/v-code01/ledge"
[INFO] [stderr]    | ^^^^^^^^^^
[INFO] [stderr]    |
[INFO] [stderr] help: consider removing the field `workspace.package.repository`
[INFO] [stderr] warning: workspace (manifest) generated 3 warnings
[INFO] [stderr]     Blocking waiting for file lock on package cache
[INFO] [stderr]     Blocking waiting for file lock on package cache
[INFO] running `Command { std: "docker" "create" "-v" "/var/lib/crater-agent-workspace/builds/worker-1-tc2/source:/opt/rustwide/workdir:ro,Z" "-v" "/var/lib/crater-agent-workspace/builds/worker-1-tc2/target:/opt/rustwide/target:rw,Z" "-v" "/var/lib/crater-agent-workspace/cargo-home:/opt/rustwide/cargo-home:ro,Z" "-v" "/var/lib/crater-agent-workspace/rustup-home:/opt/rustwide/rustup-home:ro,Z" "-m" "1610612736" "--network" "none" "ghcr.io/rust-lang/crates-build-env/linux@sha256:77db811e55d90add9212f6832c23229e3de5f1c1f9905e8cb07319ea15df73ac" "sleep" "infinity", kill_on_drop: false }`
[INFO] [stdout] c7599f353b36d43f45c924b55cde4acdf52ba1167026290e0a0ff94a49cfbd61
[INFO] running `Command { std: "docker" "start" "c7599f353b36d43f45c924b55cde4acdf52ba1167026290e0a0ff94a49cfbd61", kill_on_drop: false }`
[INFO] running `Command { std: "docker" "inspect" "c7599f353b36d43f45c924b55cde4acdf52ba1167026290e0a0ff94a49cfbd61", kill_on_drop: false }`
[INFO] running `Command { std: "docker" "exec" "-e" "SOURCE_DIR=/opt/rustwide/workdir" "-e" "CARGO_HOME=/opt/rustwide/cargo-home" "-e" "RUSTUP_HOME=/opt/rustwide/rustup-home" "-e" "CARGO_TARGET_DIR=/opt/rustwide/target" "-w" "/opt/rustwide/workdir" "--user" "0:0" "c7599f353b36d43f45c924b55cde4acdf52ba1167026290e0a0ff94a49cfbd61" "/opt/rustwide/cargo-home/bin/cargo" "+c79f6bc4fc2389852aeff667626cb3e58adfe71c" "metadata" "--no-deps" "--format-version=1", kill_on_drop: false }`
[INFO] running `Command { std: "docker" "inspect" "c7599f353b36d43f45c924b55cde4acdf52ba1167026290e0a0ff94a49cfbd61", kill_on_drop: false }`
[INFO] running `Command { std: "docker" "exec" "-e" "SOURCE_DIR=/opt/rustwide/workdir" "-e" "CARGO_HOME=/opt/rustwide/cargo-home" "-e" "RUSTUP_HOME=/opt/rustwide/rustup-home" "-e" "CARGO_TARGET_DIR=/opt/rustwide/target" "-e" "CARGO_INCREMENTAL=0" "-e" "RUST_BACKTRACE=full" "-e" "RUSTFLAGS=--cap-lints=forbid" "-e" "RUSTDOCFLAGS=--cap-lints=forbid" "-w" "/opt/rustwide/workdir" "--user" "0:0" "c7599f353b36d43f45c924b55cde4acdf52ba1167026290e0a0ff94a49cfbd61" "/opt/rustwide/cargo-home/bin/cargo" "+c79f6bc4fc2389852aeff667626cb3e58adfe71c" "check" "--frozen" "--all" "--all-targets" "--message-format=json", kill_on_drop: false }`
[INFO] [stderr] warning: unused workspace dependency `gix-pack`
[INFO] [stderr]   --> Cargo.toml:27:1
[INFO] [stderr]    |
[INFO] [stderr] 27 | gix-pack = "0.54"
[INFO] [stderr]    | ^^^^^^^^
[INFO] [stderr]    |
[INFO] [stderr]    = note: `cargo::unused_workspace_dependencies` is set to `warn` by default
[INFO] [stderr] help: consider removing the workspace dependency `gix-pack`
[INFO] [stderr] warning: unused field `description` in `workspace.package`
[INFO] [stderr]   --> Cargo.toml:86:1
[INFO] [stderr]    |
[INFO] [stderr] 86 | description = "Git-compatible, content-addressed storage infrastructure for agent-scale workloads."
[INFO] [stderr]    | ^^^^^^^^^^^
[INFO] [stderr]    |
[INFO] [stderr]    = note: `cargo::unused_workspace_package_fields` is set to `warn` by default
[INFO] [stderr] help: consider removing the field `workspace.package.description`
[INFO] [stderr] warning: unused field `repository` in `workspace.package`
[INFO] [stderr]   --> Cargo.toml:89:1
[INFO] [stderr]    |
[INFO] [stderr] 89 | repository = "https://github.com/v-code01/ledge"
[INFO] [stderr]    | ^^^^^^^^^^
[INFO] [stderr]    |
[INFO] [stderr] help: consider removing the field `workspace.package.repository`
[INFO] [stderr] warning: workspace (manifest) generated 3 warnings
[INFO] [stderr]    Compiling libc v0.2.186
[INFO] [stderr]     Checking zeroize v1.8.2
[INFO] [stderr]     Checking subtle v2.6.1
[INFO] [stderr]     Checking typenum v1.20.1
[INFO] [stderr]     Checking rand_core v0.10.1
[INFO] [stderr]    Compiling getrandom v0.4.2
[INFO] [stderr]    Compiling serde_core v1.0.228
[INFO] [stderr]    Compiling autocfg v1.5.1
[INFO] [stderr]    Compiling shlex v2.0.1
[INFO] [stderr]    Compiling serde v1.0.228
[INFO] [stderr]     Checking log v0.4.30
[INFO] [stderr]    Compiling zerocopy v0.8.50
[INFO] [stderr]     Checking memchr v2.8.1
[INFO] [stderr]    Compiling serde_derive v1.0.228
[INFO] [stderr]    Compiling zerocopy-derive v0.8.50
[INFO] [stderr]     Checking tracing-core v0.1.36
[INFO] [stderr]     Checking slab v0.4.12
[INFO] [stderr]     Checking zerofrom v0.1.8
[INFO] [stderr]     Checking futures-channel v0.3.32
[INFO] [stderr]    Compiling futures-macro v0.3.32
[INFO] [stderr]     Checking ctutils v0.4.2
[INFO] [stderr]     Checking hashbrown v0.17.1
[INFO] [stderr]     Checking http v1.4.1
[INFO] [stderr]     Checking yoke v0.8.2
[INFO] [stderr]    Compiling displaydoc v0.2.6
[INFO] [stderr]     Checking rustls-pki-types v1.14.1
[INFO] [stderr]     Checking zerovec v0.11.6
[INFO] [stderr]    Compiling aws-lc-rs v1.17.0
[INFO] [stderr]    Compiling num-traits v0.2.19
[INFO] [stderr]     Checking tracing v0.1.44
[INFO] [stderr]     Checking arrayvec v0.7.6
[INFO] [stderr]     Checking untrusted v0.7.1
[INFO] [stderr]     Checking http-body v1.0.1
[INFO] [stderr]    Compiling serde_json v1.0.150
[INFO] [stderr]    Compiling thiserror-impl v2.0.18
[INFO] [stderr]     Checking indexmap v2.14.0
[INFO] [stderr]    Compiling async-trait v0.1.89
[INFO] [stderr]    Compiling crc32fast v1.5.0
[INFO] [stderr]    Compiling rustls v0.23.40
[INFO] [stderr]     Checking arrayref v0.3.9
[INFO] [stderr]     Checking http-body-util v0.1.3
[INFO] [stderr]    Compiling openssl v0.10.80
[INFO] [stderr]     Checking potential_utf v0.1.5
[INFO] [stderr]     Checking tinystr v0.8.3
[INFO] [stderr]     Checking futures-util v0.3.32
[INFO] [stderr]     Checking zerotrie v0.2.4
[INFO] [stderr]     Checking icu_collections v2.2.0
[INFO] [stderr]     Checking icu_locale_core v2.2.0
[INFO] [stderr]     Checking sync_wrapper v1.0.2
[INFO] [stderr]    Compiling openssl-macros v0.1.1
[INFO] [stderr]     Checking either v1.16.0
[INFO] [stderr]    Compiling native-tls v0.2.18
[INFO] [stderr]     Checking rustls-native-certs v0.8.3
[INFO] [stderr]     Checking webpki-roots v1.0.2
[INFO] [stderr]     Checking arc-swap v1.9.1
[INFO] [stderr]    Compiling jobserver v0.1.34
[INFO] [stderr]     Checking simd-adler32 v0.3.9
[INFO] [stderr]    Compiling virtue v0.0.18
[INFO] [stderr]     Checking adler2 v2.0.1
[INFO] [stderr]     Checking parking_lot_core v0.9.12
[INFO] [stderr]     Checking errno v0.3.14
[INFO] [stderr]     Checking mio v1.2.1
[INFO] [stderr]     Checking signal-hook-registry v1.4.8
[INFO] [stderr]     Checking socket2 v0.6.4
[INFO] [stderr]     Checking parking_lot v0.12.5
[INFO] [stderr]     Checking getrandom v0.2.17
[INFO] [stderr]    Compiling cc v1.2.63
[INFO] [stderr]     Checking miniz_oxide v0.8.9
[INFO] [stderr]    Compiling snafu-derive v0.8.9
[INFO] [stderr]     Checking rand_core v0.6.4
[INFO] [stderr]    Compiling io-uring v0.7.12
[INFO] [stderr]     Checking hybrid-array v0.4.12
[INFO] [stderr]     Checking generic-array v0.14.7
[INFO] [stderr]     Checking unty v0.0.4
[INFO] [stderr]     Checking tokio v1.52.3
[INFO] [stderr]     Checking flate2 v1.1.9
[INFO] [stderr]     Checking itertools v0.13.0
[INFO] [stderr]     Checking humantime v2.3.0
[INFO] [stderr]     Checking anstyle-parse v1.0.0
[INFO] [stderr]    Compiling getrandom v0.3.4
[INFO] [stderr]    Compiling bincode_derive v2.0.1
[INFO] [stderr]     Checking colorchoice v1.0.5
[INFO] [stderr]     Checking anstyle v1.0.14
[INFO] [stderr]     Checking anstyle-query v1.1.5
[INFO] [stderr]     Checking is_terminal_polyfill v1.70.2
[INFO] [stderr]     Checking icu_provider v2.2.0
[INFO] [stderr]     Checking thiserror v2.0.18
[INFO] [stderr]     Checking clap_lex v1.1.0
[INFO] [stderr]     Checking strsim v0.11.1
[INFO] [stderr]     Checking crossbeam-epoch v0.9.18
[INFO] [stderr]     Checking anstream v1.0.0
[INFO] [stderr]    Compiling clap_derive v4.6.1
[INFO] [stderr]     Checking cpubits v0.1.1
[INFO] [stderr]     Checking rand_core v0.9.5
[INFO] [stderr]     Checking crypto-common v0.1.7
[INFO] [stderr]    Compiling cmake v0.1.58
[INFO] [stderr]     Checking block-buffer v0.10.4
[INFO] [stderr]     Checking digest v0.10.7
[INFO] [stderr]     Checking icu_properties v2.2.0
[INFO] [stderr]     Checking icu_normalizer v2.2.0
[INFO] [stderr]     Checking md-5 v0.10.6
[INFO] [stderr]     Checking sha1 v0.10.6
[INFO] [stderr]     Checking clap_builder v4.6.0
[INFO] [stderr]     Checking base64ct v1.8.3
[INFO] [stderr]    Compiling semver v1.0.28
[INFO] [stderr]     Checking regex-syntax v0.8.10
[INFO] [stderr]     Checking rapidhash v4.4.1
[INFO] [stderr]     Checking pem-rfc7468 v1.0.0
[INFO] [stderr]     Checking crypto-common v0.2.2
[INFO] [stderr]    Compiling aws-lc-sys v0.41.0
[INFO] [stderr]     Checking block-buffer v0.12.1
[INFO] [stderr]    Compiling ring v0.17.14
[INFO] [stderr]    Compiling openssl-sys v0.9.116
[INFO] [stderr]     Checking bitflags v2.11.1
[INFO] [stderr]    Compiling blake3 v1.8.5
[INFO] [stderr]     Checking rustix v1.1.4
[INFO] [stderr]     Checking digest v0.11.3
[INFO] [stderr]     Checking snafu v0.8.9
[INFO] [stderr]     Checking futures-executor v0.3.32
[INFO] [stderr]     Checking block-padding v0.4.2
[INFO] [stderr]     Checking futures v0.3.32
[INFO] [stderr]     Checking hmac v0.13.0
[INFO] [stderr]     Checking idna_adapter v1.2.2
[INFO] [stderr]     Checking inout v0.2.2
[INFO] [stderr]     Checking metrics v0.24.6
[INFO] [stderr]     Checking ledge-core v0.1.0 (/opt/rustwide/workdir/crates/ledge-core)
[INFO] [stderr]     Checking serde_urlencoded v0.7.1
[INFO] [stderr]     Checking idna v1.1.0
[INFO] [stderr]     Checking chrono v0.4.44
[INFO] [stderr]     Checking quick-xml v0.37.5
[INFO] [stderr]     Checking bincode v2.0.1
[INFO] [stderr]     Checking cipher v0.5.2
[INFO] [stderr]     Checking url v2.5.8
[INFO] [stderr]     Checking clap v4.6.1
[INFO] [stderr]     Checking der v0.8.0
[INFO] [stderr]    Compiling rust_decimal v1.42.0
[INFO] [stderr]     Checking pbkdf2 v0.13.0
[INFO] [stderr]     Checking sha2 v0.11.0
[INFO] [stderr]    Compiling pin-project-internal v1.1.13
[INFO] [stderr]     Checking aes v0.9.1
[INFO] [stderr]    Compiling thiserror-impl v1.0.69
[INFO] [stderr]    Compiling iana-time-zone v0.1.65
[INFO] [stderr]    Compiling unicode-xid v0.2.6
[INFO] [stderr]     Checking cbc v0.2.1
[INFO] [stderr]     Checking salsa20 v0.11.0
[INFO] [stderr]    Compiling derive_more-impl v1.0.0
[INFO] [stderr]     Checking anyerror v0.1.13
[INFO] [stderr]     Checking crypto-bigint v0.7.3
[INFO] [stderr]     Checking ledge-wal v0.1.0 (/opt/rustwide/workdir/crates/ledge-wal)
[INFO] [stderr]     Checking utf8-width v0.1.8
[INFO] [stderr]     Checking validit v0.2.5
[INFO] [stderr]     Checking scrypt v0.12.0
[INFO] [stderr]     Checking maplit v1.0.2
[INFO] [stderr]     Checking regex-automata v0.4.14
[INFO] [stderr]     Checking tempfile v3.27.0
[INFO] [stderr]     Checking raw-cpuid v11.6.0
[INFO] [stderr]     Checking byte-unit v5.2.0
[INFO] [stderr]     Checking nibble_vec v0.1.0
[INFO] [stderr]     Checking pin-project v1.1.13
[INFO] [stderr]     Checking endian-type v0.1.2
[INFO] [stderr]     Checking radix_trie v0.2.1
[INFO] [stderr]     Checking tracing-futures v0.2.5
[INFO] [stderr]     Checking hashbrown v0.15.5
[INFO] [stderr]     Checking rand_xoshiro v0.7.0
[INFO] [stderr]     Checking ordered-float v4.6.0
[INFO] [stderr]     Checking spki v0.8.0
[INFO] [stderr]     Checking aho-corasick v1.1.4
[INFO] [stderr]     Checking pkcs5 v0.8.0
[INFO] [stderr]     Checking sketches-ddsketch v0.3.1
[INFO] [stderr]     Checking serde_path_to_error v0.1.20
[INFO] [stderr]     Checking axum-core v0.5.6
[INFO] [stderr]     Checking thiserror v1.0.69
[INFO] [stderr]     Checking ff v0.14.0
[INFO] [stderr]     Checking matchit v0.8.4
[INFO] [stderr]     Checking signature v3.0.0
[INFO] [stderr]     Checking pkcs8 v0.11.0
[INFO] [stderr]    Compiling crunchy v0.2.4
[INFO] [stderr]     Checking base16ct v1.0.0
[INFO] [stderr]     Checking group v0.14.0
[INFO] [stderr]     Checking sec1 v0.8.1
[INFO] [stderr]     Checking hkdf v0.13.0
[INFO] [stderr]    Compiling ahash v0.8.12
[INFO] [stderr]    Compiling once_cell v1.21.4
[INFO] [stderr]     Checking universal-hash v0.6.1
[INFO] [stderr]    Compiling capnp v0.21.7
[INFO] [stderr]    Compiling cfg-if v1.0.4
[INFO] [stderr]    Compiling tiny-keccak v2.0.2
[INFO] [stderr]     Checking rfc6979 v0.5.0
[INFO] [stderr]    Compiling rustc_version v0.4.1
[INFO] [stderr]     Checking polyval v0.7.1
[INFO] [stderr]    Compiling const-random-macro v0.1.16
[INFO] [stderr]     Checking chacha20 v0.10.0
[INFO] [stderr]    Compiling curve25519-dalek v5.0.0-rc.0
[INFO] [stderr]     Checking sha2 v0.10.9
[INFO] [stderr]    Compiling cfg_aliases v0.2.1
[INFO] [stderr]    Compiling nix v0.31.3
[INFO] [stderr]     Checking const-random v0.1.18
[INFO] [stderr]     Checking ghash v0.6.0
[INFO] [stderr]     Checking ctr v0.10.1
[INFO] [stderr]     Checking ppv-lite86 v0.2.21
[INFO] [stderr]     Checking tokio-util v0.7.18
[INFO] [stderr]     Checking tower v0.5.3
[INFO] [stderr]     Checking tokio-native-tls v0.3.1
[INFO] [stderr]     Checking ledge-ref-store v0.1.0 (/opt/rustwide/workdir/crates/ledge-ref-store)
[INFO] [stderr]    Compiling openraft-macros v0.9.24
[INFO] [stderr]     Checking hashbrown v0.14.5
[INFO] [stderr]    Compiling pest v2.8.6
[INFO] [stderr]     Checking quanta v0.12.6
[INFO] [stderr]     Checking aead v0.6.0
[INFO] [stderr]    Compiling curve25519-dalek-derive v0.1.1
[INFO] [stderr]     Checking blowfish v0.10.0
[INFO] [stderr]     Checking aes-gcm v0.11.0-rc.4
[INFO] [stderr]     Checking rand_chacha v0.3.1
[INFO] [stderr]     Checking rand_chacha v0.9.0
[INFO] [stderr]     Checking dlv-list v0.5.2
[INFO] [stderr]     Checking derive_more v1.0.0
[INFO] [stderr]     Checking poly1305 v0.9.0
[INFO] [stderr]     Checking rand v0.9.4
[INFO] [stderr]     Checking ed25519 v3.0.0
[INFO] [stderr]     Checking pkcs1 v0.8.0-rc.4
[INFO] [stderr]     Checking rand v0.8.6
[INFO] [stderr]     Checking serde_spanned v0.6.9
[INFO] [stderr]     Checking tower-http v0.6.11
[INFO] [stderr]     Checking h2 v0.4.14
[INFO] [stderr]     Checking toml_datetime v0.6.11
[INFO] [stderr]     Checking blake2 v0.11.0-rc.6
[INFO] [stderr]     Checking num-integer v0.1.46
[INFO] [stderr]    Compiling fs-err v3.3.0
[INFO] [stderr]     Checking keccak v0.2.0
[INFO] [stderr]     Checking winnow v0.7.15
[INFO] [stderr]     Checking fiat-crypto v0.3.0
[INFO] [stderr]     Checking toml_write v0.1.2
[INFO] [stderr]     Checking metrics-util v0.19.1
[INFO] [stderr]    Compiling capnpc v0.21.4
[INFO] [stderr]     Checking sha3 v0.11.0
[INFO] [stderr]     Checking argon2 v0.6.0-rc.8
[INFO] [stderr]     Checking openraft v0.9.24
[INFO] [stderr]    Compiling pest_meta v2.8.6
[INFO] [stderr]     Checking hashlink v0.8.4
[INFO] [stderr]     Checking ordered-multimap v0.7.3
[INFO] [stderr]     Checking bcrypt-pbkdf v0.11.0
[INFO] [stderr]     Checking rand v0.10.1
[INFO] [stderr]     Checking reflink-copy v0.1.29
[INFO] [stderr]     Checking ed25519-dalek v3.0.0-rc.0
[INFO] [stderr]     Checking sha1 v0.11.0
[INFO] [stderr]     Checking kem v0.3.0
[INFO] [stderr]     Checking module-lattice v0.2.3
[INFO] [stderr]     Checking unicode-segmentation v1.13.2
[INFO] [stderr]     Checking yaml-rust2 v0.8.1
[INFO] [stderr]     Checking elliptic-curve v0.14.0-rc.33
[INFO] [stderr]     Checking primefield v0.14.0-rc.11
[INFO] [stderr]     Checking ssh-encoding v0.3.0-rc.9
[INFO] [stderr]     Checking crypto-primes v0.7.2
[INFO] [stderr]     Checking ml-kem v0.3.2
[INFO] [stderr]     Checking ssh-cipher v0.3.0-rc.9
[INFO] [stderr]     Checking russh-cryptovec v0.61.0
[INFO] [stderr]     Checking ron v0.8.1
[INFO] [stderr]     Checking convert_case v0.6.0
[INFO] [stderr]     Checking nom v7.1.3
[INFO] [stderr]     Checking rust-ini v0.20.0
[INFO] [stderr]     Checking internal-russh-num-bigint v0.5.0
[INFO] [stderr]     Checking num-bigint v0.4.6
[INFO] [stderr]     Checking ecdsa v0.17.0-rc.18
[INFO] [stderr]     Checking primeorder v0.14.0-rc.10
[INFO] [stderr]    Compiling pest_generator v2.8.6
[INFO] [stderr]    Compiling ledge-rpc v0.1.0 (/opt/rustwide/workdir/crates/ledge-rpc)
[INFO] [stderr]     Checking matchers v0.2.0
[INFO] [stderr]     Checking russh-util v0.52.0
[INFO] [stderr]    Compiling enum_dispatch v0.3.13
[INFO] [stderr]     Checking tracing-serde v0.2.0
[INFO] [stderr]     Checking generic-array v1.4.3
[INFO] [stderr]     Checking rustls-pemfile v2.2.0
[INFO] [stderr]     Checking tracing-log v0.2.0
[INFO] [stderr]    Compiling delegate v0.13.5
[INFO] [stderr]     Checking data-encoding v2.11.0
[INFO] [stderr]     Checking p521 v0.14.0-rc.10
[INFO] [stdout] error[E0493]: destructor of `ArrayBuilder<T, N>` cannot be evaluated at compile-time
[INFO] [stdout]    --> /opt/rustwide/cargo-home/registry/src/index.crates.io-1949cf8c6b5b557f/generic-array-1.4.3/src/internal.rs:103:31
[INFO] [stdout]     |
[INFO] [stdout] 103 |     pub unsafe fn assume_init(self) -> GenericArray<T, N> {
[INFO] [stdout]     |                               ^^^^ the destructor for this type cannot be evaluated in constant functions
[INFO] [stdout] ...
[INFO] [stdout] 109 |     }
[INFO] [stdout]     |     - value is dropped here
[INFO] [stdout] 
[INFO] [stdout] 
[INFO] [stdout] error[E0493]: destructor of `GenericArray<core::mem::MaybeUninit<*const T>, N>` cannot be evaluated at compile-time
[INFO] [stdout]    --> /opt/rustwide/cargo-home/registry/src/index.crates.io-1949cf8c6b5b557f/generic-array-1.4.3/src/lib.rs:970:13
[INFO] [stdout]     |
[INFO] [stdout] 970 |         let mut out: GenericArray<MaybeUninit<*const T>, N> = GenericArray::uninit();
[INFO] [stdout]     |             ^^^^^^^ the destructor for this type cannot be evaluated in constant functions
[INFO] [stdout] ...
[INFO] [stdout] 985 |     }
[INFO] [stdout]     |     - value is dropped here
[INFO] [stdout] 
[INFO] [stdout] 
[INFO] [stdout] error[E0493]: destructor of `GenericArray<core::mem::MaybeUninit<*mut T>, N>` cannot be evaluated at compile-time
[INFO] [stdout]     --> /opt/rustwide/cargo-home/registry/src/index.crates.io-1949cf8c6b5b557f/generic-array-1.4.3/src/lib.rs:1005:13
[INFO] [stdout]      |
[INFO] [stdout] 1005 |         let mut out: GenericArray<MaybeUninit<*mut T>, N> = GenericArray::uninit();
[INFO] [stdout]      |             ^^^^^^^ the destructor for this type cannot be evaluated in constant functions
[INFO] [stdout] ...
[INFO] [stdout] 1020 |     }
[INFO] [stdout]      |     - value is dropped here
[INFO] [stdout] 
[INFO] [stdout] 
[INFO] [stdout] For more information about this error, try `rustc --explain E0493`.
[INFO] [stdout] 
[INFO] [stderr]     Checking p256 v0.14.0-rc.10
[INFO] [stderr] error: could not compile `generic-array` (lib) due to 3 previous errors
[INFO] [stderr] warning: build failed, waiting for other jobs to finish...
[INFO] running `Command { std: "docker" "inspect" "c7599f353b36d43f45c924b55cde4acdf52ba1167026290e0a0ff94a49cfbd61", kill_on_drop: false }`
[INFO] running `Command { std: "docker" "rm" "-f" "c7599f353b36d43f45c924b55cde4acdf52ba1167026290e0a0ff94a49cfbd61", kill_on_drop: false }`
[INFO] [stdout] c7599f353b36d43f45c924b55cde4acdf52ba1167026290e0a0ff94a49cfbd61
