[INFO] cloning repository https://github.com/tirbofish/kitgit
[INFO] running `Command { std: "git" "-c" "credential.helper=" "-c" "credential.helper=/workspace/cargo-home/bin/git-credential-null" "clone" "--bare" "https://github.com/tirbofish/kitgit" "/workspace/cache/git-repos/https%3A%2F%2Fgithub.com%2Ftirbofish%2Fkitgit", kill_on_drop: false }`
[INFO] [stderr] Cloning into bare repository '/workspace/cache/git-repos/https%3A%2F%2Fgithub.com%2Ftirbofish%2Fkitgit'...
[INFO] running `Command { std: "git" "rev-parse" "HEAD", kill_on_drop: false }`
[INFO] [stdout] e672f41671df3d9a37b4d0f8b2f6b4d1948b4d8d
[INFO] checking tirbofish/kitgit against c79f6bc4fc2389852aeff667626cb3e58adfe71c for pr-164081
[INFO] running `Command { std: "git" "clone" "/workspace/cache/git-repos/https%3A%2F%2Fgithub.com%2Ftirbofish%2Fkitgit" "/workspace/builds/worker-5-tc2/source", kill_on_drop: false }`
[INFO] [stderr] Cloning into '/workspace/builds/worker-5-tc2/source'...
[INFO] [stderr] done.
[INFO] started tweaking git repo https://github.com/tirbofish/kitgit
[INFO] finished tweaking git repo https://github.com/tirbofish/kitgit
[INFO] tweaked toml for git repo https://github.com/tirbofish/kitgit written to /workspace/builds/worker-5-tc2/source/Cargo.toml
[INFO] validating manifest of git repo https://github.com/tirbofish/kitgit on toolchain c79f6bc4fc2389852aeff667626cb3e58adfe71c
[INFO] running `Command { std: CARGO_HOME="/workspace/cargo-home" RUSTUP_HOME="/workspace/rustup-home" "/workspace/cargo-home/bin/cargo" "+c79f6bc4fc2389852aeff667626cb3e58adfe71c" "metadata" "--manifest-path" "Cargo.toml" "--no-deps", kill_on_drop: false }`
[INFO] crate git repo https://github.com/tirbofish/kitgit already has a lockfile, it will not be regenerated
[INFO] running `Command { std: CARGO_HOME="/workspace/cargo-home" RUSTUP_HOME="/workspace/rustup-home" "/workspace/cargo-home/bin/cargo" "+c79f6bc4fc2389852aeff667626cb3e58adfe71c" "fetch" "--manifest-path" "Cargo.toml", kill_on_drop: false }`
[INFO] running `Command { std: "docker" "create" "-v" "/var/lib/crater-agent-workspace/builds/worker-5-tc2/source:/opt/rustwide/workdir:ro,Z" "-v" "/var/lib/crater-agent-workspace/builds/worker-5-tc2/target:/opt/rustwide/target:rw,Z" "-v" "/var/lib/crater-agent-workspace/cargo-home:/opt/rustwide/cargo-home:ro,Z" "-v" "/var/lib/crater-agent-workspace/rustup-home:/opt/rustwide/rustup-home:ro,Z" "-m" "1610612736" "--network" "none" "ghcr.io/rust-lang/crates-build-env/linux@sha256:77db811e55d90add9212f6832c23229e3de5f1c1f9905e8cb07319ea15df73ac" "sleep" "infinity", kill_on_drop: false }`
[INFO] [stdout] 50be5caefd9f846dee7c86c6a6dada25f99981df6edd92eb7937da27612ac9e2
[INFO] running `Command { std: "docker" "start" "50be5caefd9f846dee7c86c6a6dada25f99981df6edd92eb7937da27612ac9e2", kill_on_drop: false }`
[INFO] running `Command { std: "docker" "inspect" "50be5caefd9f846dee7c86c6a6dada25f99981df6edd92eb7937da27612ac9e2", kill_on_drop: false }`
[INFO] running `Command { std: "docker" "exec" "-e" "SOURCE_DIR=/opt/rustwide/workdir" "-e" "CARGO_HOME=/opt/rustwide/cargo-home" "-e" "RUSTUP_HOME=/opt/rustwide/rustup-home" "-e" "CARGO_TARGET_DIR=/opt/rustwide/target" "-w" "/opt/rustwide/workdir" "--user" "0:0" "50be5caefd9f846dee7c86c6a6dada25f99981df6edd92eb7937da27612ac9e2" "/opt/rustwide/cargo-home/bin/cargo" "+c79f6bc4fc2389852aeff667626cb3e58adfe71c" "metadata" "--no-deps" "--format-version=1", kill_on_drop: false }`
[INFO] running `Command { std: "docker" "inspect" "50be5caefd9f846dee7c86c6a6dada25f99981df6edd92eb7937da27612ac9e2", kill_on_drop: false }`
[INFO] running `Command { std: "docker" "exec" "-e" "SOURCE_DIR=/opt/rustwide/workdir" "-e" "CARGO_HOME=/opt/rustwide/cargo-home" "-e" "RUSTUP_HOME=/opt/rustwide/rustup-home" "-e" "CARGO_TARGET_DIR=/opt/rustwide/target" "-e" "CARGO_INCREMENTAL=0" "-e" "RUST_BACKTRACE=full" "-e" "RUSTFLAGS=--cap-lints=forbid" "-e" "RUSTDOCFLAGS=--cap-lints=forbid" "-w" "/opt/rustwide/workdir" "--user" "0:0" "50be5caefd9f846dee7c86c6a6dada25f99981df6edd92eb7937da27612ac9e2" "/opt/rustwide/cargo-home/bin/cargo" "+c79f6bc4fc2389852aeff667626cb3e58adfe71c" "check" "--frozen" "--all" "--all-targets" "--message-format=json", kill_on_drop: false }`
[INFO] [stderr]     Checking subtle v2.6.1
[INFO] [stderr]     Checking cmov v0.5.4
[INFO] [stderr]    Compiling getrandom v0.4.3
[INFO] [stderr]    Compiling libc v0.2.189
[INFO] [stderr]    Compiling num-traits v0.2.19
[INFO] [stderr]    Compiling zeroize_derive v1.5.0
[INFO] [stderr]    Compiling zerovec-derive v0.11.3
[INFO] [stderr]    Compiling displaydoc v0.2.6
[INFO] [stderr]     Checking getrandom v0.2.17
[INFO] [stderr]     Checking serde v1.0.229
[INFO] [stderr]     Checking cpubits v0.1.1
[INFO] [stderr]    Compiling serde_core v1.0.229
[INFO] [stderr]     Checking errno v0.3.14
[INFO] [stderr]     Checking mio v1.2.2
[INFO] [stderr]     Checking socket2 v0.6.5
[INFO] [stderr]    Compiling tokio-macros v2.7.1
[INFO] [stderr]     Checking pem-rfc7468 v1.0.0
[INFO] [stderr]     Checking signal-hook-registry v1.4.8
[INFO] [stderr]     Checking rand_core v0.6.4
[INFO] [stderr]     Checking futures-channel v0.3.33
[INFO] [stderr]    Compiling zerofrom v0.1.8
[INFO] [stderr]    Compiling futures-macro v0.3.33
[INFO] [stderr]     Checking futures-io v0.3.33
[INFO] [stderr]     Checking ctutils v0.4.2
[INFO] [stderr]    Compiling yoke v0.8.3
[INFO] [stderr]     Checking http v1.4.2
[INFO] [stderr]     Checking tracing v0.1.44
[INFO] [stderr]    Compiling rustls v0.23.42
[INFO] [stderr]    Compiling generic-array v0.14.9
[INFO] [stderr]     Checking ff v0.14.0
[INFO] [stderr]     Checking spin v0.9.9
[INFO] [stderr]     Checking zeroize v1.9.0
[INFO] [stderr]     Checking ff v0.13.1
[INFO] [stderr]     Checking group v0.14.0
[INFO] [stderr]     Checking rand_chacha v0.3.1
[INFO] [stderr]     Checking zerotrie v0.2.4
[INFO] [stderr]     Checking sync_wrapper v1.0.2
[INFO] [stderr]     Checking group v0.13.0
[INFO] [stderr]     Checking hybrid-array v0.4.13
[INFO] [stderr]     Checking der v0.7.10
[INFO] [stderr]     Checking der v0.8.1
[INFO] [stderr]     Checking rustls-pki-types v1.15.1
[INFO] [stderr]    Compiling curve25519-dalek-derive v0.1.1
[INFO] [stderr]     Checking smallvec v1.15.2
[INFO] [stderr]    Compiling crypto-common v0.1.6
[INFO] [stderr]    Compiling block-buffer v0.10.4
[INFO] [stderr]     Checking zerovec v0.11.6
[INFO] [stderr]    Compiling digest v0.10.7
[INFO] [stderr]     Checking num-integer v0.1.46
[INFO] [stderr]     Checking futures-util v0.3.33
[INFO] [stderr]     Checking parking_lot_core v0.9.12
[INFO] [stderr]     Checking inout v0.1.4
[INFO] [stderr]     Checking http-body v1.1.0
[INFO] [stderr]     Checking crypto-bigint v0.5.5
[INFO] [stderr]     Checking cipher v0.4.4
[INFO] [stderr]     Checking base16ct v1.0.0
[INFO] [stderr]    Compiling jobserver v0.1.35
[INFO] [stderr]    Compiling futures-core v0.3.33
[INFO] [stderr]     Checking hmac v0.12.1
[INFO] [stderr]     Checking parking_lot v0.12.5
[INFO] [stderr]    Compiling cc v1.4.0
[INFO] [stderr]     Checking sha2 v0.10.9
[INFO] [stderr]     Checking signature v2.2.0
[INFO] [stderr]     Checking hkdf v0.12.4
[INFO] [stderr]     Checking rfc6979 v0.4.0
[INFO] [stderr]     Checking http-body-util v0.1.4
[INFO] [stderr]     Checking webpki-roots v1.0.9
[INFO] [stderr]     Checking rand v0.8.7
[INFO] [stderr]    Compiling crossbeam-utils v0.8.22
[INFO] [stderr]     Checking tokio v1.53.1
[INFO] [stderr]     Checking lazy_static v1.5.0
[INFO] [stderr]    Compiling zerocopy v0.8.55
[INFO] [stderr]    Compiling cookie v0.18.1
[INFO] [stderr]     Checking tinystr v0.8.3
[INFO] [stderr]     Checking potential_utf v0.1.5
[INFO] [stderr]     Checking icu_collections v2.2.0
[INFO] [stderr]     Checking icu_locale_core v2.2.0
[INFO] [stderr]     Checking spki v0.7.3
[INFO] [stderr]    Compiling foldhash v0.1.5
[INFO] [stderr]    Compiling futures-sink v0.3.33
[INFO] [stderr]    Compiling tinyvec_macros v0.1.1
[INFO] [stderr]     Checking pkcs8 v0.10.2
[INFO] [stderr]    Compiling serde_json v1.0.151
[INFO] [stderr]     Checking crypto-common v0.2.2
[INFO] [stderr]     Checking block-buffer v0.12.1
[INFO] [stderr]     Checking block-padding v0.4.2
[INFO] [stderr]     Checking crypto-bigint v0.7.5
[INFO] [stderr]    Compiling bytes v1.12.1
[INFO] [stderr]     Checking inout v0.2.2
[INFO] [stderr]     Checking spki v0.8.0
[INFO] [stderr]     Checking sec1 v0.7.3
[INFO] [stderr]     Checking sec1 v0.8.1
[INFO] [stderr]    Compiling form_urlencoded v1.2.2
[INFO] [stderr]     Checking time v0.3.54
[INFO] [stderr]    Compiling darling_core v0.20.11
[INFO] [stderr]     Checking chrono v0.4.45
[INFO] [stderr]     Checking icu_provider v2.2.0
[INFO] [stderr]     Checking wnaf v0.14.0
[INFO] [stderr]    Compiling tinyvec v1.12.0
[INFO] [stderr]    Compiling hashbrown v0.15.5
[INFO] [stderr]     Checking icu_properties v2.2.0
[INFO] [stderr]     Checking icu_normalizer v2.2.0
[INFO] [stderr]     Checking digest v0.11.3
[INFO] [stderr]     Checking cipher v0.5.2
[INFO] [stderr]     Checking universal-hash v0.6.1
[INFO] [stderr]     Checking aead v0.6.1
[INFO] [stderr]     Checking hmac v0.13.0
[INFO] [stderr]     Checking polyval v0.7.3
[INFO] [stderr]     Checking sha2 v0.11.0
[INFO] [stderr]     Checking pbkdf2 v0.13.0
[INFO] [stderr]     Checking ghash v0.6.0
[INFO] [stderr]    Compiling ring v0.17.14
[INFO] [stderr]     Checking signature v3.0.0
[INFO] [stderr]     Checking hkdf v0.13.0
[INFO] [stderr]     Checking elliptic-curve v0.13.8
[INFO] [stderr]     Checking aes v0.9.2
[INFO] [stderr]     Checking ctr v0.10.1
[INFO] [stderr]     Checking salsa20 v0.11.0
[INFO] [stderr]     Checking cbc v0.2.1
[INFO] [stderr]    Compiling openssl-sys v0.9.117
[INFO] [stderr]    Compiling libz-sys v1.1.29
[INFO] [stderr]     Checking ecdsa v0.16.9
[INFO] [stderr]     Checking aes-gcm v0.11.0
[INFO] [stderr]    Compiling curve25519-dalek v4.1.3
[INFO] [stderr]     Checking scrypt v0.12.0
[INFO] [stderr]    Compiling log v0.4.33
[INFO] [stderr]    Compiling futures-task v0.3.33
[INFO] [stderr]    Compiling iana-time-zone v0.1.65
[INFO] [stderr]     Checking pkcs5 v0.8.1
[INFO] [stderr]     Checking compression-core v0.4.32
[INFO] [stderr]    Compiling parking v2.2.1
[INFO] [stderr]    Compiling num-bigint-dig v0.8.6
[INFO] [stderr]    Compiling toml_parser v1.1.3+spec-1.1.0
[INFO] [stderr]     Checking idna_adapter v1.2.2
[INFO] [stderr]     Checking serde_urlencoded v0.7.1
[INFO] [stderr]     Checking idna v1.1.0
[INFO] [stderr]    Compiling crossbeam-queue v0.3.13
[INFO] [stderr]    Compiling event-listener v5.4.2
[INFO] [stderr]     Checking compression-codecs v0.4.38
[INFO] [stderr]     Checking pkcs8 v0.11.0
[INFO] [stderr]     Checking url v2.5.8
[INFO] [stderr]    Compiling webpki-roots v0.26.11
[INFO] [stderr]    Compiling futures-intrusive v0.5.0
[INFO] [stderr]     Checking primeorder v0.13.6
[INFO] [stderr]     Checking chacha20 v0.10.1
[INFO] [stderr]    Compiling hashlink v0.10.0
[INFO] [stderr]    Compiling libssh2-sys v0.3.2
[INFO] [stderr]    Compiling either v1.17.0
[INFO] [stderr]    Compiling unicode-normalization v0.1.25
[INFO] [stderr]     Checking num-iter v0.1.46
[INFO] [stderr]    Compiling thiserror v2.0.19
[INFO] [stderr]    Compiling darling_core v0.23.0
[INFO] [stderr]    Compiling curve25519-dalek v5.0.0
[INFO] [stderr]     Checking aho-corasick v1.1.4
[INFO] [stderr]    Compiling base64 v0.22.1
[INFO] [stderr]    Compiling darling_macro v0.20.11
[INFO] [stderr]     Checking psl-types v2.0.11
[INFO] [stderr]    Compiling uuid v1.24.0
[INFO] [stderr]    Compiling unicode-properties v0.1.4
[INFO] [stderr]    Compiling unicode-bidi v0.3.18
[INFO] [stderr]    Compiling darling v0.20.11
[INFO] [stderr]     Checking publicsuffix v2.3.0
[INFO] [stderr]    Compiling nix v0.31.3
[INFO] [stderr]    Compiling toml_edit v0.25.13+spec-1.1.0
[INFO] [stderr]    Compiling stringprep v0.1.5
[INFO] [stderr]     Checking elliptic-curve v0.14.1
[INFO] [stderr]     Checking primefield v0.14.0
[INFO] [stderr]     Checking rfc6979 v0.6.0
[INFO] [stderr]     Checking ssh-encoding v0.3.0
[INFO] [stderr]    Compiling atoi v2.0.0
[INFO] [stderr]     Checking regex-automata v0.4.16
[INFO] [stderr]     Checking ctr v0.9.2
[INFO] [stderr]     Checking sha1 v0.10.7
[INFO] [stderr]    Compiling md-5 v0.10.6
[INFO] [stderr]     Checking aead v0.5.2
[INFO] [stderr]     Checking primeorder v0.14.0
[INFO] [stderr]     Checking ecdsa v0.17.0
[INFO] [stderr]     Checking universal-hash v0.5.1
[INFO] [stderr]    Compiling thiserror-impl v1.0.69
[INFO] [stderr]    Compiling multer v3.1.0
[INFO] [stderr]     Checking keccak v0.2.0
[INFO] [stderr]    Compiling hex v0.4.3
[INFO] [stderr]     Checking hyper v1.11.0
[INFO] [stderr]     Checking tower v0.5.3
[INFO] [stderr]     Checking tokio-util v0.7.19
[INFO] [stderr]     Checking async-compression v0.4.42
[INFO] [stderr]    Compiling whoami v1.6.1
[INFO] [stderr]    Compiling dotenvy v0.15.7
[INFO] [stderr]    Compiling byteorder v1.5.0
[INFO] [stderr]    Compiling home v0.5.12
[INFO] [stderr]    Compiling bitflags v2.13.1
[INFO] [stderr]     Checking tower-http v0.6.11
[INFO] [stderr]     Checking polyval v0.6.2
[INFO] [stderr]     Checking tokio-stream v0.1.19
[INFO] [stderr]    Compiling askama_parser v0.14.0
[INFO] [stderr]    Compiling proc-macro-crate v3.5.0
[INFO] [stderr]     Checking crypto-primes v0.7.2
[INFO] [stderr]     Checking thiserror v1.0.69
[INFO] [stderr]     Checking cookie_store v0.22.1
[INFO] [stderr]    Compiling ppv-lite86 v0.2.21
[INFO] [stderr]    Compiling derive_builder_core v0.20.2
[INFO] [stderr]     Checking hyper-util v0.1.20
[INFO] [stderr]    Compiling darling_macro v0.23.0
[INFO] [stderr]     Checking ed25519 v3.0.0
[INFO] [stderr]     Checking blowfish v0.10.0
[INFO] [stderr]    Compiling darling v0.23.0
[INFO] [stderr]    Compiling libgit2-sys v0.18.7+1.9.6
[INFO] [stderr]    Compiling basic-toml v0.1.10
[INFO] [stderr]     Checking poly1305 v0.9.1
[INFO] [stderr]     Checking blake2 v0.11.0-rc.6
[INFO] [stderr]     Checking rustls-webpki v0.103.13
[INFO] [stderr]     Checking pkcs1 v0.8.0-rc.4
[INFO] [stderr]     Checking pkcs1 v0.7.5
[INFO] [stderr]     Checking ed25519 v2.2.3
[INFO] [stderr]     Checking axum-core v0.5.6
[INFO] [stderr]     Checking aes v0.8.4
[INFO] [stderr]     Checking dbl v0.3.2
[INFO] [stderr]     Checking bit-vec v0.8.0
[INFO] [stderr]    Compiling rustc-hash v2.1.3
[INFO] [stderr]    Compiling crc24 v0.1.6
[INFO] [stderr]     Checking fiat-crypto v0.1.20
[INFO] [stderr]     Checking bit-set v0.8.0
[INFO] [stderr]    Compiling derive_more-impl v1.0.0
[INFO] [stderr]    Compiling derive_builder_macro v0.20.2
[INFO] [stderr]     Checking rsa v0.10.0-rc.18
[INFO] [stderr]     Checking cmac v0.7.2
[INFO] [stderr]     Checking rsa v0.9.10
[INFO] [stderr]     Checking ed25519-dalek v2.2.0
[INFO] [stderr]     Checking ssh-cipher v0.3.0
[INFO] [stderr]     Checking ed25519-dalek v3.0.0
[INFO] [stderr]     Checking argon2 v0.6.0-rc.8
[INFO] [stderr]     Checking bcrypt-pbkdf v0.11.0
[INFO] [stderr]    Compiling serde_with_macros v3.21.0
[INFO] [stderr]    Compiling num_enum_derive v0.7.6
[INFO] [stderr]     Checking ghash v0.5.1
[INFO] [stderr]     Checking p521 v0.14.0
[INFO] [stderr]     Checking p384 v0.14.0
[INFO] [stderr]     Checking p256 v0.14.0
[INFO] [stderr]     Checking sha3 v0.11.0
[INFO] [stderr]     Checking rand v0.10.2
[INFO] [stderr]     Checking p384 v0.13.1
[INFO] [stderr]     Checking p256 v0.13.2
[INFO] [stderr]     Checking futures-executor v0.3.33
[INFO] [stderr]     Checking sha1 v0.11.0
[INFO] [stderr]     Checking kem v0.3.0
[INFO] [stderr]     Checking module-lattice v0.2.3
[INFO] [stderr]     Checking blake2 v0.10.6
[INFO] [stderr]     Checking headers-core v0.3.0
[INFO] [stderr]     Checking ordered-float v2.10.1
[INFO] [stderr]     Checking serde_spanned v0.6.9
[INFO] [stderr]     Checking toml_datetime v0.6.11
[INFO] [stderr]     Checking password-hash v0.5.0
[INFO] [stderr]    Compiling axum-macros v0.5.1
[INFO] [stderr]     Checking sponge-cursor v0.1.0
[INFO] [stderr]     Checking rand_core v0.5.1
[INFO] [stderr]    Compiling pulldown-cmark v0.13.4
[INFO] [stderr]     Checking clap_builder v4.6.2
[INFO] [stderr]     Checking toml_edit v0.22.27
[INFO] [stderr]     Checking sha3 v0.10.9
[INFO] [stderr]     Checking sha3 v0.12.0
[INFO] [stderr]     Checking argon2 v0.5.3
[INFO] [stderr]     Checking nom v7.1.3
[INFO] [stderr]     Checking serde-value v0.7.0
[INFO] [stderr]     Checking internal-russh-num-bigint v0.5.0
[INFO] [stderr]     Checking headers v0.4.1
[INFO] [stderr]     Checking ml-kem v0.3.2
[INFO] [stderr]     Checking derive_more v1.0.0
[INFO] [stderr]     Checking futures v0.3.33
[INFO] [stderr]    Compiling askama_derive v0.14.0
[INFO] [stderr]     Checking serde_with v3.21.0
[INFO] [stderr]     Checking num_enum v0.7.6
[INFO] [stderr]     Checking russh-cryptovec v0.62.0
[INFO] [stderr]     Checking aes-gcm v0.10.3
[INFO] [stderr]     Checking eax v0.5.0
[INFO] [stderr]     Checking derive_builder v0.20.2
[INFO] [stderr]     Checking aes-kw v0.2.1
[INFO] [stderr]     Checking fancy-regex v0.16.2
[INFO] [stderr]     Checking matchers v0.2.0
[INFO] [stderr]     Checking x25519-dalek v2.0.1
[INFO] [stderr]     Checking dsa v0.6.3
[INFO] [stderr]     Checking russh-util v0.52.0
[INFO] [stderr]     Checking ocb3 v0.1.0
[INFO] [stderr]     Checking axum v0.8.9
[INFO] [stderr]     Checking sha1-checked v0.10.0
[INFO] [stderr]     Checking tokio-rustls v0.26.4
[INFO] [stderr]     Checking sqlx-core v0.8.6
[INFO] [stderr]     Checking itertools v0.10.5
[INFO] [stderr]    Compiling clap_derive v4.6.4
[INFO] [stderr]     Checking p521 v0.13.3
[INFO] [stderr]     Checking hyper-rustls v0.27.9
[INFO] [stderr]     Checking reqwest v0.12.28
[INFO] [stderr]     Checking generic-array v1.4.4
[INFO] [stderr]     Checking k256 v0.13.4
[INFO] [stderr]     Checking sharded-slab v0.1.7
[INFO] [stderr]     Checking blowfish v0.9.1
[INFO] [stderr]     Checking camellia v0.1.0
[INFO] [stderr]     Checking idea v0.5.1
[INFO] [stderr]     Checking des v0.8.1
[INFO] [stdout] error[E0493]: destructor of `ArrayBuilder<T, N>` cannot be evaluated at compile-time
[INFO] [stdout]    --> /opt/rustwide/cargo-home/registry/src/index.crates.io-1949cf8c6b5b557f/generic-array-1.4.4/src/internal.rs:103:31
[INFO] [stdout]     |
[INFO] [stdout] 103 |     pub unsafe fn assume_init(self) -> GenericArray<T, N> {
[INFO] [stdout]     |                               ^^^^ the destructor for this type cannot be evaluated in constant functions
[INFO] [stdout] ...
[INFO] [stdout] 109 |     }
[INFO] [stdout]     |     - value is dropped here
[INFO] [stdout] 
[INFO] [stdout] 
[INFO] [stderr]     Checking twofish v0.7.1
[INFO] [stdout] error[E0493]: destructor of `GenericArray<core::mem::MaybeUninit<*const T>, N>` cannot be evaluated at compile-time
[INFO] [stdout]    --> /opt/rustwide/cargo-home/registry/src/index.crates.io-1949cf8c6b5b557f/generic-array-1.4.4/src/lib.rs:981:13
[INFO] [stdout]     |
[INFO] [stdout] 981 |         let mut out: GenericArray<MaybeUninit<*const T>, N> = GenericArray::uninit();
[INFO] [stdout]     |             ^^^^^^^ the destructor for this type cannot be evaluated in constant functions
[INFO] [stdout] ...
[INFO] [stdout] 996 |     }
[INFO] [stdout]     |     - value is dropped here
[INFO] [stdout] 
[INFO] [stdout] 
[INFO] [stdout] error[E0493]: destructor of `GenericArray<core::mem::MaybeUninit<*mut T>, N>` cannot be evaluated at compile-time
[INFO] [stdout]     --> /opt/rustwide/cargo-home/registry/src/index.crates.io-1949cf8c6b5b557f/generic-array-1.4.4/src/lib.rs:1016:13
[INFO] [stdout]      |
[INFO] [stdout] 1016 |         let mut out: GenericArray<MaybeUninit<*mut T>, N> = GenericArray::uninit();
[INFO] [stdout]      |             ^^^^^^^ the destructor for this type cannot be evaluated in constant functions
[INFO] [stdout] ...
[INFO] [stdout] 1031 |     }
[INFO] [stdout]      |     - value is dropped here
[INFO] [stdout] 
[INFO] [stdout] 
[INFO] [stdout] For more information about this error, try `rustc --explain E0493`.
[INFO] [stdout] 
[INFO] [stderr]     Checking cfb-mode v0.8.2
[INFO] [stderr]     Checking cast5 v0.11.1
[INFO] [stderr] error: could not compile `generic-array` (lib) due to 3 previous errors
[INFO] [stderr] warning: build failed, waiting for other jobs to finish...
[INFO] running `Command { std: "docker" "inspect" "50be5caefd9f846dee7c86c6a6dada25f99981df6edd92eb7937da27612ac9e2", kill_on_drop: false }`
[INFO] running `Command { std: "docker" "rm" "-f" "50be5caefd9f846dee7c86c6a6dada25f99981df6edd92eb7937da27612ac9e2", kill_on_drop: false }`
[INFO] [stdout] 50be5caefd9f846dee7c86c6a6dada25f99981df6edd92eb7937da27612ac9e2
