[INFO] cloning repository https://github.com/eviltomorrow/minishell
[INFO] running `Command { std: "git" "-c" "credential.helper=" "-c" "credential.helper=/workspace/cargo-home/bin/git-credential-null" "clone" "--bare" "https://github.com/eviltomorrow/minishell" "/workspace/cache/git-repos/https%3A%2F%2Fgithub.com%2Feviltomorrow%2Fminishell", kill_on_drop: false }`
[INFO] [stderr] Cloning into bare repository '/workspace/cache/git-repos/https%3A%2F%2Fgithub.com%2Feviltomorrow%2Fminishell'...
[INFO] running `Command { std: "git" "rev-parse" "HEAD", kill_on_drop: false }`
[INFO] [stdout] 4c99180fa41808bd2af70ab99364e2003486a010
[INFO] checking eviltomorrow/minishell against c79f6bc4fc2389852aeff667626cb3e58adfe71c for pr-164081
[INFO] running `Command { std: "git" "clone" "/workspace/cache/git-repos/https%3A%2F%2Fgithub.com%2Feviltomorrow%2Fminishell" "/workspace/builds/worker-2-tc2/source", kill_on_drop: false }`
[INFO] [stderr] Cloning into '/workspace/builds/worker-2-tc2/source'...
[INFO] [stderr] done.
[INFO] started tweaking git repo https://github.com/eviltomorrow/minishell
[INFO] finished tweaking git repo https://github.com/eviltomorrow/minishell
[INFO] tweaked toml for git repo https://github.com/eviltomorrow/minishell written to /workspace/builds/worker-2-tc2/source/Cargo.toml
[INFO] validating manifest of git repo https://github.com/eviltomorrow/minishell on toolchain c79f6bc4fc2389852aeff667626cb3e58adfe71c
[INFO] running `Command { std: CARGO_HOME="/workspace/cargo-home" RUSTUP_HOME="/workspace/rustup-home" "/workspace/cargo-home/bin/cargo" "+c79f6bc4fc2389852aeff667626cb3e58adfe71c" "metadata" "--manifest-path" "Cargo.toml" "--no-deps", kill_on_drop: false }`
[INFO] crate git repo https://github.com/eviltomorrow/minishell already has a lockfile, it will not be regenerated
[INFO] running `Command { std: CARGO_HOME="/workspace/cargo-home" RUSTUP_HOME="/workspace/rustup-home" "/workspace/cargo-home/bin/cargo" "+c79f6bc4fc2389852aeff667626cb3e58adfe71c" "fetch" "--manifest-path" "Cargo.toml", kill_on_drop: false }`
[INFO] [stderr] warning: unused workspace dependency `minishell-server`
[INFO] [stderr]  --> Cargo.toml:8:25
[INFO] [stderr]   |
[INFO] [stderr] 8 | [workspace.dependencies.minishell-server]
[INFO] [stderr]   |                         ^^^^^^^^^^^^^^^^
[INFO] [stderr]   |
[INFO] [stderr]   = note: `cargo::unused_workspace_dependencies` is set to `warn` by default
[INFO] [stderr] help: consider removing the workspace dependency `minishell-server`
[INFO] [stderr] warning: workspace (manifest) generated 1 warning
[INFO] running `Command { std: "docker" "create" "-v" "/var/lib/crater-agent-workspace/builds/worker-2-tc2/source:/opt/rustwide/workdir:ro,Z" "-v" "/var/lib/crater-agent-workspace/builds/worker-2-tc2/target:/opt/rustwide/target:rw,Z" "-v" "/var/lib/crater-agent-workspace/cargo-home:/opt/rustwide/cargo-home:ro,Z" "-v" "/var/lib/crater-agent-workspace/rustup-home:/opt/rustwide/rustup-home:ro,Z" "-m" "1610612736" "--network" "none" "ghcr.io/rust-lang/crates-build-env/linux@sha256:77db811e55d90add9212f6832c23229e3de5f1c1f9905e8cb07319ea15df73ac" "sleep" "infinity", kill_on_drop: false }`
[INFO] [stdout] 8b23886fbf78ccee03761ebee9b7d857656e198d5c30853704071d99ba51720a
[INFO] running `Command { std: "docker" "start" "8b23886fbf78ccee03761ebee9b7d857656e198d5c30853704071d99ba51720a", kill_on_drop: false }`
[INFO] running `Command { std: "docker" "inspect" "8b23886fbf78ccee03761ebee9b7d857656e198d5c30853704071d99ba51720a", kill_on_drop: false }`
[INFO] running `Command { std: "docker" "exec" "-e" "SOURCE_DIR=/opt/rustwide/workdir" "-e" "CARGO_HOME=/opt/rustwide/cargo-home" "-e" "RUSTUP_HOME=/opt/rustwide/rustup-home" "-e" "CARGO_TARGET_DIR=/opt/rustwide/target" "-w" "/opt/rustwide/workdir" "--user" "0:0" "8b23886fbf78ccee03761ebee9b7d857656e198d5c30853704071d99ba51720a" "/opt/rustwide/cargo-home/bin/cargo" "+c79f6bc4fc2389852aeff667626cb3e58adfe71c" "metadata" "--no-deps" "--format-version=1", kill_on_drop: false }`
[INFO] running `Command { std: "docker" "inspect" "8b23886fbf78ccee03761ebee9b7d857656e198d5c30853704071d99ba51720a", kill_on_drop: false }`
[INFO] running `Command { std: "docker" "exec" "-e" "SOURCE_DIR=/opt/rustwide/workdir" "-e" "CARGO_HOME=/opt/rustwide/cargo-home" "-e" "RUSTUP_HOME=/opt/rustwide/rustup-home" "-e" "CARGO_TARGET_DIR=/opt/rustwide/target" "-e" "CARGO_INCREMENTAL=0" "-e" "RUST_BACKTRACE=full" "-e" "RUSTFLAGS=--cap-lints=forbid" "-e" "RUSTDOCFLAGS=--cap-lints=forbid" "-w" "/opt/rustwide/workdir" "--user" "0:0" "8b23886fbf78ccee03761ebee9b7d857656e198d5c30853704071d99ba51720a" "/opt/rustwide/cargo-home/bin/cargo" "+c79f6bc4fc2389852aeff667626cb3e58adfe71c" "check" "--frozen" "--all" "--all-targets" "--message-format=json", kill_on_drop: false }`
[INFO] [stderr] warning: unused workspace dependency `minishell-server`
[INFO] [stderr]  --> Cargo.toml:8:25
[INFO] [stderr]   |
[INFO] [stderr] 8 | [workspace.dependencies.minishell-server]
[INFO] [stderr]   |                         ^^^^^^^^^^^^^^^^
[INFO] [stderr]   |
[INFO] [stderr]   = note: `cargo::unused_workspace_dependencies` is set to `warn` by default
[INFO] [stderr] help: consider removing the workspace dependency `minishell-server`
[INFO] [stderr] warning: workspace (manifest) generated 1 warning
[INFO] [stderr]    Compiling quote v1.0.46
[INFO] [stderr]     Checking zeroize v1.9.0
[INFO] [stderr]     Checking smallvec v1.15.2
[INFO] [stderr]    Compiling zerocopy v0.8.54
[INFO] [stderr]     Checking getrandom v0.4.3
[INFO] [stderr]     Checking mio v1.2.1
[INFO] [stderr]     Checking bitflags v2.13.0
[INFO] [stderr]    Compiling anyhow v1.0.103
[INFO] [stderr]    Compiling cc v1.2.66
[INFO] [stderr]     Checking regex-automata v0.4.15
[INFO] [stderr]     Checking simd-adler32 v0.3.9
[INFO] [stderr]     Checking dirs v5.0.1
[INFO] [stderr]     Checking futures-channel v0.3.32
[INFO] [stderr]     Checking signal-hook v0.3.18
[INFO] [stderr]    Compiling curve25519-dalek v5.0.0-rc.1
[INFO] [stderr]     Checking minishell-utils v0.1.0 (/opt/rustwide/workdir/crates/minishell-utils)
[INFO] [stderr]     Checking hybrid-array v0.4.13
[INFO] [stderr]     Checking der v0.8.1
[INFO] [stderr]     Checking miniz_oxide v0.8.9
[INFO] [stderr]     Checking rustix v0.38.44
[INFO] [stderr]     Checking keccak v0.2.0
[INFO] [stderr]    Compiling crossbeam-epoch v0.9.20
[INFO] [stderr]     Checking parking_lot_core v0.9.12
[INFO] [stderr]    Compiling zip v2.4.2
[INFO] [stderr]    Compiling aws-lc-rs v1.17.3
[INFO] [stderr]     Checking bumpalo v3.20.3
[INFO] [stderr]     Checking nix v0.31.3
[INFO] [stderr]    Compiling nix v0.29.0
[INFO] [stderr]     Checking chrono v0.4.45
[INFO] [stderr]     Checking parking_lot v0.12.5
[INFO] [stderr]     Checking signal-hook-mio v0.2.5
[INFO] [stderr]     Checking generic-array v1.4.4
[INFO] [stderr]     Checking castaway v0.2.4
[INFO] [stderr]    Compiling syn v2.0.118
[INFO] [stderr]     Checking zopfli v0.8.3
[INFO] [stderr]     Checking serde_bytes v0.11.19
[INFO] [stderr]     Checking compact_str v0.8.2
[INFO] [stderr]     Checking crossbeam-deque v0.8.7
[INFO] [stderr]     Checking quick-xml v0.31.0
[INFO] [stderr]     Checking codepage v0.1.2
[INFO] [stderr]     Checking serde_json v1.0.150
[INFO] [stderr]     Checking rayon-core v1.13.0
[INFO] [stderr]     Checking flate2 v1.1.9
[INFO] [stderr]     Checking plotters v0.3.7
[INFO] [stderr]     Checking rayon v1.12.0
[INFO] [stdout] error[E0493]: destructor of `ArrayBuilder<T, N>` cannot be evaluated at compile-time
[INFO] [stdout]    --> /opt/rustwide/cargo-home/registry/src/index.crates.io-1949cf8c6b5b557f/generic-array-1.4.4/src/internal.rs:103:31
[INFO] [stdout]     |
[INFO] [stdout] 103 |     pub unsafe fn assume_init(self) -> GenericArray<T, N> {
[INFO] [stdout]     |                               ^^^^ the destructor for this type cannot be evaluated in constant functions
[INFO] [stdout] ...
[INFO] [stdout] 109 |     }
[INFO] [stdout]     |     - value is dropped here
[INFO] [stdout] 
[INFO] [stdout] 
[INFO] [stdout] error[E0493]: destructor of `GenericArray<core::mem::MaybeUninit<*const T>, N>` cannot be evaluated at compile-time
[INFO] [stdout]    --> /opt/rustwide/cargo-home/registry/src/index.crates.io-1949cf8c6b5b557f/generic-array-1.4.4/src/lib.rs:981:13
[INFO] [stdout]     |
[INFO] [stdout] 981 |         let mut out: GenericArray<MaybeUninit<*const T>, N> = GenericArray::uninit();
[INFO] [stdout]     |             ^^^^^^^ the destructor for this type cannot be evaluated in constant functions
[INFO] [stdout] ...
[INFO] [stdout] 996 |     }
[INFO] [stdout]     |     - value is dropped here
[INFO] [stdout] 
[INFO] [stdout] 
[INFO] [stdout] error[E0493]: destructor of `GenericArray<core::mem::MaybeUninit<*mut T>, N>` cannot be evaluated at compile-time
[INFO] [stdout]     --> /opt/rustwide/cargo-home/registry/src/index.crates.io-1949cf8c6b5b557f/generic-array-1.4.4/src/lib.rs:1016:13
[INFO] [stdout]      |
[INFO] [stdout] 1016 |         let mut out: GenericArray<MaybeUninit<*mut T>, N> = GenericArray::uninit();
[INFO] [stdout]      |             ^^^^^^^ the destructor for this type cannot be evaluated in constant functions
[INFO] [stdout] ...
[INFO] [stdout] 1031 |     }
[INFO] [stdout]      |     - value is dropped here
[INFO] [stdout] 
[INFO] [stdout] 
[INFO] [stdout] For more information about this error, try `rustc --explain E0493`.
[INFO] [stdout] 
[INFO] [stderr] error: could not compile `generic-array` (lib) due to 3 previous errors
[INFO] [stderr] warning: build failed, waiting for other jobs to finish...
[INFO] running `Command { std: "docker" "inspect" "8b23886fbf78ccee03761ebee9b7d857656e198d5c30853704071d99ba51720a", kill_on_drop: false }`
[INFO] running `Command { std: "docker" "rm" "-f" "8b23886fbf78ccee03761ebee9b7d857656e198d5c30853704071d99ba51720a", kill_on_drop: false }`
[INFO] [stdout] 8b23886fbf78ccee03761ebee9b7d857656e198d5c30853704071d99ba51720a
