[INFO] cloning repository https://github.com/eas4ai/musheen
[INFO] running `Command { std: "git" "-c" "credential.helper=" "-c" "credential.helper=/workspace/cargo-home/bin/git-credential-null" "clone" "--bare" "https://github.com/eas4ai/musheen" "/workspace/cache/git-repos/https%3A%2F%2Fgithub.com%2Feas4ai%2Fmusheen", kill_on_drop: false }`
[INFO] [stderr] Cloning into bare repository '/workspace/cache/git-repos/https%3A%2F%2Fgithub.com%2Feas4ai%2Fmusheen'...
[INFO] running `Command { std: "git" "rev-parse" "HEAD", kill_on_drop: false }`
[INFO] [stdout] da6c161733f43cf2302d7d2b1d5e28c609990d37
[INFO] checking eas4ai/musheen against c79f6bc4fc2389852aeff667626cb3e58adfe71c for pr-164081
[INFO] running `Command { std: "git" "clone" "/workspace/cache/git-repos/https%3A%2F%2Fgithub.com%2Feas4ai%2Fmusheen" "/workspace/builds/worker-6-tc2/source", kill_on_drop: false }`
[INFO] [stderr] Cloning into '/workspace/builds/worker-6-tc2/source'...
[INFO] [stderr] done.
[INFO] removed /workspace/builds/worker-6-tc2/source/.cargo/config.toml
[INFO] removed /workspace/builds/worker-6-tc2/source/rust-toolchain.toml
[INFO] started tweaking git repo https://github.com/eas4ai/musheen
[INFO] finished tweaking git repo https://github.com/eas4ai/musheen
[INFO] tweaked toml for git repo https://github.com/eas4ai/musheen written to /workspace/builds/worker-6-tc2/source/Cargo.toml
[INFO] validating manifest of git repo https://github.com/eas4ai/musheen on toolchain c79f6bc4fc2389852aeff667626cb3e58adfe71c
[INFO] running `Command { std: CARGO_HOME="/workspace/cargo-home" RUSTUP_HOME="/workspace/rustup-home" "/workspace/cargo-home/bin/cargo" "+c79f6bc4fc2389852aeff667626cb3e58adfe71c" "metadata" "--manifest-path" "Cargo.toml" "--no-deps", kill_on_drop: false }`
[INFO] crate git repo https://github.com/eas4ai/musheen already has a lockfile, it will not be regenerated
[INFO] running `Command { std: CARGO_HOME="/workspace/cargo-home" RUSTUP_HOME="/workspace/rustup-home" "/workspace/cargo-home/bin/cargo" "+c79f6bc4fc2389852aeff667626cb3e58adfe71c" "fetch" "--manifest-path" "Cargo.toml", kill_on_drop: false }`
[INFO] [stderr] warning: unused workspace dependency `camino`
[INFO] [stderr]    --> Cargo.toml:139:1
[INFO] [stderr]     |
[INFO] [stderr] 139 | camino = "1"
[INFO] [stderr]     | ^^^^^^
[INFO] [stderr]     |
[INFO] [stderr]     = note: `cargo::unused_workspace_dependencies` is set to `warn` by default
[INFO] [stderr] help: consider removing the workspace dependency `camino`
[INFO] [stderr] warning: workspace (manifest) generated 1 warning
[INFO] [stderr] warning: missing `[lints]` to inherit `[workspace.lints]`
[INFO] [stderr]    --> vendor/sevenz-rust2/Cargo.toml
[INFO] [stderr]     = note: `cargo::missing_lints_inheritance` is set to `warn` by default
[INFO] [stderr] help: to inherit `workspace.lints, add:
[INFO] [stderr]     |
[INFO] [stderr] 205 ~ version = "0.2"
[INFO] [stderr] 206 + [lints]
[INFO] [stderr] 207 + workspace = true
[INFO] [stderr]     |
[INFO] [stderr] help: to clarify your intent to not inherit, add:
[INFO] [stderr]     |
[INFO] [stderr] 205 ~ version = "0.2"
[INFO] [stderr] 206 + [lints]
[INFO] [stderr]     |
[INFO] [stderr] warning: `sevenz-rust2` (manifest) generated 1 warning
[INFO] [stderr] warning: missing `[lints]` to inherit `[workspace.lints]`
[INFO] [stderr]   --> crates/musheen-zstd-budget/Cargo.toml
[INFO] [stderr]    = note: `cargo::missing_lints_inheritance` is set to `warn` by default
[INFO] [stderr] help: to inherit `workspace.lints, add:
[INFO] [stderr]    |
[INFO] [stderr] 10 ~ zstd-safe.workspace = true
[INFO] [stderr] 11 + [lints]
[INFO] [stderr] 12 + workspace = true
[INFO] [stderr]    |
[INFO] [stderr] help: to clarify your intent to not inherit, add:
[INFO] [stderr]    |
[INFO] [stderr] 10 ~ zstd-safe.workspace = true
[INFO] [stderr] 11 + [lints]
[INFO] [stderr]    |
[INFO] [stderr] warning: `musheen-zstd-budget` (manifest) generated 1 warning
[INFO] running `Command { std: "docker" "create" "-v" "/var/lib/crater-agent-workspace/builds/worker-6-tc2/source:/opt/rustwide/workdir:ro,Z" "-v" "/var/lib/crater-agent-workspace/builds/worker-6-tc2/target:/opt/rustwide/target:rw,Z" "-v" "/var/lib/crater-agent-workspace/cargo-home:/opt/rustwide/cargo-home:ro,Z" "-v" "/var/lib/crater-agent-workspace/rustup-home:/opt/rustwide/rustup-home:ro,Z" "-m" "1610612736" "--network" "none" "ghcr.io/rust-lang/crates-build-env/linux@sha256:77db811e55d90add9212f6832c23229e3de5f1c1f9905e8cb07319ea15df73ac" "sleep" "infinity", kill_on_drop: false }`
[INFO] [stdout] 0c9f031ea1904870e812f3269b6e9b2c3d65b0362140dd5cb295fdc3baaef260
[INFO] running `Command { std: "docker" "start" "0c9f031ea1904870e812f3269b6e9b2c3d65b0362140dd5cb295fdc3baaef260", kill_on_drop: false }`
[INFO] running `Command { std: "docker" "inspect" "0c9f031ea1904870e812f3269b6e9b2c3d65b0362140dd5cb295fdc3baaef260", kill_on_drop: false }`
[INFO] running `Command { std: "docker" "exec" "-e" "SOURCE_DIR=/opt/rustwide/workdir" "-e" "CARGO_HOME=/opt/rustwide/cargo-home" "-e" "RUSTUP_HOME=/opt/rustwide/rustup-home" "-e" "CARGO_TARGET_DIR=/opt/rustwide/target" "-w" "/opt/rustwide/workdir" "--user" "0:0" "0c9f031ea1904870e812f3269b6e9b2c3d65b0362140dd5cb295fdc3baaef260" "/opt/rustwide/cargo-home/bin/cargo" "+c79f6bc4fc2389852aeff667626cb3e58adfe71c" "metadata" "--no-deps" "--format-version=1", kill_on_drop: false }`
[INFO] running `Command { std: "docker" "inspect" "0c9f031ea1904870e812f3269b6e9b2c3d65b0362140dd5cb295fdc3baaef260", kill_on_drop: false }`
[INFO] running `Command { std: "docker" "exec" "-e" "SOURCE_DIR=/opt/rustwide/workdir" "-e" "CARGO_HOME=/opt/rustwide/cargo-home" "-e" "RUSTUP_HOME=/opt/rustwide/rustup-home" "-e" "CARGO_TARGET_DIR=/opt/rustwide/target" "-e" "CARGO_INCREMENTAL=0" "-e" "RUST_BACKTRACE=full" "-e" "RUSTFLAGS=--cap-lints=forbid" "-e" "RUSTDOCFLAGS=--cap-lints=forbid" "-w" "/opt/rustwide/workdir" "--user" "0:0" "0c9f031ea1904870e812f3269b6e9b2c3d65b0362140dd5cb295fdc3baaef260" "/opt/rustwide/cargo-home/bin/cargo" "+c79f6bc4fc2389852aeff667626cb3e58adfe71c" "check" "--frozen" "--all" "--all-targets" "--message-format=json", kill_on_drop: false }`
[INFO] [stderr] warning: unused workspace dependency `camino`
[INFO] [stderr]    --> Cargo.toml:139:1
[INFO] [stderr]     |
[INFO] [stderr] 139 | camino = "1"
[INFO] [stderr]     | ^^^^^^
[INFO] [stderr]     |
[INFO] [stderr]     = note: `cargo::unused_workspace_dependencies` is set to `warn` by default
[INFO] [stderr] help: consider removing the workspace dependency `camino`
[INFO] [stderr] warning: workspace (manifest) generated 1 warning
[INFO] [stderr] warning: missing `[lints]` to inherit `[workspace.lints]`
[INFO] [stderr]    --> vendor/sevenz-rust2/Cargo.toml
[INFO] [stderr]     = note: `cargo::missing_lints_inheritance` is set to `warn` by default
[INFO] [stderr] help: to inherit `workspace.lints, add:
[INFO] [stderr]     |
[INFO] [stderr] 205 ~ version = "0.2"
[INFO] [stderr] 206 + [lints]
[INFO] [stderr] 207 + workspace = true
[INFO] [stderr]     |
[INFO] [stderr] help: to clarify your intent to not inherit, add:
[INFO] [stderr]     |
[INFO] [stderr] 205 ~ version = "0.2"
[INFO] [stderr] 206 + [lints]
[INFO] [stderr]     |
[INFO] [stderr] warning: `sevenz-rust2` (manifest) generated 1 warning
[INFO] [stderr] warning: missing `[lints]` to inherit `[workspace.lints]`
[INFO] [stderr]   --> crates/musheen-zstd-budget/Cargo.toml
[INFO] [stderr]    = note: `cargo::missing_lints_inheritance` is set to `warn` by default
[INFO] [stderr] help: to inherit `workspace.lints, add:
[INFO] [stderr]    |
[INFO] [stderr] 10 ~ zstd-safe.workspace = true
[INFO] [stderr] 11 + [lints]
[INFO] [stderr] 12 + workspace = true
[INFO] [stderr]    |
[INFO] [stderr] help: to clarify your intent to not inherit, add:
[INFO] [stderr]    |
[INFO] [stderr] 10 ~ zstd-safe.workspace = true
[INFO] [stderr] 11 + [lints]
[INFO] [stderr]    |
[INFO] [stderr] warning: `musheen-zstd-budget` (manifest) generated 1 warning
[INFO] [stderr]    Compiling quote v1.0.47
[INFO] [stderr]    Compiling proc-macro2 v1.0.107
[INFO] [stderr]    Compiling unicode-ident v1.0.26
[INFO] [stderr]     Checking cfg-if v1.0.5
[INFO] [stderr]    Compiling serde_core v1.0.229
[INFO] [stderr]    Compiling libc v0.2.189
[INFO] [stderr]    Compiling typeid v1.0.3
[INFO] [stderr]    Compiling erased-serde v0.4.10
[INFO] [stderr]     Checking rand_core v0.10.1
[INFO] [stderr]    Compiling getrandom v0.4.3
[INFO] [stderr]     Checking subtle v2.6.1
[INFO] [stderr]    Compiling serde v1.0.229
[INFO] [stderr]     Checking typenum v1.20.1
[INFO] [stderr]     Checking memchr v2.8.3
[INFO] [stderr]    Compiling autocfg v1.5.1
[INFO] [stderr]     Checking once_cell v1.21.4
[INFO] [stderr]     Checking pin-project-lite v0.2.17
[INFO] [stderr]    Compiling rustix v1.1.5
[INFO] [stderr]    Compiling shlex v2.0.1
[INFO] [stderr]    Compiling find-msvc-tools v0.1.13
[INFO] [stderr]     Checking linux-raw-sys v0.12.1
[INFO] [stderr]    Compiling libm v0.2.16
[INFO] [stderr]    Compiling syn v3.0.6
[INFO] [stderr]    Compiling syn v2.0.119
[INFO] [stderr]     Checking cmov v0.5.4
[INFO] [stderr]     Checking ctutils v0.4.2
[INFO] [stderr]    Compiling jobserver v0.1.35
[INFO] [stderr]    Compiling cc v1.4.7
[INFO] [stderr]     Checking futures-core v0.3.34
[INFO] [stderr]    Compiling num-traits v0.2.19
[INFO] [stderr]     Checking smallvec v1.16.1
[INFO] [stderr]     Checking equivalent v1.0.2
[INFO] [stderr]     Checking futures-io v0.3.34
[INFO] [stderr]     Checking fastrand v2.5.0
[INFO] [stderr]     Checking hashbrown v0.17.1
[INFO] [stderr]     Checking bitflags v2.13.2
[INFO] [stderr]     Checking serde_fmt v1.1.0
[INFO] [stderr]     Checking cpufeatures v0.3.1
[INFO] [stderr]     Checking indexmap v2.14.2
[INFO] [stderr]     Checking value-bag-serde1 v1.14.1
[INFO] [stderr]     Checking value-bag v1.14.1
[INFO] [stderr]     Checking itoa v1.0.18
[INFO] [stderr]    Compiling zmij v1.0.23
[INFO] [stderr]     Checking const-oid v0.10.2
[INFO] [stderr]     Checking log v0.4.34
[INFO] [stderr]    Compiling pkg-config v0.3.34
[INFO] [stderr]     Checking arrayvec v0.7.8
[INFO] [stderr]    Compiling serde_json v1.0.151
[INFO] [stderr]     Checking parking v2.2.1
[INFO] [stderr]     Checking slab v0.4.12
[INFO] [stderr]    Compiling crossbeam-utils v0.8.23
[INFO] [stderr]     Checking errno v0.3.14
[INFO] [stderr]     Checking futures-lite v2.6.1
[INFO] [stderr]     Checking signal-hook-registry v1.4.8
[INFO] [stderr]     Checking bytes v1.12.1
[INFO] [stderr]    Compiling version_check v0.9.5
[INFO] [stderr]     Checking scopeguard v1.2.0
[INFO] [stderr]    Compiling thiserror v2.0.20
[INFO] [stderr]     Checking stable_deref_trait v1.2.1
[INFO] [stderr]     Checking mio v1.2.3
[INFO] [stderr]     Checking futures-sink v0.3.34
[INFO] [stderr]    Compiling winnow v1.0.4
[INFO] [stderr]    Compiling crc32fast v1.5.2
[INFO] [stderr]     Checking futures-channel v0.3.34
[INFO] [stderr]    Compiling toml_datetime v1.1.1+spec-1.1.0
[INFO] [stderr]     Checking futures-task v0.3.34
[INFO] [stderr]     Checking concurrent-queue v2.5.0
[INFO] [stderr]     Checking event-listener v5.4.2
[INFO] [stderr]     Checking cpubits v0.1.1
[INFO] [stderr]     Checking tracing-core v0.1.36
[INFO] [stderr]     Checking event-listener-strategy v0.5.4
[INFO] [stderr]    Compiling synstructure v0.14.0
[INFO] [stderr]    Compiling rustversion v1.0.23
[INFO] [stderr]     Checking async-channel v2.5.0
[INFO] [stderr]     Checking lock_api v0.4.14
[INFO] [stderr]    Compiling parking_lot_core v0.9.12
[INFO] [stderr]     Checking sha1_smol v1.0.1
[INFO] [stderr]    Compiling anyhow v1.0.104
[INFO] [stderr]     Checking uuid v1.26.1
[INFO] [stderr]     Checking simd-adler32 v0.3.10
[INFO] [stderr]    Compiling cfg_aliases v0.2.2
[INFO] [stderr]     Checking libloading v0.8.9
[INFO] [stderr]    Compiling zerocopy v0.8.57
[INFO] [stderr]     Checking adler2 v2.0.1
[INFO] [stderr]     Checking http v1.5.0
[INFO] [stderr]     Checking atomic-waker v1.1.2
[INFO] [stderr]     Checking tempfile v3.27.0
[INFO] [stderr]     Checking litemap v0.8.3
[INFO] [stderr]    Compiling zeroize_derive v1.5.0
[INFO] [stderr]    Compiling tracing-attributes v0.1.31
[INFO] [stderr]    Compiling zerocopy-derive v0.8.57
[INFO] [stderr]    Compiling toml_parser v1.1.3+spec-1.1.0
[INFO] [stderr]    Compiling enumflags2_derive v0.7.12
[INFO] [stderr]    Compiling serde_derive v1.0.229
[INFO] [stderr]     Checking zeroize v1.9.0
[INFO] [stderr]    Compiling bytemuck_derive v1.12.1
[INFO] [stderr]     Checking hybrid-array v0.4.15
[INFO] [stderr]    Compiling thiserror-impl v2.0.20
[INFO] [stderr]    Compiling futures-macro v0.3.34
[INFO] [stderr]    Compiling zerofrom-derive v0.1.8
[INFO] [stderr]     Checking futures-util v0.3.34
[INFO] [stderr]    Compiling toml_edit v0.25.15+spec-1.1.0
[INFO] [stderr]    Compiling yoke-derive v0.8.3
[INFO] [stderr]    Compiling zerovec-derive v0.11.6
[INFO] [stderr]     Checking bytemuck v1.25.2
[INFO] [stderr]     Checking zerofrom v0.1.8
[INFO] [stderr]     Checking crypto-common v0.2.2
[INFO] [stderr]     Checking block-buffer v0.12.1
[INFO] [stderr]     Checking block-padding v0.4.2
[INFO] [stderr]     Checking inout v0.2.2
[INFO] [stderr]    Compiling proc-macro-crate v3.5.0
[INFO] [stderr]     Checking tracing v0.1.44
[INFO] [stderr]    Compiling displaydoc v0.2.7
[INFO] [stderr]     Checking yoke v0.8.3
[INFO] [stderr]     Checking digest v0.11.3
[INFO] [stderr]     Checking cipher v0.5.2
[INFO] [stderr]     Checking writeable v0.6.4
[INFO] [stderr]     Checking sha2 v0.11.0
[INFO] [stderr]     Checking zerotrie v0.2.5
[INFO] [stderr]    Compiling tokio-macros v2.7.2
[INFO] [stderr]     Checking zerovec v0.11.8
[INFO] [stderr]     Checking aes v0.9.3
[INFO] [stderr]     Checking cbc v0.2.1
[INFO] [stderr]     Checking parking_lot v0.12.5
[INFO] [stderr]     Checking socket2 v0.6.5
[INFO] [stderr]     Checking percent-encoding v2.3.2
[INFO] [stderr]     Checking libbz2-rs-sys v0.2.5
[INFO] [stderr]    Compiling icu_normalizer_data v2.3.0
[INFO] [stderr]     Checking async-task v4.7.1
[INFO] [stderr]     Checking musheen-core v0.1.0 (/opt/rustwide/workdir/crates/musheen-core)
[INFO] [stderr]    Compiling zvariant_utils v4.2.0
[INFO] [stderr]    Compiling icu_properties_data v2.3.0
[INFO] [stderr]     Checking utf8_iter v1.0.4
[INFO] [stderr]     Checking iana-time-zone v0.1.65
[INFO] [stderr]     Checking chrono v0.4.45
[INFO] [stderr]     Checking bzip2 v0.6.1
[INFO] [stderr]     Checking tinystr v0.8.4
[INFO] [stderr]     Checking potential_utf v0.1.6
[INFO] [stderr]     Checking tokio v1.53.1
[INFO] [stderr]     Checking icu_collections v2.3.0
[INFO] [stderr]     Checking icu_locale_core v2.3.0
[INFO] [stderr]     Checking dlib v0.5.3
[INFO] [stderr]    Compiling crossbeam-epoch v0.9.21
[INFO] [stderr]     Checking polling v3.11.0
[INFO] [stderr]    Compiling wayland-sys v0.31.11
[INFO] [stderr]    Compiling zvariant_derive v5.15.0
[INFO] [stderr]    Compiling blake3 v1.8.7
[INFO] [stderr]     Checking icu_provider v2.3.1
[INFO] [stderr]     Checking miniz_oxide v0.9.1
[INFO] [stderr]    Compiling crossbeam-deque v0.8.8
[INFO] [stderr]     Checking constant_time_eq v0.4.2
[INFO] [stderr]    Compiling semver v1.0.28
[INFO] [stderr]     Checking futures-executor v0.3.34
[INFO] [stderr]     Checking icu_normalizer v2.3.0
[INFO] [stderr]     Checking icu_properties v2.3.0
[INFO] [stderr]    Compiling enumflags2 v0.7.12
[INFO] [stderr]    Compiling rustc_version v0.4.1
[INFO] [stderr]    Compiling zcheapstr v1.1.0
[INFO] [stderr]     Checking form_urlencoded v1.2.2
[INFO] [stderr]     Checking reflink-copy v0.1.30
[INFO] [stderr]    Compiling generic-array v0.14.7
[INFO] [stderr]    Compiling async-io v2.6.0
[INFO] [stderr]    Compiling endi v1.1.1
[INFO] [stderr]     Checking flate2 v1.1.10
[INFO] [stderr]     Checking regex-syntax v0.8.11
[INFO] [stderr]     Checking same-file v1.0.6
[INFO] [stderr]     Checking walkdir v2.5.0
[INFO] [stderr]    Compiling zvariant v5.15.0
[INFO] [stderr]     Checking futures v0.3.34
[INFO] [stderr]    Compiling aho-corasick v1.1.5
[INFO] [stderr]     Checking serde_bytes v0.11.19
[INFO] [stderr]     Checking idna_adapter v1.2.2
[INFO] [stderr]     Checking idna v1.1.0
[INFO] [stderr]     Checking url v2.5.8
[INFO] [stderr]     Checking regex-automata v0.4.18
[INFO] [stderr]     Checking musheen-ops v0.1.0 (/opt/rustwide/workdir/crates/musheen-ops)
[INFO] [stderr]     Checking piper v0.2.5
[INFO] [stderr]     Checking blocking v1.7.0
[INFO] [stderr]    Compiling async-trait v0.1.92
[INFO] [stderr]     Checking miniz_oxide v0.8.9
[INFO] [stderr]     Checking async-lock v3.4.2
[INFO] [stderr]    Compiling getrandom v0.3.4
[INFO] [stderr]     Checking base64ct v1.8.3
[INFO] [stderr]    Compiling zbus_names v4.3.4
[INFO] [stderr]     Checking async-signal v0.2.14
[INFO] [stderr]    Compiling wayland-backend v0.3.17
[INFO] [stderr]     Checking downcast-rs v1.2.1
[INFO] [stderr]     Checking hex v0.4.3
[INFO] [stderr]     Checking async-process v2.5.0
[INFO] [stderr]     Checking pem-rfc7468 v1.0.0
[INFO] [stderr]     Checking half v2.7.1
[INFO] [stderr]     Checking async-executor v1.14.0
[INFO] [stderr]     Checking chacha20 v0.10.2
[INFO] [stderr]     Checking hmac v0.13.0
[INFO] [stderr]     Checking http-body v1.1.0
[INFO] [stderr]    Compiling serde_repr v0.1.21
[INFO] [stderr]    Compiling pin-project-internal v1.1.13
[INFO] [stderr]    Compiling quick-xml v0.41.0
[INFO] [stderr]    Compiling cmake v0.1.58
[INFO] [stderr]    Compiling inotify-sys v0.1.8
[INFO] [stderr]    Compiling dunce v1.0.5
[INFO] [stderr]     Checking scoped-tls v1.0.1
[INFO] [stderr]    Compiling wayland-client v0.31.15
[INFO] [stderr]    Compiling fs_extra v1.3.0
[INFO] [stderr]    Compiling zbus_macros v5.19.0
[INFO] [stderr]     Checking universal-hash v0.6.1
[INFO] [stderr]    Compiling async-recursion v1.1.1
[INFO] [stderr]    Compiling aws-lc-sys v0.45.0
[INFO] [stderr]     Checking fdeflate v0.3.7
[INFO] [stderr]     Checking pin-project v1.1.13
[INFO] [stderr]     Checking async-broadcast v0.7.2
[INFO] [stderr]    Compiling ring v0.17.14
[INFO] [stderr]    Compiling wayland-scanner v0.31.11
[INFO] [stderr]     Checking ordered-stream v0.2.0
[INFO] [stderr]     Checking base64 v0.22.1
[INFO] [stderr]     Checking byteorder v1.5.0
[INFO] [stderr]     Checking regex v1.13.1
[INFO] [stderr]     Checking polyval v0.7.3
[INFO] [stderr]     Checking rand v0.10.2
[INFO] [stderr]     Checking crypto-common v0.1.7
[INFO] [stderr]     Checking num-complex v0.4.6
[INFO] [stderr]     Checking rustls-pki-types v1.15.1
[INFO] [stderr]     Checking getrandom v0.2.17
[INFO] [stderr]     Checking untrusted v0.9.0
[INFO] [stderr]    Compiling aws-lc-rs v1.18.1
[INFO] [stderr]     Checking either v1.18.0
[INFO] [stderr]    Compiling rayon-core v1.13.0
[INFO] [stderr]    Compiling unicode-xid v0.2.6
[INFO] [stderr]    Compiling crunchy v0.2.4
[INFO] [stderr]     Checking ghash v0.6.0
[INFO] [stderr]     Checking pbkdf2 v0.13.0
[INFO] [stderr]     Checking der v0.8.2
[INFO] [stderr]     Checking ctr v0.10.1
[INFO] [stderr]     Checking aead v0.6.1
[INFO] [stderr]     Checking fixedbitset v0.5.7
[INFO] [stderr]    Compiling tiny-keccak v2.0.2
[INFO] [stderr]     Checking ppmd-rust v1.5.0
[INFO] [stderr]    Compiling paste v1.0.15
[INFO] [stderr]     Checking foldhash v0.1.5
[INFO] [stderr]     Checking option-ext v0.2.0
[INFO] [stderr]     Checking zbus v5.19.0
[INFO] [stderr]    Compiling thiserror v1.0.69
[INFO] [stderr]     Checking lzma-rust2 v0.21.0
[INFO] [stderr]     Checking base64 v0.23.1
[INFO] [stderr]     Checking hashbrown v0.15.5
[INFO] [stderr]     Checking aes-gcm v0.11.1
[INFO] [stderr]     Checking png v0.18.1
[INFO] [stderr]     Checking salsa20 v0.11.0
[INFO] [stderr]    Compiling thiserror-impl v1.0.69
[INFO] [stderr]    Compiling pulp v0.22.3
[INFO] [stderr]     Checking quick-error v2.0.1
[INFO] [stderr]     Checking weezl v0.1.12
[INFO] [stderr]     Checking wayland-protocols v0.32.13
[INFO] [stderr]     Checking zune-core v0.5.3
[INFO] [stderr]     Checking zune-jpeg v0.5.15
[INFO] [stderr]     Checking scrypt v0.12.0
[INFO] [stderr]     Checking spki v0.8.0
[INFO] [stderr]     Checking sevenz-rust2 v0.23.0 (/opt/rustwide/workdir/vendor/sevenz-rust2)
[INFO] [stderr]     Checking block-buffer v0.10.4
[INFO] [stderr]    Compiling nix v0.31.3
[INFO] [stderr]     Checking arc-swap v1.9.2
[INFO] [stderr]     Checking num-integer v0.1.47
[INFO] [stderr]     Checking raw-cpuid v11.6.0
[INFO] [stderr]    Compiling rustls v0.23.45
[INFO] [stderr]     Checking glob v0.3.4
[INFO] [stderr]     Checking byteorder-lite v0.1.0
[INFO] [stderr]     Checking reborrow v0.5.5
[INFO] [stderr]     Checking color_quant v1.1.0
[INFO] [stderr]     Checking unicode-width v0.2.2
[INFO] [stderr]     Checking pulp-wasm-simd-flag v0.1.1
[INFO] [stderr]     Checking gif v0.14.2
[INFO] [stderr]     Checking image-webp v0.2.4
[INFO] [stderr]    Compiling const-random-macro v0.1.16
[INFO] [stderr]     Checking digest v0.10.7
[INFO] [stderr]     Checking pkcs5 v0.8.1
[INFO] [stderr]     Checking rayon v1.12.0
[INFO] [stderr]     Checking inotify v0.11.5
[INFO] [stderr]     Checking crypto-bigint v0.7.5
[INFO] [stderr]     Checking zune-inflate v0.2.54
[INFO] [stderr]     Checking notify-types v2.1.0
[INFO] [stderr]     Checking ff v0.14.0
[INFO] [stderr]     Checking bit_field v0.10.3
[INFO] [stderr]     Checking fax v0.2.7
[INFO] [stderr]     Checking pxfm v0.1.30
[INFO] [stderr]     Checking lebe v0.5.3
[INFO] [stderr]     Checking tiff v0.11.3
[INFO] [stderr]     Checking notify v8.2.0
[INFO] [stderr]     Checking pkcs8 v0.11.0
[INFO] [stderr]     Checking const-random v0.1.18
[INFO] [stderr]     Checking triomphe v0.1.16
[INFO] [stderr]     Checking itertools v0.14.0
[INFO] [stderr]     Checking qoi v0.4.1
[INFO] [stderr]     Checking hashbrown v0.14.5
[INFO] [stderr]     Checking jiff-core v0.1.1
[INFO] [stderr]     Checking moxcms v0.8.1
[INFO] [stderr]    Compiling httparse v1.10.1
[INFO] [stderr]     Checking group v0.14.0
[INFO] [stderr]     Checking hkdf v0.13.0
[INFO] [stderr]     Checking jiff v0.2.37
[INFO] [stderr]     Checking block-padding v0.3.3
[INFO] [stderr]     Checking md-5 v0.11.0
[INFO] [stderr]     Checking partition-identity v0.3.1
[INFO] [stderr]     Checking xattr v1.6.1
[INFO] [stderr]     Checking acl-sys v1.2.2
[INFO] [stderr]     Checking urlencoding v2.1.3
[INFO] [stderr]     Checking base16ct v1.0.0
[INFO] [stderr]     Checking asyncband v0.7.2
[INFO] [stderr]     Checking trash v5.2.9
[INFO] [stderr]     Checking sec1 v0.8.1
[INFO] [stderr]     Checking exr v1.74.2
[INFO] [stderr]     Checking posix-acl v1.2.0
[INFO] [stderr]     Checking proc-mounts v0.3.0
[INFO] [stderr]     Checking inout v0.1.4
[INFO] [stderr]     Checking ashpd v0.13.13
[INFO] [stderr]     Checking signature v3.0.0
[INFO] [stderr]    Compiling zstd-sys v2.1.0+zstd.1.5.7
[INFO] [stderr]     Checking cpufeatures v0.2.17
[INFO] [stderr]     Checking thin-vec v0.2.20
[INFO] [stderr]    Compiling litrs v1.0.0
[INFO] [stderr]     Checking xcursor v0.3.11
[INFO] [stderr]     Checking as-raw-xcb-connection v1.0.1
[INFO] [stderr]     Checking vec-strings v0.4.8
[INFO] [stderr]     Checking cipher v0.4.4
[INFO] [stderr]    Compiling document-features v0.2.12
[INFO] [stderr]     Checking elliptic-curve v0.14.1
[INFO] [stderr]     Checking primefield v0.14.0
[INFO] [stderr]     Checking hmac v0.12.1
[INFO] [stderr]     Checking num-bigint v0.4.8
[INFO] [stderr]     Checking num-iter v0.1.46
[INFO] [stderr]     Checking async-net v2.0.0
[INFO] [stderr]     Checking ssh_format_error v0.1.0
[INFO] [stderr]     Checking gethostname v1.1.0
[INFO] [stderr]     Checking try-lock v0.2.5
[INFO] [stderr]     Checking opendal-core v0.59.3
[INFO] [stderr]     Checking x11rb-protocol v0.13.2
[INFO] [stderr]     Checking tower-service v0.3.3
[INFO] [stderr]     Checking want v0.3.1
[INFO] [stderr]     Checking wnaf v0.14.1
[INFO] [stderr]     Checking image v0.25.10
[INFO] [stderr]     Checking openssh-sftp-protocol-error v0.1.1
[INFO] [stderr]     Checking musheen-local v0.1.0 (/opt/rustwide/workdir/crates/musheen-local)
[INFO] [stderr]     Checking num-rational v0.4.2
[INFO] [stderr]     Checking rfc6979 v0.6.0
[INFO] [stderr]     Checking dirs-sys v0.5.0
[INFO] [stderr]     Checking tokio-util v0.7.19
[INFO] [stderr]    Compiling zstd-safe v7.3.0
[INFO] [stderr]     Checking awaitable-error v0.1.0
[INFO] [stderr]     Checking shell-escape v0.1.5
[INFO] [stderr]     Checking openssl-probe v0.2.1
[INFO] [stderr]     Checking openssh v0.11.6
[INFO] [stderr]     Checking rustls-native-certs v0.8.4
[INFO] [stderr]     Checking dirs v6.0.0
[INFO] [stderr]     Checking ecdsa v0.17.0
[INFO] [stderr]     Checking num v0.4.3
[INFO] [stderr]     Checking primeorder v0.14.0
[INFO] [stderr]     Checking hyper v1.11.1
[INFO] [stderr]     Checking ssh_format v0.14.2
[INFO] [stderr]     Checking pbkdf2 v0.12.2
[INFO] [stderr]     Checking aes v0.8.4
[INFO] [stderr]     Checking wayland-protocols-wlr v0.3.12
[INFO] [stderr]    Compiling curve25519-dalek v5.0.0
[INFO] [stderr]    Compiling num-derive v0.5.1
[INFO] [stderr]     Checking filetime v0.2.29
[INFO] [stderr]     Checking sync_wrapper v1.0.2
[INFO] [stderr]     Checking is-docker v0.2.0
[INFO] [stderr]     Checking ipnet v2.12.2
[INFO] [stderr]     Checking tower-layer v0.3.3
[INFO] [stderr]     Checking tower v0.5.3
[INFO] [stderr]     Checking openssh-sftp-protocol v0.24.2
[INFO] [stderr]     Checking hyper-util v0.1.20
[INFO] [stderr]     Checking is-wsl v0.4.0
[INFO] [stderr]     Checking openssh-sftp-error v0.5.1
[INFO] [stderr]     Checking awaitable v0.4.0
[INFO] [stderr]     Checking concurrent_arena v0.1.11
[INFO] [stderr]     Checking dlv-list v0.5.2
[INFO] [stderr]    Compiling lazy-regex-proc_macros v3.6.1
[INFO] [stderr]     Checking md-5 v0.10.6
[INFO] [stderr]     Checking filedescriptor v0.8.3
[INFO] [stderr]     Checking ssh-encoding v0.3.0
[INFO] [stderr]     Checking tokio-io-utility v0.7.6
[INFO] [stderr]    Compiling derive_destructure2 v0.1.3
[INFO] [stderr]    Compiling curve25519-dalek-derive v0.1.1
[INFO] [stderr]     Checking keccak v0.2.2
[INFO] [stderr]     Checking minimal-lexical v0.2.1
[INFO] [stderr]    Compiling cfg_aliases v0.1.1
[INFO] [stderr]     Checking nom v7.1.3
[INFO] [stderr]    Compiling nix v0.28.0
[INFO] [stderr]     Checking openssh-sftp-client-lowlevel v0.7.2
[INFO] [stderr]     Checking lazy-regex v3.6.1
[INFO] [stderr]     Checking ordered-multimap v0.7.3
[INFO] [stderr]     Checking tower-http v0.6.11
[INFO] [stderr]     Checking open v5.4.4
[INFO] [stderr]     Checking freedesktop-core v0.0.3
[INFO] [stderr]     Checking ed25519 v3.0.0
[INFO] [stderr]     Checking notify-rust v4.18.0
[INFO] [stderr]     Checking petgraph v0.8.3
[INFO] [stderr]     Checking blowfish v0.10.0
[INFO] [stderr]     Checking poly1305 v0.9.1
[INFO] [stderr]     Checking http-body-util v0.1.5
[INFO] [stderr]     Checking blake2 v0.11.0
[INFO] [stderr]     Checking nom v8.0.0
[INFO] [stderr]     Checking konst_macro_rules v0.2.19
[INFO] [stderr]    Compiling signal-hook v0.4.4
[INFO] [stderr]     Checking konst v0.2.20
[INFO] [stderr]     Checking argon2 v0.6.0
[INFO] [stderr]     Checking ssh-cipher v0.3.0
[INFO] [stderr]     Checking bcrypt-pbkdf v0.11.0
[INFO] [stderr]     Checking ed25519-dalek v3.0.0
[INFO] [stderr]     Checking rust-ini v0.21.3
[INFO] [stderr]     Checking openssh-sftp-client v0.15.9
[INFO] [stderr]     Checking sha3 v0.11.0
[INFO] [stderr]     Checking p521 v0.14.0
[INFO] [stderr]     Checking p384 v0.14.0
[INFO] [stderr]     Checking p256 v0.14.0
[INFO] [stderr]    Compiling const_format_proc_macros v0.2.34
[INFO] [stderr]     Checking sha1 v0.11.0
[INFO] [stderr]     Checking x11rb v0.13.2
[INFO] [stderr]     Checking kem v0.3.0
[INFO] [stderr]     Checking module-lattice v0.2.3
[INFO] [stderr]     Checking os_pipe v1.2.3
[INFO] [stderr]     Checking dirs-sys-next v0.1.2
[INFO] [stderr]     Checking sponge-cursor v0.1.0
[INFO] [stderr]    Compiling ssh2-config v0.8.0
[INFO] [stderr]     Checking cursor-icon v1.2.0
[INFO] [stderr]     Checking vte v0.15.0
[INFO] [stderr]     Checking sha3 v0.12.0
[INFO] [stderr]     Checking dirs-next v2.0.0
[INFO] [stderr]     Checking const_format v0.2.36
[INFO] [stderr]     Checking ml-kem v0.3.2
[INFO] [stderr]     Checking opendal-service-sftp v0.59.3
[INFO] [stderr]     Checking zstd v0.13.3
[INFO] [stderr]     Checking freedesktop-icon v0.0.3
[INFO] [stderr]     Checking pori v0.0.0
[INFO] [stderr]     Checking freedesktop-apps v0.0.3
[INFO] [stderr]     Checking tree_magic_mini v3.2.2
[INFO] [stderr]     Checking russh-cryptovec v0.62.0
[INFO] [stderr]     Checking opendal-service-webdav v0.59.3
[INFO] [stderr]     Checking opendal-layer-concurrent-limit v0.59.3
[INFO] [stderr]     Checking opendal-layer-timeout v0.59.3
[INFO] [stderr]     Checking wl-clipboard-rs v0.9.3
[INFO] [stderr]     Checking opendal-service-http v0.59.3
[INFO] [stderr]     Checking sha1 v0.10.7
[INFO] [stderr]     Checking ureq-proto v0.6.4
[INFO] [stderr]     Checking dashmap v6.2.1
[INFO] [stderr]     Checking num-bigint v0.5.1
[INFO] [stderr]    Compiling enum_dispatch v0.3.13
[INFO] [stderr]     Checking webpki-roots v1.0.9
[INFO] [stderr]     Checking generic-array v1.4.5
[INFO] [stderr]     Checking russh-util v0.52.0
[INFO] [stderr]    Compiling delegate v0.13.5
[INFO] [stderr]     Checking rustix-openpty v0.2.0
[INFO] [stderr]     Checking serial2 v0.2.38
[INFO] [stdout] error[E0493]: destructor of `ArrayBuilder<T, N>` cannot be evaluated at compile-time
[INFO] [stdout]    --> /opt/rustwide/cargo-home/registry/src/index.crates.io-1949cf8c6b5b557f/generic-array-1.4.5/src/internal.rs:103:31
[INFO] [stdout]     |
[INFO] [stdout] 103 |     pub unsafe fn assume_init(self) -> GenericArray<T, N> {
[INFO] [stdout]     |                               ^^^^ the destructor for this type cannot be evaluated in constant functions
[INFO] [stdout] ...
[INFO] [stdout] 109 |     }
[INFO] [stdout]     |     - value is dropped here
[INFO] [stdout] 
[INFO] [stdout] 
[INFO] [stdout] error[E0493]: destructor of `GenericArray<core::mem::MaybeUninit<*const T>, N>` cannot be evaluated at compile-time
[INFO] [stdout]    --> /opt/rustwide/cargo-home/registry/src/index.crates.io-1949cf8c6b5b557f/generic-array-1.4.5/src/lib.rs:983:13
[INFO] [stdout]     |
[INFO] [stdout] 983 |         let mut out: GenericArray<MaybeUninit<*const T>, N> = GenericArray::uninit();
[INFO] [stdout]     |             ^^^^^^^ the destructor for this type cannot be evaluated in constant functions
[INFO] [stdout] ...
[INFO] [stdout] 998 |     }
[INFO] [stdout]     |     - value is dropped here
[INFO] [stdout] 
[INFO] [stdout] 
[INFO] [stdout] error[E0493]: destructor of `GenericArray<core::mem::MaybeUninit<*mut T>, N>` cannot be evaluated at compile-time
[INFO] [stdout]     --> /opt/rustwide/cargo-home/registry/src/index.crates.io-1949cf8c6b5b557f/generic-array-1.4.5/src/lib.rs:1018:13
[INFO] [stdout]      |
[INFO] [stdout] 1018 |         let mut out: GenericArray<MaybeUninit<*mut T>, N> = GenericArray::uninit();
[INFO] [stdout]      |             ^^^^^^^ the destructor for this type cannot be evaluated in constant functions
[INFO] [stdout] ...
[INFO] [stdout] 1033 |     }
[INFO] [stdout]      |     - value is dropped here
[INFO] [stdout] 
[INFO] [stdout] 
[INFO] [stdout] For more information about this error, try `rustc --explain E0493`.
[INFO] [stdout] 
[INFO] [stderr] error: could not compile `generic-array` (lib) due to 3 previous errors
[INFO] [stderr] warning: build failed, waiting for other jobs to finish...
[INFO] running `Command { std: "docker" "inspect" "0c9f031ea1904870e812f3269b6e9b2c3d65b0362140dd5cb295fdc3baaef260", kill_on_drop: false }`
[INFO] running `Command { std: "docker" "rm" "-f" "0c9f031ea1904870e812f3269b6e9b2c3d65b0362140dd5cb295fdc3baaef260", kill_on_drop: false }`
[INFO] [stdout] 0c9f031ea1904870e812f3269b6e9b2c3d65b0362140dd5cb295fdc3baaef260
