[INFO] cloning repository https://github.com/chrisbeaver/rust-bbs
[INFO] running `Command { std: "git" "-c" "credential.helper=" "-c" "credential.helper=/workspace/cargo-home/bin/git-credential-null" "clone" "--bare" "https://github.com/chrisbeaver/rust-bbs" "/workspace/cache/git-repos/https%3A%2F%2Fgithub.com%2Fchrisbeaver%2Frust-bbs", kill_on_drop: false }`
[INFO] [stderr] Cloning into bare repository '/workspace/cache/git-repos/https%3A%2F%2Fgithub.com%2Fchrisbeaver%2Frust-bbs'...
[INFO] running `Command { std: "git" "rev-parse" "HEAD", kill_on_drop: false }`
[INFO] [stdout] fc8c345f89cd63098aa0bc8042376628eceb3d8e
[INFO] checking chrisbeaver/rust-bbs against c79f6bc4fc2389852aeff667626cb3e58adfe71c for pr-164081
[INFO] running `Command { std: "git" "clone" "/workspace/cache/git-repos/https%3A%2F%2Fgithub.com%2Fchrisbeaver%2Frust-bbs" "/workspace/builds/worker-1-tc2/source", kill_on_drop: false }`
[INFO] [stderr] Cloning into '/workspace/builds/worker-1-tc2/source'...
[INFO] [stderr] done.
[INFO] started tweaking git repo https://github.com/chrisbeaver/rust-bbs
[INFO] finished tweaking git repo https://github.com/chrisbeaver/rust-bbs
[INFO] tweaked toml for git repo https://github.com/chrisbeaver/rust-bbs written to /workspace/builds/worker-1-tc2/source/Cargo.toml
[INFO] validating manifest of git repo https://github.com/chrisbeaver/rust-bbs on toolchain c79f6bc4fc2389852aeff667626cb3e58adfe71c
[INFO] running `Command { std: CARGO_HOME="/workspace/cargo-home" RUSTUP_HOME="/workspace/rustup-home" "/workspace/cargo-home/bin/cargo" "+c79f6bc4fc2389852aeff667626cb3e58adfe71c" "metadata" "--manifest-path" "Cargo.toml" "--no-deps", kill_on_drop: false }`
[INFO] crate git repo https://github.com/chrisbeaver/rust-bbs already has a lockfile, it will not be regenerated
[INFO] running `Command { std: CARGO_HOME="/workspace/cargo-home" RUSTUP_HOME="/workspace/rustup-home" "/workspace/cargo-home/bin/cargo" "+c79f6bc4fc2389852aeff667626cb3e58adfe71c" "fetch" "--manifest-path" "Cargo.toml", kill_on_drop: false }`
[INFO] [stderr]     Blocking waiting for file lock on package cache
[INFO] [stderr]     Blocking waiting for file lock on package cache
[INFO] running `Command { std: "docker" "create" "-v" "/var/lib/crater-agent-workspace/builds/worker-1-tc2/source:/opt/rustwide/workdir:ro,Z" "-v" "/var/lib/crater-agent-workspace/builds/worker-1-tc2/target:/opt/rustwide/target:rw,Z" "-v" "/var/lib/crater-agent-workspace/cargo-home:/opt/rustwide/cargo-home:ro,Z" "-v" "/var/lib/crater-agent-workspace/rustup-home:/opt/rustwide/rustup-home:ro,Z" "-m" "1610612736" "--network" "none" "ghcr.io/rust-lang/crates-build-env/linux@sha256:77db811e55d90add9212f6832c23229e3de5f1c1f9905e8cb07319ea15df73ac" "sleep" "infinity", kill_on_drop: false }`
[INFO] [stdout] 2d0385ab8df311e9b8822cee3524d790f3bf5862f07f27f0fa6ed23a3e8bc210
[INFO] running `Command { std: "docker" "start" "2d0385ab8df311e9b8822cee3524d790f3bf5862f07f27f0fa6ed23a3e8bc210", kill_on_drop: false }`
[INFO] running `Command { std: "docker" "inspect" "2d0385ab8df311e9b8822cee3524d790f3bf5862f07f27f0fa6ed23a3e8bc210", kill_on_drop: false }`
[INFO] running `Command { std: "docker" "exec" "-e" "SOURCE_DIR=/opt/rustwide/workdir" "-e" "CARGO_HOME=/opt/rustwide/cargo-home" "-e" "RUSTUP_HOME=/opt/rustwide/rustup-home" "-e" "CARGO_TARGET_DIR=/opt/rustwide/target" "-w" "/opt/rustwide/workdir" "--user" "0:0" "2d0385ab8df311e9b8822cee3524d790f3bf5862f07f27f0fa6ed23a3e8bc210" "/opt/rustwide/cargo-home/bin/cargo" "+c79f6bc4fc2389852aeff667626cb3e58adfe71c" "metadata" "--no-deps" "--format-version=1", kill_on_drop: false }`
[INFO] running `Command { std: "docker" "inspect" "2d0385ab8df311e9b8822cee3524d790f3bf5862f07f27f0fa6ed23a3e8bc210", kill_on_drop: false }`
[INFO] running `Command { std: "docker" "exec" "-e" "SOURCE_DIR=/opt/rustwide/workdir" "-e" "CARGO_HOME=/opt/rustwide/cargo-home" "-e" "RUSTUP_HOME=/opt/rustwide/rustup-home" "-e" "CARGO_TARGET_DIR=/opt/rustwide/target" "-e" "CARGO_INCREMENTAL=0" "-e" "RUST_BACKTRACE=full" "-e" "RUSTFLAGS=--cap-lints=forbid" "-e" "RUSTDOCFLAGS=--cap-lints=forbid" "-w" "/opt/rustwide/workdir" "--user" "0:0" "2d0385ab8df311e9b8822cee3524d790f3bf5862f07f27f0fa6ed23a3e8bc210" "/opt/rustwide/cargo-home/bin/cargo" "+c79f6bc4fc2389852aeff667626cb3e58adfe71c" "check" "--frozen" "--all" "--all-targets" "--message-format=json", kill_on_drop: false }`
[INFO] [stderr]    Compiling libc v0.2.186
[INFO] [stderr]     Checking subtle v2.6.1
[INFO] [stderr]     Checking typenum v1.20.1
[INFO] [stderr]     Checking zeroize v1.9.0
[INFO] [stderr]     Checking cmov v0.5.4
[INFO] [stderr]     Checking rand_core v0.10.1
[INFO] [stderr]    Compiling getrandom v0.4.3
[INFO] [stderr]     Checking const-oid v0.10.2
[INFO] [stderr]     Checking base64ct v1.8.3
[INFO] [stderr]    Compiling num-traits v0.2.19
[INFO] [stderr]     Checking cpubits v0.1.1
[INFO] [stderr]    Compiling generic-array v0.14.9
[INFO] [stderr]    Compiling serde_core v1.0.228
[INFO] [stderr]    Compiling syn v2.0.118
[INFO] [stderr]    Compiling stable_deref_trait v1.2.1
[INFO] [stderr]     Checking smallvec v1.15.2
[INFO] [stderr]    Compiling litemap v0.8.2
[INFO] [stderr]     Checking ctutils v0.4.2
[INFO] [stderr]    Compiling serde v1.0.228
[INFO] [stderr]    Compiling writeable v0.6.3
[INFO] [stderr]     Checking pem-rfc7468 v1.0.0
[INFO] [stderr]    Compiling pkg-config v0.3.33
[INFO] [stderr]     Checking futures-core v0.3.32
[INFO] [stderr]     Checking bytes v1.12.0
[INFO] [stderr]    Compiling pin-project-lite v0.2.17
[INFO] [stderr]     Checking ff v0.14.0
[INFO] [stderr]    Compiling serde_json v1.0.150
[INFO] [stderr]    Compiling lock_api v0.4.14
[INFO] [stderr]     Checking der v0.8.0
[INFO] [stderr]    Compiling icu_normalizer_data v2.2.0
[INFO] [stderr]    Compiling icu_properties_data v2.2.0
[INFO] [stderr]    Compiling once_cell v1.21.4
[INFO] [stderr]    Compiling cfg-if v1.0.4
[INFO] [stderr]    Compiling futures-sink v0.3.32
[INFO] [stderr]     Checking base16ct v1.0.0
[INFO] [stderr]     Checking group v0.14.0
[INFO] [stderr]     Checking log v0.4.33
[INFO] [stderr]    Compiling memchr v2.8.2
[INFO] [stderr]     Checking futures-channel v0.3.32
[INFO] [stderr]    Compiling slab v0.4.12
[INFO] [stderr]    Compiling thiserror v2.0.18
[INFO] [stderr]     Checking futures-io v0.3.32
[INFO] [stderr]    Compiling futures-task v0.3.32
[INFO] [stderr]    Compiling foldhash v0.2.0
[INFO] [stderr]    Compiling form_urlencoded v1.2.2
[INFO] [stderr]     Checking tracing-core v0.1.36
[INFO] [stderr]    Compiling hashbrown v0.16.1
[INFO] [stderr]    Compiling zmij v1.0.21
[INFO] [stderr]    Compiling dunce v1.0.5
[INFO] [stderr]    Compiling fs_extra v1.3.0
[INFO] [stderr]    Compiling futures-util v0.3.32
[INFO] [stderr]    Compiling hashbrown v0.17.1
[INFO] [stderr]    Compiling jobserver v0.1.34
[INFO] [stderr]    Compiling parking_lot_core v0.9.12
[INFO] [stderr]    Compiling mio v1.2.1
[INFO] [stderr]    Compiling socket2 v0.6.4
[INFO] [stderr]    Compiling parking_lot v0.12.5
[INFO] [stderr]    Compiling cc v1.2.65
[INFO] [stderr]    Compiling itoa v1.0.18
[INFO] [stderr]    Compiling crc-catalog v2.5.0
[INFO] [stderr]    Compiling hashlink v0.11.1
[INFO] [stderr]     Checking spki v0.8.0
[INFO] [stderr]    Compiling crc v3.4.0
[INFO] [stderr]    Compiling futures-intrusive v0.5.0
[INFO] [stderr]    Compiling tokio v1.52.3
[INFO] [stderr]     Checking hybrid-array v0.4.12
[INFO] [stderr]    Compiling event-listener v5.4.1
[INFO] [stderr]    Compiling curve25519-dalek v5.0.0-rc.0
[INFO] [stderr]    Compiling spin v0.9.8
[INFO] [stderr]    Compiling indexmap v2.14.0
[INFO] [stderr]    Compiling base64 v0.22.1
[INFO] [stderr]     Checking errno v0.3.14
[INFO] [stderr]     Checking signal-hook-registry v1.4.8
[INFO] [stderr]    Compiling crypto-common v0.1.6
[INFO] [stderr]    Compiling block-buffer v0.10.4
[INFO] [stderr]    Compiling flume v0.12.0
[INFO] [stderr]    Compiling digest v0.10.7
[INFO] [stderr]    Compiling nix v0.31.3
[INFO] [stderr]    Compiling atoi v2.0.0
[INFO] [stderr]    Compiling sha2 v0.10.9
[INFO] [stderr]    Compiling cmake v0.1.58
[INFO] [stderr]     Checking getrandom v0.2.17
[INFO] [stderr]     Checking pkcs1 v0.8.0-rc.4
[INFO] [stderr]     Checking num-integer v0.1.46
[INFO] [stderr]     Checking keccak v0.2.0
[INFO] [stderr]     Checking fiat-crypto v0.3.0
[INFO] [stderr]    Compiling aws-lc-rs v1.17.0
[INFO] [stderr]     Checking bitflags v2.13.0
[INFO] [stderr]     Checking simd-adler32 v0.3.9
[INFO] [stderr]     Checking rand_core v0.6.4
[INFO] [stderr]     Checking miniz_oxide v0.8.9
[INFO] [stderr]     Checking hex v0.4.3
[INFO] [stderr]     Checking untrusted v0.7.1
[INFO] [stderr]     Checking winnow v1.0.3
[INFO] [stderr]    Compiling anyhow v1.0.102
[INFO] [stderr]     Checking password-hash v0.5.0
[INFO] [stderr]     Checking generic-array v1.4.3
[INFO] [stderr]     Checking crypto-common v0.2.2
[INFO] [stderr]     Checking block-buffer v0.12.1
[INFO] [stderr]     Checking block-padding v0.4.2
[INFO] [stderr]     Checking crypto-bigint v0.7.4
[INFO] [stderr]     Checking sec1 v0.8.1
[INFO] [stderr]     Checking inout v0.2.2
[INFO] [stderr]    Compiling libsqlite3-sys v0.37.0
[INFO] [stderr]    Compiling aws-lc-sys v0.41.0
[INFO] [stderr]     Checking module-lattice v0.2.3
[INFO] [stderr]     Checking flate2 v1.1.9
[INFO] [stderr]     Checking toml_parser v1.1.2+spec-1.1.0
[INFO] [stderr]     Checking deranged v0.5.8
[INFO] [stdout] error[E0493]: destructor of `ArrayBuilder<T, N>` cannot be evaluated at compile-time
[INFO] [stdout]    --> /opt/rustwide/cargo-home/registry/src/index.crates.io-1949cf8c6b5b557f/generic-array-1.4.3/src/internal.rs:103:31
[INFO] [stdout]     |
[INFO] [stdout] 103 |     pub unsafe fn assume_init(self) -> GenericArray<T, N> {
[INFO] [stdout]     |                               ^^^^ the destructor for this type cannot be evaluated in constant functions
[INFO] [stdout] ...
[INFO] [stdout] 109 |     }
[INFO] [stdout]     |     - value is dropped here
[INFO] [stdout] 
[INFO] [stdout] 
[INFO] [stderr]     Checking serde_spanned v1.1.1
[INFO] [stdout] error[E0493]: destructor of `GenericArray<core::mem::MaybeUninit<*const T>, N>` cannot be evaluated at compile-time
[INFO] [stdout]    --> /opt/rustwide/cargo-home/registry/src/index.crates.io-1949cf8c6b5b557f/generic-array-1.4.3/src/lib.rs:970:13
[INFO] [stdout]     |
[INFO] [stdout] 970 |         let mut out: GenericArray<MaybeUninit<*const T>, N> = GenericArray::uninit();
[INFO] [stdout]     |             ^^^^^^^ the destructor for this type cannot be evaluated in constant functions
[INFO] [stdout] ...
[INFO] [stdout] 985 |     }
[INFO] [stdout]     |     - value is dropped here
[INFO] [stdout] 
[INFO] [stdout] 
[INFO] [stdout] error[E0493]: destructor of `GenericArray<core::mem::MaybeUninit<*mut T>, N>` cannot be evaluated at compile-time
[INFO] [stdout]     --> /opt/rustwide/cargo-home/registry/src/index.crates.io-1949cf8c6b5b557f/generic-array-1.4.3/src/lib.rs:1005:13
[INFO] [stdout]      |
[INFO] [stdout] 1005 |         let mut out: GenericArray<MaybeUninit<*mut T>, N> = GenericArray::uninit();
[INFO] [stdout]      |             ^^^^^^^ the destructor for this type cannot be evaluated in constant functions
[INFO] [stdout] ...
[INFO] [stdout] 1020 |     }
[INFO] [stdout]      |     - value is dropped here
[INFO] [stdout] 
[INFO] [stdout] 
[INFO] [stdout] For more information about this error, try `rustc --explain E0493`.
[INFO] [stdout] 
[INFO] [stderr] error: could not compile `generic-array` (lib) due to 3 previous errors
[INFO] [stderr] warning: build failed, waiting for other jobs to finish...
[INFO] running `Command { std: "docker" "inspect" "2d0385ab8df311e9b8822cee3524d790f3bf5862f07f27f0fa6ed23a3e8bc210", kill_on_drop: false }`
[INFO] running `Command { std: "docker" "rm" "-f" "2d0385ab8df311e9b8822cee3524d790f3bf5862f07f27f0fa6ed23a3e8bc210", kill_on_drop: false }`
[INFO] [stdout] 2d0385ab8df311e9b8822cee3524d790f3bf5862f07f27f0fa6ed23a3e8bc210
