[INFO] cloning repository https://github.com/DINOZYAVIER/agentLIBRE
[INFO] running `Command { std: "git" "-c" "credential.helper=" "-c" "credential.helper=/workspace/cargo-home/bin/git-credential-null" "clone" "--bare" "https://github.com/DINOZYAVIER/agentLIBRE" "/workspace/cache/git-repos/https%3A%2F%2Fgithub.com%2FDINOZYAVIER%2FagentLIBRE", kill_on_drop: false }`
[INFO] [stderr] Cloning into bare repository '/workspace/cache/git-repos/https%3A%2F%2Fgithub.com%2FDINOZYAVIER%2FagentLIBRE'...
[INFO] running `Command { std: "git" "rev-parse" "HEAD", kill_on_drop: false }`
[INFO] [stdout] fb5690b045a90a1924ac4832f0f007313d5eb0bc
[INFO] checking DINOZYAVIER/agentLIBRE against c79f6bc4fc2389852aeff667626cb3e58adfe71c for pr-164081
[INFO] running `Command { std: "git" "clone" "/workspace/cache/git-repos/https%3A%2F%2Fgithub.com%2FDINOZYAVIER%2FagentLIBRE" "/workspace/builds/worker-0-tc2/source", kill_on_drop: false }`
[INFO] [stderr] Cloning into '/workspace/builds/worker-0-tc2/source'...
[INFO] [stderr] done.
[INFO] started tweaking git repo https://github.com/DINOZYAVIER/agentLIBRE
[INFO] finished tweaking git repo https://github.com/DINOZYAVIER/agentLIBRE
[INFO] tweaked toml for git repo https://github.com/DINOZYAVIER/agentLIBRE written to /workspace/builds/worker-0-tc2/source/Cargo.toml
[INFO] validating manifest of git repo https://github.com/DINOZYAVIER/agentLIBRE on toolchain c79f6bc4fc2389852aeff667626cb3e58adfe71c
[INFO] running `Command { std: CARGO_HOME="/workspace/cargo-home" RUSTUP_HOME="/workspace/rustup-home" "/workspace/cargo-home/bin/cargo" "+c79f6bc4fc2389852aeff667626cb3e58adfe71c" "metadata" "--manifest-path" "Cargo.toml" "--no-deps", kill_on_drop: false }`
[INFO] crate git repo https://github.com/DINOZYAVIER/agentLIBRE already has a lockfile, it will not be regenerated
[INFO] running `Command { std: CARGO_HOME="/workspace/cargo-home" RUSTUP_HOME="/workspace/rustup-home" "/workspace/cargo-home/bin/cargo" "+c79f6bc4fc2389852aeff667626cb3e58adfe71c" "fetch" "--manifest-path" "Cargo.toml", kill_on_drop: false }`
[INFO] [stderr] warning: unused workspace dependency `agl-execd`
[INFO] [stderr]   --> Cargo.toml:36:25
[INFO] [stderr]    |
[INFO] [stderr] 36 | [workspace.dependencies.agl-execd]
[INFO] [stderr]    |                         ^^^^^^^^^
[INFO] [stderr]    |
[INFO] [stderr]    = note: `cargo::unused_workspace_dependencies` is set to `warn` by default
[INFO] [stderr] help: consider removing the workspace dependency `agl-execd`
[INFO] [stderr] warning: unused workspace dependency `rustyline`
[INFO] [stderr]   --> Cargo.toml:15:1
[INFO] [stderr]    |
[INFO] [stderr] 15 | rustyline = "18.0.1"
[INFO] [stderr]    | ^^^^^^^^^
[INFO] [stderr]    |
[INFO] [stderr] help: consider removing the workspace dependency `rustyline`
[INFO] [stderr] warning: workspace (manifest) generated 2 warnings
[INFO] running `Command { std: "docker" "create" "-v" "/var/lib/crater-agent-workspace/builds/worker-0-tc2/source:/opt/rustwide/workdir:ro,Z" "-v" "/var/lib/crater-agent-workspace/builds/worker-0-tc2/target:/opt/rustwide/target:rw,Z" "-v" "/var/lib/crater-agent-workspace/cargo-home:/opt/rustwide/cargo-home:ro,Z" "-v" "/var/lib/crater-agent-workspace/rustup-home:/opt/rustwide/rustup-home:ro,Z" "-m" "1610612736" "--network" "none" "ghcr.io/rust-lang/crates-build-env/linux@sha256:77db811e55d90add9212f6832c23229e3de5f1c1f9905e8cb07319ea15df73ac" "sleep" "infinity", kill_on_drop: false }`
[INFO] [stdout] 9f8949057db45d1db7b5ea7fdb4d559ebf5a89c90a63492a34356dca75d51640
[INFO] running `Command { std: "docker" "start" "9f8949057db45d1db7b5ea7fdb4d559ebf5a89c90a63492a34356dca75d51640", kill_on_drop: false }`
[INFO] running `Command { std: "docker" "inspect" "9f8949057db45d1db7b5ea7fdb4d559ebf5a89c90a63492a34356dca75d51640", kill_on_drop: false }`
[INFO] running `Command { std: "docker" "exec" "-e" "SOURCE_DIR=/opt/rustwide/workdir" "-e" "CARGO_HOME=/opt/rustwide/cargo-home" "-e" "RUSTUP_HOME=/opt/rustwide/rustup-home" "-e" "CARGO_TARGET_DIR=/opt/rustwide/target" "-w" "/opt/rustwide/workdir" "--user" "0:0" "9f8949057db45d1db7b5ea7fdb4d559ebf5a89c90a63492a34356dca75d51640" "/opt/rustwide/cargo-home/bin/cargo" "+c79f6bc4fc2389852aeff667626cb3e58adfe71c" "metadata" "--no-deps" "--format-version=1", kill_on_drop: false }`
[INFO] running `Command { std: "docker" "inspect" "9f8949057db45d1db7b5ea7fdb4d559ebf5a89c90a63492a34356dca75d51640", kill_on_drop: false }`
[INFO] running `Command { std: "docker" "exec" "-e" "SOURCE_DIR=/opt/rustwide/workdir" "-e" "CARGO_HOME=/opt/rustwide/cargo-home" "-e" "RUSTUP_HOME=/opt/rustwide/rustup-home" "-e" "CARGO_TARGET_DIR=/opt/rustwide/target" "-e" "CARGO_INCREMENTAL=0" "-e" "RUST_BACKTRACE=full" "-e" "RUSTFLAGS=--cap-lints=forbid" "-e" "RUSTDOCFLAGS=--cap-lints=forbid" "-w" "/opt/rustwide/workdir" "--user" "0:0" "9f8949057db45d1db7b5ea7fdb4d559ebf5a89c90a63492a34356dca75d51640" "/opt/rustwide/cargo-home/bin/cargo" "+c79f6bc4fc2389852aeff667626cb3e58adfe71c" "check" "--frozen" "--all" "--all-targets" "--message-format=json", kill_on_drop: false }`
[INFO] [stderr] warning: unused workspace dependency `agl-execd`
[INFO] [stderr]   --> Cargo.toml:36:25
[INFO] [stderr]    |
[INFO] [stderr] 36 | [workspace.dependencies.agl-execd]
[INFO] [stderr]    |                         ^^^^^^^^^
[INFO] [stderr]    |
[INFO] [stderr]    = note: `cargo::unused_workspace_dependencies` is set to `warn` by default
[INFO] [stderr] help: consider removing the workspace dependency `agl-execd`
[INFO] [stderr] warning: unused workspace dependency `rustyline`
[INFO] [stderr]   --> Cargo.toml:15:1
[INFO] [stderr]    |
[INFO] [stderr] 15 | rustyline = "18.0.1"
[INFO] [stderr]    | ^^^^^^^^^
[INFO] [stderr]    |
[INFO] [stderr] help: consider removing the workspace dependency `rustyline`
[INFO] [stderr] warning: workspace (manifest) generated 2 warnings
[INFO] [stderr]    Compiling unicode-ident v1.0.26
[INFO] [stderr]     Checking cfg-if v1.0.5
[INFO] [stderr]    Compiling serde_core v1.0.229
[INFO] [stderr]    Compiling serde v1.0.229
[INFO] [stderr]     Checking log v0.4.34
[INFO] [stderr]     Checking typenum v1.20.1
[INFO] [stderr]     Checking smallvec v1.16.1
[INFO] [stderr]    Compiling find-msvc-tools v0.1.13
[INFO] [stderr]    Compiling num-traits v0.2.19
[INFO] [stderr]     Checking foldhash v0.2.0
[INFO] [stderr]    Compiling jobserver v0.1.35
[INFO] [stderr]    Compiling proc-macro2 v1.0.107
[INFO] [stderr]    Compiling serde_json v1.0.151
[INFO] [stderr]     Checking aho-corasick v1.1.5
[INFO] [stderr]    Compiling getrandom v0.4.3
[INFO] [stderr]     Checking getrandom v0.2.17
[INFO] [stderr]     Checking tracing-core v0.1.36
[INFO] [stderr]     Checking subtle v2.6.1
[INFO] [stderr]     Checking hashbrown v0.17.1
[INFO] [stderr]     Checking cpufeatures v0.3.1
[INFO] [stderr]    Compiling pkg-config v0.3.34
[INFO] [stderr]     Checking form_urlencoded v1.2.2
[INFO] [stderr]     Checking futures-sink v0.3.34
[INFO] [stderr]    Compiling getrandom v0.3.4
[INFO] [stderr]     Checking http v1.5.0
[INFO] [stderr]     Checking rand_core v0.6.4
[INFO] [stderr]     Checking num-conv v0.2.2
[INFO] [stderr]     Checking powerfmt v0.2.0
[INFO] [stderr]     Checking mio v1.2.3
[INFO] [stderr]     Checking time-core v0.1.9
[INFO] [stderr]     Checking deranged v0.5.8
[INFO] [stderr]     Checking futures-channel v0.3.34
[INFO] [stderr]    Compiling cc v1.4.7
[INFO] [stderr]     Checking futures-io v0.3.34
[INFO] [stderr]    Compiling rustversion v1.0.23
[INFO] [stderr]    Compiling quote v1.0.47
[INFO] [stderr]    Compiling fs_extra v1.3.0
[INFO] [stderr]    Compiling anyhow v1.0.104
[INFO] [stderr]    Compiling dunce v1.0.5
[INFO] [stderr]     Checking chacha20 v0.10.2
[INFO] [stderr]    Compiling aws-lc-rs v1.18.1
[INFO] [stderr]    Compiling crossbeam-utils v0.8.23
[INFO] [stderr]     Checking typewit v1.15.2
[INFO] [stderr]    Compiling syn v3.0.6
[INFO] [stderr]    Compiling syn v2.0.119
[INFO] [stderr]    Compiling konst_proc_macros v0.4.1
[INFO] [stderr]     Checking rand v0.10.3
[INFO] [stderr]    Compiling crc32fast v1.5.2
[INFO] [stderr]     Checking iana-time-zone v0.1.65
[INFO] [stderr]     Checking http-body v1.1.0
[INFO] [stderr]     Checking num-integer v0.1.47
[INFO] [stderr]     Checking regex-automata v0.4.18
[INFO] [stderr]     Checking parking_lot_core v0.9.12
[INFO] [stderr]    Compiling rustls v0.23.45
[INFO] [stderr]     Checking simd-adler32 v0.3.10
[INFO] [stderr]    Compiling ref-cast v1.0.27
[INFO] [stderr]     Checking const_panic v0.2.17
[INFO] [stderr]     Checking const-oid v0.10.2
[INFO] [stderr]     Checking miniz_oxide v0.9.1
[INFO] [stderr]     Checking parking_lot v0.12.5
[INFO] [stderr]     Checking num-bigint v0.4.8
[INFO] [stderr]    Compiling ahash v0.8.12
[INFO] [stderr]     Checking num-iter v0.1.46
[INFO] [stderr]     Checking num-complex v0.4.6
[INFO] [stderr]     Checking compression-core v0.4.33
[INFO] [stderr]     Checking generic-array v0.14.7
[INFO] [stderr]     Checking hybrid-array v0.4.15
[INFO] [stderr]    Compiling unicase v2.9.0
[INFO] [stderr]     Checking borrow-or-share v0.2.4
[INFO] [stderr]    Compiling unicode-general-category v1.1.0
[INFO] [stderr]     Checking bit-vec v0.8.0
[INFO] [stderr]    Compiling encoding_rs v0.8.41
[INFO] [stderr]    Compiling mime_guess v2.0.5
[INFO] [stderr]     Checking sync_wrapper v1.0.2
[INFO] [stderr]     Checking konst v0.4.3
[INFO] [stderr]     Checking outref v0.5.2
[INFO] [stderr]     Checking bit-set v0.8.0
[INFO] [stderr]     Checking base64 v0.23.1
[INFO] [stderr]     Checking vsimd v0.8.0
[INFO] [stderr]     Checking micromap v0.3.0
[INFO] [stderr]    Compiling cmake v0.1.58
[INFO] [stderr]     Checking flate2 v1.1.10
[INFO] [stderr]     Checking crypto-common v0.1.7
[INFO] [stderr]     Checking time v0.3.55
[INFO] [stderr]     Checking block-buffer v0.10.4
[INFO] [stderr]     Checking ipnet v2.12.2
[INFO] [stderr]     Checking tower-layer v0.3.3
[INFO] [stderr]     Checking digest v0.10.7
[INFO] [stderr]     Checking compression-codecs v0.4.43
[INFO] [stderr]     Checking nu-ansi-term v0.50.3
[INFO] [stderr]     Checking either v1.18.0
[INFO] [stderr]     Checking openssl-probe v0.2.1
[INFO] [stderr]     Checking uuid-simd v0.8.0
[INFO] [stderr]     Checking block-buffer v0.12.1
[INFO] [stderr]     Checking crypto-common v0.2.2
[INFO] [stderr]     Checking http-body-util v0.1.5
[INFO] [stdout] error[E0493]: destructor of `ArrayBuilder<T, N, D>` cannot be evaluated at compile-time
[INFO] [stdout]    --> /opt/rustwide/cargo-home/registry/src/index.crates.io-1949cf8c6b5b557f/konst-0.4.3/src/array/array_builder.rs:421:24
[INFO] [stdout]     |
[INFO] [stdout] 421 |     pub const fn build(self) -> [T; N] {
[INFO] [stdout]     |                        ^^^^ the destructor for this type cannot be evaluated in constant functions
[INFO] [stdout] ...
[INFO] [stdout] 437 |     }
[INFO] [stdout]     |     - value is dropped here
[INFO] [stdout] 
[INFO] [stdout] 
[INFO] [stderr]     Checking sharded-slab v0.1.7
[INFO] [stdout] error[E0493]: destructor of `array_into_iter::IntoIter<T, N, D>` cannot be evaluated at compile-time
[INFO] [stdout]    --> /opt/rustwide/cargo-home/registry/src/index.crates.io-1949cf8c6b5b557f/konst-0.4.3/src/array/array_into_iter.rs:324:34
[INFO] [stdout]     |
[INFO] [stdout] 324 |     pub const fn assert_is_empty(self) {
[INFO] [stdout]     |                                  ^^^^ the destructor for this type cannot be evaluated in constant functions
[INFO] [stdout] ...
[INFO] [stdout] 327 |     }
[INFO] [stdout]     |     - value is dropped here
[INFO] [stdout] 
[INFO] [stdout] 
[INFO] [stderr]     Checking tracing-log v0.2.0
[INFO] [stdout] error[E0493]: destructor of `Option<(T, U)>` cannot be evaluated at compile-time
[INFO] [stdout]    --> /opt/rustwide/cargo-home/registry/src/index.crates.io-1949cf8c6b5b557f/konst-0.4.3/src/macros/control_flow.rs:83:42
[INFO] [stdout]     |
[INFO] [stdout]  81 |   macro_rules! if_let_Some {
[INFO] [stdout]  82 |       ($some:pat = $e:expr => $then:block $(else $else:block)?) => {
[INFO] [stdout]  83 |           match $crate::option::__opt($e) {opt =>
[INFO] [stdout]     |                                            ^^^ the destructor for this type cannot be evaluated in constant functions
[INFO] [stdout] ...
[INFO] [stdout]  90 |               }
[INFO] [stdout]     |               - value is dropped here
[INFO] [stdout]     |
[INFO] [stdout]    ::: /opt/rustwide/cargo-home/registry/src/index.crates.io-1949cf8c6b5b557f/konst-0.4.3/src/option.rs:635:5
[INFO] [stdout]     |
[INFO] [stdout] 635 | /     crate::if_let_Some! {tuple = opt => {
[INFO] [stdout] 636 | |         crate::destructure!{(l, r) = tuple}
[INFO] [stdout] 637 | |
[INFO] [stdout] 638 | |         (Some(l), Some(r))
[INFO] [stdout] 639 | |     } else {
[INFO] [stdout] 640 | |         (None, None)
[INFO] [stdout] 641 | |     }}
[INFO] [stdout]     | |______- in this macro invocation
[INFO] [stdout] 
[INFO] [stdout] 
[INFO] [stderr]     Checking jsonschema-regex v0.47.0
[INFO] [stderr]     Checking thread_local v1.1.10
[INFO] [stderr]     Checking mime v0.3.17
[INFO] [stderr]     Checking core_detect v1.0.0
[INFO] [stderr]     Checking simdutf8 v0.1.5
[INFO] [stderr]     Checking num-cmp v0.1.0
[INFO] [stderr]     Checking data-encoding v2.11.1
[INFO] [stdout] For more information about this error, try `rustc --explain E0493`.
[INFO] [stdout] 
[INFO] [stderr]     Checking num-rational v0.4.2
[INFO] [stderr] error: could not compile `konst` (lib) due to 3 previous errors
[INFO] [stderr] warning: build failed, waiting for other jobs to finish...
[INFO] running `Command { std: "docker" "inspect" "9f8949057db45d1db7b5ea7fdb4d559ebf5a89c90a63492a34356dca75d51640", kill_on_drop: false }`
[INFO] running `Command { std: "docker" "rm" "-f" "9f8949057db45d1db7b5ea7fdb4d559ebf5a89c90a63492a34356dca75d51640", kill_on_drop: false }`
[INFO] [stdout] 9f8949057db45d1db7b5ea7fdb4d559ebf5a89c90a63492a34356dca75d51640
