[INFO] fetching crate snap-coin-miner 9.1.0...
[INFO] checking snap-coin-miner-9.1.0 against 69bccf03c4733f57482f9691456efcd80f86a5f6 for pr-164053
[INFO] extracting crate snap-coin-miner 9.1.0 into /workspace/builds/worker-1-tc1/source
[INFO] started tweaking crates.io crate snap-coin-miner 9.1.0
[INFO] finished tweaking crates.io crate snap-coin-miner 9.1.0
[INFO] tweaked toml for crates.io crate snap-coin-miner 9.1.0 written to /workspace/builds/worker-1-tc1/source/Cargo.toml
[INFO] validating manifest of crates.io crate snap-coin-miner 9.1.0 on toolchain 69bccf03c4733f57482f9691456efcd80f86a5f6
[INFO] running `Command { std: CARGO_HOME="/workspace/cargo-home" RUSTUP_HOME="/workspace/rustup-home" "/workspace/cargo-home/bin/cargo" "+69bccf03c4733f57482f9691456efcd80f86a5f6" "metadata" "--manifest-path" "Cargo.toml" "--no-deps", kill_on_drop: false }`
[INFO] crate crates.io crate snap-coin-miner 9.1.0 already has a lockfile, it will not be regenerated
[INFO] running `Command { std: CARGO_HOME="/workspace/cargo-home" RUSTUP_HOME="/workspace/rustup-home" "/workspace/cargo-home/bin/cargo" "+69bccf03c4733f57482f9691456efcd80f86a5f6" "fetch" "--manifest-path" "Cargo.toml", kill_on_drop: false }`
[INFO] [stderr]     Updating crates.io index
[INFO] [stderr]  Downloading crates ...
[INFO] [stderr]   Downloaded zmij v1.0.18
[INFO] [stderr]   Downloaded snap-coin v13.1.1
[INFO] [stderr]   Downloaded flexi_logger v0.31.7
[INFO] [stderr]   Downloaded core_affinity v0.8.3
[INFO] [stderr]   Downloaded config v0.15.19
[INFO] [stderr]   Downloaded randomx-rs v1.4.1
[INFO] [stderr]   Downloaded erased-serde v0.4.9
[INFO] running `Command { std: "docker" "create" "-v" "/var/lib/crater-agent-workspace/builds/worker-1-tc1/source:/opt/rustwide/workdir:ro,Z" "-v" "/var/lib/crater-agent-workspace/builds/worker-1-tc1/target:/opt/rustwide/target:rw,Z" "-v" "/var/lib/crater-agent-workspace/cargo-home:/opt/rustwide/cargo-home:ro,Z" "-v" "/var/lib/crater-agent-workspace/rustup-home:/opt/rustwide/rustup-home:ro,Z" "-m" "1610612736" "--network" "none" "ghcr.io/rust-lang/crates-build-env/linux@sha256:77db811e55d90add9212f6832c23229e3de5f1c1f9905e8cb07319ea15df73ac" "sleep" "infinity", kill_on_drop: false }`
[INFO] [stdout] fdc13f19cba90f585fff74ec69e32208eb9beae0d5081e5d40169c0855f6f025
[INFO] running `Command { std: "docker" "start" "fdc13f19cba90f585fff74ec69e32208eb9beae0d5081e5d40169c0855f6f025", kill_on_drop: false }`
[INFO] running `Command { std: "docker" "inspect" "fdc13f19cba90f585fff74ec69e32208eb9beae0d5081e5d40169c0855f6f025", kill_on_drop: false }`
[INFO] running `Command { std: "docker" "exec" "-e" "SOURCE_DIR=/opt/rustwide/workdir" "-e" "CARGO_HOME=/opt/rustwide/cargo-home" "-e" "RUSTUP_HOME=/opt/rustwide/rustup-home" "-e" "CARGO_TARGET_DIR=/opt/rustwide/target" "-w" "/opt/rustwide/workdir" "--user" "0:0" "fdc13f19cba90f585fff74ec69e32208eb9beae0d5081e5d40169c0855f6f025" "/opt/rustwide/cargo-home/bin/cargo" "+69bccf03c4733f57482f9691456efcd80f86a5f6" "metadata" "--no-deps" "--format-version=1", kill_on_drop: false }`
[INFO] running `Command { std: "docker" "inspect" "fdc13f19cba90f585fff74ec69e32208eb9beae0d5081e5d40169c0855f6f025", kill_on_drop: false }`
[INFO] running `Command { std: "docker" "exec" "-e" "SOURCE_DIR=/opt/rustwide/workdir" "-e" "CARGO_HOME=/opt/rustwide/cargo-home" "-e" "RUSTUP_HOME=/opt/rustwide/rustup-home" "-e" "CARGO_TARGET_DIR=/opt/rustwide/target" "-e" "CARGO_INCREMENTAL=0" "-e" "RUST_BACKTRACE=full" "-e" "RUSTFLAGS=--cap-lints=forbid" "-e" "RUSTDOCFLAGS=--cap-lints=forbid" "-w" "/opt/rustwide/workdir" "--user" "0:0" "fdc13f19cba90f585fff74ec69e32208eb9beae0d5081e5d40169c0855f6f025" "/opt/rustwide/cargo-home/bin/cargo" "+69bccf03c4733f57482f9691456efcd80f86a5f6" "check" "--frozen" "--all" "--all-targets" "--message-format=json", kill_on_drop: false }`
[INFO] [stderr]    Compiling proc-macro2 v1.0.103
[INFO] [stderr]    Compiling unicode-ident v1.0.22
[INFO] [stderr]    Compiling quote v1.0.42
[INFO] [stderr]    Compiling libc v0.2.180
[INFO] [stderr]    Compiling serde_core v1.0.228
[INFO] [stderr]     Checking memchr v2.7.6
[INFO] [stderr]    Compiling thiserror v2.0.17
[INFO] [stderr]    Compiling typenum v1.19.0
[INFO] [stderr]    Compiling crunchy v0.2.4
[INFO] [stderr]     Checking smallvec v1.15.1
[INFO] [stderr]    Compiling num-traits v0.2.19
[INFO] [stderr]     Checking either v1.15.0
[INFO] [stderr]    Compiling once_cell v1.21.3
[INFO] [stderr]    Compiling zerocopy v0.8.31
[INFO] [stderr]    Compiling instability v0.3.11
[INFO] [stderr]    Compiling find-msvc-tools v0.1.5
[INFO] [stderr]     Checking compact_str v0.9.0
[INFO] [stderr]     Checking lru v0.16.3
[INFO] [stderr]    Compiling tiny-keccak v2.0.2
[INFO] [stderr]    Compiling rustix v1.1.3
[INFO] [stderr]    Compiling cc v1.2.49
[INFO] [stderr]     Checking itertools v0.14.0
[INFO] [stderr]    Compiling zmij v1.0.18
[INFO] [stderr]     Checking futures-core v0.3.31
[INFO] [stderr]     Checking futures-sink v0.3.31
[INFO] [stderr]    Compiling parking_lot_core v0.8.6
[INFO] [stderr]     Checking deranged v0.5.5
[INFO] [stderr]     Checking futures-channel v0.3.31
[INFO] [stderr]    Compiling curve25519-dalek v4.1.3
[INFO] [stderr]     Checking crossbeam-epoch v0.9.18
[INFO] [stderr]     Checking instant v0.1.13
[INFO] [stderr]    Compiling erased-serde v0.4.9
[INFO] [stderr]     Checking linux-raw-sys v0.11.0
[INFO] [stderr]    Compiling pest v2.8.4
[INFO] [stderr]     Checking generic-array v0.14.7
[INFO] [stderr]     Checking aho-corasick v1.1.4
[INFO] [stderr]     Checking slab v0.4.11
[INFO] [stderr]     Checking num-conv v0.2.0
[INFO] [stderr]     Checking regex-syntax v0.8.8
[INFO] [stderr]    Compiling syn v2.0.111
[INFO] [stderr]    Compiling cmake v0.1.57
[INFO] [stderr]     Checking signature v2.2.0
[INFO] [stderr]    Compiling anyhow v1.0.100
[INFO] [stderr]     Checking iana-time-zone v0.1.64
[INFO] [stderr]     Checking hashbrown v0.14.5
[INFO] [stderr]     Checking winnow v0.7.14
[INFO] [stderr]    Compiling getrandom v0.2.16
[INFO] [stderr]     Checking zeroize v1.8.2
[INFO] [stderr]    Compiling const-random-macro v0.1.16
[INFO] [stderr]     Checking crypto-common v0.1.7
[INFO] [stderr]     Checking block-buffer v0.10.4
[INFO] [stderr]     Checking errno v0.3.14
[INFO] [stderr]     Checking mio v1.1.1
[INFO] [stderr]     Checking const-random v0.1.18
[INFO] [stderr]     Checking getrandom v0.3.4
[INFO] [stderr]     Checking signal-hook-registry v1.4.8
[INFO] [stderr]     Checking digest v0.10.7
[INFO] [stderr]    Compiling pest_meta v2.8.4
[INFO] [stderr]     Checking signal-hook v0.3.18
[INFO] [stderr]     Checking parking_lot_core v0.9.12
[INFO] [stderr]     Checking rand_core v0.9.3
[INFO] [stderr]    Compiling randomx-rs v1.4.1
[INFO] [stderr]     Checking time v0.3.47
[INFO] [stderr]     Checking dlv-list v0.5.2
[INFO] [stderr]     Checking unicode-truncate v2.0.1
[INFO] [stderr]     Checking signal-hook-mio v0.2.5
[INFO] [stderr]     Checking sha2 v0.10.9
[INFO] [stderr]     Checking parking_lot v0.11.2
[INFO] [stderr]     Checking fs2 v0.4.3
[INFO] [stderr]     Checking socket2 v0.6.1
[INFO] [stderr]     Checking chrono v0.4.42
[INFO] [stderr]     Checking ed25519 v2.2.3
[INFO] [stderr]     Checking parking_lot v0.12.5
[INFO] [stderr]     Checking ordered-multimap v0.7.3
[INFO] [stderr]     Checking hashlink v0.10.0
[INFO] [stderr]     Checking bitflags v2.10.0
[INFO] [stderr]     Checking serde_json v1.0.149
[INFO] [stderr]     Checking toml_datetime v0.7.3
[INFO] [stderr]     Checking serde_spanned v1.0.3
[INFO] [stderr]     Checking num-integer v0.1.46
[INFO] [stderr]     Checking line-clipping v0.3.5
[INFO] [stderr]     Checking bytes v1.11.0
[INFO] [stderr]     Checking c_linked_list v1.1.1
[INFO] [stderr]     Checking arraydeque v0.5.1
[INFO] [stderr]     Checking get_if_addrs v0.5.3
[INFO] [stderr]     Checking bincode v2.0.1
[INFO] [stderr]     Checking rust-ini v0.21.3
[INFO] [stderr]     Checking num-bigint v0.4.6
[INFO] [stderr]     Checking yaml-rust2 v0.10.4
[INFO] [stderr]     Checking ppv-lite86 v0.2.21
[INFO] [stderr]     Checking sled v0.34.7
[INFO] [stderr]     Checking serde-untagged v0.1.9
[INFO] [stderr]     Checking num_cpus v1.17.0
[INFO] [stderr]     Checking crossbeam-deque v0.8.6
[INFO] [stderr]     Checking crossbeam-channel v0.5.15
[INFO] [stderr]     Checking crossbeam-queue v0.3.12
[INFO] [stderr]     Checking rand_chacha v0.9.0
[INFO] [stderr]     Checking convert_case v0.6.0
[INFO] [stderr]     Checking core_affinity v0.8.3
[INFO] [stderr]     Checking regex-automata v0.4.13
[INFO] [stderr]     Checking rand v0.9.2
[INFO] [stderr]     Checking crossbeam v0.8.4
[INFO] [stderr] error: could not compile `sled` (lib)
[INFO] [stderr] 
[INFO] [stderr] Caused by:
[INFO] [stderr]   process didn't exit successfully: `/opt/rustwide/rustup-home/toolchains/69bccf03c4733f57482f9691456efcd80f86a5f6/bin/rustc --crate-name sled --edition=2018 /opt/rustwide/cargo-home/registry/src/index.crates.io-1949cf8c6b5b557f/sled-0.34.7/src/lib.rs --error-format=json --json=diagnostic-rendered-ansi,artifacts,future-incompat,unused-externs-silent --crate-type lib --emit=dep-info,metadata -C embed-bitcode=no -C debuginfo=2 --cfg 'feature="default"' --cfg 'feature="no_metrics"' --check-cfg 'cfg(docsrs,test)' --check-cfg 'cfg(feature, values("backtrace", "color-backtrace", "compression", "default", "docs", "event_log", "failpoints", "io_uring", "lock_free_delays", "measure_allocs", "miri_optimizations", "mutex", "no_inline", "no_logs", "no_metrics", "pretty_backtrace", "rio", "testing", "zstd"))' -C metadata=28730cc83fafa847 -C extra-filename=-bbcec6334f03d95e --out-dir /opt/rustwide/target/debug/build/sled/bbcec6334f03d95e/out -L dependency=/opt/rustwide/target/debug/build/byteorder/d92705dd1d5353b1/out -L dependency=/opt/rustwide/target/debug/build/cfg-if/190c9021fd162845/out -L dependency=/opt/rustwide/target/debug/build/crossbeam-utils/1c9006e854b046b8/out -L dependency=/opt/rustwide/target/debug/build/instant/15bbac729489ab13/out -L dependency=/opt/rustwide/target/debug/build/libc/3f7e59e525cb5b67/out -L dependency=/opt/rustwide/target/debug/build/lock_api/b47e4fe57039b3cf/out -L dependency=/opt/rustwide/target/debug/build/parking_lot_core/d4829fec60f8193a/out -L dependency=/opt/rustwide/target/debug/build/scopeguard/e7d227cb308b3799/out -L dependency=/opt/rustwide/target/debug/build/smallvec/0ed15a39e79b0386/out --extern crc32fast=/opt/rustwide/target/debug/build/crc32fast/31ecd786fe404797/out/libcrc32fast-31ecd786fe404797.rmeta --extern crossbeam_epoch=/opt/rustwide/target/debug/build/crossbeam-epoch/df884fc986a3360c/out/libcrossbeam_epoch-df884fc986a3360c.rmeta --extern crossbeam_utils=/opt/rustwide/target/debug/build/crossbeam-utils/1c9006e854b046b8/out/libcrossbeam_utils-1c9006e854b046b8.rmeta --extern fs2=/opt/rustwide/target/debug/build/fs2/fd957e034488460c/out/libfs2-fd957e034488460c.rmeta --extern fxhash=/opt/rustwide/target/debug/build/fxhash/4d5fdce21e0796ac/out/libfxhash-4d5fdce21e0796ac.rmeta --extern libc=/opt/rustwide/target/debug/build/libc/3f7e59e525cb5b67/out/liblibc-3f7e59e525cb5b67.rmeta --extern log=/opt/rustwide/target/debug/build/log/243a4081f8655140/out/liblog-243a4081f8655140.rmeta --extern parking_lot=/opt/rustwide/target/debug/build/parking_lot/1928e52ccdbc2eb3/out/libparking_lot-1928e52ccdbc2eb3.rmeta --cap-lints allow --cap-lints=forbid --force-warn=unused_crate_dependencies` (signal: 9, SIGKILL: kill)
[INFO] [stderr] warning: build failed, waiting for other jobs to finish...
[INFO] [stderr] error: could not compile `syn` (lib)
[INFO] [stderr] 
[INFO] [stderr] Caused by:
[INFO] [stderr]   process didn't exit successfully: `/opt/rustwide/rustup-home/toolchains/69bccf03c4733f57482f9691456efcd80f86a5f6/bin/rustc --crate-name syn --edition=2021 /opt/rustwide/cargo-home/registry/src/index.crates.io-1949cf8c6b5b557f/syn-2.0.111/src/lib.rs --error-format=json --json=diagnostic-rendered-ansi,artifacts,future-incompat,unused-externs-silent --crate-type lib --emit=dep-info,metadata,link -Z embed-metadata=no -C embed-bitcode=no --cfg 'feature="clone-impls"' --cfg 'feature="default"' --cfg 'feature="derive"' --cfg 'feature="extra-traits"' --cfg 'feature="full"' --cfg 'feature="parsing"' --cfg 'feature="printing"' --cfg 'feature="proc-macro"' --cfg 'feature="visit-mut"' --check-cfg 'cfg(docsrs,test)' --check-cfg 'cfg(feature, values("clone-impls", "default", "derive", "extra-traits", "fold", "full", "parsing", "printing", "proc-macro", "test", "visit", "visit-mut"))' -C metadata=19acc76715d40f13 -C extra-filename=-70df68b2b4ac6798 --out-dir /opt/rustwide/target/debug/build/syn/70df68b2b4ac6798/out -L dependency=/opt/rustwide/target/debug/build/proc-macro2/43e32a25692bf44a/out -L dependency=/opt/rustwide/target/debug/build/unicode-ident/9533002ac35f5809/out --extern proc_macro2=/opt/rustwide/target/debug/build/proc-macro2/43e32a25692bf44a/out/libproc_macro2-43e32a25692bf44a.rmeta --extern quote=/opt/rustwide/target/debug/build/quote/01cdf4ac6a2aaf5b/out/libquote-01cdf4ac6a2aaf5b.rmeta --extern unicode_ident=/opt/rustwide/target/debug/build/unicode-ident/9533002ac35f5809/out/libunicode_ident-9533002ac35f5809.rmeta --cap-lints allow --cap-lints=forbid --force-warn=unused_crate_dependencies` (signal: 9, SIGKILL: kill)
[INFO] [stderr] error: could not compile `regex-automata` (lib)
[INFO] [stderr] 
[INFO] [stderr] Caused by:
[INFO] [stderr]   process didn't exit successfully: `/opt/rustwide/rustup-home/toolchains/69bccf03c4733f57482f9691456efcd80f86a5f6/bin/rustc --crate-name regex_automata --edition=2021 /opt/rustwide/cargo-home/registry/src/index.crates.io-1949cf8c6b5b557f/regex-automata-0.4.13/src/lib.rs --error-format=json --json=diagnostic-rendered-ansi,artifacts,future-incompat,unused-externs-silent --crate-type lib --emit=dep-info,metadata -C embed-bitcode=no -C debuginfo=2 --cfg 'feature="alloc"' --cfg 'feature="dfa-onepass"' --cfg 'feature="hybrid"' --cfg 'feature="meta"' --cfg 'feature="nfa-backtrack"' --cfg 'feature="nfa-pikevm"' --cfg 'feature="nfa-thompson"' --cfg 'feature="perf-inline"' --cfg 'feature="perf-literal"' --cfg 'feature="perf-literal-multisubstring"' --cfg 'feature="perf-literal-substring"' --cfg 'feature="std"' --cfg 'feature="syntax"' --cfg 'feature="unicode"' --cfg 'feature="unicode-age"' --cfg 'feature="unicode-bool"' --cfg 'feature="unicode-case"' --cfg 'feature="unicode-gencat"' --cfg 'feature="unicode-perl"' --cfg 'feature="unicode-script"' --cfg 'feature="unicode-segment"' --cfg 'feature="unicode-word-boundary"' --check-cfg 'cfg(docsrs,test)' --check-cfg 'cfg(feature, values("alloc", "default", "dfa", "dfa-build", "dfa-onepass", "dfa-search", "hybrid", "internal-instrument", "internal-instrument-pikevm", "logging", "meta", "nfa", "nfa-backtrack", "nfa-pikevm", "nfa-thompson", "perf", "perf-inline", "perf-literal", "perf-literal-multisubstring", "perf-literal-substring", "std", "syntax", "unicode", "unicode-age", "unicode-bool", "unicode-case", "unicode-gencat", "unicode-perl", "unicode-script", "unicode-segment", "unicode-word-boundary"))' -C metadata=3c54d07e4d26253f -C extra-filename=-2cc48e11edc71c0f --out-dir /opt/rustwide/target/debug/build/regex-automata/2cc48e11edc71c0f/out -L dependency=/opt/rustwide/target/debug/build/memchr/7c3b23e851763d6f/out --extern aho_corasick=/opt/rustwide/target/debug/build/aho-corasick/5453243f3f72bd62/out/libaho_corasick-5453243f3f72bd62.rmeta --extern memchr=/opt/rustwide/target/debug/build/memchr/7c3b23e851763d6f/out/libmemchr-7c3b23e851763d6f.rmeta --extern regex_syntax=/opt/rustwide/target/debug/build/regex-syntax/02f2daf0cc200caa/out/libregex_syntax-02f2daf0cc200caa.rmeta --cap-lints allow --cap-lints=forbid --force-warn=unused_crate_dependencies` (signal: 9, SIGKILL: kill)
[INFO] [stderr] error: could not compile `winnow` (lib)
[INFO] [stderr] 
[INFO] [stderr] Caused by:
[INFO] [stderr]   process didn't exit successfully: `/opt/rustwide/rustup-home/toolchains/69bccf03c4733f57482f9691456efcd80f86a5f6/bin/rustc --crate-name winnow --edition=2021 /opt/rustwide/cargo-home/registry/src/index.crates.io-1949cf8c6b5b557f/winnow-0.7.14/src/lib.rs --error-format=json --json=diagnostic-rendered-ansi,artifacts,future-incompat,unused-externs-silent --crate-type lib --emit=dep-info,metadata -C embed-bitcode=no -C debuginfo=2 --cfg 'feature="alloc"' --cfg 'feature="default"' --cfg 'feature="std"' --check-cfg 'cfg(docsrs,test)' --check-cfg 'cfg(feature, values("alloc", "debug", "default", "simd", "std", "unstable-doc", "unstable-recover"))' -C metadata=2c4a5de679b8ea8c -C extra-filename=-6075c9fd16027fd0 --out-dir /opt/rustwide/target/debug/build/winnow/6075c9fd16027fd0/out --cap-lints allow --cap-lints=forbid --force-warn=unused_crate_dependencies` (signal: 9, SIGKILL: kill)
[INFO] [stderr] error: failed to run custom build command for `randomx-rs v1.4.1`
[INFO] [stderr] note: To improve backtraces for build dependencies, set the CARGO_PROFILE_DEV_BUILD_OVERRIDE_DEBUG=true environment variable to enable debug information generation.
[INFO] [stderr] 
[INFO] [stderr] Caused by:
[INFO] [stderr]   process didn't exit successfully: `/opt/rustwide/target/debug/build/randomx-rs/e66d316b54b3ed38/out/build_script_build` (exit status: 101)
[INFO] [stderr]   --- stdout
[INFO] [stderr]   CMAKE_TOOLCHAIN_FILE_x86_64-unknown-linux-gnu = None
[INFO] [stderr]   CMAKE_TOOLCHAIN_FILE_x86_64_unknown_linux_gnu = None
[INFO] [stderr]   HOST_CMAKE_TOOLCHAIN_FILE = None
[INFO] [stderr]   CMAKE_TOOLCHAIN_FILE = None
[INFO] [stderr]   CMAKE_GENERATOR_x86_64-unknown-linux-gnu = None
[INFO] [stderr]   CMAKE_GENERATOR_x86_64_unknown_linux_gnu = None
[INFO] [stderr]   HOST_CMAKE_GENERATOR = None
[INFO] [stderr]   CMAKE_GENERATOR = None
[INFO] [stderr]   CMAKE_PREFIX_PATH_x86_64-unknown-linux-gnu = None
[INFO] [stderr]   CMAKE_PREFIX_PATH_x86_64_unknown_linux_gnu = None
[INFO] [stderr]   HOST_CMAKE_PREFIX_PATH = None
[INFO] [stderr]   CMAKE_PREFIX_PATH = None
[INFO] [stderr]   CMAKE_x86_64-unknown-linux-gnu = None
[INFO] [stderr]   CMAKE_x86_64_unknown_linux_gnu = None
[INFO] [stderr]   HOST_CMAKE = None
[INFO] [stderr]   CMAKE = None
[INFO] [stderr]   -- The C compiler identification is GNU 15.2.0
[INFO] [stderr]   -- The CXX compiler identification is GNU 15.2.0
[INFO] [stderr]   -- Detecting C compiler ABI info
[INFO] [stderr]   -- Detecting C compiler ABI info - done
[INFO] [stderr]   -- Check for working C compiler: /usr/bin/cc - skipped
[INFO] [stderr]   -- Detecting C compile features
[INFO] [stderr]   -- Detecting C compile features - done
[INFO] [stderr]   -- Detecting CXX compiler ABI info
[INFO] [stderr]   -- Detecting CXX compiler ABI info - done
[INFO] [stderr]   -- Check for working CXX compiler: /usr/bin/c++ - skipped
[INFO] [stderr]   -- Detecting CXX compile features
[INFO] [stderr]   -- Detecting CXX compile features - done
[INFO] [stderr]   -- Performing Test _maes_cxx
[INFO] [stderr]   -- Performing Test _maes_cxx - Success
[INFO] [stderr]   -- Setting CXX flag -maes
[INFO] [stderr]   -- Performing Test _maes_c
[INFO] [stderr]   -- Performing Test _maes_c - Success
[INFO] [stderr]   -- Setting C flag -maes
[INFO] [stderr]   -- Performing Test HAVE_SSSE3
[INFO] [stderr]   -- Performing Test HAVE_SSSE3 - Success
[INFO] [stderr]   -- Performing Test HAVE_AVX2
[INFO] [stderr]   -- Performing Test HAVE_AVX2 - Success
[INFO] [stderr]   -- Performing Test CMAKE_HAVE_LIBC_PTHREAD
[INFO] [stderr]   -- Performing Test CMAKE_HAVE_LIBC_PTHREAD - Success
[INFO] [stderr]   -- Found Threads: TRUE
[INFO] [stderr]   -- Performing Test HAVE_CXX_ATOMICS
[INFO] [stderr]   -- Performing Test HAVE_CXX_ATOMICS - Success
[INFO] [stderr]   -- Configuring done (9.8s)
[INFO] [stderr]   -- Generating done (0.1s)
[INFO] [stderr]   -- Build files have been written to: /opt/rustwide/target/debug/build/randomx-rs/3e4a1e24989b875e/out/build
[INFO] [stderr]   [  2%] Building C object CMakeFiles/randomx.dir/src/argon2_avx2.c.o
[INFO] [stderr]   [  5%] Building C object CMakeFiles/randomx.dir/src/argon2_ssse3.c.o
[INFO] [stderr]   [  8%] Building C object CMakeFiles/randomx.dir/src/argon2_ref.c.o
[INFO] [stderr]   [ 11%] Building CXX object CMakeFiles/randomx.dir/src/bytecode_machine.cpp.o
[INFO] [stderr]   [ 14%] Building CXX object CMakeFiles/randomx.dir/src/cpu.cpp.o
[INFO] [stderr]   [ 17%] Building CXX object CMakeFiles/randomx.dir/src/aes_hash.cpp.o
[INFO] [stderr]   [ 20%] Building CXX object CMakeFiles/randomx.dir/src/dataset.cpp.o
[INFO] [stderr]   [ 23%] Building CXX object CMakeFiles/randomx.dir/src/allocator.cpp.o
[INFO] [stderr]   [ 26%] Building C object CMakeFiles/randomx.dir/src/virtual_memory.c.o
[INFO] [stderr]   [ 29%] Building CXX object CMakeFiles/randomx.dir/src/vm_interpreted.cpp.o
[INFO] [stderr]   [ 32%] Building CXX object CMakeFiles/randomx.dir/src/soft_aes.cpp.o
[INFO] [stderr]   [ 35%] Building CXX object CMakeFiles/randomx.dir/src/assembly_generator_x86.cpp.o
[INFO] [stderr]   [ 38%] Building CXX object CMakeFiles/randomx.dir/src/instruction.cpp.o
[INFO] [stderr]   [ 41%] Building CXX object CMakeFiles/randomx.dir/src/randomx.cpp.o
[INFO] [stderr]   [ 44%] Building CXX object CMakeFiles/randomx.dir/src/superscalar.cpp.o
[INFO] [stderr]   [ 47%] Building CXX object CMakeFiles/randomx.dir/src/vm_compiled.cpp.o
[INFO] [stderr]   [ 50%] Building CXX object CMakeFiles/randomx.dir/src/vm_interpreted_light.cpp.o
[INFO] [stderr]   [ 52%] Building C object CMakeFiles/randomx.dir/src/argon2_core.c.o
[INFO] [stderr]   [ 55%] Building CXX object CMakeFiles/randomx.dir/src/blake2_generator.cpp.o
[INFO] [stderr]   [ 58%] Building CXX object CMakeFiles/randomx.dir/src/instructions_portable.cpp.o
[INFO] [stderr]   [ 61%] Building CXX object CMakeFiles/randomx.dir/src/virtual_machine.cpp.o
[INFO] [stderr]   [ 64%] Building C object CMakeFiles/randomx.dir/src/reciprocal.c.o
[INFO] [stderr]   [ 67%] Building CXX object CMakeFiles/randomx.dir/src/vm_compiled_light.cpp.o
[INFO] [stderr]   [ 73%] Building CXX object CMakeFiles/randomx.dir/src/jit_compiler_x86.cpp.o
[INFO] [stderr]   [ 73%] Building C object CMakeFiles/randomx.dir/src/blake2/blake2b.c.o
[INFO] [stderr] 
[INFO] [stderr]   --- stderr
[INFO] [stderr]   running: cd "/opt/rustwide/target/debug/build/randomx-rs/3e4a1e24989b875e/out/build" && CMAKE_PREFIX_PATH="" LC_ALL="C" "cmake" "/opt/rustwide/cargo-home/registry/src/index.crates.io-1949cf8c6b5b557f/randomx-rs-1.4.1/RandomX" "-B" "/opt/rustwide/target/debug/build/randomx-rs/3e4a1e24989b875e/out/build" "-DDARCH=native" "-DCMAKE_INSTALL_PREFIX=/opt/rustwide/target/debug/build/randomx-rs/3e4a1e24989b875e/out" "-DCMAKE_C_FLAGS= -ffunction-sections -fdata-sections -fPIC -m64" "-DCMAKE_C_COMPILER=/usr/bin/cc" "-DCMAKE_CXX_FLAGS= -ffunction-sections -fdata-sections -fPIC -m64" "-DCMAKE_CXX_COMPILER=/usr/bin/c++" "-DCMAKE_ASM_FLAGS= -ffunction-sections -fdata-sections -fPIC -m64" "-DCMAKE_ASM_COMPILER=/usr/bin/cc" "-DCMAKE_BUILD_TYPE=Debug"
[INFO] [stderr]   CMake Deprecation Warning at CMakeLists.txt:29 (cmake_minimum_required):
[INFO] [stderr]     Compatibility with CMake < 3.10 will be removed from a future version of
[INFO] [stderr]     CMake.
[INFO] [stderr] 
[INFO] [stderr]     Update the VERSION argument <min> value.  Or, use the <min>...<max> syntax
[INFO] [stderr]     to tell CMake that the project requires at least <min> but has been updated
[INFO] [stderr]     to work with policies introduced by <max> or earlier.
[INFO] [stderr] 
[INFO] [stderr] 
[INFO] [stderr]   CMake Warning:
[INFO] [stderr]     Manually-specified variables were not used by the project:
[INFO] [stderr] 
[INFO] [stderr]       CMAKE_ASM_COMPILER
[INFO] [stderr]       CMAKE_ASM_FLAGS
[INFO] [stderr]       DARCH
[INFO] [stderr] 
[INFO] [stderr] 
[INFO] [stderr]   running: cd "/opt/rustwide/target/debug/build/randomx-rs/3e4a1e24989b875e/out/build" && LC_ALL="C" MAKEFLAGS="-j --jobserver-fds=4,5 --jobserver-auth=4,5" "cmake" "--build" "/opt/rustwide/target/debug/build/randomx-rs/3e4a1e24989b875e/out/build" "--target" "install" "--config" "Debug"
[INFO] [stderr]   c++: fatal error: Killed signal terminated program cc1plus
[INFO] [stderr]   compilation terminated.
[INFO] [stderr]   gmake[2]: *** [CMakeFiles/randomx.dir/build.make:219: CMakeFiles/randomx.dir/src/allocator.cpp.o] Error 1
[INFO] [stderr]   gmake[2]: *** Waiting for unfinished jobs....
[INFO] [stderr]   c++: fatal error: Killed signal terminated program cc1plus
[INFO] [stderr]   compilation terminated.
[INFO] [stderr]   gmake[2]: *** [CMakeFiles/randomx.dir/build.make:205: CMakeFiles/randomx.dir/src/vm_interpreted.cpp.o] Error 1
[INFO] [stderr]   gmake[1]: *** [CMakeFiles/Makefile2:96: CMakeFiles/randomx.dir/all] Error 2
[INFO] [stderr]   gmake: *** [Makefile:136: all] Error 2
[INFO] [stderr] 
[INFO] [stderr]   thread 'main' (949) panicked at /opt/rustwide/cargo-home/registry/src/index.crates.io-1949cf8c6b5b557f/cmake-0.1.57/src/lib.rs:1132:5:
[INFO] [stderr] 
[INFO] [stderr]   command did not execute successfully, got: exit status: 2
[INFO] [stderr] 
[INFO] [stderr]   build script failed, must exit now
[INFO] [stderr]   stack backtrace:
[INFO] [stderr]      0:     0x5ac9003a7251 - std[df2932ef7730e838]::backtrace_rs::backtrace::libunwind::trace
[INFO] [stderr]                                  at /rustc/69bccf03c4733f57482f9691456efcd80f86a5f6/library/std/src/../../backtrace/src/backtrace/libunwind.rs:117:9
[INFO] [stderr]      1:     0x5ac9003a7251 - std[df2932ef7730e838]::backtrace_rs::backtrace::trace_unsynchronized::<std[df2932ef7730e838]::sys::backtrace::_print_fmt::{closure#1}>
[INFO] [stderr]                                  at /rustc/69bccf03c4733f57482f9691456efcd80f86a5f6/library/std/src/../../backtrace/src/backtrace/mod.rs:66:14
[INFO] [stderr]      2:     0x5ac9003a7251 - std[df2932ef7730e838]::sys::backtrace::_print_fmt
[INFO] [stderr]                                  at /rustc/69bccf03c4733f57482f9691456efcd80f86a5f6/library/std/src/sys/backtrace.rs:74:9
[INFO] [stderr]      3:     0x5ac9003a7251 - <<std[df2932ef7730e838]::sys::backtrace::BacktraceLock>::print::DisplayBacktrace as core[aa9b94da02c7b1ea]::fmt::Display>::fmt
[INFO] [stderr]                                  at /rustc/69bccf03c4733f57482f9691456efcd80f86a5f6/library/std/src/sys/backtrace.rs:44:26
[INFO] [stderr]      4:     0x5ac9003bb4ba - <core[aa9b94da02c7b1ea]::fmt::rt::Argument>::fmt
[INFO] [stderr]                                  at /rustc/69bccf03c4733f57482f9691456efcd80f86a5f6/library/core/src/fmt/rt.rs:152:76
[INFO] [stderr]      5:     0x5ac9003bb4ba - core[aa9b94da02c7b1ea]::fmt::write
[INFO] [stderr]      6:     0x5ac9003acd0c - core[aa9b94da02c7b1ea]::io::write::default_write_fmt::<std[df2932ef7730e838]::sys::stdio::unix::Stderr>
[INFO] [stderr]                                  at /rustc/69bccf03c4733f57482f9691456efcd80f86a5f6/library/core/src/io/write.rs:402:11
[INFO] [stderr]      7:     0x5ac9003acd0c - <std[df2932ef7730e838]::sys::stdio::unix::Stderr as core[aa9b94da02c7b1ea]::io::write::Write>::write_fmt
[INFO] [stderr]                                  at /rustc/69bccf03c4733f57482f9691456efcd80f86a5f6/library/core/src/io/write.rs:335:13
[INFO] [stderr]      8:     0x5ac900386826 - <std[df2932ef7730e838]::sys::backtrace::BacktraceLock>::print
[INFO] [stderr]                                  at /rustc/69bccf03c4733f57482f9691456efcd80f86a5f6/library/std/src/sys/backtrace.rs:47:9
[INFO] [stderr]      9:     0x5ac900386826 - std[df2932ef7730e838]::panicking::default_hook::{closure#0}
[INFO] [stderr]                                  at /rustc/69bccf03c4733f57482f9691456efcd80f86a5f6/library/std/src/panicking.rs:289:27
[INFO] [stderr]     10:     0x5ac9003a1f71 - std[df2932ef7730e838]::panicking::default_hook
[INFO] [stderr]                                  at /rustc/69bccf03c4733f57482f9691456efcd80f86a5f6/library/std/src/panicking.rs:316:9
[INFO] [stderr]     11:     0x5ac9003a212b - std[df2932ef7730e838]::panicking::panic_with_hook
[INFO] [stderr]                                  at /rustc/69bccf03c4733f57482f9691456efcd80f86a5f6/library/std/src/panicking.rs:811:13
[INFO] [stderr]     12:     0x5ac9003868d2 - std[df2932ef7730e838]::panicking::panic_handler::{closure#0}
[INFO] [stderr]                                  at /rustc/69bccf03c4733f57482f9691456efcd80f86a5f6/library/std/src/panicking.rs:685:13
[INFO] [stderr]     13:     0x5ac900380759 - std[df2932ef7730e838]::sys::backtrace::__rust_end_short_backtrace::<std[df2932ef7730e838]::panicking::panic_handler::{closure#0}, !>
[INFO] [stderr]                                  at /rustc/69bccf03c4733f57482f9691456efcd80f86a5f6/library/std/src/sys/backtrace.rs:182:18
[INFO] [stderr]     14:     0x5ac9003870bd - __rustc[4a43f22d4d7ab11c]::rust_begin_unwind
[INFO] [stderr]                                  at /rustc/69bccf03c4733f57482f9691456efcd80f86a5f6/library/std/src/panicking.rs:676:5
[INFO] [stderr]     15:     0x5ac9003bbcac - core[aa9b94da02c7b1ea]::panicking::panic_fmt
[INFO] [stderr]                                  at /rustc/69bccf03c4733f57482f9691456efcd80f86a5f6/library/core/src/panicking.rs:80:14
[INFO] [stderr]     16:     0x5ac900310c67 - cmake[6237d7c8608c12fd]::fail
[INFO] [stderr]     17:     0x5ac9003108f3 - cmake[6237d7c8608c12fd]::run
[INFO] [stderr]     18:     0x5ac9003168c5 - <cmake[6237d7c8608c12fd]::Config>::build
[INFO] [stderr]     19:     0x5ac900302a3a - build_script_build[e0b8ab2bed8b0e1e]::main
[INFO] [stderr]     20:     0x5ac900303453 - <fn() as core[aa9b94da02c7b1ea]::ops::function::FnOnce<()>>::call_once
[INFO] [stderr]     21:     0x5ac9003028ae - std[df2932ef7730e838]::sys::backtrace::__rust_begin_short_backtrace::<fn(), ()>
[INFO] [stderr]     22:     0x5ac9003028b9 - std[df2932ef7730e838]::rt::lang_start::<()>::{closure#0}
[INFO] [stderr]     23:     0x5ac9003a1278 - <&dyn core[aa9b94da02c7b1ea]::ops::function::Fn<(), Output = i32> + core[aa9b94da02c7b1ea]::marker::Sync + core[aa9b94da02c7b1ea]::panic::unwind_safe::RefUnwindSafe as core[aa9b94da02c7b1ea]::ops::function::FnOnce<()>>::call_once
[INFO] [stderr]                                  at /rustc/69bccf03c4733f57482f9691456efcd80f86a5f6/library/core/src/ops/function.rs:287:21
[INFO] [stderr]     24:     0x5ac9003a1278 - std[df2932ef7730e838]::panicking::catch_unwind::do_call::<&dyn core[aa9b94da02c7b1ea]::ops::function::Fn<(), Output = i32> + core[aa9b94da02c7b1ea]::marker::Sync + core[aa9b94da02c7b1ea]::panic::unwind_safe::RefUnwindSafe, i32>
[INFO] [stderr]                                  at /rustc/69bccf03c4733f57482f9691456efcd80f86a5f6/library/std/src/panicking.rs:573:43
[INFO] [stderr]     25:     0x5ac9003a1278 - std[df2932ef7730e838]::panicking::catch_unwind::<i32, &dyn core[aa9b94da02c7b1ea]::ops::function::Fn<(), Output = i32> + core[aa9b94da02c7b1ea]::marker::Sync + core[aa9b94da02c7b1ea]::panic::unwind_safe::RefUnwindSafe>
[INFO] [stderr]                                  at /rustc/69bccf03c4733f57482f9691456efcd80f86a5f6/library/std/src/panicking.rs:541:19
[INFO] [stderr]     26:     0x5ac9003a1278 - std[df2932ef7730e838]::panic::catch_unwind::<&dyn core[aa9b94da02c7b1ea]::ops::function::Fn<(), Output = i32> + core[aa9b94da02c7b1ea]::marker::Sync + core[aa9b94da02c7b1ea]::panic::unwind_safe::RefUnwindSafe, i32>
[INFO] [stderr]                                  at /rustc/69bccf03c4733f57482f9691456efcd80f86a5f6/library/std/src/panic.rs:359:14
[INFO] [stderr]     27:     0x5ac9003a1278 - std[df2932ef7730e838]::rt::lang_start_internal::{closure#0}
[INFO] [stderr]                                  at /rustc/69bccf03c4733f57482f9691456efcd80f86a5f6/library/std/src/rt.rs:175:24
[INFO] [stderr]     28:     0x5ac9003a1278 - std[df2932ef7730e838]::panicking::catch_unwind::do_call::<std[df2932ef7730e838]::rt::lang_start_internal::{closure#0}, isize>
[INFO] [stderr]                                  at /rustc/69bccf03c4733f57482f9691456efcd80f86a5f6/library/std/src/panicking.rs:573:43
[INFO] [stderr]     29:     0x5ac9003a1278 - std[df2932ef7730e838]::panicking::catch_unwind::<isize, std[df2932ef7730e838]::rt::lang_start_internal::{closure#0}>
[INFO] [stderr]                                  at /rustc/69bccf03c4733f57482f9691456efcd80f86a5f6/library/std/src/panicking.rs:541:19
[INFO] [stderr]     30:     0x5ac9003a1278 - std[df2932ef7730e838]::panic::catch_unwind::<std[df2932ef7730e838]::rt::lang_start_internal::{closure#0}, isize>
[INFO] [stderr]                                  at /rustc/69bccf03c4733f57482f9691456efcd80f86a5f6/library/std/src/panic.rs:359:14
[INFO] [stderr]     31:     0x5ac9003a1278 - std[df2932ef7730e838]::rt::lang_start_internal
[INFO] [stderr]                                  at /rustc/69bccf03c4733f57482f9691456efcd80f86a5f6/library/std/src/rt.rs:171:5
[INFO] [stderr]     32:     0x5ac9003028a1 - std[df2932ef7730e838]::rt::lang_start::<()>
[INFO] [stderr]     33:     0x5ac9003034c5 - main
[INFO] [stderr]     34:     0x78b1b0c56601 - <unknown>
[INFO] [stderr]     35:     0x78b1b0c56718 - __libc_start_main
[INFO] [stderr]     36:     0x5ac9003017d5 - _start
[INFO] [stderr]     37:                0x0 - <unknown>
[INFO] running `Command { std: "docker" "inspect" "fdc13f19cba90f585fff74ec69e32208eb9beae0d5081e5d40169c0855f6f025", kill_on_drop: false }`
[INFO] running `Command { std: "docker" "rm" "-f" "fdc13f19cba90f585fff74ec69e32208eb9beae0d5081e5d40169c0855f6f025", kill_on_drop: false }`
[INFO] [stdout] fdc13f19cba90f585fff74ec69e32208eb9beae0d5081e5d40169c0855f6f025
