[INFO] fetching crate rto-graph 6.1.0...
[INFO] checking rto-graph-6.1.0 against 69bccf03c4733f57482f9691456efcd80f86a5f6 for pr-164053
[INFO] extracting crate rto-graph 6.1.0 into /workspace/builds/worker-2-tc1/source
[INFO] started tweaking crates.io crate rto-graph 6.1.0
[INFO] removed 0 missing tests
[INFO] finished tweaking crates.io crate rto-graph 6.1.0
[INFO] tweaked toml for crates.io crate rto-graph 6.1.0 written to /workspace/builds/worker-2-tc1/source/Cargo.toml
[INFO] validating manifest of crates.io crate rto-graph 6.1.0 on toolchain 69bccf03c4733f57482f9691456efcd80f86a5f6
[INFO] running `Command { std: CARGO_HOME="/workspace/cargo-home" RUSTUP_HOME="/workspace/rustup-home" "/workspace/cargo-home/bin/cargo" "+69bccf03c4733f57482f9691456efcd80f86a5f6" "metadata" "--manifest-path" "Cargo.toml" "--no-deps", kill_on_drop: false }`
[INFO] crate crates.io crate rto-graph 6.1.0 already has a lockfile, it will not be regenerated
[INFO] running `Command { std: CARGO_HOME="/workspace/cargo-home" RUSTUP_HOME="/workspace/rustup-home" "/workspace/cargo-home/bin/cargo" "+69bccf03c4733f57482f9691456efcd80f86a5f6" "fetch" "--manifest-path" "Cargo.toml", kill_on_drop: false }`
[INFO] [stderr]     Blocking waiting for file lock on package cache
[INFO] [stderr]     Updating crates.io index
[INFO] [stderr]     Blocking waiting for file lock on package cache
[INFO] [stderr]  Downloading crates ...
[INFO] [stderr]   Downloaded tree-sitter-tags v0.26.13
[INFO] [stderr]   Downloaded yaml-rust2 v0.13.0
[INFO] [stderr]   Downloaded rten-parallel v0.26.0
[INFO] [stderr]   Downloaded find_cuda_helper v0.2.0
[INFO] [stderr]   Downloaded ecb v0.1.2
[INFO] [stderr]   Downloaded adobe-cmap-parser v0.4.1
[INFO] [stderr]   Downloaded rten-base v0.26.0
[INFO] [stderr]   Downloaded type1-encoding-parser v0.1.1
[INFO] [stderr]   Downloaded symphonia-bundle-flac v0.6.1
[INFO] [stderr]   Downloaded postscript v0.14.1
[INFO] [stderr]   Downloaded rten-vecmath v0.26.0
[INFO] [stderr]   Downloaded flatbuffers v24.12.23
[INFO] [stderr]   Downloaded rten-simd v0.26.0
[INFO] [stderr]   Downloaded cff-parser v0.2.0
[INFO] [stderr]   Downloaded rten-imageproc v0.26.0
[INFO] [stderr]   Downloaded hashlink v0.12.1
[INFO] [stderr]   Downloaded rten-model-file v0.26.0
[INFO] [stderr]   Downloaded minijinja-contrib v2.24.0
[INFO] [stderr]   Downloaded rten-shape-inference v0.26.0
[INFO] [stderr]   Downloaded rten-gemm v0.26.0
[INFO] [stderr]   Downloaded pdf-extract v0.12.1
[INFO] [stderr]   Downloaded rten-tensor v0.26.0
[INFO] [stderr]   Downloaded tree-sitter-go v0.25.0
[INFO] [stderr]   Downloaded tree-sitter v0.26.13
[INFO] [stderr]   Downloaded tree-sitter-javascript v0.25.0
[INFO] [stderr]   Downloaded rto-llama v6.1.0
[INFO] [stderr]   Downloaded tree-sitter-python v0.25.0
[INFO] [stderr]   Downloaded pom v1.1.0
[INFO] [stderr]   Downloaded minijinja v2.24.0
[INFO] [stderr]   Downloaded llama-cpp-2 v0.1.157
[INFO] [stderr]   Downloaded lopdf v0.42.0
[INFO] [stderr]   Downloaded rten-onnx v0.26.0
[INFO] [stderr]   Downloaded tree-sitter-c v0.24.2
[INFO] [stderr]   Downloaded ocrs v0.13.1
[INFO] [stderr]   Downloaded tree-sitter-rust v0.24.2
[INFO] [stderr]   Downloaded tree-sitter-bash v0.25.1
[INFO] [stderr]   Downloaded rten v0.26.0
[INFO] [stderr]   Downloaded tree-sitter-php v0.24.2
[INFO] [stderr]   Downloaded tree-sitter-sequel v0.3.11
[INFO] [stderr]   Downloaded tree-sitter-scala v0.26.2
[INFO] [stderr]   Downloaded tree-sitter-c-sharp v0.23.5
[INFO] [stderr]   Downloaded tree-sitter-ocaml v0.26.0
[INFO] [stderr]   Downloaded llama-cpp-sys-2 v0.1.157
[INFO] running `Command { std: "docker" "create" "-v" "/var/lib/crater-agent-workspace/builds/worker-2-tc1/source:/opt/rustwide/workdir:ro,Z" "-v" "/var/lib/crater-agent-workspace/builds/worker-2-tc1/target:/opt/rustwide/target:rw,Z" "-v" "/var/lib/crater-agent-workspace/cargo-home:/opt/rustwide/cargo-home:ro,Z" "-v" "/var/lib/crater-agent-workspace/rustup-home:/opt/rustwide/rustup-home:ro,Z" "-m" "1610612736" "--network" "none" "ghcr.io/rust-lang/crates-build-env/linux@sha256:77db811e55d90add9212f6832c23229e3de5f1c1f9905e8cb07319ea15df73ac" "sleep" "infinity", kill_on_drop: false }`
[INFO] [stdout] 3e9c212a3df0aa089057b7539436c9e135a67a4729b745e0e91843b43bcab1b5
[INFO] running `Command { std: "docker" "start" "3e9c212a3df0aa089057b7539436c9e135a67a4729b745e0e91843b43bcab1b5", kill_on_drop: false }`
[INFO] running `Command { std: "docker" "inspect" "3e9c212a3df0aa089057b7539436c9e135a67a4729b745e0e91843b43bcab1b5", kill_on_drop: false }`
[INFO] running `Command { std: "docker" "exec" "-e" "SOURCE_DIR=/opt/rustwide/workdir" "-e" "CARGO_HOME=/opt/rustwide/cargo-home" "-e" "RUSTUP_HOME=/opt/rustwide/rustup-home" "-e" "CARGO_TARGET_DIR=/opt/rustwide/target" "-w" "/opt/rustwide/workdir" "--user" "0:0" "3e9c212a3df0aa089057b7539436c9e135a67a4729b745e0e91843b43bcab1b5" "/opt/rustwide/cargo-home/bin/cargo" "+69bccf03c4733f57482f9691456efcd80f86a5f6" "metadata" "--no-deps" "--format-version=1", kill_on_drop: false }`
[INFO] running `Command { std: "docker" "inspect" "3e9c212a3df0aa089057b7539436c9e135a67a4729b745e0e91843b43bcab1b5", kill_on_drop: false }`
[INFO] running `Command { std: "docker" "exec" "-e" "SOURCE_DIR=/opt/rustwide/workdir" "-e" "CARGO_HOME=/opt/rustwide/cargo-home" "-e" "RUSTUP_HOME=/opt/rustwide/rustup-home" "-e" "CARGO_TARGET_DIR=/opt/rustwide/target" "-e" "CARGO_INCREMENTAL=0" "-e" "RUST_BACKTRACE=full" "-e" "RUSTFLAGS=--cap-lints=forbid" "-e" "RUSTDOCFLAGS=--cap-lints=forbid" "-w" "/opt/rustwide/workdir" "--user" "0:0" "3e9c212a3df0aa089057b7539436c9e135a67a4729b745e0e91843b43bcab1b5" "/opt/rustwide/cargo-home/bin/cargo" "+69bccf03c4733f57482f9691456efcd80f86a5f6" "check" "--frozen" "--all" "--all-targets" "--message-format=json", kill_on_drop: false }`
[INFO] [stderr]    Compiling tree-sitter-language v0.1.7
[INFO] [stderr]     Checking gix-trace v0.1.21
[INFO] [stderr]     Checking smallvec v1.15.2
[INFO] [stderr]    Compiling cc v1.2.67
[INFO] [stderr]     Checking tinyvec v1.12.0
[INFO] [stderr]    Compiling syn v3.0.6
[INFO] [stderr]     Checking regex-automata v0.4.18
[INFO] [stderr]     Checking bitflags v2.13.1
[INFO] [stderr]     Checking getrandom v0.4.3
[INFO] [stderr]    Compiling heapless v0.8.0
[INFO] [stderr]    Compiling crossbeam-utils v0.8.22
[INFO] [stderr]     Checking jiff-core v0.1.0
[INFO] [stderr]     Checking crypto-common v0.1.7
[INFO] [stderr]     Checking memmap2 v0.9.11
[INFO] [stderr]    Compiling syn v2.0.119
[INFO] [stderr]     Checking nonempty v0.12.0
[INFO] [stderr]     Checking unicode-bom v2.0.3
[INFO] [stderr]     Checking digest v0.10.7
[INFO] [stderr]    Compiling serde_core v1.0.229
[INFO] [stderr]     Checking rustix v1.1.4
[INFO] [stderr]     Checking gix-sec v0.14.2
[INFO] [stderr]     Checking filetime v0.2.29
[INFO] [stderr]    Compiling serde_json v1.0.151
[INFO] [stderr]     Checking parking_lot_core v0.9.12
[INFO] [stderr]    Compiling encoding_rs v0.8.42
[INFO] [stderr]    Compiling zmij v1.0.23
[INFO] [stderr]     Checking simdutf8 v0.1.5
[INFO] [stderr]     Checking sha1 v0.10.7
[INFO] [stderr]     Checking core_detect v1.0.0
[INFO] [stderr]    Compiling memchr v2.8.3
[INFO] [stderr]     Checking sha1-checked v0.10.0
[INFO] [stderr]     Checking parking_lot v0.12.5
[INFO] [stderr]     Checking zlib-rs v0.6.7
[INFO] [stderr]     Checking clru v0.6.3
[INFO] [stderr]     Checking unicode-normalization v0.1.25
[INFO] [stderr]     Checking arc-swap v1.9.2
[INFO] [stderr]     Checking faster-hex v0.10.0
[INFO] [stderr]     Checking prodash v31.0.0
[INFO] [stderr]     Checking streaming-iterator v0.1.9
[INFO] [stderr]    Compiling pulldown-cmark v0.13.4
[INFO] [stderr]     Checking hashlink v0.12.1
[INFO] [stderr]     Checking dashmap v6.2.1
[INFO] [stderr]     Checking fallible-iterator v0.3.0
[INFO] [stderr]     Checking jiff v0.2.35
[INFO] [stderr]     Checking fallible-streaming-iterator v0.1.9
[INFO] [stderr]     Checking arraydeque v0.5.1
[INFO] [stderr]     Checking yaml-rust2 v0.13.0
[INFO] [stderr]    Compiling libsqlite3-sys v0.37.0
[INFO] [stderr]    Compiling tree-sitter-sequel v0.3.11
[INFO] [stderr]    Compiling tree-sitter-ocaml v0.26.0
[INFO] [stderr]    Compiling tree-sitter-php v0.24.2
[INFO] [stderr]    Compiling tree-sitter-bash v0.25.1
[INFO] [stderr]    Compiling tree-sitter-python v0.25.0
[INFO] [stderr]    Compiling tree-sitter-c v0.24.2
[INFO] [stderr]    Compiling tree-sitter-ruby v0.23.1
[INFO] [stderr]    Compiling tree-sitter-c-sharp v0.23.5
[INFO] [stderr]    Compiling tree-sitter-cpp v0.23.4
[INFO] [stderr]    Compiling tree-sitter-elixir v0.3.5
[INFO] [stderr]    Compiling tree-sitter-go v0.25.0
[INFO] [stderr]    Compiling tree-sitter-java v0.23.5
[INFO] [stderr]    Compiling tree-sitter-typescript v0.23.2
[INFO] [stderr]    Compiling tree-sitter-javascript v0.25.0
[INFO] [stderr]    Compiling tree-sitter-rust v0.24.2
[INFO] [stderr]    Compiling tree-sitter-scala v0.26.2
[INFO] [stderr]     Checking tempfile v3.27.0
[INFO] [stderr]     Checking bstr v1.13.1
[INFO] [stderr]     Checking regex v1.13.1
[INFO] [stderr]    Compiling thiserror-impl v2.0.21
[INFO] [stderr]     Checking gix-validate v0.11.4
[INFO] [stderr]     Checking gix-utils v0.3.6
[INFO] [stderr]     Checking gix-error v0.3.1
[INFO] [stderr] warning: tree-sitter-c-sharp@0.23.5: cc: fatal error: Killed signal terminated program cc1
[INFO] [stderr] warning: tree-sitter-c-sharp@0.23.5: compilation terminated.
[INFO] [stderr] error: failed to run custom build command for `tree-sitter-c-sharp v0.23.5`
[INFO] [stderr] note: To improve backtraces for build dependencies, set the CARGO_PROFILE_DEV_BUILD_OVERRIDE_DEBUG=true environment variable to enable debug information generation.
[INFO] [stderr] 
[INFO] [stderr] Caused by:
[INFO] [stderr]   process didn't exit successfully: `/opt/rustwide/target/debug/build/tree-sitter-c-sharp/fb1260d674eb04d2/out/build_script_build` (exit status: 1)
[INFO] [stderr]   --- stdout
[INFO] [stderr]   cargo:rerun-if-changed=src/parser.c
[INFO] [stderr]   cargo:rerun-if-changed=src/scanner.c
[INFO] [stderr]   cargo:rerun-if-env-changed=CC_FORCE_DISABLE
[INFO] [stderr]   CC_FORCE_DISABLE = None
[INFO] [stderr]   cargo:rerun-if-env-changed=CC_x86_64-unknown-linux-gnu
[INFO] [stderr]   CC_x86_64-unknown-linux-gnu = None
[INFO] [stderr]   cargo:rerun-if-env-changed=CC_x86_64_unknown_linux_gnu
[INFO] [stderr]   CC_x86_64_unknown_linux_gnu = None
[INFO] [stderr]   cargo:rerun-if-env-changed=HOST_CC
[INFO] [stderr]   HOST_CC = None
[INFO] [stderr]   cargo:rerun-if-env-changed=CC
[INFO] [stderr]   CC = None
[INFO] [stderr]   cargo:rerun-if-env-changed=CC_ENABLE_DEBUG_OUTPUT
[INFO] [stderr]   cargo:rerun-if-env-changed=CRATE_CC_NO_DEFAULTS
[INFO] [stderr]   CRATE_CC_NO_DEFAULTS = None
[INFO] [stderr]   cargo:rerun-if-env-changed=CFLAGS
[INFO] [stderr]   CFLAGS = None
[INFO] [stderr]   cargo:rerun-if-env-changed=HOST_CFLAGS
[INFO] [stderr]   HOST_CFLAGS = None
[INFO] [stderr]   cargo:rerun-if-env-changed=CFLAGS_x86_64_unknown_linux_gnu
[INFO] [stderr]   CFLAGS_x86_64_unknown_linux_gnu = None
[INFO] [stderr]   cargo:rerun-if-env-changed=CFLAGS_x86_64-unknown-linux-gnu
[INFO] [stderr]   CFLAGS_x86_64-unknown-linux-gnu = None
[INFO] [stderr]   cargo:warning=cc: fatal error: Killed signal terminated program cc1
[INFO] [stderr]   cargo:warning=compilation terminated.
[INFO] [stderr] 
[INFO] [stderr]   --- stderr
[INFO] [stderr] 
[INFO] [stderr] 
[INFO] [stderr]   error occurred in cc-rs: command did not execute successfully (status code exit status: 1): LC_ALL="C" "cc" "-O0" "-ffunction-sections" "-fdata-sections" "-fPIC" "-g" "-gdwarf-4" "-fno-omit-frame-pointer" "-m64" "-std=c11" "-I" "src" "-Wall" "-Wextra" "-o" "/opt/rustwide/target/debug/build/tree-sitter-c-sharp/fd123f47dfd81eee/out/ea708c7824d36062-parser.o" "-c" "src/parser.c"
[INFO] [stderr] 
[INFO] [stderr] 
[INFO] [stderr] warning: build failed, waiting for other jobs to finish...
[INFO] [stderr] error: could not compile `jiff` (lib)
[INFO] [stderr] 
[INFO] [stderr] Caused by:
[INFO] [stderr]   process didn't exit successfully: `/opt/rustwide/rustup-home/toolchains/69bccf03c4733f57482f9691456efcd80f86a5f6/bin/rustc --crate-name jiff --edition=2021 /opt/rustwide/cargo-home/registry/src/index.crates.io-1949cf8c6b5b557f/jiff-0.2.35/src/lib.rs --error-format=json --json=diagnostic-rendered-ansi,artifacts,future-incompat,unused-externs-silent --crate-type lib --emit=dep-info,metadata -C embed-bitcode=no -C debuginfo=2 --cfg 'feature="alloc"' --cfg 'feature="default"' --cfg 'feature="perf-inline"' --cfg 'feature="std"' --cfg 'feature="tz-fat"' --cfg 'feature="tz-system"' --cfg 'feature="tzdb-bundle-platform"' --cfg 'feature="tzdb-concatenated"' --cfg 'feature="tzdb-zoneinfo"' --check-cfg 'cfg(docsrs,test)' --check-cfg 'cfg(feature, values("alloc", "default", "defmt", "js", "logging", "perf-inline", "serde", "static", "static-tz", "std", "tz-fat", "tz-system", "tzdb-bundle-always", "tzdb-bundle-platform", "tzdb-concatenated", "tzdb-zoneinfo"))' -C metadata=e92f85dfbace9dd5 -C extra-filename=-b54f8064bb82937c --out-dir /opt/rustwide/target/debug/build/jiff/b54f8064bb82937c/out --extern jcore=/opt/rustwide/target/debug/build/jiff-core/e878d300508b3f3b/out/libjiff_core-e878d300508b3f3b.rmeta --cap-lints allow --cap-lints=forbid --force-warn=unused_crate_dependencies` (signal: 9, SIGKILL: kill)
[INFO] [stderr] warning: libsqlite3-sys@0.37.0: cc: fatal error: Killed signal terminated program cc1
[INFO] [stderr] warning: libsqlite3-sys@0.37.0: compilation terminated.
[INFO] [stderr] error: failed to run custom build command for `libsqlite3-sys v0.37.0`
[INFO] [stderr] note: To improve backtraces for build dependencies, set the CARGO_PROFILE_DEV_BUILD_OVERRIDE_DEBUG=true environment variable to enable debug information generation.
[INFO] [stderr] 
[INFO] [stderr] Caused by:
[INFO] [stderr]   process didn't exit successfully: `/opt/rustwide/target/debug/build/libsqlite3-sys/257208ab55090752/out/build_script_build` (exit status: 1)
[INFO] [stderr]   --- stdout
[INFO] [stderr]   cargo:rerun-if-env-changed=LIBSQLITE3_SYS_USE_PKG_CONFIG
[INFO] [stderr]   cargo:include=/opt/rustwide/cargo-home/registry/src/index.crates.io-1949cf8c6b5b557f/libsqlite3-sys-0.37.0/sqlite3
[INFO] [stderr]   cargo:rerun-if-changed=sqlite3/sqlite3.c
[INFO] [stderr]   cargo:rerun-if-changed=sqlite3/wasm32-wasi-vfs.c
[INFO] [stderr]   cargo:rerun-if-env-changed=SQLITE_MAX_VARIABLE_NUMBER
[INFO] [stderr]   cargo:rerun-if-env-changed=SQLITE_MAX_EXPR_DEPTH
[INFO] [stderr]   cargo:rerun-if-env-changed=SQLITE_MAX_COLUMN
[INFO] [stderr]   cargo:rerun-if-env-changed=LIBSQLITE3_FLAGS
[INFO] [stderr]   cargo:rerun-if-env-changed=CC_FORCE_DISABLE
[INFO] [stderr]   CC_FORCE_DISABLE = None
[INFO] [stderr]   cargo:rerun-if-env-changed=CC_x86_64-unknown-linux-gnu
[INFO] [stderr]   CC_x86_64-unknown-linux-gnu = None
[INFO] [stderr]   cargo:rerun-if-env-changed=CC_x86_64_unknown_linux_gnu
[INFO] [stderr]   CC_x86_64_unknown_linux_gnu = None
[INFO] [stderr]   cargo:rerun-if-env-changed=HOST_CC
[INFO] [stderr]   HOST_CC = None
[INFO] [stderr]   cargo:rerun-if-env-changed=CC
[INFO] [stderr]   CC = None
[INFO] [stderr]   cargo:rerun-if-env-changed=CC_ENABLE_DEBUG_OUTPUT
[INFO] [stderr]   cargo:rerun-if-env-changed=CRATE_CC_NO_DEFAULTS
[INFO] [stderr]   CRATE_CC_NO_DEFAULTS = None
[INFO] [stderr]   cargo:rerun-if-env-changed=CFLAGS
[INFO] [stderr]   CFLAGS = None
[INFO] [stderr]   cargo:rerun-if-env-changed=HOST_CFLAGS
[INFO] [stderr]   HOST_CFLAGS = None
[INFO] [stderr]   cargo:rerun-if-env-changed=CFLAGS_x86_64_unknown_linux_gnu
[INFO] [stderr]   CFLAGS_x86_64_unknown_linux_gnu = None
[INFO] [stderr]   cargo:rerun-if-env-changed=CFLAGS_x86_64-unknown-linux-gnu
[INFO] [stderr]   CFLAGS_x86_64-unknown-linux-gnu = None
[INFO] [stderr]   cargo:warning=cc: fatal error: Killed signal terminated program cc1
[INFO] [stderr]   cargo:warning=compilation terminated.
[INFO] [stderr] 
[INFO] [stderr]   --- stderr
[INFO] [stderr] 
[INFO] [stderr] 
[INFO] [stderr]   error occurred in cc-rs: command did not execute successfully (status code exit status: 1): LC_ALL="C" "cc" "-O0" "-ffunction-sections" "-fdata-sections" "-fPIC" "-g" "-gdwarf-4" "-fno-omit-frame-pointer" "-m64" "-w" "-DSQLITE_CORE" "-DSQLITE_DEFAULT_FOREIGN_KEYS=1" "-DSQLITE_ENABLE_API_ARMOR" "-DSQLITE_ENABLE_COLUMN_METADATA" "-DSQLITE_ENABLE_DBSTAT_VTAB" "-DSQLITE_ENABLE_FTS3" "-DSQLITE_ENABLE_FTS3_PARENTHESIS" "-DSQLITE_ENABLE_FTS5" "-DSQLITE_ENABLE_JSON1" "-DSQLITE_ENABLE_LOAD_EXTENSION=1" "-DSQLITE_ENABLE_MEMORY_MANAGEMENT" "-DSQLITE_ENABLE_RTREE" "-DSQLITE_ENABLE_STAT4" "-DSQLITE_SOUNDEX" "-DSQLITE_THREADSAFE=1" "-DSQLITE_USE_URI" "-DHAVE_USLEEP=1" "-DHAVE_ISNAN" "-D_POSIX_THREAD_SAFE_FUNCTIONS" "-DHAVE_LOCALTIME_R" "-o" "/opt/rustwide/target/debug/build/libsqlite3-sys/633ec81b319ef4d1/out/c877a2978823c39d-sqlite3.o" "-c" "sqlite3/sqlite3.c"
[INFO] [stderr] 
[INFO] [stderr] 
[INFO] [stderr] error: could not compile `syn` (lib)
[INFO] [stderr] 
[INFO] [stderr] Caused by:
[INFO] [stderr]   process didn't exit successfully: `/opt/rustwide/rustup-home/toolchains/69bccf03c4733f57482f9691456efcd80f86a5f6/bin/rustc --crate-name syn --edition=2021 /opt/rustwide/cargo-home/registry/src/index.crates.io-1949cf8c6b5b557f/syn-2.0.119/src/lib.rs --error-format=json --json=diagnostic-rendered-ansi,artifacts,future-incompat,unused-externs-silent --crate-type lib --emit=dep-info,metadata,link -Z embed-metadata=no -C embed-bitcode=no --cfg 'feature="clone-impls"' --cfg 'feature="default"' --cfg 'feature="derive"' --cfg 'feature="extra-traits"' --cfg 'feature="fold"' --cfg 'feature="full"' --cfg 'feature="parsing"' --cfg 'feature="printing"' --cfg 'feature="proc-macro"' --cfg 'feature="visit"' --check-cfg 'cfg(docsrs,test)' --check-cfg 'cfg(feature, values("clone-impls", "default", "derive", "extra-traits", "fold", "full", "parsing", "printing", "proc-macro", "test", "visit", "visit-mut"))' -C metadata=48a9d59f76ca82d3 -C extra-filename=-ebfc5d4dec142331 --out-dir /opt/rustwide/target/debug/build/syn/ebfc5d4dec142331/out -L dependency=/opt/rustwide/target/debug/build/proc-macro2/ee684499ef27f3b8/out -L dependency=/opt/rustwide/target/debug/build/unicode-ident/8c98a1a0e58216a9/out --extern proc_macro2=/opt/rustwide/target/debug/build/proc-macro2/ee684499ef27f3b8/out/libproc_macro2-ee684499ef27f3b8.rmeta --extern quote=/opt/rustwide/target/debug/build/quote/97307b84563a2c10/out/libquote-97307b84563a2c10.rmeta --extern unicode_ident=/opt/rustwide/target/debug/build/unicode-ident/8c98a1a0e58216a9/out/libunicode_ident-8c98a1a0e58216a9.rmeta --cap-lints allow --cap-lints=forbid --force-warn=unused_crate_dependencies` (signal: 9, SIGKILL: kill)
[INFO] running `Command { std: "docker" "inspect" "3e9c212a3df0aa089057b7539436c9e135a67a4729b745e0e91843b43bcab1b5", kill_on_drop: false }`
[INFO] running `Command { std: "docker" "rm" "-f" "3e9c212a3df0aa089057b7539436c9e135a67a4729b745e0e91843b43bcab1b5", kill_on_drop: false }`
[INFO] [stdout] 3e9c212a3df0aa089057b7539436c9e135a67a4729b745e0e91843b43bcab1b5
