[INFO] cloning repository https://github.com/tpyd/gameboy
[INFO] running `Command { std: "git" "-c" "credential.helper=" "-c" "credential.helper=/workspace/cargo-home/bin/git-credential-null" "clone" "--bare" "https://github.com/tpyd/gameboy" "/workspace/cache/git-repos/https%3A%2F%2Fgithub.com%2Ftpyd%2Fgameboy", kill_on_drop: false }`
[INFO] [stderr] Cloning into bare repository '/workspace/cache/git-repos/https%3A%2F%2Fgithub.com%2Ftpyd%2Fgameboy'...
[INFO] running `Command { std: "git" "rev-parse" "HEAD", kill_on_drop: false }`
[INFO] [stdout] 993cf771af21b3cf43514bce1cd835c9912bce76
[INFO] checking tpyd/gameboy against 69bccf03c4733f57482f9691456efcd80f86a5f6 for pr-164053
[INFO] running `Command { std: "git" "clone" "/workspace/cache/git-repos/https%3A%2F%2Fgithub.com%2Ftpyd%2Fgameboy" "/workspace/builds/worker-7-tc1/source", kill_on_drop: false }`
[INFO] [stderr] Cloning into '/workspace/builds/worker-7-tc1/source'...
[INFO] [stderr] done.
[INFO] started tweaking git repo https://github.com/tpyd/gameboy
[INFO] finished tweaking git repo https://github.com/tpyd/gameboy
[INFO] tweaked toml for git repo https://github.com/tpyd/gameboy written to /workspace/builds/worker-7-tc1/source/Cargo.toml
[INFO] validating manifest of git repo https://github.com/tpyd/gameboy on toolchain 69bccf03c4733f57482f9691456efcd80f86a5f6
[INFO] running `Command { std: CARGO_HOME="/workspace/cargo-home" RUSTUP_HOME="/workspace/rustup-home" "/workspace/cargo-home/bin/cargo" "+69bccf03c4733f57482f9691456efcd80f86a5f6" "metadata" "--manifest-path" "Cargo.toml" "--no-deps", kill_on_drop: false }`
[INFO] crate git repo https://github.com/tpyd/gameboy already has a lockfile, it will not be regenerated
[INFO] running `Command { std: CARGO_HOME="/workspace/cargo-home" RUSTUP_HOME="/workspace/rustup-home" "/workspace/cargo-home/bin/cargo" "+69bccf03c4733f57482f9691456efcd80f86a5f6" "fetch" "--manifest-path" "Cargo.toml", kill_on_drop: false }`
[INFO] [stderr]     Updating crates.io index
[INFO] [stderr]  Downloading crates ...
[INFO] [stderr]   Downloaded memchr v2.3.4
[INFO] [stderr]   Downloaded unicode-ident v1.0.8
[INFO] [stderr]   Downloaded minifb v0.24.0
[INFO] [stderr]   Downloaded pkg-config v0.3.26
[INFO] [stderr]   Downloaded once_cell v1.17.1
[INFO] [stderr]   Downloaded windows-targets v0.48.0
[INFO] [stderr]   Downloaded raw-window-handle v0.4.3
[INFO] [stderr]   Downloaded wayland-cursor v0.29.5
[INFO] [stderr]   Downloaded log v0.4.14
[INFO] [stderr]   Downloaded futures-sink v0.3.28
[INFO] [stderr]   Downloaded cty v0.2.2
[INFO] [stderr]   Downloaded xcursor v0.3.3
[INFO] [stderr]   Downloaded thread_local v1.1.3
[INFO] [stderr]   Downloaded fastrand v1.9.0
[INFO] [stderr]   Downloaded raw-window-handle v0.3.3
[INFO] [stderr]   Downloaded wayland-commons v0.29.5
[INFO] [stderr]   Downloaded dlib v0.5.0
[INFO] [stderr]   Downloaded smallvec v1.6.1
[INFO] [stderr]   Downloaded redox_syscall v0.2.5
[INFO] [stderr]   Downloaded wayland-sys v0.29.5
[INFO] [stderr]   Downloaded wasm-bindgen-futures v0.4.34
[INFO] [stderr]   Downloaded hermit-abi v0.3.1
[INFO] [stderr]   Downloaded errno v0.3.0
[INFO] [stderr]   Downloaded version-compare v0.0.10
[INFO] [stderr]   Downloaded unidiff v0.3.3
[INFO] [stderr]   Downloaded cmake v0.1.45
[INFO] [stderr]   Downloaded futures-task v0.3.28
[INFO] [stderr]   Downloaded xml-rs v0.8.3
[INFO] [stderr]   Downloaded downcast-rs v1.2.0
[INFO] [stderr]   Downloaded version_check v0.9.2
[INFO] [stderr]   Downloaded errno-dragonfly v0.1.2
[INFO] [stderr]   Downloaded futures-io v0.3.28
[INFO] [stderr]   Downloaded futures-core v0.3.28
[INFO] [stderr]   Downloaded tempfile v3.5.0
[INFO] [stderr]   Downloaded filetime v0.2.14
[INFO] [stderr]   Downloaded slab v0.4.8
[INFO] [stderr]   Downloaded futures-macro v0.3.28
[INFO] [stderr]   Downloaded xattr v0.2.2
[INFO] [stderr]   Downloaded miniz_oxide v0.4.4
[INFO] [stderr]   Downloaded futures-channel v0.3.28
[INFO] [stderr]   Downloaded futures-executor v0.3.28
[INFO] [stderr]   Downloaded wayland-scanner v0.29.5
[INFO] [stderr]   Downloaded libloading v0.7.0
[INFO] [stderr]   Downloaded io-lifetimes v1.0.10
[INFO] [stderr]   Downloaded futures v0.3.28
[INFO] [stderr]   Downloaded cc v1.2.19
[INFO] [stderr]   Downloaded tar v0.4.33
[INFO] [stderr]   Downloaded flate2 v1.0.20
[INFO] [stderr]   Downloaded wayland-client v0.29.5
[INFO] [stderr]   Downloaded aho-corasick v0.7.15
[INFO] [stderr]   Downloaded wayland-protocols v0.29.5
[INFO] [stderr]   Downloaded bumpalo v3.6.1
[INFO] [stderr]   Downloaded sdl2 v0.34.3
[INFO] [stderr]   Downloaded nom v6.1.2
[INFO] [stderr]   Downloaded futures-util v0.3.28
[INFO] [stderr]   Downloaded regex v1.4.3
[INFO] [stderr]   Downloaded regex-syntax v0.6.22
[INFO] [stderr]   Downloaded rustix v0.37.8
[INFO] [stderr]   Downloaded windows_aarch64_gnullvm v0.48.0
[INFO] [stderr]   Downloaded windows_x86_64_gnullvm v0.48.0
[INFO] [stderr]   Downloaded sdl2-sys v0.34.3
[INFO] [stderr]   Downloaded libc v0.2.141
[INFO] [stderr]   Downloaded windows_aarch64_msvc v0.48.0
[INFO] [stderr]   Downloaded web-sys v0.3.48
[INFO] [stderr]   Downloaded windows_x86_64_gnu v0.48.0
[INFO] [stderr]   Downloaded windows_x86_64_msvc v0.48.0
[INFO] [stderr]   Downloaded windows_i686_msvc v0.48.0
[INFO] [stderr]   Downloaded windows_i686_gnu v0.48.0
[INFO] [stderr]   Downloaded linux-raw-sys v0.3.1
[INFO] [stderr]   Downloaded orbclient v0.3.31
[INFO] [stderr]   Downloaded encoding_rs v0.8.28
[INFO] running `Command { std: "docker" "create" "-v" "/var/lib/crater-agent-workspace/builds/worker-7-tc1/source:/opt/rustwide/workdir:ro,Z" "-v" "/var/lib/crater-agent-workspace/builds/worker-7-tc1/target:/opt/rustwide/target:rw,Z" "-v" "/var/lib/crater-agent-workspace/cargo-home:/opt/rustwide/cargo-home:ro,Z" "-v" "/var/lib/crater-agent-workspace/rustup-home:/opt/rustwide/rustup-home:ro,Z" "-m" "1610612736" "--network" "none" "ghcr.io/rust-lang/crates-build-env/linux@sha256:77db811e55d90add9212f6832c23229e3de5f1c1f9905e8cb07319ea15df73ac" "sleep" "infinity", kill_on_drop: false }`
[INFO] [stdout] 70469c816be0032c21795d6b9d7bca54508705a1ed3985c7dc7a1f86ec3aa457
[INFO] running `Command { std: "docker" "start" "70469c816be0032c21795d6b9d7bca54508705a1ed3985c7dc7a1f86ec3aa457", kill_on_drop: false }`
[INFO] running `Command { std: "docker" "inspect" "70469c816be0032c21795d6b9d7bca54508705a1ed3985c7dc7a1f86ec3aa457", kill_on_drop: false }`
[INFO] running `Command { std: "docker" "exec" "-e" "SOURCE_DIR=/opt/rustwide/workdir" "-e" "CARGO_HOME=/opt/rustwide/cargo-home" "-e" "RUSTUP_HOME=/opt/rustwide/rustup-home" "-e" "CARGO_TARGET_DIR=/opt/rustwide/target" "-w" "/opt/rustwide/workdir" "--user" "0:0" "70469c816be0032c21795d6b9d7bca54508705a1ed3985c7dc7a1f86ec3aa457" "/opt/rustwide/cargo-home/bin/cargo" "+69bccf03c4733f57482f9691456efcd80f86a5f6" "metadata" "--no-deps" "--format-version=1", kill_on_drop: false }`
[INFO] running `Command { std: "docker" "inspect" "70469c816be0032c21795d6b9d7bca54508705a1ed3985c7dc7a1f86ec3aa457", kill_on_drop: false }`
[INFO] running `Command { std: "docker" "exec" "-e" "SOURCE_DIR=/opt/rustwide/workdir" "-e" "CARGO_HOME=/opt/rustwide/cargo-home" "-e" "RUSTUP_HOME=/opt/rustwide/rustup-home" "-e" "CARGO_TARGET_DIR=/opt/rustwide/target" "-e" "CARGO_INCREMENTAL=0" "-e" "RUST_BACKTRACE=full" "-e" "RUSTFLAGS=--cap-lints=forbid" "-e" "RUSTDOCFLAGS=--cap-lints=forbid" "-w" "/opt/rustwide/workdir" "--user" "0:0" "70469c816be0032c21795d6b9d7bca54508705a1ed3985c7dc7a1f86ec3aa457" "/opt/rustwide/cargo-home/bin/cargo" "+69bccf03c4733f57482f9691456efcd80f86a5f6" "check" "--frozen" "--all" "--all-targets" "--message-format=json", kill_on_drop: false }`
[INFO] [stderr]    Compiling proc-macro2 v1.0.95
[INFO] [stderr]    Compiling unicode-ident v1.0.8
[INFO] [stderr]    Compiling libc v0.2.141
[INFO] [stderr]    Compiling pkg-config v0.3.26
[INFO] [stderr]    Compiling bitflags v1.2.1
[INFO] [stderr]    Compiling autocfg v1.0.1
[INFO] [stderr]    Compiling xml-rs v0.8.3
[INFO] [stderr]    Compiling memchr v2.3.4
[INFO] [stderr]    Compiling version_check v0.9.2
[INFO] [stderr]     Checking once_cell v1.17.1
[INFO] [stderr]     Checking smallvec v1.6.1
[INFO] [stderr]    Compiling io-lifetimes v1.0.10
[INFO] [stderr]     Checking downcast-rs v1.2.0
[INFO] [stderr]    Compiling shlex v1.3.0
[INFO] [stderr]     Checking libloading v0.7.0
[INFO] [stderr]    Compiling rustix v0.37.8
[INFO] [stderr]     Checking scoped-tls v1.0.1
[INFO] [stderr]     Checking linux-raw-sys v0.3.1
[INFO] [stderr]     Checking dlib v0.5.0
[INFO] [stderr]    Compiling serde v1.0.219
[INFO] [stderr]    Compiling cc v1.2.19
[INFO] [stderr]     Checking fastrand v1.9.0
[INFO] [stderr]    Compiling serde_json v1.0.140
[INFO] [stderr]    Compiling nom v6.1.2
[INFO] [stderr]     Checking cty v0.2.2
[INFO] [stderr]     Checking itoa v1.0.15
[INFO] [stderr]     Checking ryu v1.0.20
[INFO] [stderr]     Checking raw-window-handle v0.4.3
[INFO] [stderr]     Checking instructions v0.1.0 (/opt/rustwide/workdir/crates/instructions)
[INFO] [stdout] warning: unused import: `core::fmt`
[INFO] [stdout]  --> crates/instructions/src/types.rs:1:5
[INFO] [stdout]   |
[INFO] [stdout] 1 | use core::fmt;
[INFO] [stdout]   |     ^^^^^^^^^
[INFO] [stdout]   |
[INFO] [stdout]   = note: `#[warn(unused_imports)]` (part of `#[warn(unused)]`) on by default
[INFO] [stdout] 
[INFO] [stdout] 
[INFO] [stdout] warning: unused import: `std::fmt::Display`
[INFO] [stdout]  --> crates/instructions/src/types.rs:2:5
[INFO] [stdout]   |
[INFO] [stdout] 2 | use std::fmt::Display;
[INFO] [stdout]   |     ^^^^^^^^^^^^^^^^^
[INFO] [stdout] 
[INFO] [stdout] 
[INFO] [stderr]    Compiling memoffset v0.6.5
[INFO] [stderr]     Checking disassembler v0.1.0 (/opt/rustwide/workdir/crates/disassembler)
[INFO] [stdout] warning: unused import: `core::fmt`
[INFO] [stdout]  --> crates/instructions/src/types.rs:1:5
[INFO] [stdout]   |
[INFO] [stdout] 1 | use core::fmt;
[INFO] [stdout]   |     ^^^^^^^^^
[INFO] [stdout]   |
[INFO] [stdout]   = note: `#[warn(unused_imports)]` (part of `#[warn(unused)]`) on by default
[INFO] [stdout] 
[INFO] [stdout] 
[INFO] [stdout] warning: unused import: `std::fmt::Display`
[INFO] [stdout]  --> crates/instructions/src/types.rs:2:5
[INFO] [stdout]   |
[INFO] [stdout] 2 | use std::fmt::Display;
[INFO] [stdout]   |     ^^^^^^^^^^^^^^^^^
[INFO] [stdout] 
[INFO] [stdout] 
[INFO] [stdout] error[E0425]: cannot find value `prefix` in this scope
[INFO] [stdout]   --> crates/disassembler/src/lib.rs:51:13
[INFO] [stdout]    |
[INFO] [stdout] 51 |             prefix = true;
[INFO] [stdout]    |             ^^^^^^
[INFO] [stdout]    |
[INFO] [stdout] help: a local variable with a similar name exists
[INFO] [stdout]    |
[INFO] [stdout] 51 |             prefixed = true;
[INFO] [stdout]    |                   ++
[INFO] [stdout] help: you might have meant to introduce a new binding
[INFO] [stdout]    |
[INFO] [stdout] 51 |             let prefix = true;
[INFO] [stdout]    |             +++
[INFO] [stdout] 
[INFO] [stdout] 
[INFO] [stdout] error[E0425]: cannot find value `instruction_string` in this scope
[INFO] [stdout]   --> crates/disassembler/src/lib.rs:64:40
[INFO] [stdout]    |
[INFO] [stdout] 64 |         line.instruction_string = Some(instruction_string);
[INFO] [stdout]    |                                        ^^^^^^^^^^^^^^^^^^ not found in this scope
[INFO] [stdout]    |
[INFO] [stdout] note: similarly named function `instruction_lookup` defined here
[INFO] [stdout]   --> crates/disassembler/src/lib.rs:72:1
[INFO] [stdout]    |
[INFO] [stdout] 72 | fn instruction_lookup(byte: &u8) -> Option<Instruction> {
[INFO] [stdout]    | ^^^^^^^^^^^^^^^^^^^^^^^^^^^^^^^^^^^^^^^^^^^^^^^^^^^^^^^
[INFO] [stdout] help: a function with a similar name exists
[INFO] [stdout]    |
[INFO] [stdout] 64 -         line.instruction_string = Some(instruction_string);
[INFO] [stdout] 64 +         line.instruction_string = Some(instruction_lookup);
[INFO] [stdout]    |
[INFO] [stdout] 
[INFO] [stdout] 
[INFO] [stdout] error[E0369]: binary operation `==` cannot be applied to type `&mut LineOfCode`
[INFO] [stdout]   --> crates/disassembler/src/lib.rs:50:17
[INFO] [stdout]    |
[INFO] [stdout] 50 |         if line == 0xCB {
[INFO] [stdout]    |            ---- ^^ ---- {integer}
[INFO] [stdout]    |            |
[INFO] [stdout]    |            &mut LineOfCode
[INFO] [stdout] 
[INFO] [stdout] 
[INFO] [stdout] error[E0308]: mismatched types
[INFO] [stdout]   --> crates/disassembler/src/lib.rs:72:37
[INFO] [stdout]    |
[INFO] [stdout] 72 | fn instruction_lookup(byte: &u8) -> Option<Instruction> {
[INFO] [stdout]    |    ------------------               ^^^^^^^^^^^^^^^^^^^ expected `Option<Instruction>`, found `()`
[INFO] [stdout]    |    |
[INFO] [stdout]    |    implicitly returns `()` as its body has no tail or `return` expression
[INFO] [stdout]    |
[INFO] [stdout]    = note:   expected enum `Option<Instruction>`
[INFO] [stdout]            found unit type `()`
[INFO] [stdout] 
[INFO] [stdout] 
[INFO] [stdout] Some errors have detailed explanations: E0308, E0369, E0425.
[INFO] [stdout] 
[INFO] [stdout] For more information about an error, try `rustc --explain E0308`.
[INFO] [stdout] 
[INFO] [stderr] error: could not compile `disassembler` (lib) due to 4 previous errors
[INFO] [stderr] warning: build failed, waiting for other jobs to finish...
[INFO] [stdout] error[E0425]: cannot find value `prefix` in this scope
[INFO] [stdout]   --> crates/disassembler/src/lib.rs:51:13
[INFO] [stdout]    |
[INFO] [stdout] 51 |             prefix = true;
[INFO] [stdout]    |             ^^^^^^
[INFO] [stdout]    |
[INFO] [stdout] help: a local variable with a similar name exists
[INFO] [stdout]    |
[INFO] [stdout] 51 |             prefixed = true;
[INFO] [stdout]    |                   ++
[INFO] [stdout] help: you might have meant to introduce a new binding
[INFO] [stdout]    |
[INFO] [stdout] 51 |             let prefix = true;
[INFO] [stdout]    |             +++
[INFO] [stdout] 
[INFO] [stdout] 
[INFO] [stdout] error[E0425]: cannot find value `instruction_string` in this scope
[INFO] [stdout]   --> crates/disassembler/src/lib.rs:64:40
[INFO] [stdout]    |
[INFO] [stdout] 64 |         line.instruction_string = Some(instruction_string);
[INFO] [stdout]    |                                        ^^^^^^^^^^^^^^^^^^ not found in this scope
[INFO] [stdout]    |
[INFO] [stdout] note: similarly named function `instruction_lookup` defined here
[INFO] [stdout]   --> crates/disassembler/src/lib.rs:72:1
[INFO] [stdout]    |
[INFO] [stdout] 72 | fn instruction_lookup(byte: &u8) -> Option<Instruction> {
[INFO] [stdout]    | ^^^^^^^^^^^^^^^^^^^^^^^^^^^^^^^^^^^^^^^^^^^^^^^^^^^^^^^
[INFO] [stdout] help: a function with a similar name exists
[INFO] [stdout]    |
[INFO] [stdout] 64 -         line.instruction_string = Some(instruction_string);
[INFO] [stdout] 64 +         line.instruction_string = Some(instruction_lookup);
[INFO] [stdout]    |
[INFO] [stdout] 
[INFO] [stdout] 
[INFO] [stdout] error[E0369]: binary operation `==` cannot be applied to type `&mut LineOfCode`
[INFO] [stdout]   --> crates/disassembler/src/lib.rs:50:17
[INFO] [stdout]    |
[INFO] [stdout] 50 |         if line == 0xCB {
[INFO] [stdout]    |            ---- ^^ ---- {integer}
[INFO] [stdout]    |            |
[INFO] [stdout]    |            &mut LineOfCode
[INFO] [stdout] 
[INFO] [stdout] 
[INFO] [stdout] error[E0308]: mismatched types
[INFO] [stdout]   --> crates/disassembler/src/lib.rs:72:37
[INFO] [stdout]    |
[INFO] [stdout] 72 | fn instruction_lookup(byte: &u8) -> Option<Instruction> {
[INFO] [stdout]    |    ------------------               ^^^^^^^^^^^^^^^^^^^ expected `Option<Instruction>`, found `()`
[INFO] [stdout]    |    |
[INFO] [stdout]    |    implicitly returns `()` as its body has no tail or `return` expression
[INFO] [stdout]    |
[INFO] [stdout]    = note:   expected enum `Option<Instruction>`
[INFO] [stdout]            found unit type `()`
[INFO] [stdout] 
[INFO] [stdout] 
[INFO] [stdout] Some errors have detailed explanations: E0308, E0369, E0425.
[INFO] [stdout] 
[INFO] [stdout] For more information about an error, try `rustc --explain E0308`.
[INFO] [stdout] 
[INFO] [stderr] error: could not compile `disassembler` (lib test) due to 4 previous errors
[INFO] running `Command { std: "docker" "inspect" "70469c816be0032c21795d6b9d7bca54508705a1ed3985c7dc7a1f86ec3aa457", kill_on_drop: false }`
[INFO] running `Command { std: "docker" "rm" "-f" "70469c816be0032c21795d6b9d7bca54508705a1ed3985c7dc7a1f86ec3aa457", kill_on_drop: false }`
[INFO] [stdout] 70469c816be0032c21795d6b9d7bca54508705a1ed3985c7dc7a1f86ec3aa457
