[INFO] cloning repository https://github.com/emoon/modland_hash
[INFO] running `Command { std: "git" "-c" "credential.helper=" "-c" "credential.helper=/workspace/cargo-home/bin/git-credential-null" "clone" "--bare" "https://github.com/emoon/modland_hash" "/workspace/cache/git-repos/https%3A%2F%2Fgithub.com%2Femoon%2Fmodland_hash", kill_on_drop: false }`
[INFO] [stderr] Cloning into bare repository '/workspace/cache/git-repos/https%3A%2F%2Fgithub.com%2Femoon%2Fmodland_hash'...
[INFO] running `Command { std: "git" "rev-parse" "HEAD", kill_on_drop: false }`
[INFO] [stdout] 619a87276140c5f6caaf2f0e55ad06a681a37686
[INFO] checking emoon/modland_hash against 67a539cbdf2a0107837ce64f9069509a44da67b7 for pr-164053
[INFO] running `Command { std: "git" "clone" "/workspace/cache/git-repos/https%3A%2F%2Fgithub.com%2Femoon%2Fmodland_hash" "/workspace/builds/worker-1-tc2/source", kill_on_drop: false }`
[INFO] [stderr] Cloning into '/workspace/builds/worker-1-tc2/source'...
[INFO] [stderr] done.
[INFO] started tweaking git repo https://github.com/emoon/modland_hash
[INFO] finished tweaking git repo https://github.com/emoon/modland_hash
[INFO] tweaked toml for git repo https://github.com/emoon/modland_hash written to /workspace/builds/worker-1-tc2/source/Cargo.toml
[INFO] validating manifest of git repo https://github.com/emoon/modland_hash on toolchain 67a539cbdf2a0107837ce64f9069509a44da67b7
[INFO] running `Command { std: CARGO_HOME="/workspace/cargo-home" RUSTUP_HOME="/workspace/rustup-home" "/workspace/cargo-home/bin/cargo" "+67a539cbdf2a0107837ce64f9069509a44da67b7" "metadata" "--manifest-path" "Cargo.toml" "--no-deps", kill_on_drop: false }`
[INFO] crate git repo https://github.com/emoon/modland_hash already has a lockfile, it will not be regenerated
[INFO] running `Command { std: CARGO_HOME="/workspace/cargo-home" RUSTUP_HOME="/workspace/rustup-home" "/workspace/cargo-home/bin/cargo" "+67a539cbdf2a0107837ce64f9069509a44da67b7" "fetch" "--manifest-path" "Cargo.toml", kill_on_drop: false }`
[INFO] [stderr] warning: Cargo.toml: unused manifest key: package.Build
[INFO] [stderr] warning: `modland_hash` (manifest) generated 1 warning
[INFO] running `Command { std: "docker" "create" "-v" "/var/lib/crater-agent-workspace/builds/worker-1-tc2/source:/opt/rustwide/workdir:ro,Z" "-v" "/var/lib/crater-agent-workspace/builds/worker-1-tc2/target:/opt/rustwide/target:rw,Z" "-v" "/var/lib/crater-agent-workspace/cargo-home:/opt/rustwide/cargo-home:ro,Z" "-v" "/var/lib/crater-agent-workspace/rustup-home:/opt/rustwide/rustup-home:ro,Z" "-m" "1610612736" "--network" "none" "ghcr.io/rust-lang/crates-build-env/linux@sha256:77db811e55d90add9212f6832c23229e3de5f1c1f9905e8cb07319ea15df73ac" "sleep" "infinity", kill_on_drop: false }`
[INFO] [stdout] f35ec9760b781352d2da86e885766d931869f2bb6eba5219d542cc286567d9b3
[INFO] running `Command { std: "docker" "start" "f35ec9760b781352d2da86e885766d931869f2bb6eba5219d542cc286567d9b3", kill_on_drop: false }`
[INFO] running `Command { std: "docker" "inspect" "f35ec9760b781352d2da86e885766d931869f2bb6eba5219d542cc286567d9b3", kill_on_drop: false }`
[INFO] running `Command { std: "docker" "exec" "-e" "SOURCE_DIR=/opt/rustwide/workdir" "-e" "CARGO_HOME=/opt/rustwide/cargo-home" "-e" "RUSTUP_HOME=/opt/rustwide/rustup-home" "-e" "CARGO_TARGET_DIR=/opt/rustwide/target" "-w" "/opt/rustwide/workdir" "--user" "0:0" "f35ec9760b781352d2da86e885766d931869f2bb6eba5219d542cc286567d9b3" "/opt/rustwide/cargo-home/bin/cargo" "+67a539cbdf2a0107837ce64f9069509a44da67b7" "metadata" "--no-deps" "--format-version=1", kill_on_drop: false }`
[INFO] running `Command { std: "docker" "inspect" "f35ec9760b781352d2da86e885766d931869f2bb6eba5219d542cc286567d9b3", kill_on_drop: false }`
[INFO] running `Command { std: "docker" "exec" "-e" "SOURCE_DIR=/opt/rustwide/workdir" "-e" "CARGO_HOME=/opt/rustwide/cargo-home" "-e" "RUSTUP_HOME=/opt/rustwide/rustup-home" "-e" "CARGO_TARGET_DIR=/opt/rustwide/target" "-e" "CARGO_INCREMENTAL=0" "-e" "RUST_BACKTRACE=full" "-e" "RUSTFLAGS=--cap-lints=forbid" "-e" "RUSTDOCFLAGS=--cap-lints=forbid" "-w" "/opt/rustwide/workdir" "--user" "0:0" "f35ec9760b781352d2da86e885766d931869f2bb6eba5219d542cc286567d9b3" "/opt/rustwide/cargo-home/bin/cargo" "+67a539cbdf2a0107837ce64f9069509a44da67b7" "check" "--frozen" "--all" "--all-targets" "--message-format=json", kill_on_drop: false }`
[INFO] [stderr] warning: Cargo.toml: unused manifest key: package.Build
[INFO] [stderr] warning: `modland_hash` (manifest) generated 1 warning
[INFO] [stderr]    Compiling libc v0.2.159
[INFO] [stderr]    Compiling proc-macro2 v1.0.86
[INFO] [stderr]     Checking once_cell v1.20.1
[INFO] [stderr]    Compiling crossbeam-utils v0.8.20
[INFO] [stderr]    Compiling time-core v0.1.2
[INFO] [stderr]    Compiling num-conv v0.1.0
[INFO] [stderr]    Compiling unicode-ident v1.0.13
[INFO] [stderr]     Checking deranged v0.3.11
[INFO] [stderr]     Checking tinyvec v1.8.0
[INFO] [stderr]     Checking num_threads v0.1.7
[INFO] [stderr]    Compiling time-macros v0.2.18
[INFO] [stderr]     Checking rustls-pki-types v1.9.0
[INFO] [stderr]     Checking itoa v1.0.11
[INFO] [stderr]     Checking zerocopy v0.7.35
[INFO] [stderr]     Checking crossbeam-epoch v0.9.18
[INFO] [stderr]     Checking ahash v0.8.11
[INFO] [stderr]     Checking getrandom v0.2.15
[INFO] [stderr]    Compiling jobserver v0.1.32
[INFO] [stderr]    Compiling quote v1.0.37
[INFO] [stderr]     Checking anstyle-parse v0.2.5
[INFO] [stderr]     Checking anstyle-query v1.1.1
[INFO] [stderr]     Checking log v0.4.22
[INFO] [stderr]     Checking unicode-normalization v0.1.24
[INFO] [stderr]    Compiling rustls v0.23.13
[INFO] [stderr]    Compiling rayon-core v1.12.1
[INFO] [stderr]     Checking memchr v2.7.4
[INFO] [stderr]    Compiling portable-atomic v1.9.0
[INFO] [stderr]     Checking is_terminal_polyfill v1.70.1
[INFO] [stderr]    Compiling same-file v1.0.6
[INFO] [stderr]     Checking anstyle v1.0.8
[INFO] [stderr]    Compiling cc v1.1.22
[INFO] [stderr]     Checking unicode-bidi v0.3.15
[INFO] [stderr]     Checking colorchoice v1.0.2
[INFO] [stderr]    Compiling walkdir v2.5.0
[INFO] [stderr]     Checking anstream v0.6.15
[INFO] [stderr]     Checking time v0.3.36
[INFO] [stderr]    Compiling syn v2.0.79
[INFO] [stderr]     Checking hashbrown v0.14.5
[INFO] [stderr]     Checking crossbeam-deque v0.8.5
[INFO] [stderr]     Checking idna v0.5.0
[INFO] [stderr]     Checking filetime v0.2.25
[INFO] [stderr]     Checking aho-corasick v1.1.3
[INFO] [stderr]    Compiling anyhow v1.0.89
[INFO] [stderr]     Checking bit-vec v0.6.3
[INFO] [stderr]     Checking clap_lex v0.7.2
[INFO] [stderr]     Checking unicode-width v0.1.14
[INFO] [stderr]     Checking crc-catalog v2.4.0
[INFO] [stderr]     Checking cpufeatures v0.2.14
[INFO] [stderr]     Checking clap_builder v4.5.18
[INFO] [stderr]     Checking crc v3.2.1
[INFO] [stderr]     Checking console v0.15.8
[INFO] [stderr]     Checking hashlink v0.9.1
[INFO] [stderr]     Checking sha2 v0.10.8
[INFO] [stderr]     Checking lzma-rust v0.1.7
[INFO] [stderr]     Checking url v2.5.2
[INFO] [stderr]     Checking nt-time v0.6.13
[INFO] [stderr]     Checking bit-set v0.5.3
[INFO] [stderr]     Checking flate2 v1.0.34
[INFO] [stderr]     Checking regex-automata v0.4.8
[INFO] [stderr]     Checking filetime_creation v0.1.7
[INFO] [stderr]     Checking colored v2.1.0
[INFO] [stderr]     Checking webpki-roots v0.26.6
[INFO] [stderr]     Checking either v1.13.0
[INFO] [stderr]     Checking bitflags v2.6.0
[INFO] [stderr]    Compiling ring v0.17.8
[INFO] [stderr]    Compiling libsqlite3-sys v0.28.0
[INFO] [stderr]    Compiling modland_hash v0.4.0 (/opt/rustwide/workdir)
[INFO] [stderr]     Checking smallvec v1.13.2
[INFO] [stderr]     Checking rayon v1.10.0
[INFO] [stderr]     Checking indicatif v0.17.8
[INFO] [stderr]     Checking simple_logger v4.3.3
[INFO] [stderr]     Checking sevenz-rust v0.5.4
[INFO] [stderr]     Checking regex v1.11.0
[INFO] [stderr]    Compiling clap_derive v4.5.18
[INFO] [stderr]     Checking rustls-webpki v0.102.8
[INFO] [stderr]     Checking clap v4.5.18
[INFO] [stderr] error: could not compile `rustls` (lib)
[INFO] [stderr] 
[INFO] [stderr] Caused by:
[INFO] [stderr]   process didn't exit successfully: `/opt/rustwide/rustup-home/toolchains/67a539cbdf2a0107837ce64f9069509a44da67b7/bin/rustc --crate-name rustls --edition=2021 /opt/rustwide/cargo-home/registry/src/index.crates.io-1949cf8c6b5b557f/rustls-0.23.13/src/lib.rs --error-format=json --json=diagnostic-rendered-ansi,artifacts,future-incompat,unused-externs-silent --crate-type lib --emit=dep-info,metadata -C embed-bitcode=no -C debuginfo=2 --cfg 'feature="log"' --cfg 'feature="logging"' --cfg 'feature="ring"' --cfg 'feature="std"' --cfg 'feature="tls12"' --check-cfg 'cfg(docsrs,test)' --check-cfg 'cfg(feature, values("aws-lc-rs", "aws_lc_rs", "brotli", "custom-provider", "default", "fips", "hashbrown", "log", "logging", "read_buf", "ring", "rustversion", "std", "tls12", "zlib"))' -C metadata=245d9633b50c7ae2 -C extra-filename=-df928afbaa5afa7a --out-dir /opt/rustwide/target/debug/build/rustls/df928afbaa5afa7a/out -L dependency=/opt/rustwide/target/debug/build/cfg-if/d541ac7a75168aa5/out -L dependency=/opt/rustwide/target/debug/build/getrandom/9cf941ef8a72b100/out -L dependency=/opt/rustwide/target/debug/build/libc/6bac623d7a7ccecf/out -L dependency=/opt/rustwide/target/debug/build/ring/79491817ed866850/out -L dependency=/opt/rustwide/target/debug/build/rustls-pki-types/91d0e3355835d391/out -L dependency=/opt/rustwide/target/debug/build/spin/004ca55773a40b53/out -L dependency=/opt/rustwide/target/debug/build/untrusted/03cde965a30f6cbb/out --extern log=/opt/rustwide/target/debug/build/log/5bba7294d90dc890/out/liblog-5bba7294d90dc890.rmeta --extern once_cell=/opt/rustwide/target/debug/build/once_cell/80dca3e55b68fd07/out/libonce_cell-80dca3e55b68fd07.rmeta --extern ring=/opt/rustwide/target/debug/build/ring/79491817ed866850/out/libring-79491817ed866850.rmeta --extern pki_types=/opt/rustwide/target/debug/build/rustls-pki-types/91d0e3355835d391/out/librustls_pki_types-91d0e3355835d391.rmeta --extern webpki=/opt/rustwide/target/debug/build/rustls-webpki/3c4f3b65cfcc91b9/out/libwebpki-3c4f3b65cfcc91b9.rmeta --extern subtle=/opt/rustwide/target/debug/build/subtle/350c4d777e42ad0b/out/libsubtle-350c4d777e42ad0b.rmeta --extern zeroize=/opt/rustwide/target/debug/build/zeroize/9cea171f801bc7db/out/libzeroize-9cea171f801bc7db.rmeta --cap-lints allow --cap-lints=forbid --force-warn=unused_crate_dependencies -L native=/opt/rustwide/target/debug/build/ring/8de17214920e6b55/out --check-cfg 'cfg(bench)' --check-cfg 'cfg(read_buf)'` (signal: 9, SIGKILL: kill)
[INFO] [stderr] warning: build failed, waiting for other jobs to finish...
[INFO] [stderr] warning: libsqlite3-sys@0.28.0: sqlite3/sqlite3.c: In function 'sqlite3ShadowTableName':
[INFO] [stderr] warning: libsqlite3-sys@0.28.0: sqlite3/sqlite3.c:123119:9: warning: assignment discards 'const' qualifier from pointer target type [-Wdiscarded-qualifiers]
[INFO] [stderr] warning: libsqlite3-sys@0.28.0: 123119 |   zTail = strrchr(zName, '_');
[INFO] [stderr] warning: libsqlite3-sys@0.28.0:        |         ^
[INFO] [stderr] warning: libsqlite3-sys@0.28.0: cc: fatal error: Killed signal terminated program cc1
[INFO] [stderr] warning: libsqlite3-sys@0.28.0: compilation terminated.
[INFO] [stderr] error: failed to run custom build command for `libsqlite3-sys v0.28.0`
[INFO] [stderr] note: To improve backtraces for build dependencies, set the CARGO_PROFILE_DEV_BUILD_OVERRIDE_DEBUG=true environment variable to enable debug information generation.
[INFO] [stderr] 
[INFO] [stderr] Caused by:
[INFO] [stderr]   process didn't exit successfully: `/opt/rustwide/target/debug/build/libsqlite3-sys/27aee6e00094b23a/out/build_script_build` (exit status: 1)
[INFO] [stderr]   --- stdout
[INFO] [stderr]   cargo:rerun-if-env-changed=LIBSQLITE3_SYS_USE_PKG_CONFIG
[INFO] [stderr]   cargo:include=/opt/rustwide/cargo-home/registry/src/index.crates.io-1949cf8c6b5b557f/libsqlite3-sys-0.28.0/sqlite3
[INFO] [stderr]   cargo:rerun-if-changed=sqlite3/sqlite3.c
[INFO] [stderr]   cargo:rerun-if-changed=sqlite3/wasm32-wasi-vfs.c
[INFO] [stderr]   cargo:rerun-if-env-changed=SQLITE_MAX_VARIABLE_NUMBER
[INFO] [stderr]   cargo:rerun-if-env-changed=SQLITE_MAX_EXPR_DEPTH
[INFO] [stderr]   cargo:rerun-if-env-changed=SQLITE_MAX_COLUMN
[INFO] [stderr]   cargo:rerun-if-env-changed=LIBSQLITE3_FLAGS
[INFO] [stderr]   OUT_DIR = Some(/opt/rustwide/target/debug/build/libsqlite3-sys/152e3bbe82bc89ea/out)
[INFO] [stderr]   TARGET = Some(x86_64-unknown-linux-gnu)
[INFO] [stderr]   OPT_LEVEL = Some(0)
[INFO] [stderr]   HOST = Some(x86_64-unknown-linux-gnu)
[INFO] [stderr]   cargo:rerun-if-env-changed=CC_x86_64-unknown-linux-gnu
[INFO] [stderr]   CC_x86_64-unknown-linux-gnu = None
[INFO] [stderr]   cargo:rerun-if-env-changed=CC_x86_64_unknown_linux_gnu
[INFO] [stderr]   CC_x86_64_unknown_linux_gnu = None
[INFO] [stderr]   cargo:rerun-if-env-changed=HOST_CC
[INFO] [stderr]   HOST_CC = None
[INFO] [stderr]   cargo:rerun-if-env-changed=CC
[INFO] [stderr]   CC = None
[INFO] [stderr]   cargo:rerun-if-env-changed=CC_ENABLE_DEBUG_OUTPUT
[INFO] [stderr]   RUSTC_WRAPPER = None
[INFO] [stderr]   cargo:rerun-if-env-changed=CRATE_CC_NO_DEFAULTS
[INFO] [stderr]   CRATE_CC_NO_DEFAULTS = None
[INFO] [stderr]   DEBUG = Some(true)
[INFO] [stderr]   CARGO_CFG_TARGET_FEATURE = Some(fxsr,sse,sse2,x87)
[INFO] [stderr]   cargo:rerun-if-env-changed=CFLAGS_x86_64-unknown-linux-gnu
[INFO] [stderr]   CFLAGS_x86_64-unknown-linux-gnu = None
[INFO] [stderr]   cargo:rerun-if-env-changed=CFLAGS_x86_64_unknown_linux_gnu
[INFO] [stderr]   CFLAGS_x86_64_unknown_linux_gnu = None
[INFO] [stderr]   cargo:rerun-if-env-changed=HOST_CFLAGS
[INFO] [stderr]   HOST_CFLAGS = None
[INFO] [stderr]   cargo:rerun-if-env-changed=CFLAGS
[INFO] [stderr]   CFLAGS = None
[INFO] [stderr]   cargo:warning=sqlite3/sqlite3.c: In function 'sqlite3ShadowTableName':
[INFO] [stderr]   cargo:warning=sqlite3/sqlite3.c:123119:9: warning: assignment discards 'const' qualifier from pointer target type [-Wdiscarded-qualifiers]
[INFO] [stderr]   cargo:warning=123119 |   zTail = strrchr(zName, '_');
[INFO] [stderr]   cargo:warning=       |         ^
[INFO] [stderr]   cargo:warning=cc: fatal error: Killed signal terminated program cc1
[INFO] [stderr]   cargo:warning=compilation terminated.
[INFO] [stderr] 
[INFO] [stderr]   --- stderr
[INFO] [stderr] 
[INFO] [stderr] 
[INFO] [stderr]   error occurred: Command "cc" "-O0" "-ffunction-sections" "-fdata-sections" "-fPIC" "-gdwarf-4" "-fno-omit-frame-pointer" "-m64" "-DSQLITE_CORE" "-DSQLITE_DEFAULT_FOREIGN_KEYS=1" "-DSQLITE_ENABLE_API_ARMOR" "-DSQLITE_ENABLE_COLUMN_METADATA" "-DSQLITE_ENABLE_DBSTAT_VTAB" "-DSQLITE_ENABLE_FTS3" "-DSQLITE_ENABLE_FTS3_PARENTHESIS" "-DSQLITE_ENABLE_FTS5" "-DSQLITE_ENABLE_JSON1" "-DSQLITE_ENABLE_LOAD_EXTENSION=1" "-DSQLITE_ENABLE_MEMORY_MANAGEMENT" "-DSQLITE_ENABLE_RTREE" "-DSQLITE_ENABLE_STAT2" "-DSQLITE_ENABLE_STAT4" "-DSQLITE_SOUNDEX" "-DSQLITE_THREADSAFE=1" "-DSQLITE_USE_URI" "-DHAVE_USLEEP=1" "-D_POSIX_THREAD_SAFE_FUNCTIONS" "-DHAVE_ISNAN" "-DHAVE_LOCALTIME_R" "-o" "/opt/rustwide/target/debug/build/libsqlite3-sys/152e3bbe82bc89ea/out/0343851c9008f270-sqlite3.o" "-c" "sqlite3/sqlite3.c" with args cc did not execute successfully (status code exit status: 1).
[INFO] [stderr] 
[INFO] [stderr] 
[ERROR] error running command: no output for 300 seconds
[INFO] running `Command { std: "docker" "inspect" "f35ec9760b781352d2da86e885766d931869f2bb6eba5219d542cc286567d9b3", kill_on_drop: false }`
[INFO] running `Command { std: "docker" "rm" "-f" "f35ec9760b781352d2da86e885766d931869f2bb6eba5219d542cc286567d9b3", kill_on_drop: false }`
[INFO] [stdout] f35ec9760b781352d2da86e885766d931869f2bb6eba5219d542cc286567d9b3
