[INFO] cloning repository https://github.com/demonodojo/soso
[INFO] running `Command { std: "git" "-c" "credential.helper=" "-c" "credential.helper=/workspace/cargo-home/bin/git-credential-null" "clone" "--bare" "https://github.com/demonodojo/soso" "/workspace/cache/git-repos/https%3A%2F%2Fgithub.com%2Fdemonodojo%2Fsoso", kill_on_drop: false }`
[INFO] [stderr] Cloning into bare repository '/workspace/cache/git-repos/https%3A%2F%2Fgithub.com%2Fdemonodojo%2Fsoso'...
[INFO] running `Command { std: "git" "rev-parse" "HEAD", kill_on_drop: false }`
[INFO] [stdout] 8dede33ffc5968ebb778203e84161280b715b856
[INFO] checking demonodojo/soso against 67a539cbdf2a0107837ce64f9069509a44da67b7 for pr-164053
[INFO] running `Command { std: "git" "clone" "/workspace/cache/git-repos/https%3A%2F%2Fgithub.com%2Fdemonodojo%2Fsoso" "/workspace/builds/worker-6-tc2/source", kill_on_drop: false }`
[INFO] [stderr] Cloning into '/workspace/builds/worker-6-tc2/source'...
[INFO] [stderr] done.
[INFO] [stderr] Updating files:  54% (1679/3095)
Updating files:  55% (1703/3095)
Updating files:  56% (1734/3095)
Updating files:  57% (1765/3095)
Updating files:  58% (1796/3095)
Updating files:  59% (1827/3095)
Updating files:  60% (1857/3095)
Updating files:  61% (1888/3095)
Updating files:  62% (1919/3095)
Updating files:  63% (1950/3095)
Updating files:  64% (1981/3095)
Updating files:  65% (2012/3095)
Updating files:  66% (2043/3095)
Updating files:  67% (2074/3095)
Updating files:  68% (2105/3095)
Updating files:  69% (2136/3095)
Updating files:  70% (2167/3095)
Updating files:  71% (2198/3095)
Updating files:  72% (2229/3095)
Updating files:  73% (2260/3095)
Updating files:  74% (2291/3095)
Updating files:  75% (2322/3095)
Updating files:  76% (2353/3095)
Updating files:  77% (2384/3095)
Updating files:  78% (2415/3095)
Updating files:  79% (2446/3095)
Updating files:  80% (2476/3095)
Updating files:  81% (2507/3095)
Updating files:  82% (2538/3095)
Updating files:  83% (2569/3095)
Updating files:  84% (2600/3095)
Updating files:  85% (2631/3095)
Updating files:  86% (2662/3095)
Updating files:  87% (2693/3095)
Updating files:  88% (2724/3095)
Updating files:  89% (2755/3095)
Updating files:  90% (2786/3095)
Updating files:  91% (2817/3095)
Updating files:  92% (2848/3095)
Updating files:  93% (2879/3095)
Updating files:  94% (2910/3095)
Updating files:  95% (2941/3095)
Updating files:  96% (2972/3095)
Updating files:  97% (3003/3095)
Updating files:  98% (3034/3095)
Updating files:  99% (3065/3095)
Updating files: 100% (3095/3095)
Updating files: 100% (3095/3095), done.
[INFO] removed /workspace/builds/worker-6-tc2/source/.cargo/config.toml
[INFO] removed /workspace/builds/worker-6-tc2/source/rust-toolchain.toml
[INFO] started tweaking git repo https://github.com/demonodojo/soso
[INFO] finished tweaking git repo https://github.com/demonodojo/soso
[INFO] tweaked toml for git repo https://github.com/demonodojo/soso written to /workspace/builds/worker-6-tc2/source/Cargo.toml
[INFO] validating manifest of git repo https://github.com/demonodojo/soso on toolchain 67a539cbdf2a0107837ce64f9069509a44da67b7
[INFO] running `Command { std: CARGO_HOME="/workspace/cargo-home" RUSTUP_HOME="/workspace/rustup-home" "/workspace/cargo-home/bin/cargo" "+67a539cbdf2a0107837ce64f9069509a44da67b7" "metadata" "--manifest-path" "Cargo.toml" "--no-deps", kill_on_drop: false }`
[INFO] crate git repo https://github.com/demonodojo/soso already has a lockfile, it will not be regenerated
[INFO] running `Command { std: CARGO_HOME="/workspace/cargo-home" RUSTUP_HOME="/workspace/rustup-home" "/workspace/cargo-home/bin/cargo" "+67a539cbdf2a0107837ce64f9069509a44da67b7" "fetch" "--manifest-path" "Cargo.toml", kill_on_drop: false }`
[INFO] running `Command { std: "docker" "create" "-v" "/var/lib/crater-agent-workspace/builds/worker-6-tc2/source:/opt/rustwide/workdir:ro,Z" "-v" "/var/lib/crater-agent-workspace/builds/worker-6-tc2/target:/opt/rustwide/target:rw,Z" "-v" "/var/lib/crater-agent-workspace/cargo-home:/opt/rustwide/cargo-home:ro,Z" "-v" "/var/lib/crater-agent-workspace/rustup-home:/opt/rustwide/rustup-home:ro,Z" "-m" "1610612736" "--network" "none" "ghcr.io/rust-lang/crates-build-env/linux@sha256:77db811e55d90add9212f6832c23229e3de5f1c1f9905e8cb07319ea15df73ac" "sleep" "infinity", kill_on_drop: false }`
[INFO] [stdout] a07eeb04976e87c402b4988961a696b0f89b009e0cdf6071be3a45568c405fdb
[INFO] running `Command { std: "docker" "start" "a07eeb04976e87c402b4988961a696b0f89b009e0cdf6071be3a45568c405fdb", kill_on_drop: false }`
[INFO] running `Command { std: "docker" "inspect" "a07eeb04976e87c402b4988961a696b0f89b009e0cdf6071be3a45568c405fdb", kill_on_drop: false }`
[INFO] running `Command { std: "docker" "exec" "-e" "SOURCE_DIR=/opt/rustwide/workdir" "-e" "CARGO_HOME=/opt/rustwide/cargo-home" "-e" "RUSTUP_HOME=/opt/rustwide/rustup-home" "-e" "CARGO_TARGET_DIR=/opt/rustwide/target" "-w" "/opt/rustwide/workdir" "--user" "0:0" "a07eeb04976e87c402b4988961a696b0f89b009e0cdf6071be3a45568c405fdb" "/opt/rustwide/cargo-home/bin/cargo" "+67a539cbdf2a0107837ce64f9069509a44da67b7" "metadata" "--no-deps" "--format-version=1", kill_on_drop: false }`
[INFO] running `Command { std: "docker" "inspect" "a07eeb04976e87c402b4988961a696b0f89b009e0cdf6071be3a45568c405fdb", kill_on_drop: false }`
[INFO] running `Command { std: "docker" "exec" "-e" "SOURCE_DIR=/opt/rustwide/workdir" "-e" "CARGO_HOME=/opt/rustwide/cargo-home" "-e" "RUSTUP_HOME=/opt/rustwide/rustup-home" "-e" "CARGO_TARGET_DIR=/opt/rustwide/target" "-e" "CARGO_INCREMENTAL=0" "-e" "RUST_BACKTRACE=full" "-e" "RUSTFLAGS=--cap-lints=forbid" "-e" "RUSTDOCFLAGS=--cap-lints=forbid" "-w" "/opt/rustwide/workdir" "--user" "0:0" "a07eeb04976e87c402b4988961a696b0f89b009e0cdf6071be3a45568c405fdb" "/opt/rustwide/cargo-home/bin/cargo" "+67a539cbdf2a0107837ce64f9069509a44da67b7" "check" "--frozen" "--all" "--all-targets" "--message-format=json", kill_on_drop: false }`
[INFO] [stderr]    Compiling proc-macro2 v1.0.106
[INFO] [stderr]    Compiling unicode-ident v1.0.24
[INFO] [stderr]    Compiling quote v1.0.46
[INFO] [stderr]     Checking crc-catalog v2.5.0
[INFO] [stderr]    Compiling zerocopy v0.8.54
[INFO] [stderr]    Compiling zmij v1.0.22
[INFO] [stderr]     Checking cfg-if v1.0.4
[INFO] [stderr]    Compiling serde_json v1.0.150
[INFO] [stderr]     Checking itoa v1.0.18
[INFO] [stderr]     Checking memchr v2.8.3
[INFO] [stderr]     Checking typenum v1.20.1
[INFO] [stderr]    Compiling libm v0.2.16
[INFO] [stderr]     Checking subtle v2.6.1
[INFO] [stderr]    Compiling generic-array v0.14.7
[INFO] [stderr]     Checking cpufeatures v0.2.17
[INFO] [stderr]     Checking block-dev v0.1.0 (/opt/rustwide/workdir/crates/block-dev)
[INFO] [stderr]    Compiling libc v0.2.186
[INFO] [stderr]     Checking soso-abi v0.1.0 (/opt/rustwide/workdir/crates/soso-abi)
[INFO] [stderr]     Checking crc v3.4.0
[INFO] [stderr]    Compiling find-msvc-tools v0.1.9
[INFO] [stderr]     Checking spinning_top v0.2.5
[INFO] [stderr]    Compiling getrandom v0.4.3
[INFO] [stderr]    Compiling soso-alloc v0.1.0 (/opt/rustwide/workdir/crates/soso-alloc)
[INFO] [stderr]     Checking once_cell v1.21.4
[INFO] [stderr]     Checking zeroize v1.9.0
[INFO] [stderr]     Checking log v0.4.33
[INFO] [stderr]     Checking rustls-pki-types v1.15.1
[INFO] [stderr]    Compiling cc v1.4.0
[INFO] [stderr]     Checking linked_list_allocator v0.10.6 (/opt/rustwide/workdir/vendor/linked_list_allocator)
[INFO] [stderr]    Compiling radium v0.7.0
[INFO] [stderr]    Compiling rustix v1.1.4
[INFO] [stderr]     Checking tap v1.0.1
[INFO] [stderr]     Checking untrusted v0.9.0
[INFO] [stderr]     Checking bitflags v2.13.0
[INFO] [stderr]    Compiling num-traits v0.2.19
[INFO] [stderr]    Compiling anyhow v1.0.103
[INFO] [stderr]     Checking funty v2.0.0
[INFO] [stderr]     Checking wyz v0.5.1
[INFO] [stderr]     Checking gptdisk v0.1.0 (/opt/rustwide/workdir/crates/gptdisk)
[INFO] [stderr]    Compiling llvm-tools v0.1.1
[INFO] [stderr]     Checking linux-raw-sys v0.12.1
[INFO] [stderr]    Compiling rustls v0.23.43
[INFO] [stderr]    Compiling bootloader v0.11.15
[INFO] [stderr]     Checking byteorder v1.5.0
[INFO] [stderr]     Checking fastrand v2.4.1
[INFO] [stderr]     Checking soso-resize-core v0.1.0 (/opt/rustwide/workdir/crates/soso-resize-core)
[INFO] [stderr]     Checking webpki-roots v1.0.9
[INFO] [stderr]     Checking talc v4.4.3
[INFO] [stderr]     Checking spin v0.9.9
[INFO] [stderr]     Checking webpki-roots v0.26.11
[INFO] [stderr]     Checking iana-time-zone v0.1.65
[INFO] [stderr]     Checking espfat-core v0.1.0 (/opt/rustwide/workdir/crates/espfat-core)
[INFO] [stderr]     Checking miniz_oxide v0.8.9
[INFO] [stderr]     Checking cuda-proxy v0.1.0 (/opt/rustwide/workdir/tools/cuda-proxy)
[INFO] [stderr]     Checking soso-log-core v0.1.0 (/opt/rustwide/workdir/crates/soso-log-core)
[INFO] [stderr]     Checking fatfs v0.3.6
[INFO] [stderr]     Checking bitvec v1.1.1
[INFO] [stderr]     Checking soso-notify-core v0.1.0 (/opt/rustwide/workdir/crates/soso-notify-core)
[INFO] [stderr]     Checking soso-web-core v0.1.0 (/opt/rustwide/workdir/crates/soso-web-core)
[INFO] [stderr]     Checking soso-rt v0.1.0 (/opt/rustwide/workdir/crates/soso-rt)
[INFO] [stderr]     Checking xhci-nostd v0.1.0 (/opt/rustwide/workdir/crates/xhci-nostd)
[INFO] [stderr]    Compiling syn v2.0.118
[INFO] [stdout] error[E0433]: cannot find module or crate `std` in this scope
[INFO] [stdout]    --> vendor/linked_list_allocator/src/hole.rs:687:9
[INFO] [stdout]     |
[INFO] [stdout] 687 |     use std::{alloc::Layout, convert::TryInto, prelude::v1::*, ptr::NonNull};
[INFO] [stdout]     |         ^^^ use of unresolved module or unlinked crate `std`
[INFO] [stdout]     |
[INFO] [stdout]     = help: if you wanted to use a crate named `std`, use `cargo add std` to add it to your `Cargo.toml`
[INFO] [stdout] 
[INFO] [stdout] 
[INFO] [stdout] error[E0432]: unresolved import `crate::test`
[INFO] [stdout]    --> vendor/linked_list_allocator/src/hole.rs:685:34
[INFO] [stdout]     |
[INFO] [stdout] 685 |     use crate::{align_down_size, test::new_heap};
[INFO] [stdout]     |                                  ^^^^ unresolved import
[INFO] [stdout]     |
[INFO] [stdout] help: a similar path exists
[INFO] [stdout]     |
[INFO] [stdout] 685 |     use crate::{align_down_size, hole::test::new_heap};
[INFO] [stdout]     |                                  ++++++
[INFO] [stdout] 
[INFO] [stdout] 
[INFO] [stdout] error: cannot find macro `println` in this scope
[INFO] [stdout]    --> vendor/linked_list_allocator/src/hole.rs:290:17
[INFO] [stdout]     |
[INFO] [stdout] 290 |                 println!(
[INFO] [stdout]     |                 ^^^^^^^
[INFO] [stdout] 
[INFO] [stdout] 
[INFO] [stdout] error: cannot find macro `println` in this scope
[INFO] [stdout]    --> vendor/linked_list_allocator/src/hole.rs:300:21
[INFO] [stdout]     |
[INFO] [stdout] 300 |                     println!("Done!");
[INFO] [stdout]     |                     ^^^^^^^
[INFO] [stdout] 
[INFO] [stdout] 
[INFO] [stdout] error: cannot find macro `println` in this scope
[INFO] [stdout]    --> vendor/linked_list_allocator/src/hole.rs:305:13
[INFO] [stdout]     |
[INFO] [stdout] 305 |             println!("No holes");
[INFO] [stdout]     |             ^^^^^^^
[INFO] [stdout] 
[INFO] [stdout] 
[INFO] [stderr]     Checking soso-gpu v0.1.0 (/opt/rustwide/workdir/crates/soso-gpu)
[INFO] [stdout] error[E0599]: no method named `try_into` found for type `isize` in the current scope
[INFO] [stdout]    --> vendor/linked_list_allocator/src/hole.rs:759:18
[INFO] [stdout]     |
[INFO] [stdout] 758 |             unsafe { heap.top.offset_from(heap.bottom) }
[INFO] [stdout] 759 |                 .try_into()
[INFO] [stdout]     |                  ^^^^^^^^
[INFO] [stdout]     |
[INFO] [stdout]    --> /rustc/67a539cbdf2a0107837ce64f9069509a44da67b7/library/core/src/convert/mod.rs:624:7
[INFO] [stdout]     |
[INFO] [stdout]     = note: the method is available for `isize` here
[INFO] [stdout]     |
[INFO] [stdout]     = help: items from traits can only be used if the trait is in scope
[INFO] [stdout]     = note: 'core::convert::TryInto' is included in the prelude starting in Edition 2021
[INFO] [stdout] help: trait `TryInto` which provides `try_into` is implemented but not in scope; perhaps you want to import it
[INFO] [stdout]     |
[INFO] [stdout] 684 +     use core::convert::TryInto;
[INFO] [stdout]     |
[INFO] [stdout] help: there is a method `into` with a similar name
[INFO] [stdout]     |
[INFO] [stdout] 759 -                 .try_into()
[INFO] [stdout] 759 +                 .into()
[INFO] [stdout]     |
[INFO] [stdout] 
[INFO] [stdout] 
[INFO] [stdout] Some errors have detailed explanations: E0432, E0433, E0599.
[INFO] [stdout] 
[INFO] [stdout] For more information about an error, try `rustc --explain E0432`.
[INFO] [stdout] 
[INFO] [stderr] error: could not compile `linked_list_allocator` (lib test) due to 6 previous errors
[INFO] [stderr] warning: build failed, waiting for other jobs to finish...
[INFO] [stderr] error: failed to run custom build command for `bootloader v0.11.15`
[INFO] [stderr] note: To improve backtraces for build dependencies, set the CARGO_PROFILE_DEV_BUILD_OVERRIDE_DEBUG=true environment variable to enable debug information generation.
[INFO] [stderr] 
[INFO] [stderr] Caused by:
[INFO] [stderr]   process didn't exit successfully: `/opt/rustwide/target/debug/build/bootloader/d8c529fdc7ee08d0/out/build_script_build` (exit status: 101)
[INFO] [stderr]   --- stderr
[INFO] [stderr]       Updating crates.io index
[INFO] [stderr]       Updating crates.io index
[INFO] [stderr]   warning: spurious network error (3 tries remaining): [6] Could not resolve hostname (Could not resolve host: index.crates.io)
[INFO] [stderr]   warning: spurious network error (3 tries remaining): [6] Could not resolve hostname (Could not resolve host: index.crates.io)
[INFO] [stderr]       Updating crates.io index
[INFO] [stderr]   warning: spurious network error (3 tries remaining): [6] Could not resolve hostname (Could not resolve host: index.crates.io)
[INFO] [stderr]       Updating crates.io index
[INFO] [stderr]   warning: spurious network error (3 tries remaining): [6] Could not resolve hostname (Could not resolve host: index.crates.io)
[INFO] [stderr]       Updating crates.io index
[INFO] [stderr]   warning: spurious network error (3 tries remaining): [6] Could not resolve hostname (Could not resolve host: index.crates.io)
[INFO] [stderr]   warning: spurious network error (2 tries remaining): [6] Could not resolve hostname (Could not resolve host: index.crates.io)
[INFO] [stderr]   warning: spurious network error (2 tries remaining): [6] Could not resolve hostname (Could not resolve host: index.crates.io)
[INFO] [stderr]   warning: spurious network error (2 tries remaining): [6] Could not resolve hostname (Could not resolve host: index.crates.io)
[INFO] [stderr]   warning: spurious network error (2 tries remaining): [6] Could not resolve hostname (Could not resolve host: index.crates.io)
[INFO] [stderr]   warning: spurious network error (2 tries remaining): [6] Could not resolve hostname (Could not resolve host: index.crates.io)
[INFO] [stderr]   warning: spurious network error (1 try remaining): [6] Could not resolve hostname (Could not resolve host: index.crates.io)
[INFO] [stderr]   warning: spurious network error (1 try remaining): [6] Could not resolve hostname (Could not resolve host: index.crates.io)
[INFO] [stderr]   warning: spurious network error (1 try remaining): [6] Could not resolve hostname (Could not resolve host: index.crates.io)
[INFO] [stderr]   warning: spurious network error (1 try remaining): [6] Could not resolve hostname (Could not resolve host: index.crates.io)
[INFO] [stderr]   warning: spurious network error (1 try remaining): [6] Could not resolve hostname (Could not resolve host: index.crates.io)
[INFO] [stderr]   warning: spurious network error (3 tries remaining): [6] Could not resolve hostname (Could not resolve host: index.crates.io)
[INFO] [stderr]   warning: spurious network error (3 tries remaining): [6] Could not resolve hostname (Could not resolve host: index.crates.io)
[INFO] [stderr]   warning: spurious network error (3 tries remaining): [6] Could not resolve hostname (Could not resolve host: index.crates.io)
[INFO] [stderr]   warning: spurious network error (3 tries remaining): [6] Could not resolve hostname (Could not resolve host: index.crates.io)
[INFO] [stderr]   warning: spurious network error (3 tries remaining): [6] Could not resolve hostname (Could not resolve host: index.crates.io)
[INFO] [stderr]   warning: spurious network error (2 tries remaining): [6] Could not resolve hostname (Could not resolve host: index.crates.io)
[INFO] [stderr]   warning: spurious network error (2 tries remaining): [6] Could not resolve hostname (Could not resolve host: index.crates.io)
[INFO] [stderr]   warning: spurious network error (2 tries remaining): [6] Could not resolve hostname (Could not resolve host: index.crates.io)
[INFO] [stderr]   warning: spurious network error (2 tries remaining): [6] Could not resolve hostname (Could not resolve host: index.crates.io)
[INFO] [stderr]   warning: spurious network error (2 tries remaining): [6] Could not resolve hostname (Could not resolve host: index.crates.io)
[INFO] [stderr]   warning: spurious network error (1 try remaining): [6] Could not resolve hostname (Could not resolve host: index.crates.io)
[INFO] [stderr]   warning: spurious network error (1 try remaining): [6] Could not resolve hostname (Could not resolve host: index.crates.io)
[INFO] [stderr]   warning: spurious network error (1 try remaining): [6] Could not resolve hostname (Could not resolve host: index.crates.io)
[INFO] [stderr]   warning: spurious network error (1 try remaining): [6] Could not resolve hostname (Could not resolve host: index.crates.io)
[INFO] [stderr]   warning: spurious network error (1 try remaining): [6] Could not resolve hostname (Could not resolve host: index.crates.io)
[INFO] [stderr]   error: download of config.json failed
[INFO] [stderr] 
[INFO] [stderr]   Caused by:
[INFO] [stderr]     [6] Could not resolve hostname (Could not resolve host: index.crates.io)
[INFO] [stderr] 
[INFO] [stderr]   thread '<unnamed>' (747) panicked at /opt/rustwide/cargo-home/registry/src/index.crates.io-1949cf8c6b5b557f/bootloader-0.11.15/build.rs:100:9:
[INFO] [stderr]   failed to build uefi bootloader
[INFO] [stderr]   stack backtrace:
[INFO] [stderr]      0:     0x5e47bf8436d1 - std[6f562bf49e7df0ac]::backtrace_rs::backtrace::libunwind::trace
[INFO] [stderr]                                  at /rustc/67a539cbdf2a0107837ce64f9069509a44da67b7/library/std/src/../../backtrace/src/backtrace/libunwind.rs:117:9
[INFO] [stderr]      1:     0x5e47bf8436d1 - std[6f562bf49e7df0ac]::backtrace_rs::backtrace::trace_unsynchronized::<std[6f562bf49e7df0ac]::sys::backtrace::_print_fmt::{closure#1}>
[INFO] [stderr]                                  at /rustc/67a539cbdf2a0107837ce64f9069509a44da67b7/library/std/src/../../backtrace/src/backtrace/mod.rs:66:14
[INFO] [stderr]      2:     0x5e47bf8436d1 - std[6f562bf49e7df0ac]::sys::backtrace::_print_fmt
[INFO] [stderr]                                  at /rustc/67a539cbdf2a0107837ce64f9069509a44da67b7/library/std/src/sys/backtrace.rs:74:9
[INFO] [stderr]      3:     0x5e47bf8436d1 - <<std[6f562bf49e7df0ac]::sys::backtrace::BacktraceLock>::print::DisplayBacktrace as core[2293fc6dbf1b76f0]::fmt::Display>::fmt
[INFO] [stderr]                                  at /rustc/67a539cbdf2a0107837ce64f9069509a44da67b7/library/std/src/sys/backtrace.rs:44:26
[INFO] [stderr]      4:     0x5e47bf856c0a - <core[2293fc6dbf1b76f0]::fmt::rt::Argument>::fmt
[INFO] [stderr]                                  at /rustc/67a539cbdf2a0107837ce64f9069509a44da67b7/library/core/src/fmt/rt.rs:152:76
[INFO] [stderr]      5:     0x5e47bf856c0a - core[2293fc6dbf1b76f0]::fmt::write
[INFO] [stderr]      6:     0x5e47bf848f0c - core[2293fc6dbf1b76f0]::io::write::default_write_fmt::<std[6f562bf49e7df0ac]::sys::stdio::unix::Stderr>
[INFO] [stderr]                                  at /rustc/67a539cbdf2a0107837ce64f9069509a44da67b7/library/core/src/io/write.rs:402:11
[INFO] [stderr]      7:     0x5e47bf848f0c - <std[6f562bf49e7df0ac]::sys::stdio::unix::Stderr as core[2293fc6dbf1b76f0]::io::write::Write>::write_fmt
[INFO] [stderr]                                  at /rustc/67a539cbdf2a0107837ce64f9069509a44da67b7/library/core/src/io/write.rs:335:13
[INFO] [stderr]      8:     0x5e47bf823336 - <std[6f562bf49e7df0ac]::sys::backtrace::BacktraceLock>::print
[INFO] [stderr]                                  at /rustc/67a539cbdf2a0107837ce64f9069509a44da67b7/library/std/src/sys/backtrace.rs:47:9
[INFO] [stderr]      9:     0x5e47bf823336 - std[6f562bf49e7df0ac]::panicking::default_hook::{closure#0}
[INFO] [stderr]                                  at /rustc/67a539cbdf2a0107837ce64f9069509a44da67b7/library/std/src/panicking.rs:289:27
[INFO] [stderr]     10:     0x5e47bf83ea41 - std[6f562bf49e7df0ac]::panicking::default_hook
[INFO] [stderr]                                  at /rustc/67a539cbdf2a0107837ce64f9069509a44da67b7/library/std/src/panicking.rs:316:9
[INFO] [stderr]     11:     0x5e47bf83ebfb - std[6f562bf49e7df0ac]::panicking::panic_with_hook
[INFO] [stderr]                                  at /rustc/67a539cbdf2a0107837ce64f9069509a44da67b7/library/std/src/panicking.rs:811:13
[INFO] [stderr]     12:     0x5e47bf823414 - std[6f562bf49e7df0ac]::panicking::panic_handler::{closure#0}
[INFO] [stderr]                                  at /rustc/67a539cbdf2a0107837ce64f9069509a44da67b7/library/std/src/panicking.rs:678:13
[INFO] [stderr]     13:     0x5e47bf81cfa9 - std[6f562bf49e7df0ac]::sys::backtrace::__rust_end_short_backtrace::<std[6f562bf49e7df0ac]::panicking::panic_handler::{closure#0}, !>
[INFO] [stderr]                                  at /rustc/67a539cbdf2a0107837ce64f9069509a44da67b7/library/std/src/sys/backtrace.rs:182:18
[INFO] [stderr]     14:     0x5e47bf823bfd - __rustc[df7f6bf67e434381]::rust_begin_unwind
[INFO] [stderr]                                  at /rustc/67a539cbdf2a0107837ce64f9069509a44da67b7/library/std/src/panicking.rs:676:5
[INFO] [stderr]     15:     0x5e47bf85737c - core[2293fc6dbf1b76f0]::panicking::panic_fmt
[INFO] [stderr]                                  at /rustc/67a539cbdf2a0107837ce64f9069509a44da67b7/library/core/src/panicking.rs:80:14
[INFO] [stderr]     16:     0x5e47bf804bd7 - build_script_build[13a608c94d06dfe0]::build_uefi_bootloader
[INFO] [stderr]     17:     0x5e47bf806496 - build_script_build[13a608c94d06dfe0]::uefi_main
[INFO] [stderr]     18:     0x5e47bf8089de - <build_script_build[13a608c94d06dfe0]::uefi_main as core[2293fc6dbf1b76f0]::ops::function::FnOnce<()>>::call_once
[INFO] [stderr]     19:     0x5e47bf7fcade - std[6f562bf49e7df0ac]::sys::backtrace::__rust_begin_short_backtrace::<build_script_build[13a608c94d06dfe0]::uefi_main, ()>
[INFO] [stderr]     20:     0x5e47bf801f0d - std[6f562bf49e7df0ac]::thread::lifecycle::spawn_unchecked::<build_script_build[13a608c94d06dfe0]::uefi_main, ()>::{closure#1}::{closure#0}
[INFO] [stderr]     21:     0x5e47bf8086f1 - <core[2293fc6dbf1b76f0]::panic::unwind_safe::AssertUnwindSafe<std[6f562bf49e7df0ac]::thread::lifecycle::spawn_unchecked<build_script_build[13a608c94d06dfe0]::uefi_main, ()>::{closure#1}::{closure#0}> as core[2293fc6dbf1b76f0]::ops::function::FnOnce<()>>::call_once
[INFO] [stderr]     22:     0x5e47bf7fff31 - std[6f562bf49e7df0ac]::panicking::catch_unwind::do_call::<core[2293fc6dbf1b76f0]::panic::unwind_safe::AssertUnwindSafe<std[6f562bf49e7df0ac]::thread::lifecycle::spawn_unchecked<build_script_build[13a608c94d06dfe0]::uefi_main, ()>::{closure#1}::{closure#0}>, ()>
[INFO] [stderr]     23:     0x5e47bf8089fb - __rust_try
[INFO] [stderr]     24:     0x5e47bf80151e - std[6f562bf49e7df0ac]::thread::lifecycle::spawn_unchecked::<build_script_build[13a608c94d06dfe0]::uefi_main, ()>::{closure#1}
[INFO] [stderr]     25:     0x5e47bf80240e - <std[6f562bf49e7df0ac]::thread::lifecycle::spawn_unchecked<build_script_build[13a608c94d06dfe0]::uefi_main, ()>::{closure#1} as core[2293fc6dbf1b76f0]::ops::function::FnOnce<()>>::call_once::{shim:vtable#0}
[INFO] [stderr]     26:     0x5e47bf842eaf - <alloc[d4a8a1fc5c766da0]::boxed::Box<dyn core[2293fc6dbf1b76f0]::ops::function::FnOnce<(), Output = ()> + core[2293fc6dbf1b76f0]::marker::Send> as core[2293fc6dbf1b76f0]::ops::function::FnOnce<()>>::call_once
[INFO] [stderr]                                  at /rustc/67a539cbdf2a0107837ce64f9069509a44da67b7/library/alloc/src/boxed.rs:2314:9
[INFO] [stderr]     27:     0x5e47bf842eaf - <std[6f562bf49e7df0ac]::sys::thread::unix::Thread>::new::thread_start
[INFO] [stderr]                                  at /rustc/67a539cbdf2a0107837ce64f9069509a44da67b7/library/std/src/sys/thread/unix.rs:127:17
[INFO] [stderr]     28:     0x6ffeb0fd1dfa - <unknown>
[INFO] [stderr]     29:     0x6ffeb10653d4 - clone
[INFO] [stderr]     30:                0x0 - <unknown>
[INFO] [stderr] 
[INFO] [stderr]   thread 'main' (744) panicked at /opt/rustwide/cargo-home/registry/src/index.crates.io-1949cf8c6b5b557f/bootloader-0.11.15/build.rs:16:29:
[INFO] [stderr]   called `Result::unwrap()` on an `Err` value: Any { .. }
[INFO] [stderr]   stack backtrace:
[INFO] [stderr]      0:     0x5e47bf8436d1 - std[6f562bf49e7df0ac]::backtrace_rs::backtrace::libunwind::trace
[INFO] [stderr]                                  at /rustc/67a539cbdf2a0107837ce64f9069509a44da67b7/library/std/src/../../backtrace/src/backtrace/libunwind.rs:117:9
[INFO] [stderr]      1:     0x5e47bf8436d1 - std[6f562bf49e7df0ac]::backtrace_rs::backtrace::trace_unsynchronized::<std[6f562bf49e7df0ac]::sys::backtrace::_print_fmt::{closure#1}>
[INFO] [stderr]                                  at /rustc/67a539cbdf2a0107837ce64f9069509a44da67b7/library/std/src/../../backtrace/src/backtrace/mod.rs:66:14
[INFO] [stderr]      2:     0x5e47bf8436d1 - std[6f562bf49e7df0ac]::sys::backtrace::_print_fmt
[INFO] [stderr]                                  at /rustc/67a539cbdf2a0107837ce64f9069509a44da67b7/library/std/src/sys/backtrace.rs:74:9
[INFO] [stderr]      3:     0x5e47bf8436d1 - <<std[6f562bf49e7df0ac]::sys::backtrace::BacktraceLock>::print::DisplayBacktrace as core[2293fc6dbf1b76f0]::fmt::Display>::fmt
[INFO] [stderr]                                  at /rustc/67a539cbdf2a0107837ce64f9069509a44da67b7/library/std/src/sys/backtrace.rs:44:26
[INFO] [stderr]      4:     0x5e47bf856c0a - <core[2293fc6dbf1b76f0]::fmt::rt::Argument>::fmt
[INFO] [stderr]                                  at /rustc/67a539cbdf2a0107837ce64f9069509a44da67b7/library/core/src/fmt/rt.rs:152:76
[INFO] [stderr]      5:     0x5e47bf856c0a - core[2293fc6dbf1b76f0]::fmt::write
[INFO] [stderr]      6:     0x5e47bf848f0c - core[2293fc6dbf1b76f0]::io::write::default_write_fmt::<std[6f562bf49e7df0ac]::sys::stdio::unix::Stderr>
[INFO] [stderr]                                  at /rustc/67a539cbdf2a0107837ce64f9069509a44da67b7/library/core/src/io/write.rs:402:11
[INFO] [stderr]      7:     0x5e47bf848f0c - <std[6f562bf49e7df0ac]::sys::stdio::unix::Stderr as core[2293fc6dbf1b76f0]::io::write::Write>::write_fmt
[INFO] [stderr]                                  at /rustc/67a539cbdf2a0107837ce64f9069509a44da67b7/library/core/src/io/write.rs:335:13
[INFO] [stderr]      8:     0x5e47bf823336 - <std[6f562bf49e7df0ac]::sys::backtrace::BacktraceLock>::print
[INFO] [stderr]                                  at /rustc/67a539cbdf2a0107837ce64f9069509a44da67b7/library/std/src/sys/backtrace.rs:47:9
[INFO] [stderr]      9:     0x5e47bf823336 - std[6f562bf49e7df0ac]::panicking::default_hook::{closure#0}
[INFO] [stderr]                                  at /rustc/67a539cbdf2a0107837ce64f9069509a44da67b7/library/std/src/panicking.rs:289:27
[INFO] [stderr]     10:     0x5e47bf83ea41 - std[6f562bf49e7df0ac]::panicking::default_hook
[INFO] [stderr]                                  at /rustc/67a539cbdf2a0107837ce64f9069509a44da67b7/library/std/src/panicking.rs:316:9
[INFO] [stderr]     11:     0x5e47bf83ebfb - std[6f562bf49e7df0ac]::panicking::panic_with_hook
[INFO] [stderr]                                  at /rustc/67a539cbdf2a0107837ce64f9069509a44da67b7/library/std/src/panicking.rs:811:13
[INFO] [stderr]     12:     0x5e47bf8233e2 - std[6f562bf49e7df0ac]::panicking::panic_handler::{closure#0}
[INFO] [stderr]                                  at /rustc/67a539cbdf2a0107837ce64f9069509a44da67b7/library/std/src/panicking.rs:685:13
[INFO] [stderr]     13:     0x5e47bf81cfa9 - std[6f562bf49e7df0ac]::sys::backtrace::__rust_end_short_backtrace::<std[6f562bf49e7df0ac]::panicking::panic_handler::{closure#0}, !>
[INFO] [stderr]                                  at /rustc/67a539cbdf2a0107837ce64f9069509a44da67b7/library/std/src/sys/backtrace.rs:182:18
[INFO] [stderr]     14:     0x5e47bf823bfd - __rustc[df7f6bf67e434381]::rust_begin_unwind
[INFO] [stderr]                                  at /rustc/67a539cbdf2a0107837ce64f9069509a44da67b7/library/std/src/panicking.rs:676:5
[INFO] [stderr]     15:     0x5e47bf85737c - core[2293fc6dbf1b76f0]::panicking::panic_fmt
[INFO] [stderr]                                  at /rustc/67a539cbdf2a0107837ce64f9069509a44da67b7/library/core/src/panicking.rs:80:14
[INFO] [stderr]     16:     0x5e47bf857152 - core[2293fc6dbf1b76f0]::result::unwrap_failed
[INFO] [stderr]                                  at /rustc/67a539cbdf2a0107837ce64f9069509a44da67b7/library/core/src/result.rs:1866:5
[INFO] [stderr]     17:     0x5e47bf805841 - build_script_build[13a608c94d06dfe0]::main
[INFO] [stderr]     18:     0x5e47bf8088e3 - <fn() as core[2293fc6dbf1b76f0]::ops::function::FnOnce<()>>::call_once
[INFO] [stderr]     19:     0x5e47bf7fca1e - std[6f562bf49e7df0ac]::sys::backtrace::__rust_begin_short_backtrace::<fn(), ()>
[INFO] [stderr]     20:     0x5e47bf8001e9 - std[6f562bf49e7df0ac]::rt::lang_start::<()>::{closure#0}
[INFO] [stderr]     21:     0x5e47bf83deb8 - <&dyn core[2293fc6dbf1b76f0]::ops::function::Fn<(), Output = i32> + core[2293fc6dbf1b76f0]::marker::Sync + core[2293fc6dbf1b76f0]::panic::unwind_safe::RefUnwindSafe as core[2293fc6dbf1b76f0]::ops::function::FnOnce<()>>::call_once
[INFO] [stderr]                                  at /rustc/67a539cbdf2a0107837ce64f9069509a44da67b7/library/core/src/ops/function.rs:287:21
[INFO] [stderr]     22:     0x5e47bf83deb8 - std[6f562bf49e7df0ac]::panicking::catch_unwind::do_call::<&dyn core[2293fc6dbf1b76f0]::ops::function::Fn<(), Output = i32> + core[2293fc6dbf1b76f0]::marker::Sync + core[2293fc6dbf1b76f0]::panic::unwind_safe::RefUnwindSafe, i32>
[INFO] [stderr]                                  at /rustc/67a539cbdf2a0107837ce64f9069509a44da67b7/library/std/src/panicking.rs:573:43
[INFO] [stderr]     23:     0x5e47bf83deb8 - std[6f562bf49e7df0ac]::panicking::catch_unwind::<i32, &dyn core[2293fc6dbf1b76f0]::ops::function::Fn<(), Output = i32> + core[2293fc6dbf1b76f0]::marker::Sync + core[2293fc6dbf1b76f0]::panic::unwind_safe::RefUnwindSafe>
[INFO] [stderr]                                  at /rustc/67a539cbdf2a0107837ce64f9069509a44da67b7/library/std/src/panicking.rs:541:19
[INFO] [stderr]     24:     0x5e47bf83deb8 - std[6f562bf49e7df0ac]::panic::catch_unwind::<&dyn core[2293fc6dbf1b76f0]::ops::function::Fn<(), Output = i32> + core[2293fc6dbf1b76f0]::marker::Sync + core[2293fc6dbf1b76f0]::panic::unwind_safe::RefUnwindSafe, i32>
[INFO] [stderr]                                  at /rustc/67a539cbdf2a0107837ce64f9069509a44da67b7/library/std/src/panic.rs:359:14
[INFO] [stderr]     25:     0x5e47bf83deb8 - std[6f562bf49e7df0ac]::rt::lang_start_internal::{closure#0}
[INFO] [stderr]                                  at /rustc/67a539cbdf2a0107837ce64f9069509a44da67b7/library/std/src/rt.rs:175:24
[INFO] [stderr]     26:     0x5e47bf83deb8 - std[6f562bf49e7df0ac]::panicking::catch_unwind::do_call::<std[6f562bf49e7df0ac]::rt::lang_start_internal::{closure#0}, isize>
[INFO] [stderr]                                  at /rustc/67a539cbdf2a0107837ce64f9069509a44da67b7/library/std/src/panicking.rs:573:43
[INFO] [stderr]     27:     0x5e47bf83deb8 - std[6f562bf49e7df0ac]::panicking::catch_unwind::<isize, std[6f562bf49e7df0ac]::rt::lang_start_internal::{closure#0}>
[INFO] [stderr]                                  at /rustc/67a539cbdf2a0107837ce64f9069509a44da67b7/library/std/src/panicking.rs:541:19
[INFO] [stderr]     28:     0x5e47bf83deb8 - std[6f562bf49e7df0ac]::panic::catch_unwind::<std[6f562bf49e7df0ac]::rt::lang_start_internal::{closure#0}, isize>
[INFO] [stderr]                                  at /rustc/67a539cbdf2a0107837ce64f9069509a44da67b7/library/std/src/panic.rs:359:14
[INFO] [stderr]     29:     0x5e47bf83deb8 - std[6f562bf49e7df0ac]::rt::lang_start_internal
[INFO] [stderr]                                  at /rustc/67a539cbdf2a0107837ce64f9069509a44da67b7/library/std/src/rt.rs:171:5
[INFO] [stderr]     30:     0x5e47bf7fc3f1 - std[6f562bf49e7df0ac]::rt::lang_start::<()>
[INFO] [stderr]     31:     0x5e47bf808a35 - main
[INFO] [stderr]     32:     0x6ffeb0f58601 - <unknown>
[INFO] [stderr]     33:     0x6ffeb0f58718 - __libc_start_main
[INFO] [stderr]     34:     0x5e47bf7fa9e5 - _start
[INFO] [stderr]     35:                0x0 - <unknown>
[INFO] [stderr]   error: download of config.json failed
[INFO] [stderr] 
[INFO] [stderr]   Caused by:
[INFO] [stderr]     [6] Could not resolve hostname (Could not resolve host: index.crates.io)
[INFO] [stderr]   error: download of config.json failed
[INFO] [stderr] 
[INFO] [stderr]   Caused by:
[INFO] [stderr]     [6] Could not resolve hostname (Could not resolve host: index.crates.io)
[INFO] [stderr]   error: download of config.json failed
[INFO] [stderr] 
[INFO] [stderr]   Caused by:
[INFO] [stderr]     [6] Could not resolve hostname (Could not resolve host: index.crates.io)
[INFO] [stderr]   error: download of config.json failed
[INFO] [stderr] 
[INFO] [stderr]   Caused by:
[INFO] [stderr]     [6] Could not resolve hostname (Could not resolve host: index.crates.io)
[INFO] running `Command { std: "docker" "inspect" "a07eeb04976e87c402b4988961a696b0f89b009e0cdf6071be3a45568c405fdb", kill_on_drop: false }`
[INFO] running `Command { std: "docker" "rm" "-f" "a07eeb04976e87c402b4988961a696b0f89b009e0cdf6071be3a45568c405fdb", kill_on_drop: false }`
[INFO] [stdout] a07eeb04976e87c402b4988961a696b0f89b009e0cdf6071be3a45568c405fdb
