[INFO] cloning repository https://github.com/chyyuu/starry-mix
[INFO] running `Command { std: "git" "-c" "credential.helper=" "-c" "credential.helper=/workspace/cargo-home/bin/git-credential-null" "clone" "--bare" "https://github.com/chyyuu/starry-mix" "/workspace/cache/git-repos/https%3A%2F%2Fgithub.com%2Fchyyuu%2Fstarry-mix", kill_on_drop: false }`
[INFO] [stderr] Cloning into bare repository '/workspace/cache/git-repos/https%3A%2F%2Fgithub.com%2Fchyyuu%2Fstarry-mix'...
[INFO] running `Command { std: "git" "rev-parse" "HEAD", kill_on_drop: false }`
[INFO] [stdout] 9219fcb91e42e077ee8bb88f407a548b2c45e892
[INFO] checking chyyuu/starry-mix against 67a539cbdf2a0107837ce64f9069509a44da67b7 for pr-164053
[INFO] running `Command { std: "git" "clone" "/workspace/cache/git-repos/https%3A%2F%2Fgithub.com%2Fchyyuu%2Fstarry-mix" "/workspace/builds/worker-1-tc2/source", kill_on_drop: false }`
[INFO] [stderr] Cloning into '/workspace/builds/worker-1-tc2/source'...
[INFO] [stderr] done.
[INFO] [stderr] Updating files:  23% (1866/7927)
Updating files:  24% (1903/7927)
Updating files:  25% (1982/7927)
Updating files:  26% (2062/7927)
Updating files:  27% (2141/7927)
Updating files:  28% (2220/7927)
Updating files:  29% (2299/7927)
Updating files:  30% (2379/7927)
Updating files:  31% (2458/7927)
Updating files:  32% (2537/7927)
Updating files:  33% (2616/7927)
Updating files:  34% (2696/7927)
Updating files:  35% (2775/7927)
Updating files:  36% (2854/7927)
Updating files:  37% (2933/7927)
Updating files:  38% (3013/7927)
Updating files:  39% (3092/7927)
Updating files:  40% (3171/7927)
Updating files:  41% (3251/7927)
Updating files:  42% (3330/7927)
Updating files:  43% (3409/7927)
Updating files:  44% (3488/7927)
Updating files:  45% (3568/7927)
Updating files:  46% (3647/7927)
Updating files:  47% (3726/7927)
Updating files:  48% (3805/7927)
Updating files:  49% (3885/7927)
Updating files:  50% (3964/7927)
Updating files:  51% (4043/7927)
Updating files:  51% (4048/7927)
Updating files:  52% (4123/7927)
Updating files:  53% (4202/7927)
Updating files:  54% (4281/7927)
Updating files:  55% (4360/7927)
Updating files:  56% (4440/7927)
Updating files:  57% (4519/7927)
Updating files:  58% (4598/7927)
Updating files:  59% (4677/7927)
Updating files:  60% (4757/7927)
Updating files:  61% (4836/7927)
Updating files:  62% (4915/7927)
Updating files:  63% (4995/7927)
Updating files:  64% (5074/7927)
Updating files:  65% (5153/7927)
Updating files:  66% (5232/7927)
Updating files:  67% (5312/7927)
Updating files:  68% (5391/7927)
Updating files:  69% (5470/7927)
Updating files:  70% (5549/7927)
Updating files:  71% (5629/7927)
Updating files:  72% (5708/7927)
Updating files:  73% (5787/7927)
Updating files:  74% (5866/7927)
Updating files:  75% (5946/7927)
Updating files:  76% (6025/7927)
Updating files:  77% (6104/7927)
Updating files:  78% (6184/7927)
Updating files:  79% (6263/7927)
Updating files:  80% (6342/7927)
Updating files:  81% (6421/7927)
Updating files:  82% (6501/7927)
Updating files:  83% (6580/7927)
Updating files:  84% (6659/7927)
Updating files:  85% (6738/7927)
Updating files:  86% (6818/7927)
Updating files:  87% (6897/7927)
Updating files:  88% (6976/7927)
Updating files:  89% (7056/7927)
Updating files:  90% (7135/7927)
Updating files:  91% (7214/7927)
Updating files:  92% (7293/7927)
Updating files:  93% (7373/7927)
Updating files:  94% (7452/7927)
Updating files:  95% (7531/7927)
Updating files:  96% (7610/7927)
Updating files:  97% (7690/7927)
Updating files:  98% (7769/7927)
Updating files:  99% (7848/7927)
Updating files: 100% (7927/7927)
Updating files: 100% (7927/7927), done.
[INFO] removed /workspace/builds/worker-1-tc2/source/rust-toolchain.toml
[INFO] started tweaking git repo https://github.com/chyyuu/starry-mix
[INFO] finished tweaking git repo https://github.com/chyyuu/starry-mix
[INFO] tweaked toml for git repo https://github.com/chyyuu/starry-mix written to /workspace/builds/worker-1-tc2/source/Cargo.toml
[INFO] validating manifest of git repo https://github.com/chyyuu/starry-mix on toolchain 67a539cbdf2a0107837ce64f9069509a44da67b7
[INFO] running `Command { std: CARGO_HOME="/workspace/cargo-home" RUSTUP_HOME="/workspace/rustup-home" "/workspace/cargo-home/bin/cargo" "+67a539cbdf2a0107837ce64f9069509a44da67b7" "metadata" "--manifest-path" "Cargo.toml" "--no-deps", kill_on_drop: false }`
[INFO] crate git repo https://github.com/chyyuu/starry-mix already has a lockfile, it will not be regenerated
[INFO] running `Command { std: CARGO_HOME="/workspace/cargo-home" RUSTUP_HOME="/workspace/rustup-home" "/workspace/cargo-home/bin/cargo" "+67a539cbdf2a0107837ce64f9069509a44da67b7" "fetch" "--manifest-path" "Cargo.toml", kill_on_drop: false }`
[INFO] [stderr]     Blocking waiting for file lock on package cache
[INFO] running `Command { std: "docker" "create" "-v" "/var/lib/crater-agent-workspace/builds/worker-1-tc2/source:/opt/rustwide/workdir:ro,Z" "-v" "/var/lib/crater-agent-workspace/builds/worker-1-tc2/target:/opt/rustwide/target:rw,Z" "-v" "/var/lib/crater-agent-workspace/cargo-home:/opt/rustwide/cargo-home:ro,Z" "-v" "/var/lib/crater-agent-workspace/rustup-home:/opt/rustwide/rustup-home:ro,Z" "-m" "1610612736" "--network" "none" "ghcr.io/rust-lang/crates-build-env/linux@sha256:77db811e55d90add9212f6832c23229e3de5f1c1f9905e8cb07319ea15df73ac" "sleep" "infinity", kill_on_drop: false }`
[INFO] [stdout] ac58adbbac9bd9cac80934aeab3d13f067fef4af21cb1de3ee6b4b662dd00841
[INFO] running `Command { std: "docker" "start" "ac58adbbac9bd9cac80934aeab3d13f067fef4af21cb1de3ee6b4b662dd00841", kill_on_drop: false }`
[INFO] running `Command { std: "docker" "inspect" "ac58adbbac9bd9cac80934aeab3d13f067fef4af21cb1de3ee6b4b662dd00841", kill_on_drop: false }`
[INFO] running `Command { std: "docker" "exec" "-e" "SOURCE_DIR=/opt/rustwide/workdir" "-e" "CARGO_HOME=/opt/rustwide/cargo-home" "-e" "RUSTUP_HOME=/opt/rustwide/rustup-home" "-e" "CARGO_TARGET_DIR=/opt/rustwide/target" "-w" "/opt/rustwide/workdir" "--user" "0:0" "ac58adbbac9bd9cac80934aeab3d13f067fef4af21cb1de3ee6b4b662dd00841" "/opt/rustwide/cargo-home/bin/cargo" "+67a539cbdf2a0107837ce64f9069509a44da67b7" "metadata" "--no-deps" "--format-version=1", kill_on_drop: false }`
[INFO] running `Command { std: "docker" "inspect" "ac58adbbac9bd9cac80934aeab3d13f067fef4af21cb1de3ee6b4b662dd00841", kill_on_drop: false }`
[INFO] running `Command { std: "docker" "exec" "-e" "SOURCE_DIR=/opt/rustwide/workdir" "-e" "CARGO_HOME=/opt/rustwide/cargo-home" "-e" "RUSTUP_HOME=/opt/rustwide/rustup-home" "-e" "CARGO_TARGET_DIR=/opt/rustwide/target" "-e" "CARGO_INCREMENTAL=0" "-e" "RUST_BACKTRACE=full" "-e" "RUSTFLAGS=--cap-lints=forbid" "-e" "RUSTDOCFLAGS=--cap-lints=forbid" "-w" "/opt/rustwide/workdir" "--user" "0:0" "ac58adbbac9bd9cac80934aeab3d13f067fef4af21cb1de3ee6b4b662dd00841" "/opt/rustwide/cargo-home/bin/cargo" "+67a539cbdf2a0107837ce64f9069509a44da67b7" "check" "--frozen" "--all" "--all-targets" "--message-format=json", kill_on_drop: false }`
[INFO] [stderr]    Compiling proc-macro2 v1.0.94
[INFO] [stderr]     Checking log v0.4.21
[INFO] [stderr]     Checking bit_field v0.10.2
[INFO] [stderr]     Checking bitflags v2.9.1
[INFO] [stderr]    Compiling utf8parse v0.2.2
[INFO] [stderr]    Compiling anstyle-query v1.1.2
[INFO] [stderr]    Compiling is_terminal_polyfill v1.70.1
[INFO] [stderr]    Compiling colorchoice v1.0.3
[INFO] [stderr]    Compiling rustversion v1.0.20
[INFO] [stderr]    Compiling anstyle v1.0.10
[INFO] [stderr]    Compiling lock_api v0.4.13
[INFO] [stderr]    Compiling clap_lex v0.7.4
[INFO] [stderr]    Compiling x86 v0.52.0
[INFO] [stderr]     Checking memory_addr v0.4.0
[INFO] [stderr]    Compiling winnow v0.7.4
[INFO] [stderr]    Compiling axerrno v0.1.0 (https://github.com/Starry-Mix-THU/axerrno.git?rev=f5d8f86#f5d8f863)
[INFO] [stderr]    Compiling anstyle-parse v0.2.6
[INFO] [stderr]     Checking raw-cpuid v10.7.0
[INFO] [stderr]     Checking volatile v0.4.6
[INFO] [stderr]    Compiling axconfig v0.1.0 (/opt/rustwide/workdir/arceos/modules/axconfig)
[INFO] [stderr]    Compiling linkme-impl v0.3.33
[INFO] [stderr]    Compiling percpu v0.2.0
[INFO] [stderr]    Compiling libc v0.2.175
[INFO] [stderr]    Compiling glob v0.3.2
[INFO] [stderr]    Compiling unicode-width v0.1.14
[INFO] [stderr]    Compiling base64 v0.13.1
[INFO] [stderr]    Compiling anstream v0.6.18
[INFO] [stderr]     Checking hashbrown v0.15.4
[INFO] [stderr]    Compiling prettyplease v0.2.34
[INFO] [stderr]     Checking bitmaps v3.2.1
[INFO] [stderr]     Checking const-default v1.0.0
[INFO] [stderr]     Checking lazyinit v0.2.2
[INFO] [stderr]     Checking futures-core v0.3.31
[INFO] [stderr]    Compiling heapless v0.8.0
[INFO] [stderr]     Checking buddy_system_allocator v0.10.0
[INFO] [stderr]     Checking spin v0.9.8
[INFO] [stderr]     Checking slab_allocator v0.3.1 (https://github.com/arceos-org/slab_allocator.git?tag=v0.3.1#3c13499d)
[INFO] [stderr]     Checking hash32 v0.3.1
[INFO] [stderr]     Checking axio v0.1.1 (https://github.com/Starry-Mix-THU/axio.git?rev=4ececd3#4ececd3f)
[INFO] [stderr]    Compiling clap_builder v4.5.34
[INFO] [stderr]     Checking bitmap-allocator v0.2.0
[INFO] [stderr]     Checking concurrent-queue v2.5.0
[INFO] [stdout] error[E0557]: feature has been removed
[INFO] [stdout]  --> /opt/rustwide/cargo-home/git/checkouts/axio-ddd79f1b417e0801/4ececd3/src/lib.rs:4:12
[INFO] [stdout]   |
[INFO] [stdout] 4 | #![feature(doc_auto_cfg)]
[INFO] [stdout]   |            ^^^^^^^^^^^^ feature has been removed
[INFO] [stdout]   |
[INFO] [stdout]   = note: removed in 1.92.0; see <https://github.com/rust-lang/rust/pull/138907> for more information
[INFO] [stdout]   = note: merged into `doc_cfg`
[INFO] [stdout] 
[INFO] [stdout] 
[INFO] [stderr]     Checking axbacktrace v0.1.0 (https://github.com/Starry-Mix-THU/axbacktrace.git?rev=322f6da#322f6dab)
[INFO] [stderr]    Compiling regex-syntax v0.8.5
[INFO] [stderr]     Checking futures-sink v0.3.31
[INFO] [stderr]    Compiling memchr v2.7.4
[INFO] [stderr]    Compiling clang-sys v1.8.1
[INFO] [stderr]     Checking stable_deref_trait v1.2.0
[INFO] [stderr]    Compiling cfg-if v1.0.1
[INFO] [stderr]    Compiling minimal-lexical v0.2.1
[INFO] [stderr]    Compiling quote v1.0.40
[INFO] [stdout] error[E0658]: use of unstable library feature `core_io`
[INFO] [stdout]   --> /opt/rustwide/cargo-home/git/checkouts/axio-ddd79f1b417e0801/4ececd3/src/lib.rs:43:15
[INFO] [stdout]    |
[INFO] [stdout] 43 |     use core::io::BorrowedBuf;
[INFO] [stdout]    |               ^^
[INFO] [stdout]    |
[INFO] [stdout]    = note: see issue #154046 <https://github.com/rust-lang/rust/issues/154046> for more information
[INFO] [stdout]    = help: add `#![feature(core_io)]` to the crate attributes to enable
[INFO] [stdout]    = note: this compiler was built on 2026-10-09; consider upgrading it if it is out of date
[INFO] [stdout] 
[INFO] [stdout] 
[INFO] [stderr]    Compiling syn v2.0.100
[INFO] [stderr]    Compiling syn v1.0.109
[INFO] [stderr]     Checking x86_64 v0.15.2
[INFO] [stderr]     Checking event-listener v5.4.0
[INFO] [stderr]    Compiling libloading v0.8.8
[INFO] [stdout] error[E0107]: struct takes 1 generic argument but 0 generic arguments were supplied
[INFO] [stdout]    --> /opt/rustwide/cargo-home/git/checkouts/axio-ddd79f1b417e0801/4ececd3/src/lib.rs:100:27
[INFO] [stdout]     |
[INFO] [stdout] 100 |         let mut read_buf: BorrowedBuf<'_> = spare.into();
[INFO] [stdout]     |                           ^^^^^^^^^^^ expected 1 generic argument
[INFO] [stdout]     |
[INFO] [stdout] help: add missing generic argument
[INFO] [stdout]     |
[INFO] [stdout] 100 |         let mut read_buf: BorrowedBuf<'_, T> = spare.into();
[INFO] [stdout]     |                                         +++
[INFO] [stdout] 
[INFO] [stdout] 
[INFO] [stderr]     Checking futures-task v0.3.31
[INFO] [stderr]     Checking axdriver_base v0.1.2 (https://github.com/Starry-Mix-THU/axdriver_crates.git?rev=60dbbb6#60dbbb6e)
[INFO] [stdout] Some errors have detailed explanations: E0107, E0557, E0658.
[INFO] [stdout] 
[INFO] [stdout] For more information about an error, try `rustc --explain E0107`.
[INFO] [stdout] 
[INFO] [stderr]     Checking const-str v0.6.2
[INFO] [stderr] error: could not compile `axio` (lib) due to 3 previous errors
[INFO] [stderr] warning: build failed, waiting for other jobs to finish...
[INFO] [stdout] error[E0046]: not all trait items implemented, missing: `forward_overflowing`, `backward_overflowing`
[INFO] [stdout]    --> /opt/rustwide/cargo-home/registry/src/index.crates.io-1949cf8c6b5b557f/x86_64-0.15.2/src/addr.rs:404:1
[INFO] [stdout]     |
[INFO] [stdout] 404 | impl Step for VirtAddr {
[INFO] [stdout]     | ^^^^^^^^^^^^^^^^^^^^^^ missing `forward_overflowing`, `backward_overflowing` in implementation
[INFO] [stdout]     |
[INFO] [stdout]     = help: implement the missing item: `fn forward_overflowing(_: Self, _: usize) -> (Self, bool) { todo!() }`
[INFO] [stdout]     = help: implement the missing item: `fn backward_overflowing(_: Self, _: usize) -> (Self, bool) { todo!() }`
[INFO] [stdout] 
[INFO] [stdout] 
[INFO] [stdout] error[E0046]: not all trait items implemented, missing: `forward_overflowing`, `backward_overflowing`
[INFO] [stdout]    --> /opt/rustwide/cargo-home/registry/src/index.crates.io-1949cf8c6b5b557f/x86_64-0.15.2/src/structures/paging/page.rs:306:1
[INFO] [stdout]     |
[INFO] [stdout] 306 | impl<S: PageSize> Step for Page<S> {
[INFO] [stdout]     | ^^^^^^^^^^^^^^^^^^^^^^^^^^^^^^^^^^ missing `forward_overflowing`, `backward_overflowing` in implementation
[INFO] [stdout]     |
[INFO] [stdout]     = help: implement the missing item: `fn forward_overflowing(_: Self, _: usize) -> (Self, bool) { todo!() }`
[INFO] [stdout]     = help: implement the missing item: `fn backward_overflowing(_: Self, _: usize) -> (Self, bool) { todo!() }`
[INFO] [stdout] 
[INFO] [stdout] 
[INFO] [stdout] error[E0046]: not all trait items implemented, missing: `forward_overflowing`, `backward_overflowing`
[INFO] [stdout]    --> /opt/rustwide/cargo-home/registry/src/index.crates.io-1949cf8c6b5b557f/x86_64-0.15.2/src/structures/paging/page_table.rs:354:1
[INFO] [stdout]     |
[INFO] [stdout] 354 | impl Step for PageTableIndex {
[INFO] [stdout]     | ^^^^^^^^^^^^^^^^^^^^^^^^^^^^ missing `forward_overflowing`, `backward_overflowing` in implementation
[INFO] [stdout]     |
[INFO] [stdout]     = help: implement the missing item: `fn forward_overflowing(_: Self, _: usize) -> (Self, bool) { todo!() }`
[INFO] [stdout]     = help: implement the missing item: `fn backward_overflowing(_: Self, _: usize) -> (Self, bool) { todo!() }`
[INFO] [stdout] 
[INFO] [stdout] 
[INFO] [stdout] For more information about this error, try `rustc --explain E0046`.
[INFO] [stdout] 
[INFO] [stderr] error: could not compile `x86_64` (lib) due to 3 previous errors
[INFO] running `Command { std: "docker" "inspect" "ac58adbbac9bd9cac80934aeab3d13f067fef4af21cb1de3ee6b4b662dd00841", kill_on_drop: false }`
[INFO] running `Command { std: "docker" "rm" "-f" "ac58adbbac9bd9cac80934aeab3d13f067fef4af21cb1de3ee6b4b662dd00841", kill_on_drop: false }`
[INFO] [stdout] ac58adbbac9bd9cac80934aeab3d13f067fef4af21cb1de3ee6b4b662dd00841
