[INFO] cloning repository https://github.com/c1ay/vanity-rs
[INFO] running `Command { std: "git" "-c" "credential.helper=" "-c" "credential.helper=/workspace/cargo-home/bin/git-credential-null" "clone" "--bare" "https://github.com/c1ay/vanity-rs" "/workspace/cache/git-repos/https%3A%2F%2Fgithub.com%2Fc1ay%2Fvanity-rs", kill_on_drop: false }`
[INFO] [stderr] Cloning into bare repository '/workspace/cache/git-repos/https%3A%2F%2Fgithub.com%2Fc1ay%2Fvanity-rs'...
[INFO] running `Command { std: "git" "rev-parse" "HEAD", kill_on_drop: false }`
[INFO] [stdout] 9db253c282370f289aeb3577dfb4b7b9753a44c7
[INFO] checking c1ay/vanity-rs against 67a539cbdf2a0107837ce64f9069509a44da67b7 for pr-164053
[INFO] running `Command { std: "git" "clone" "/workspace/cache/git-repos/https%3A%2F%2Fgithub.com%2Fc1ay%2Fvanity-rs" "/workspace/builds/worker-7-tc2/source", kill_on_drop: false }`
[INFO] [stderr] Cloning into '/workspace/builds/worker-7-tc2/source'...
[INFO] [stderr] done.
[INFO] started tweaking git repo https://github.com/c1ay/vanity-rs
[INFO] finished tweaking git repo https://github.com/c1ay/vanity-rs
[INFO] tweaked toml for git repo https://github.com/c1ay/vanity-rs written to /workspace/builds/worker-7-tc2/source/Cargo.toml
[INFO] validating manifest of git repo https://github.com/c1ay/vanity-rs on toolchain 67a539cbdf2a0107837ce64f9069509a44da67b7
[INFO] running `Command { std: CARGO_HOME="/workspace/cargo-home" RUSTUP_HOME="/workspace/rustup-home" "/workspace/cargo-home/bin/cargo" "+67a539cbdf2a0107837ce64f9069509a44da67b7" "metadata" "--manifest-path" "Cargo.toml" "--no-deps", kill_on_drop: false }`
[INFO] crate git repo https://github.com/c1ay/vanity-rs already has a lockfile, it will not be regenerated
[INFO] running `Command { std: CARGO_HOME="/workspace/cargo-home" RUSTUP_HOME="/workspace/rustup-home" "/workspace/cargo-home/bin/cargo" "+67a539cbdf2a0107837ce64f9069509a44da67b7" "fetch" "--manifest-path" "Cargo.toml", kill_on_drop: false }`
[INFO] [stderr] warning: `package.homepage` is redundant with `package.repository`
[INFO] [stderr]   --> Cargo.toml:53:12
[INFO] [stderr]    |
[INFO] [stderr] 53 | homepage = "https://github.com/c1ay/vanity-rs"
[INFO] [stderr]    |            ^^^^^^^^^^^^^^^^^^^^^^^^^^^^^^^^^^^
[INFO] [stderr] ...
[INFO] [stderr] 58 | repository = "https://github.com/c1ay/vanity-rs"
[INFO] [stderr]    |              -----------------------------------
[INFO] [stderr]    |
[INFO] [stderr]    = note: `cargo::redundant_homepage` is set to `warn` by default
[INFO] [stderr] help: consider removing `package.homepage`
[INFO] [stderr] warning: `vanity-rs` (manifest) generated 1 warning
[INFO] running `Command { std: "docker" "create" "-v" "/var/lib/crater-agent-workspace/builds/worker-7-tc2/source:/opt/rustwide/workdir:ro,Z" "-v" "/var/lib/crater-agent-workspace/builds/worker-7-tc2/target:/opt/rustwide/target:rw,Z" "-v" "/var/lib/crater-agent-workspace/cargo-home:/opt/rustwide/cargo-home:ro,Z" "-v" "/var/lib/crater-agent-workspace/rustup-home:/opt/rustwide/rustup-home:ro,Z" "-m" "1610612736" "--network" "none" "ghcr.io/rust-lang/crates-build-env/linux@sha256:77db811e55d90add9212f6832c23229e3de5f1c1f9905e8cb07319ea15df73ac" "sleep" "infinity", kill_on_drop: false }`
[INFO] [stdout] 85fb678f648b8efe2bad5011ea635be9215a72fc471e7d64a68131a14189c67a
[INFO] running `Command { std: "docker" "start" "85fb678f648b8efe2bad5011ea635be9215a72fc471e7d64a68131a14189c67a", kill_on_drop: false }`
[INFO] running `Command { std: "docker" "inspect" "85fb678f648b8efe2bad5011ea635be9215a72fc471e7d64a68131a14189c67a", kill_on_drop: false }`
[INFO] running `Command { std: "docker" "exec" "-e" "SOURCE_DIR=/opt/rustwide/workdir" "-e" "CARGO_HOME=/opt/rustwide/cargo-home" "-e" "RUSTUP_HOME=/opt/rustwide/rustup-home" "-e" "CARGO_TARGET_DIR=/opt/rustwide/target" "-w" "/opt/rustwide/workdir" "--user" "0:0" "85fb678f648b8efe2bad5011ea635be9215a72fc471e7d64a68131a14189c67a" "/opt/rustwide/cargo-home/bin/cargo" "+67a539cbdf2a0107837ce64f9069509a44da67b7" "metadata" "--no-deps" "--format-version=1", kill_on_drop: false }`
[INFO] running `Command { std: "docker" "inspect" "85fb678f648b8efe2bad5011ea635be9215a72fc471e7d64a68131a14189c67a", kill_on_drop: false }`
[INFO] running `Command { std: "docker" "exec" "-e" "SOURCE_DIR=/opt/rustwide/workdir" "-e" "CARGO_HOME=/opt/rustwide/cargo-home" "-e" "RUSTUP_HOME=/opt/rustwide/rustup-home" "-e" "CARGO_TARGET_DIR=/opt/rustwide/target" "-e" "CARGO_INCREMENTAL=0" "-e" "RUST_BACKTRACE=full" "-e" "RUSTFLAGS=--cap-lints=forbid" "-e" "RUSTDOCFLAGS=--cap-lints=forbid" "-w" "/opt/rustwide/workdir" "--user" "0:0" "85fb678f648b8efe2bad5011ea635be9215a72fc471e7d64a68131a14189c67a" "/opt/rustwide/cargo-home/bin/cargo" "+67a539cbdf2a0107837ce64f9069509a44da67b7" "check" "--frozen" "--all" "--all-targets" "--message-format=json", kill_on_drop: false }`
[INFO] [stderr] warning: `package.homepage` is redundant with `package.repository`
[INFO] [stderr]   --> Cargo.toml:53:12
[INFO] [stderr]    |
[INFO] [stderr] 53 | homepage = "https://github.com/c1ay/vanity-rs"
[INFO] [stderr]    |            ^^^^^^^^^^^^^^^^^^^^^^^^^^^^^^^^^^^
[INFO] [stderr] ...
[INFO] [stderr] 58 | repository = "https://github.com/c1ay/vanity-rs"
[INFO] [stderr]    |              -----------------------------------
[INFO] [stderr]    |
[INFO] [stderr]    = note: `cargo::redundant_homepage` is set to `warn` by default
[INFO] [stderr] help: consider removing `package.homepage`
[INFO] [stderr] warning: `vanity-rs` (manifest) generated 1 warning
[INFO] [stderr]    Compiling getrandom v0.3.4
[INFO] [stderr]     Checking memchr v2.7.6
[INFO] [stderr]    Compiling serde_core v1.0.228
[INFO] [stderr]     Checking regex-syntax v0.8.6
[INFO] [stderr]    Compiling num-traits v0.2.19
[INFO] [stderr]    Compiling portable-atomic v1.11.1
[INFO] [stderr]    Compiling getrandom v0.4.3
[INFO] [stderr]    Compiling secp256k1-sys v0.11.0
[INFO] [stderr]     Checking getrandom v0.2.16
[INFO] [stderr]    Compiling rustix v1.1.4
[INFO] [stderr]     Checking crossbeam-epoch v0.9.18
[INFO] [stderr]    Compiling syn v2.0.106
[INFO] [stderr]    Compiling ash v0.38.0+1.3.281
[INFO] [stderr]    Compiling cudarc v0.19.9
[INFO] [stderr]     Checking linux-raw-sys v0.12.1
[INFO] [stderr]    Compiling serde_json v1.0.145
[INFO] [stderr]    Compiling tiny-keccak v2.0.2
[INFO] [stderr]     Checking bitflags v2.13.1
[INFO] [stderr]     Checking crossbeam-deque v0.8.6
[INFO] [stderr]     Checking clap_builder v4.5.48
[INFO] [stderr]     Checking console v0.15.11
[INFO] [stderr]     Checking rand_core v0.6.4
[INFO] [stderr]     Checking deranged v0.5.4
[INFO] [stderr]     Checking crossbeam-channel v0.5.15
[INFO] [stderr]     Checking rand_chacha v0.3.1
[INFO] [stderr]     Checking crossbeam-queue v0.3.12
[INFO] [stderr]     Checking aho-corasick v1.1.3
[INFO] [stderr]     Checking rand_core v0.9.5
[INFO] [stderr]     Checking libloading v0.8.9
[INFO] [stderr]     Checking rand_chacha v0.9.0
[INFO] [stderr]     Checking libloading v0.9.0
[INFO] [stderr]     Checking number_prefix v0.4.0
[INFO] [stderr]     Checking jiff v0.2.15
[INFO] [stderr]     Checking rand v0.8.5
[INFO] [stderr]     Checking crossbeam v0.8.4
[INFO] [stderr]     Checking rand v0.9.5
[INFO] [stderr]     Checking num_cpus v1.17.0
[INFO] [stderr]     Checking num-integer v0.1.47
[INFO] [stderr]     Checking zeroize v1.9.0
[INFO] [stderr]     Checking indicatif v0.17.11
[INFO] [stderr]     Checking num-bigint v0.4.8
[INFO] [stderr]     Checking regex-automata v0.4.11
[INFO] [stderr] error: could not compile `ash` (lib)
[INFO] [stderr] 
[INFO] [stderr] Caused by:
[INFO] [stderr]   process didn't exit successfully: `/opt/rustwide/rustup-home/toolchains/67a539cbdf2a0107837ce64f9069509a44da67b7/bin/rustc --crate-name ash --edition=2021 /opt/rustwide/cargo-home/registry/src/index.crates.io-1949cf8c6b5b557f/ash-0.38.0+1.3.281/src/lib.rs --error-format=json --json=diagnostic-rendered-ansi,artifacts,future-incompat,unused-externs-silent --crate-type lib --emit=dep-info,metadata -C embed-bitcode=no -C debuginfo=2 --cfg 'feature="libloading"' --cfg 'feature="loaded"' --cfg 'feature="std"' --check-cfg 'cfg(docsrs,test)' --check-cfg 'cfg(feature, values("debug", "default", "libloading", "linked", "loaded", "std"))' -C metadata=8ebcf9191562f8e6 -C extra-filename=-5ab8c6b595586567 --out-dir /opt/rustwide/target/debug/build/ash/5ab8c6b595586567/out -L dependency=/opt/rustwide/target/debug/build/cfg-if/bc4975430b4eb7b9/out --extern libloading=/opt/rustwide/target/debug/build/libloading/39b06f03cba9dabf/out/liblibloading-39b06f03cba9dabf.rmeta --cap-lints allow --cap-lints=forbid --force-warn=unused_crate_dependencies` (signal: 9, SIGKILL: kill)
[INFO] [stderr] warning: build failed, waiting for other jobs to finish...
[INFO] [stderr] warning: secp256k1-sys@0.11.0: cc: fatal error: Killed signal terminated program cc1
[INFO] [stderr] warning: secp256k1-sys@0.11.0: compilation terminated.
[INFO] [stderr] warning: secp256k1-sys@0.11.0: In file included from depend/secp256k1/src/secp256k1.c:39:
[INFO] [stderr] warning: secp256k1-sys@0.11.0: depend/secp256k1/src/hsort_impl.h: In function 'rustsecp256k1_v0_11_heap_swap64':
[INFO] [stderr] warning: secp256k1-sys@0.11.0: depend/secp256k1/src/hsort_impl.h:30:5: error: implicit declaration of function 'memmove' [-Wimplicit-function-declaration]
[INFO] [stderr] warning: secp256k1-sys@0.11.0:    30 |     memmove(a, b, len);
[INFO] [stderr] warning: secp256k1-sys@0.11.0:       |     ^~~~~~~
[INFO] [stderr] warning: secp256k1-sys@0.11.0: depend/secp256k1/src/hsort_impl.h:11:1: note: include '<string.h>' or provide a declaration of 'memmove'
[INFO] [stderr] warning: secp256k1-sys@0.11.0:    10 | #include "hsort.h"
[INFO] [stderr] warning: secp256k1-sys@0.11.0:   +++ |+#include <string.h>
[INFO] [stderr] warning: secp256k1-sys@0.11.0:    11 | 
[INFO] [stderr] warning: secp256k1-sys@0.11.0: depend/secp256k1/src/hsort_impl.h:30:5: warning: incompatible implicit declaration of built-in function 'memmove' [-Wbuiltin-declaration-mismatch]
[INFO] [stderr] warning: secp256k1-sys@0.11.0:    30 |     memmove(a, b, len);
[INFO] [stderr] warning: secp256k1-sys@0.11.0:       |     ^~~~~~~
[INFO] [stderr] warning: secp256k1-sys@0.11.0: depend/secp256k1/src/hsort_impl.h:30:5: note: include '<string.h>' or provide a declaration of 'memmove'
[INFO] [stderr] error: failed to run custom build command for `secp256k1-sys v0.11.0`
[INFO] [stderr] note: To improve backtraces for build dependencies, set the CARGO_PROFILE_DEV_BUILD_OVERRIDE_DEBUG=true environment variable to enable debug information generation.
[INFO] [stderr] 
[INFO] [stderr] Caused by:
[INFO] [stderr]   process didn't exit successfully: `/opt/rustwide/target/debug/build/secp256k1-sys/5a3ba3242fcd8919/out/build_script_build` (exit status: 1)
[INFO] [stderr]   --- stdout
[INFO] [stderr]   OUT_DIR = Some(/opt/rustwide/target/debug/build/secp256k1-sys/98818e854c7e5325/out)
[INFO] [stderr]   OPT_LEVEL = Some(0)
[INFO] [stderr]   TARGET = Some(x86_64-unknown-linux-gnu)
[INFO] [stderr]   CARGO_ENCODED_RUSTFLAGS = Some(--cap-lints=forbid)
[INFO] [stderr]   HOST = Some(x86_64-unknown-linux-gnu)
[INFO] [stderr]   cargo:rerun-if-env-changed=CC_x86_64-unknown-linux-gnu
[INFO] [stderr]   CC_x86_64-unknown-linux-gnu = None
[INFO] [stderr]   cargo:rerun-if-env-changed=CC_x86_64_unknown_linux_gnu
[INFO] [stderr]   CC_x86_64_unknown_linux_gnu = None
[INFO] [stderr]   cargo:rerun-if-env-changed=HOST_CC
[INFO] [stderr]   HOST_CC = None
[INFO] [stderr]   cargo:rerun-if-env-changed=CC
[INFO] [stderr]   CC = None
[INFO] [stderr]   cargo:rerun-if-env-changed=CC_ENABLE_DEBUG_OUTPUT
[INFO] [stderr]   RUSTC_WRAPPER = None
[INFO] [stderr]   cargo:rerun-if-env-changed=CRATE_CC_NO_DEFAULTS
[INFO] [stderr]   CRATE_CC_NO_DEFAULTS = None
[INFO] [stderr]   DEBUG = Some(true)
[INFO] [stderr]   CARGO_CFG_TARGET_FEATURE = Some(fxsr,sse,sse2,x87)
[INFO] [stderr]   cargo:rerun-if-env-changed=CFLAGS
[INFO] [stderr]   CFLAGS = None
[INFO] [stderr]   cargo:rerun-if-env-changed=HOST_CFLAGS
[INFO] [stderr]   HOST_CFLAGS = None
[INFO] [stderr]   cargo:rerun-if-env-changed=CFLAGS_x86_64_unknown_linux_gnu
[INFO] [stderr]   CFLAGS_x86_64_unknown_linux_gnu = None
[INFO] [stderr]   cargo:rerun-if-env-changed=CFLAGS_x86_64-unknown-linux-gnu
[INFO] [stderr]   CFLAGS_x86_64-unknown-linux-gnu = None
[INFO] [stderr]   OUT_DIR = Some(/opt/rustwide/target/debug/build/secp256k1-sys/98818e854c7e5325/out)
[INFO] [stderr]   cargo:rerun-if-env-changed=CC_ENABLE_DEBUG_OUTPUT
[INFO] [stderr]   cargo:rerun-if-env-changed=CRATE_CC_NO_DEFAULTS
[INFO] [stderr]   CRATE_CC_NO_DEFAULTS = None
[INFO] [stderr]   TARGET = Some(x86_64-unknown-linux-gnu)
[INFO] [stderr]   CARGO_CFG_TARGET_FEATURE = Some(fxsr,sse,sse2,x87)
[INFO] [stderr]   HOST = Some(x86_64-unknown-linux-gnu)
[INFO] [stderr]   cargo:rerun-if-env-changed=CFLAGS
[INFO] [stderr]   CFLAGS = None
[INFO] [stderr]   cargo:rerun-if-env-changed=HOST_CFLAGS
[INFO] [stderr]   HOST_CFLAGS = None
[INFO] [stderr]   cargo:rerun-if-env-changed=CFLAGS_x86_64_unknown_linux_gnu
[INFO] [stderr]   CFLAGS_x86_64_unknown_linux_gnu = None
[INFO] [stderr]   cargo:rerun-if-env-changed=CFLAGS_x86_64-unknown-linux-gnu
[INFO] [stderr]   CFLAGS_x86_64-unknown-linux-gnu = None
[INFO] [stderr]   OUT_DIR = Some(/opt/rustwide/target/debug/build/secp256k1-sys/98818e854c7e5325/out)
[INFO] [stderr]   cargo:rerun-if-env-changed=CC_ENABLE_DEBUG_OUTPUT
[INFO] [stderr]   cargo:rerun-if-env-changed=CRATE_CC_NO_DEFAULTS
[INFO] [stderr]   CRATE_CC_NO_DEFAULTS = None
[INFO] [stderr]   TARGET = Some(x86_64-unknown-linux-gnu)
[INFO] [stderr]   CARGO_CFG_TARGET_FEATURE = Some(fxsr,sse,sse2,x87)
[INFO] [stderr]   HOST = Some(x86_64-unknown-linux-gnu)
[INFO] [stderr]   cargo:rerun-if-env-changed=CFLAGS
[INFO] [stderr]   CFLAGS = None
[INFO] [stderr]   cargo:rerun-if-env-changed=HOST_CFLAGS
[INFO] [stderr]   HOST_CFLAGS = None
[INFO] [stderr]   cargo:rerun-if-env-changed=CFLAGS_x86_64_unknown_linux_gnu
[INFO] [stderr]   CFLAGS_x86_64_unknown_linux_gnu = None
[INFO] [stderr]   cargo:rerun-if-env-changed=CFLAGS_x86_64-unknown-linux-gnu
[INFO] [stderr]   CFLAGS_x86_64-unknown-linux-gnu = None
[INFO] [stderr]   cargo:warning=cc: fatal error: Killed signal terminated program cc1
[INFO] [stderr]   cargo:warning=compilation terminated.
[INFO] [stderr]   cargo:warning=In file included from depend/secp256k1/src/secp256k1.c:39:
[INFO] [stderr]   cargo:warning=depend/secp256k1/src/hsort_impl.h: In function 'rustsecp256k1_v0_11_heap_swap64':
[INFO] [stderr]   cargo:warning=depend/secp256k1/src/hsort_impl.h:30:5: error: implicit declaration of function 'memmove' [-Wimplicit-function-declaration]
[INFO] [stderr]   cargo:warning=   30 |     memmove(a, b, len);
[INFO] [stderr]   cargo:warning=      |     ^~~~~~~
[INFO] [stderr]   cargo:warning=depend/secp256k1/src/hsort_impl.h:11:1: note: include '<string.h>' or provide a declaration of 'memmove'
[INFO] [stderr]   cargo:warning=   10 | #include "hsort.h"
[INFO] [stderr]   cargo:warning=  +++ |+#include <string.h>
[INFO] [stderr]   cargo:warning=   11 | 
[INFO] [stderr]   cargo:warning=depend/secp256k1/src/hsort_impl.h:30:5: warning: incompatible implicit declaration of built-in function 'memmove' [-Wbuiltin-declaration-mismatch]
[INFO] [stderr]   cargo:warning=   30 |     memmove(a, b, len);
[INFO] [stderr]   cargo:warning=      |     ^~~~~~~
[INFO] [stderr]   cargo:warning=depend/secp256k1/src/hsort_impl.h:30:5: note: include '<string.h>' or provide a declaration of 'memmove'
[INFO] [stderr] 
[INFO] [stderr]   --- stderr
[INFO] [stderr] 
[INFO] [stderr] 
[INFO] [stderr]   error occurred in cc-rs: command did not execute successfully (status code exit status: 1): LC_ALL="C" "cc" "-O0" "-ffunction-sections" "-fdata-sections" "-fPIC" "-gdwarf-4" "-fno-omit-frame-pointer" "-m64" "-I" "depend/secp256k1/" "-I" "depend/secp256k1/include" "-I" "depend/secp256k1/src" "-I" "wasm/wasm-sysroot" "-Wall" "-Wextra" "-Wno-unused-function" "-Wno-unused-parameter" "-DSECP256K1_API=" "-DENABLE_MODULE_ECDH=1" "-DENABLE_MODULE_SCHNORRSIG=1" "-DENABLE_MODULE_EXTRAKEYS=1" "-DENABLE_MODULE_ELLSWIFT=1" "-Dprintf(...)=" "-DECMULT_GEN_PREC_BITS=4" "-DECMULT_WINDOW_SIZE=15" "-DUSE_EXTERNAL_DEFAULT_CALLBACKS=1" "-o" "/opt/rustwide/target/debug/build/secp256k1-sys/98818e854c7e5325/out/fce6141bfa9bf74c-secp256k1.o" "-c" "depend/secp256k1/src/secp256k1.c"
[INFO] [stderr] 
[INFO] [stderr] 
[INFO] running `Command { std: "docker" "inspect" "85fb678f648b8efe2bad5011ea635be9215a72fc471e7d64a68131a14189c67a", kill_on_drop: false }`
[INFO] running `Command { std: "docker" "rm" "-f" "85fb678f648b8efe2bad5011ea635be9215a72fc471e7d64a68131a14189c67a", kill_on_drop: false }`
[INFO] [stdout] 85fb678f648b8efe2bad5011ea635be9215a72fc471e7d64a68131a14189c67a
