[INFO] cloning repository https://github.com/bearcove/peeps
[INFO] running `Command { std: "git" "-c" "credential.helper=" "-c" "credential.helper=/workspace/cargo-home/bin/git-credential-null" "clone" "--bare" "https://github.com/bearcove/peeps" "/workspace/cache/git-repos/https%3A%2F%2Fgithub.com%2Fbearcove%2Fpeeps", kill_on_drop: false }`
[INFO] [stderr] Cloning into bare repository '/workspace/cache/git-repos/https%3A%2F%2Fgithub.com%2Fbearcove%2Fpeeps'...
[INFO] running `Command { std: "git" "rev-parse" "HEAD", kill_on_drop: false }`
[INFO] [stdout] 5370b6eb02a27de92b26a4efd67e3837a8a40a52
[INFO] checking bearcove/peeps against 69bccf03c4733f57482f9691456efcd80f86a5f6 for pr-164053
[INFO] running `Command { std: "git" "clone" "/workspace/cache/git-repos/https%3A%2F%2Fgithub.com%2Fbearcove%2Fpeeps" "/workspace/builds/worker-6-tc1/source", kill_on_drop: false }`
[INFO] [stderr] Cloning into '/workspace/builds/worker-6-tc1/source'...
[INFO] [stderr] done.
[INFO] removed /workspace/builds/worker-6-tc1/source/.cargo/config.toml
[INFO] started tweaking git repo https://github.com/bearcove/peeps
[INFO] finished tweaking git repo https://github.com/bearcove/peeps
[INFO] tweaked toml for git repo https://github.com/bearcove/peeps written to /workspace/builds/worker-6-tc1/source/Cargo.toml
[INFO] validating manifest of git repo https://github.com/bearcove/peeps on toolchain 69bccf03c4733f57482f9691456efcd80f86a5f6
[INFO] running `Command { std: CARGO_HOME="/workspace/cargo-home" RUSTUP_HOME="/workspace/rustup-home" "/workspace/cargo-home/bin/cargo" "+69bccf03c4733f57482f9691456efcd80f86a5f6" "metadata" "--manifest-path" "Cargo.toml" "--no-deps", kill_on_drop: false }`
[INFO] crate git repo https://github.com/bearcove/peeps already has a lockfile, it will not be regenerated
[INFO] running `Command { std: CARGO_HOME="/workspace/cargo-home" RUSTUP_HOME="/workspace/rustup-home" "/workspace/cargo-home/bin/cargo" "+69bccf03c4733f57482f9691456efcd80f86a5f6" "fetch" "--manifest-path" "Cargo.toml", kill_on_drop: false }`
[INFO] [stderr]     Updating crates.io index
[INFO] [stderr]  Downloading crates ...
[INFO] [stderr]   Downloaded facet-typescript v0.50.0-rc.0
[INFO] [stderr]   Downloaded impls v1.0.3
[INFO] [stderr]   Downloaded camino v1.2.2
[INFO] [stderr]   Downloaded facet-macro-types v0.50.0-rc.0
[INFO] [stderr]   Downloaded facet-macros v0.50.0-rc.0
[INFO] [stderr]   Downloaded mutants v0.0.3
[INFO] [stderr]   Downloaded facet-macro-parse v0.50.0-rc.0
[INFO] [stderr]   Downloaded ur-taking-me-with-you v7.3.0
[INFO] [stderr]   Downloaded facet-dessert v0.50.0-rc.0
[INFO] [stderr]   Downloaded gloo-timers v0.3.0
[INFO] [stderr]   Downloaded facet-core v0.50.0-rc.0
[INFO] [stderr]   Downloaded rustls-webpki v0.103.12
[INFO] [stderr]   Downloaded facet-path v0.50.0-rc.0
[INFO] [stderr]   Downloaded ctor v0.2.9
[INFO] [stderr]   Downloaded strip-ansi-escapes v0.2.1
[INFO] [stderr]   Downloaded supports-color v2.1.0
[INFO] [stderr]   Downloaded facet-macros-impl v0.50.0-rc.0
[INFO] [stderr]   Downloaded xterm-query v0.5.2
[INFO] [stderr]   Downloaded facet-error v0.50.0-rc.0
[INFO] [stderr]   Downloaded datatest-mini v0.2.0
[INFO] [stderr]   Downloaded owo-colors v4.3.0
[INFO] [stderr]   Downloaded figue-attrs v5.0.0-rc.0
[INFO] [stderr]   Downloaded arborium-sysroot v2.16.0
[INFO] [stderr]   Downloaded unsynn v0.3.0
[INFO] [stderr]   Downloaded facet-solver v0.50.0-rc.0
[INFO] [stderr]   Downloaded facet-pretty v0.50.0-rc.0
[INFO] [stderr]   Downloaded http-range-header v0.4.2
[INFO] [stderr]   Downloaded terminal-light v1.8.0
[INFO] [stderr]   Downloaded dlmalloc v0.2.13
[INFO] [stderr]   Downloaded arborium-toml v2.16.0
[INFO] [stderr]   Downloaded arborium-theme v2.16.0
[INFO] [stderr]   Downloaded ariadne v0.6.0
[INFO] [stderr]   Downloaded facet-value v0.50.0-rc.0
[INFO] [stderr]   Downloaded arborium-html v2.16.0
[INFO] [stderr]   Downloaded iddqd v0.4.4
[INFO] [stderr]   Downloaded arborium-json v2.16.0
[INFO] [stderr]   Downloaded arborium-highlight v2.16.0
[INFO] [stderr]   Downloaded arborium v2.16.0
[INFO] [stderr]   Downloaded tokio-tungstenite v0.29.0
[INFO] [stderr]   Downloaded vte v0.14.1
[INFO] [stderr]   Downloaded arborium-lua v2.16.0
[INFO] [stderr]   Downloaded fs-err v3.3.0
[INFO] [stderr]   Downloaded arborium-xml v2.16.0
[INFO] [stderr]   Downloaded rust-mcp-macros v0.8.1
[INFO] [stderr]   Downloaded facet v0.50.0-rc.0
[INFO] [stderr]   Downloaded arborium-css v2.16.0
[INFO] [stderr]   Downloaded arborium-scss v2.16.0
[INFO] [stderr]   Downloaded axum-server v0.7.3
[INFO] [stderr]   Downloaded facet-format v0.50.0-rc.0
[INFO] [stderr]   Downloaded rust-mcp-transport v0.8.0
[INFO] [stderr]   Downloaded tungstenite v0.29.0
[INFO] [stderr]   Downloaded cpp_demangle v0.4.5
[INFO] [stderr]   Downloaded facet-json v0.50.0-rc.0
[INFO] [stderr]   Downloaded arborium-go v2.16.0
[INFO] [stderr]   Downloaded arborium-yaml v2.16.0
[INFO] [stderr]   Downloaded rusqlite v0.32.1
[INFO] [stderr]   Downloaded rust-mcp-sdk v0.8.3
[INFO] [stderr]   Downloaded arborium-javascript v2.16.0
[INFO] [stderr]   Downloaded arborium-java v2.16.0
[INFO] [stderr]   Downloaded arborium-python v2.16.0
[INFO] [stderr]   Downloaded arborium-markdown v2.16.0
[INFO] [stderr]   Downloaded arborium-r v2.16.0
[INFO] [stderr]   Downloaded facet-reflect v0.50.0-rc.0
[INFO] [stderr]   Downloaded figue v5.0.0-rc.0
[INFO] [stderr]   Downloaded arborium-c v2.16.0
[INFO] [stderr]   Downloaded arborium-zig v2.16.0
[INFO] [stderr]   Downloaded arborium-tree-sitter v2.16.0
[INFO] [stderr]   Downloaded arborium-php v2.16.0
[INFO] [stderr]   Downloaded arborium-typescript v2.16.0
[INFO] [stderr]   Downloaded arborium-tsx v2.16.0
[INFO] [stderr]   Downloaded arborium-bash v2.16.0
[INFO] [stderr]   Downloaded arborium-elixir v2.16.0
[INFO] [stderr]   Downloaded arborium-ruby v2.16.0
[INFO] [stderr]   Downloaded arborium-rust v2.16.0
[INFO] [stderr]   Downloaded arborium-ocaml v2.16.0
[INFO] [stderr]   Downloaded arborium-haskell v2.16.0
[INFO] [stderr]   Downloaded tokio v1.52.0
[INFO] [stderr]   Downloaded rust-mcp-schema v0.9.6
[INFO] [stderr]   Downloaded arborium-swift v2.16.0
[INFO] [stderr]   Downloaded arborium-scala v2.16.0
[INFO] [stderr]   Downloaded arborium-cpp v2.16.0
[INFO] [stderr]   Downloaded arborium-kotlin v2.16.0
[INFO] [stderr]   Downloaded arborium-sql v2.16.0
[INFO] running `Command { std: "docker" "create" "-v" "/var/lib/crater-agent-workspace/builds/worker-6-tc1/source:/opt/rustwide/workdir:ro,Z" "-v" "/var/lib/crater-agent-workspace/builds/worker-6-tc1/target:/opt/rustwide/target:rw,Z" "-v" "/var/lib/crater-agent-workspace/cargo-home:/opt/rustwide/cargo-home:ro,Z" "-v" "/var/lib/crater-agent-workspace/rustup-home:/opt/rustwide/rustup-home:ro,Z" "-m" "1610612736" "--network" "none" "ghcr.io/rust-lang/crates-build-env/linux@sha256:77db811e55d90add9212f6832c23229e3de5f1c1f9905e8cb07319ea15df73ac" "sleep" "infinity", kill_on_drop: false }`
[INFO] [stdout] ac5af8a2dc78976a3e64b0cac1690d542789db4b2ed4d2a5e08f5948f6cf00e1
[INFO] running `Command { std: "docker" "start" "ac5af8a2dc78976a3e64b0cac1690d542789db4b2ed4d2a5e08f5948f6cf00e1", kill_on_drop: false }`
[INFO] running `Command { std: "docker" "inspect" "ac5af8a2dc78976a3e64b0cac1690d542789db4b2ed4d2a5e08f5948f6cf00e1", kill_on_drop: false }`
[INFO] running `Command { std: "docker" "exec" "-e" "SOURCE_DIR=/opt/rustwide/workdir" "-e" "CARGO_HOME=/opt/rustwide/cargo-home" "-e" "RUSTUP_HOME=/opt/rustwide/rustup-home" "-e" "CARGO_TARGET_DIR=/opt/rustwide/target" "-w" "/opt/rustwide/workdir" "--user" "0:0" "ac5af8a2dc78976a3e64b0cac1690d542789db4b2ed4d2a5e08f5948f6cf00e1" "/opt/rustwide/cargo-home/bin/cargo" "+69bccf03c4733f57482f9691456efcd80f86a5f6" "metadata" "--no-deps" "--format-version=1", kill_on_drop: false }`
[INFO] running `Command { std: "docker" "inspect" "ac5af8a2dc78976a3e64b0cac1690d542789db4b2ed4d2a5e08f5948f6cf00e1", kill_on_drop: false }`
[INFO] running `Command { std: "docker" "exec" "-e" "SOURCE_DIR=/opt/rustwide/workdir" "-e" "CARGO_HOME=/opt/rustwide/cargo-home" "-e" "RUSTUP_HOME=/opt/rustwide/rustup-home" "-e" "CARGO_TARGET_DIR=/opt/rustwide/target" "-e" "CARGO_INCREMENTAL=0" "-e" "RUST_BACKTRACE=full" "-e" "RUSTFLAGS=--cap-lints=forbid" "-e" "RUSTDOCFLAGS=--cap-lints=forbid" "-w" "/opt/rustwide/workdir" "--user" "0:0" "ac5af8a2dc78976a3e64b0cac1690d542789db4b2ed4d2a5e08f5948f6cf00e1" "/opt/rustwide/cargo-home/bin/cargo" "+69bccf03c4733f57482f9691456efcd80f86a5f6" "check" "--frozen" "--all" "--all-targets" "--message-format=json", kill_on_drop: false }`
[INFO] [stderr]    Compiling cc v1.2.60
[INFO] [stderr]    Compiling proc-macro2 v1.0.106
[INFO] [stderr]    Compiling tree-sitter-language v0.1.7
[INFO] [stderr]    Compiling libc v0.2.185
[INFO] [stderr]     Checking smallvec v1.15.1
[INFO] [stderr]     Checking foldhash v0.2.0
[INFO] [stderr]    Compiling camino v1.2.2
[INFO] [stderr]    Compiling facet-core v0.50.0-rc.0
[INFO] [stderr]     Checking const-fnv1a-hash v1.1.0
[INFO] [stderr]    Compiling mutants v0.0.3
[INFO] [stderr]     Checking impls v1.0.3
[INFO] [stderr]     Checking bitflags v2.11.1
[INFO] [stderr]    Compiling rustc-hash v2.1.2
[INFO] [stderr]    Compiling zerocopy v0.8.48
[INFO] [stderr]     Checking regex-syntax v0.8.10
[INFO] [stderr]    Compiling strsim v0.11.1
[INFO] [stderr]    Compiling facet v0.50.0-rc.0
[INFO] [stderr]     Checking hashbrown v0.17.0
[INFO] [stderr]     Checking bytes v1.11.1
[INFO] [stderr]    Compiling ahash v0.8.12
[INFO] [stderr]    Compiling pkg-config v0.3.33
[INFO] [stderr]     Checking smallvec v2.0.0-alpha.12
[INFO] [stderr]     Checking fallible-iterator v0.3.0
[INFO] [stderr]     Checking fallible-streaming-iterator v0.1.9
[INFO] [stderr]     Checking futures-channel v0.3.32
[INFO] [stderr]     Checking futures-io v0.3.32
[INFO] [stderr]     Checking litemap v0.8.2
[INFO] [stderr]     Checking writeable v0.6.3
[INFO] [stderr]    Compiling icu_properties_data v2.2.0
[INFO] [stderr]    Compiling icu_normalizer_data v2.2.0
[INFO] [stderr]     Checking zeroize v1.8.2
[INFO] [stderr]    Compiling serde_core v1.0.228
[INFO] [stderr]    Compiling rustix v1.1.4
[INFO] [stderr]     Checking form_urlencoded v1.2.2
[INFO] [stderr]     Checking linux-raw-sys v0.12.1
[INFO] [stderr]     Checking rustls-pki-types v1.14.0
[INFO] [stderr]    Compiling rustls v0.23.38
[INFO] [stderr]    Compiling convert_case v0.10.0
[INFO] [stderr]    Compiling nix v0.29.0
[INFO] [stderr]    Compiling memchr v2.8.0
[INFO] [stderr]    Compiling serde_json v1.0.149
[INFO] [stderr]     Checking sync_wrapper v1.0.2
[INFO] [stderr]    Compiling num-conv v0.2.1
[INFO] [stderr]     Checking http v1.4.0
[INFO] [stderr]     Checking webpki-roots v1.0.6
[INFO] [stderr]    Compiling getrandom v0.4.2
[INFO] [stderr]     Checking is_ci v1.2.0
[INFO] [stderr]     Checking ipnet v2.12.0
[INFO] [stderr]    Compiling unicase v2.9.0
[INFO] [stderr]     Checking simd-adler32 v0.3.9
[INFO] [stderr]    Compiling quote v1.0.45
[INFO] [stderr]    Compiling unsynn v0.3.0
[INFO] [stderr]    Compiling time-core v0.1.8
[INFO] [stderr]     Checking miniz_oxide v0.8.9
[INFO] [stderr]     Checking indexmap v2.14.0
[INFO] [stderr]    Compiling time-macros v0.2.27
[INFO] [stderr]    Compiling mime_guess v2.0.5
[INFO] [stderr]     Checking deranged v0.5.8
[INFO] [stderr]    Compiling syn v2.0.117
[INFO] [stderr]    Compiling cookie v0.18.1
[INFO] [stderr]    Compiling owo-colors v4.3.0
[INFO] [stderr]     Checking num_threads v0.1.7
[INFO] [stderr]    Compiling wasm-bindgen-shared v0.2.118
[INFO] [stderr]     Checking flate2 v1.1.9
[INFO] [stderr]     Checking supports-color v3.0.2
[INFO] [stderr]     Checking ryu v1.0.23
[INFO] [stderr]     Checking coolor v1.1.0
[INFO] [stderr]     Checking http-body v1.0.1
[INFO] [stderr]     Checking psl-types v2.0.11
[INFO] [stderr]     Checking http-body-util v0.1.3
[INFO] [stderr]     Checking streaming-iterator v0.1.9
[INFO] [stderr]     Checking regex-automata v0.4.14
[INFO] [stderr]     Checking vte v0.14.1
[INFO] [stderr]    Compiling fs-err v3.3.0
[INFO] [stderr]     Checking http-range-header v0.4.2
[INFO] [stderr]     Checking iri-string v0.7.12
[INFO] [stderr]    Compiling rustversion v1.0.22
[INFO] [stderr]     Checking data-encoding v2.10.0
[INFO] [stderr]    Compiling arborium v2.16.0
[INFO] [stderr]    Compiling facet-macro-types v0.50.0-rc.0
[INFO] [stderr]     Checking arborium-theme v2.16.0
[INFO] [stderr]     Checking yansi v1.0.1
[INFO] [stderr]    Compiling libsqlite3-sys v0.30.1
[INFO] [stderr]    Compiling ring v0.17.14
[INFO] [stderr]    Compiling arborium-javascript v2.16.0
[INFO] [stderr]    Compiling arborium-css v2.16.0
[INFO] [stderr]    Compiling arborium-tree-sitter v2.16.0
[INFO] [stderr]     Checking errno v0.3.14
[INFO] [stderr]     Checking parking_lot_core v0.9.12
[INFO] [stderr]     Checking mio v1.2.0
[INFO] [stderr]     Checking signal-hook-registry v1.4.8
[INFO] [stderr]     Checking socket2 v0.6.3
[INFO] [stderr]     Checking getrandom v0.2.17
[INFO] [stderr]     Checking parking_lot v0.12.5
[INFO] [stderr]    Compiling facet-macro-parse v0.50.0-rc.0
[INFO] [stderr]     Checking signal-hook v0.3.18
[INFO] [stderr]     Checking getrandom v0.3.4
[INFO] [stderr]     Checking rand_core v0.9.5
[INFO] [stderr]     Checking signal-hook-mio v0.2.5
[INFO] [stderr]    Compiling facet-macros-impl v0.50.0-rc.0
[INFO] [stderr]     Checking is-terminal v0.4.17
[INFO] [stderr]    Compiling arborium-c v2.16.0
[INFO] [stderr]    Compiling arborium-toml v2.16.0
[INFO] [stderr]    Compiling arborium-yaml v2.16.0
[INFO] [stderr]    Compiling arborium-html v2.16.0
[INFO] [stderr]     Checking supports-color v2.1.0
[INFO] [stderr]     Checking time v0.3.47
[INFO] [stderr]     Checking regex v1.12.3
[INFO] [stderr]    Compiling arborium-typescript v2.16.0
[INFO] [stderr]    Compiling arborium-xml v2.16.0
[INFO] [stderr]    Compiling arborium-ruby v2.16.0
[INFO] [stderr]     Checking facet-path v0.50.0-rc.0
[INFO] [stderr]    Compiling arborium-rust v2.16.0
[INFO] [stderr]    Compiling arborium-scala v2.16.0
[INFO] [stderr]    Compiling arborium-json v2.16.0
[INFO] [stderr]    Compiling arborium-kotlin v2.16.0
[INFO] [stderr]    Compiling arborium-lua v2.16.0
[INFO] [stderr]     Checking facet-reflect v0.50.0-rc.0
[INFO] [stderr]    Compiling arborium-markdown v2.16.0
[INFO] [stderr]    Compiling arborium-scss v2.16.0
[INFO] [stderr]    Compiling arborium-sql v2.16.0
[INFO] [stderr]    Compiling arborium-ocaml v2.16.0
[INFO] [stderr]    Compiling arborium-php v2.16.0
[INFO] [stderr]    Compiling arborium-python v2.16.0
[INFO] [stderr]    Compiling arborium-r v2.16.0
[INFO] [stderr]    Compiling arborium-zig v2.16.0
[INFO] [stderr]    Compiling arborium-cpp v2.16.0
[INFO] [stderr]    Compiling arborium-elixir v2.16.0
[INFO] [stderr]    Compiling arborium-haskell v2.16.0
[INFO] [stderr]    Compiling arborium-go v2.16.0
[INFO] [stderr]    Compiling arborium-swift v2.16.0
[INFO] [stderr]    Compiling arborium-java v2.16.0
[INFO] [stderr]    Compiling arborium-bash v2.16.0
[INFO] [stderr]    Compiling arborium-tsx v2.16.0
[INFO] [stderr]     Checking hashbrown v0.14.5
[INFO] [stderr]    Compiling synstructure v0.13.2
[INFO] [stderr]     Checking facet-solver v0.50.0-rc.0
[INFO] [stderr]     Checking facet-dessert v0.50.0-rc.0
[INFO] [stderr]     Checking ppv-lite86 v0.2.21
[INFO] [stderr]     Checking facet-format v0.50.0-rc.0
[INFO] [stderr]     Checking hashlink v0.9.1
[INFO] [stderr] warning: arborium-cpp@2.16.0: cc: fatal error: Killed signal terminated program cc1
[INFO] [stderr] warning: arborium-cpp@2.16.0: compilation terminated.
[INFO] [stderr] error: failed to run custom build command for `arborium-cpp v2.16.0`
[INFO] [stderr] note: To improve backtraces for build dependencies, set the CARGO_PROFILE_DEV_BUILD_OVERRIDE_DEBUG=true environment variable to enable debug information generation.
[INFO] [stderr] 
[INFO] [stderr] Caused by:
[INFO] [stderr]   process didn't exit successfully: `/opt/rustwide/target/debug/build/arborium-cpp/b7824f194662be97/out/build_script_build` (exit status: 1)
[INFO] [stderr]   --- stdout
[INFO] [stderr]   cargo:rerun-if-changed=/opt/rustwide/cargo-home/registry/src/index.crates.io-1949cf8c6b5b557f/arborium-cpp-2.16.0/grammar/src/parser.c
[INFO] [stderr]   cargo:rerun-if-changed=/opt/rustwide/cargo-home/registry/src/index.crates.io-1949cf8c6b5b557f/arborium-cpp-2.16.0/grammar/scanner.c
[INFO] [stderr]   cargo:rerun-if-env-changed=CC_FORCE_DISABLE
[INFO] [stderr]   CC_FORCE_DISABLE = None
[INFO] [stderr]   cargo:rerun-if-env-changed=CC_x86_64-unknown-linux-gnu
[INFO] [stderr]   CC_x86_64-unknown-linux-gnu = None
[INFO] [stderr]   cargo:rerun-if-env-changed=CC_x86_64_unknown_linux_gnu
[INFO] [stderr]   CC_x86_64_unknown_linux_gnu = None
[INFO] [stderr]   cargo:rerun-if-env-changed=HOST_CC
[INFO] [stderr]   HOST_CC = None
[INFO] [stderr]   cargo:rerun-if-env-changed=CC
[INFO] [stderr]   CC = None
[INFO] [stderr]   cargo:rerun-if-env-changed=CC_ENABLE_DEBUG_OUTPUT
[INFO] [stderr]   cargo:rerun-if-env-changed=CRATE_CC_NO_DEFAULTS
[INFO] [stderr]   CRATE_CC_NO_DEFAULTS = None
[INFO] [stderr]   cargo:rerun-if-env-changed=CFLAGS
[INFO] [stderr]   CFLAGS = None
[INFO] [stderr]   cargo:rerun-if-env-changed=HOST_CFLAGS
[INFO] [stderr]   HOST_CFLAGS = None
[INFO] [stderr]   cargo:rerun-if-env-changed=CFLAGS_x86_64_unknown_linux_gnu
[INFO] [stderr]   CFLAGS_x86_64_unknown_linux_gnu = None
[INFO] [stderr]   cargo:rerun-if-env-changed=CFLAGS_x86_64-unknown-linux-gnu
[INFO] [stderr]   CFLAGS_x86_64-unknown-linux-gnu = None
[INFO] [stderr]   cargo:rerun-if-env-changed=CC_ENABLE_DEBUG_OUTPUT
[INFO] [stderr]   cargo:rerun-if-env-changed=CRATE_CC_NO_DEFAULTS
[INFO] [stderr]   CRATE_CC_NO_DEFAULTS = None
[INFO] [stderr]   cargo:rerun-if-env-changed=CFLAGS
[INFO] [stderr]   CFLAGS = None
[INFO] [stderr]   cargo:rerun-if-env-changed=HOST_CFLAGS
[INFO] [stderr]   HOST_CFLAGS = None
[INFO] [stderr]   cargo:rerun-if-env-changed=CFLAGS_x86_64_unknown_linux_gnu
[INFO] [stderr]   CFLAGS_x86_64_unknown_linux_gnu = None
[INFO] [stderr]   cargo:rerun-if-env-changed=CFLAGS_x86_64-unknown-linux-gnu
[INFO] [stderr]   CFLAGS_x86_64-unknown-linux-gnu = None
[INFO] [stderr]   cargo:rerun-if-env-changed=CC_ENABLE_DEBUG_OUTPUT
[INFO] [stderr]   cargo:rerun-if-env-changed=CRATE_CC_NO_DEFAULTS
[INFO] [stderr]   CRATE_CC_NO_DEFAULTS = None
[INFO] [stderr]   cargo:rerun-if-env-changed=CFLAGS
[INFO] [stderr]   CFLAGS = None
[INFO] [stderr]   cargo:rerun-if-env-changed=HOST_CFLAGS
[INFO] [stderr]   HOST_CFLAGS = None
[INFO] [stderr]   cargo:rerun-if-env-changed=CFLAGS_x86_64_unknown_linux_gnu
[INFO] [stderr]   CFLAGS_x86_64_unknown_linux_gnu = None
[INFO] [stderr]   cargo:rerun-if-env-changed=CFLAGS_x86_64-unknown-linux-gnu
[INFO] [stderr]   CFLAGS_x86_64-unknown-linux-gnu = None
[INFO] [stderr]   cargo:rerun-if-env-changed=CC_ENABLE_DEBUG_OUTPUT
[INFO] [stderr]   cargo:rerun-if-env-changed=CRATE_CC_NO_DEFAULTS
[INFO] [stderr]   CRATE_CC_NO_DEFAULTS = None
[INFO] [stderr]   cargo:rerun-if-env-changed=CFLAGS
[INFO] [stderr]   CFLAGS = None
[INFO] [stderr]   cargo:rerun-if-env-changed=HOST_CFLAGS
[INFO] [stderr]   HOST_CFLAGS = None
[INFO] [stderr]   cargo:rerun-if-env-changed=CFLAGS_x86_64_unknown_linux_gnu
[INFO] [stderr]   CFLAGS_x86_64_unknown_linux_gnu = None
[INFO] [stderr]   cargo:rerun-if-env-changed=CFLAGS_x86_64-unknown-linux-gnu
[INFO] [stderr]   CFLAGS_x86_64-unknown-linux-gnu = None
[INFO] [stderr]   cargo:warning=cc: fatal error: Killed signal terminated program cc1
[INFO] [stderr]   cargo:warning=compilation terminated.
[INFO] [stderr] 
[INFO] [stderr]   --- stderr
[INFO] [stderr] 
[INFO] [stderr] 
[INFO] [stderr]   error occurred in cc-rs: command did not execute successfully (status code exit status: 1): LC_ALL="C" "cc" "-Os" "-ffunction-sections" "-fdata-sections" "-fPIC" "-g" "-gdwarf-4" "-fno-omit-frame-pointer" "-m64" "-I" "/opt/rustwide/cargo-home/registry/src/index.crates.io-1949cf8c6b5b557f/arborium-cpp-2.16.0/grammar/src" "-I" "/opt/rustwide/cargo-home/registry/src/index.crates.io-1949cf8c6b5b557f/arborium-cpp-2.16.0/grammar" "-I" "/opt/rustwide/cargo-home/registry/src/index.crates.io-1949cf8c6b5b557f/arborium-cpp-2.16.0/grammar/src/tree_sitter" "-w" "-Wno-unused-parameter" "-Wno-unused-but-set-variable" "-Wno-trigraphs" "-o" "/opt/rustwide/target/debug/build/arborium-cpp/501cf25e788f70c2/out/fc2ccab8182abc6a-parser.o" "-c" "/opt/rustwide/cargo-home/registry/src/index.crates.io-1949cf8c6b5b557f/arborium-cpp-2.16.0/grammar/src/parser.c"
[INFO] [stderr] 
[INFO] [stderr] 
[INFO] [stderr] warning: build failed, waiting for other jobs to finish...
[INFO] [stderr] error: could not compile `facet-macros-impl` (lib)
[INFO] [stderr] 
[INFO] [stderr] Caused by:
[INFO] [stderr]   process didn't exit successfully: `/opt/rustwide/rustup-home/toolchains/69bccf03c4733f57482f9691456efcd80f86a5f6/bin/rustc --crate-name facet_macros_impl --edition=2024 /opt/rustwide/cargo-home/registry/src/index.crates.io-1949cf8c6b5b557f/facet-macros-impl-0.50.0-rc.0/src/lib.rs --error-format=json --json=diagnostic-rendered-ansi,artifacts,future-incompat,unused-externs-silent --crate-type lib --emit=dep-info,metadata,link -Z embed-metadata=no -C embed-bitcode=no --cfg 'feature="doc"' --cfg 'feature="helpful-derive"' --check-cfg 'cfg(docsrs,test)' --check-cfg 'cfg(feature, values("ci", "default", "doc", "function", "helpful-derive", "slow-tests"))' -C metadata=4c6ef87b9267d0c5 -C extra-filename=-e81b40b34bbd6c11 --out-dir /opt/rustwide/target/debug/build/facet-macros-impl/e81b40b34bbd6c11/out -L dependency=/opt/rustwide/target/debug/build/facet-macro-types/5d7c1d79f1bd58dd/out -L dependency=/opt/rustwide/target/debug/build/mutants/66c783a9549dcc43/out -L dependency=/opt/rustwide/target/debug/build/proc-macro2/a2d87d99a0278af7/out -L dependency=/opt/rustwide/target/debug/build/quote/2ea4bb573c4892b3/out -L dependency=/opt/rustwide/target/debug/build/rustc-hash/417d1844ec2127b9/out -L dependency=/opt/rustwide/target/debug/build/unicode-ident/8c98a1a0e58216a9/out -L dependency=/opt/rustwide/target/debug/build/unsynn/cfd58f9123b5bce2/out --extern facet_macro_parse=/opt/rustwide/target/debug/build/facet-macro-parse/1fc6d80d06e7aefd/out/libfacet_macro_parse-1fc6d80d06e7aefd.rmeta --extern facet_macro_types=/opt/rustwide/target/debug/build/facet-macro-types/5d7c1d79f1bd58dd/out/libfacet_macro_types-5d7c1d79f1bd58dd.rmeta --extern proc_macro2=/opt/rustwide/target/debug/build/proc-macro2/a2d87d99a0278af7/out/libproc_macro2-a2d87d99a0278af7.rmeta --extern quote=/opt/rustwide/target/debug/build/quote/2ea4bb573c4892b3/out/libquote-2ea4bb573c4892b3.rmeta --extern strsim=/opt/rustwide/target/debug/build/strsim/9754e702f19a9357/out/libstrsim-9754e702f19a9357.rmeta --extern unsynn=/opt/rustwide/target/debug/build/unsynn/cfd58f9123b5bce2/out/libunsynn-cfd58f9123b5bce2.rmeta --cap-lints allow --cap-lints=forbid --force-warn=unused_crate_dependencies` (signal: 9, SIGKILL: kill)
[INFO] [stderr] error: could not compile `syn` (lib)
[INFO] [stderr] 
[INFO] [stderr] Caused by:
[INFO] [stderr]   process didn't exit successfully: `/opt/rustwide/rustup-home/toolchains/69bccf03c4733f57482f9691456efcd80f86a5f6/bin/rustc --crate-name syn --edition=2021 /opt/rustwide/cargo-home/registry/src/index.crates.io-1949cf8c6b5b557f/syn-2.0.117/src/lib.rs --error-format=json --json=diagnostic-rendered-ansi,artifacts,future-incompat,unused-externs-silent --crate-type lib --emit=dep-info,metadata,link -Z embed-metadata=no -C embed-bitcode=no --cfg 'feature="clone-impls"' --cfg 'feature="default"' --cfg 'feature="derive"' --cfg 'feature="extra-traits"' --cfg 'feature="fold"' --cfg 'feature="full"' --cfg 'feature="parsing"' --cfg 'feature="printing"' --cfg 'feature="proc-macro"' --cfg 'feature="visit"' --cfg 'feature="visit-mut"' --check-cfg 'cfg(docsrs,test)' --check-cfg 'cfg(feature, values("clone-impls", "default", "derive", "extra-traits", "fold", "full", "parsing", "printing", "proc-macro", "test", "visit", "visit-mut"))' -C metadata=d179158e4f1d8b06 -C extra-filename=-0b8390e62e8a476a --out-dir /opt/rustwide/target/debug/build/syn/0b8390e62e8a476a/out -L dependency=/opt/rustwide/target/debug/build/proc-macro2/a2d87d99a0278af7/out -L dependency=/opt/rustwide/target/debug/build/unicode-ident/8c98a1a0e58216a9/out --extern proc_macro2=/opt/rustwide/target/debug/build/proc-macro2/a2d87d99a0278af7/out/libproc_macro2-a2d87d99a0278af7.rmeta --extern quote=/opt/rustwide/target/debug/build/quote/2ea4bb573c4892b3/out/libquote-2ea4bb573c4892b3.rmeta --extern unicode_ident=/opt/rustwide/target/debug/build/unicode-ident/8c98a1a0e58216a9/out/libunicode_ident-8c98a1a0e58216a9.rmeta --cap-lints allow --cap-lints=forbid --force-warn=unused_crate_dependencies` (signal: 9, SIGKILL: kill)
[INFO] [stderr] warning: libsqlite3-sys@0.30.1: cc: fatal error: Killed signal terminated program cc1
[INFO] [stderr] warning: libsqlite3-sys@0.30.1: compilation terminated.
[INFO] [stderr] error: failed to run custom build command for `libsqlite3-sys v0.30.1`
[INFO] [stderr] note: To improve backtraces for build dependencies, set the CARGO_PROFILE_DEV_BUILD_OVERRIDE_DEBUG=true environment variable to enable debug information generation.
[INFO] [stderr] 
[INFO] [stderr] Caused by:
[INFO] [stderr]   process didn't exit successfully: `/opt/rustwide/target/debug/build/libsqlite3-sys/4a8cf1145d7bab8b/out/build_script_build` (exit status: 1)
[INFO] [stderr]   --- stdout
[INFO] [stderr]   cargo:rerun-if-env-changed=LIBSQLITE3_SYS_USE_PKG_CONFIG
[INFO] [stderr]   cargo:include=/opt/rustwide/cargo-home/registry/src/index.crates.io-1949cf8c6b5b557f/libsqlite3-sys-0.30.1/sqlite3
[INFO] [stderr]   cargo:rerun-if-changed=sqlite3/sqlite3.c
[INFO] [stderr]   cargo:rerun-if-changed=sqlite3/wasm32-wasi-vfs.c
[INFO] [stderr]   cargo:rerun-if-env-changed=SQLITE_MAX_VARIABLE_NUMBER
[INFO] [stderr]   cargo:rerun-if-env-changed=SQLITE_MAX_EXPR_DEPTH
[INFO] [stderr]   cargo:rerun-if-env-changed=SQLITE_MAX_COLUMN
[INFO] [stderr]   cargo:rerun-if-env-changed=LIBSQLITE3_FLAGS
[INFO] [stderr]   cargo:rerun-if-env-changed=CC_FORCE_DISABLE
[INFO] [stderr]   CC_FORCE_DISABLE = None
[INFO] [stderr]   cargo:rerun-if-env-changed=CC_x86_64-unknown-linux-gnu
[INFO] [stderr]   CC_x86_64-unknown-linux-gnu = None
[INFO] [stderr]   cargo:rerun-if-env-changed=CC_x86_64_unknown_linux_gnu
[INFO] [stderr]   CC_x86_64_unknown_linux_gnu = None
[INFO] [stderr]   cargo:rerun-if-env-changed=HOST_CC
[INFO] [stderr]   HOST_CC = None
[INFO] [stderr]   cargo:rerun-if-env-changed=CC
[INFO] [stderr]   CC = None
[INFO] [stderr]   cargo:rerun-if-env-changed=CC_ENABLE_DEBUG_OUTPUT
[INFO] [stderr]   cargo:rerun-if-env-changed=CRATE_CC_NO_DEFAULTS
[INFO] [stderr]   CRATE_CC_NO_DEFAULTS = None
[INFO] [stderr]   cargo:rerun-if-env-changed=CFLAGS
[INFO] [stderr]   CFLAGS = None
[INFO] [stderr]   cargo:rerun-if-env-changed=HOST_CFLAGS
[INFO] [stderr]   HOST_CFLAGS = None
[INFO] [stderr]   cargo:rerun-if-env-changed=CFLAGS_x86_64_unknown_linux_gnu
[INFO] [stderr]   CFLAGS_x86_64_unknown_linux_gnu = None
[INFO] [stderr]   cargo:rerun-if-env-changed=CFLAGS_x86_64-unknown-linux-gnu
[INFO] [stderr]   CFLAGS_x86_64-unknown-linux-gnu = None
[INFO] [stderr]   cargo:warning=cc: fatal error: Killed signal terminated program cc1
[INFO] [stderr]   cargo:warning=compilation terminated.
[INFO] [stderr] 
[INFO] [stderr]   --- stderr
[INFO] [stderr] 
[INFO] [stderr] 
[INFO] [stderr]   error occurred in cc-rs: command did not execute successfully (status code exit status: 1): LC_ALL="C" "cc" "-O0" "-ffunction-sections" "-fdata-sections" "-fPIC" "-g" "-gdwarf-4" "-fno-omit-frame-pointer" "-m64" "-w" "-DSQLITE_CORE" "-DSQLITE_DEFAULT_FOREIGN_KEYS=1" "-DSQLITE_ENABLE_API_ARMOR" "-DSQLITE_ENABLE_COLUMN_METADATA" "-DSQLITE_ENABLE_DBSTAT_VTAB" "-DSQLITE_ENABLE_FTS3" "-DSQLITE_ENABLE_FTS3_PARENTHESIS" "-DSQLITE_ENABLE_FTS5" "-DSQLITE_ENABLE_JSON1" "-DSQLITE_ENABLE_LOAD_EXTENSION=1" "-DSQLITE_ENABLE_MEMORY_MANAGEMENT" "-DSQLITE_ENABLE_RTREE" "-DSQLITE_ENABLE_STAT4" "-DSQLITE_SOUNDEX" "-DSQLITE_THREADSAFE=1" "-DSQLITE_USE_URI" "-DHAVE_USLEEP=1" "-DHAVE_ISNAN" "-D_POSIX_THREAD_SAFE_FUNCTIONS" "-DHAVE_LOCALTIME_R" "-o" "/opt/rustwide/target/debug/build/libsqlite3-sys/f4cfa4042d4c6333/out/c877a2978823c39d-sqlite3.o" "-c" "sqlite3/sqlite3.c"
[INFO] [stderr] 
[INFO] [stderr] 
[INFO] running `Command { std: "docker" "inspect" "ac5af8a2dc78976a3e64b0cac1690d542789db4b2ed4d2a5e08f5948f6cf00e1", kill_on_drop: false }`
[INFO] running `Command { std: "docker" "rm" "-f" "ac5af8a2dc78976a3e64b0cac1690d542789db4b2ed4d2a5e08f5948f6cf00e1", kill_on_drop: false }`
[INFO] [stdout] ac5af8a2dc78976a3e64b0cac1690d542789db4b2ed4d2a5e08f5948f6cf00e1
