[INFO] fetching crate foundation_macros 0.0.6...
[INFO] checking foundation_macros-0.0.6 against 1a2c4797ef2570bd76ca5dee34449169bc7dc457 for pr-163717-1
[INFO] extracting crate foundation_macros 0.0.6 into /workspace/builds/worker-0-tc1/source
[INFO] started tweaking crates.io crate foundation_macros 0.0.6
[INFO] removed 0 missing tests
[INFO] finished tweaking crates.io crate foundation_macros 0.0.6
[INFO] tweaked toml for crates.io crate foundation_macros 0.0.6 written to /workspace/builds/worker-0-tc1/source/Cargo.toml
[INFO] validating manifest of crates.io crate foundation_macros 0.0.6 on toolchain 1a2c4797ef2570bd76ca5dee34449169bc7dc457
[INFO] running `Command { std: CARGO_HOME="/workspace/cargo-home" RUSTUP_HOME="/workspace/rustup-home" "/workspace/cargo-home/bin/cargo" "+1a2c4797ef2570bd76ca5dee34449169bc7dc457" "metadata" "--manifest-path" "Cargo.toml" "--no-deps", kill_on_drop: false }`
[INFO] crate crates.io crate foundation_macros 0.0.6 already has a lockfile, it will not be regenerated
[INFO] running `Command { std: CARGO_HOME="/workspace/cargo-home" RUSTUP_HOME="/workspace/rustup-home" "/workspace/cargo-home/bin/cargo" "+1a2c4797ef2570bd76ca5dee34449169bc7dc457" "fetch" "--manifest-path" "Cargo.toml", kill_on_drop: false }`
[INFO] [stderr]     Updating crates.io index
[INFO] [stderr]     Blocking waiting for file lock on package cache
[INFO] [stderr]  Downloading crates ...
[INFO] [stderr]   Downloaded uuid v1.20.0
[INFO] [stderr]   Downloaded new_mime_guess v4.0.4
[INFO] [stderr]   Downloaded trybuild v1.0.111
[INFO] [stderr]   Downloaded target-triple v0.1.4
[INFO] [stderr]   Downloaded toml_edit v0.23.5
[INFO] [stderr]   Downloaded base85rs v0.1.3
[INFO] [stderr]   Downloaded foundation_theme v0.0.3
[INFO] [stderr]   Downloaded foundation_nostd v0.0.6
[INFO] running `Command { std: "docker" "create" "-v" "/var/lib/crater-agent-workspace/builds/worker-0-tc1/source:/opt/rustwide/workdir:ro,Z" "-v" "/var/lib/crater-agent-workspace/builds/worker-0-tc1/target:/opt/rustwide/target:rw,Z" "-v" "/var/lib/crater-agent-workspace/cargo-home:/opt/rustwide/cargo-home:ro,Z" "-v" "/var/lib/crater-agent-workspace/rustup-home:/opt/rustwide/rustup-home:ro,Z" "-m" "1610612736" "--network" "none" "ghcr.io/rust-lang/crates-build-env/linux@sha256:77db811e55d90add9212f6832c23229e3de5f1c1f9905e8cb07319ea15df73ac" "sleep" "infinity", kill_on_drop: false }`
[INFO] [stdout] e8b39dcd8c73795cccf73bb4682294f8bd5994588a6a853f43f7591bc98ef024
[INFO] running `Command { std: "docker" "start" "e8b39dcd8c73795cccf73bb4682294f8bd5994588a6a853f43f7591bc98ef024", kill_on_drop: false }`
[INFO] running `Command { std: "docker" "inspect" "e8b39dcd8c73795cccf73bb4682294f8bd5994588a6a853f43f7591bc98ef024", kill_on_drop: false }`
[INFO] running `Command { std: "docker" "exec" "-e" "SOURCE_DIR=/opt/rustwide/workdir" "-e" "CARGO_HOME=/opt/rustwide/cargo-home" "-e" "RUSTUP_HOME=/opt/rustwide/rustup-home" "-e" "CARGO_TARGET_DIR=/opt/rustwide/target" "-w" "/opt/rustwide/workdir" "--user" "0:0" "e8b39dcd8c73795cccf73bb4682294f8bd5994588a6a853f43f7591bc98ef024" "/opt/rustwide/cargo-home/bin/cargo" "+1a2c4797ef2570bd76ca5dee34449169bc7dc457" "metadata" "--no-deps" "--format-version=1", kill_on_drop: false }`
[INFO] running `Command { std: "docker" "inspect" "e8b39dcd8c73795cccf73bb4682294f8bd5994588a6a853f43f7591bc98ef024", kill_on_drop: false }`
[INFO] running `Command { std: "docker" "exec" "-e" "SOURCE_DIR=/opt/rustwide/workdir" "-e" "CARGO_HOME=/opt/rustwide/cargo-home" "-e" "RUSTUP_HOME=/opt/rustwide/rustup-home" "-e" "CARGO_TARGET_DIR=/opt/rustwide/target" "-e" "CARGO_INCREMENTAL=0" "-e" "RUST_BACKTRACE=full" "-e" "RUSTFLAGS=--cap-lints=forbid" "-e" "RUSTDOCFLAGS=--cap-lints=forbid" "-w" "/opt/rustwide/workdir" "--user" "0:0" "e8b39dcd8c73795cccf73bb4682294f8bd5994588a6a853f43f7591bc98ef024" "/opt/rustwide/cargo-home/bin/cargo" "+1a2c4797ef2570bd76ca5dee34449169bc7dc457" "check" "--frozen" "--all" "--all-targets" "--message-format=json", kill_on_drop: false }`
[INFO] [stderr]    Compiling proc-macro2 v1.0.107
[INFO] [stderr]    Compiling quote v1.0.47
[INFO] [stderr]    Compiling serde_core v1.0.229
[INFO] [stderr]    Compiling unicode-ident v1.0.24
[INFO] [stderr]    Compiling autocfg v1.5.1
[INFO] [stderr]     Checking typenum v1.20.1
[INFO] [stderr]    Compiling unicase v2.9.0
[INFO] [stderr]     Checking winnow v0.7.15
[INFO] [stderr]     Checking memchr v2.8.3
[INFO] [stderr]     Checking futures-core v0.3.33
[INFO] [stderr]     Checking hashbrown v0.16.1
[INFO] [stderr]     Checking alloc-no-stdlib v2.0.4
[INFO] [stderr]    Compiling generic-array v0.14.7
[INFO] [stderr]    Compiling zmij v1.0.23
[INFO] [stderr]     Checking cfg-if v1.0.4
[INFO] [stderr]     Checking futures-sink v0.3.33
[INFO] [stderr]     Checking alloc-stdlib v0.2.4
[INFO] [stderr]     Checking pin-project-lite v0.2.17
[INFO] [stderr]    Compiling target-triple v0.1.4
[INFO] [stderr]     Checking slab v0.4.12
[INFO] [stderr]    Compiling new_mime_guess v4.0.4
[INFO] [stderr]    Compiling serde v1.0.229
[INFO] [stderr]     Checking futures-channel v0.3.33
[INFO] [stderr]     Checking futures-task v0.3.33
[INFO] [stderr]     Checking simd-adler32 v0.3.10
[INFO] [stderr]     Checking futures-io v0.3.33
[INFO] [stderr]    Compiling serde_json v1.0.151
[INFO] [stderr]     Checking miniz_oxide v0.8.9
[INFO] [stderr]    Compiling num-traits v0.2.19
[INFO] [stderr]     Checking brotli-decompressor v5.0.3
[INFO] [stderr]     Checking crc32fast v1.5.0
[INFO] [stderr]    Compiling adler2 v2.0.1
[INFO] [stderr]     Checking indexmap v2.11.4
[INFO] [stderr]     Checking mime v0.3.17
[INFO] [stderr]     Checking cpufeatures v0.2.17
[INFO] [stderr]     Checking itoa v1.0.18
[INFO] [stderr]     Checking toml_writer v1.0.2
[INFO] [stderr]     Checking syn v2.0.119
[INFO] [stderr]     Checking flate2 v1.1.9
[INFO] [stderr]    Compiling syn v3.0.3
[INFO] [stderr]     Checking uuid v1.20.0
[INFO] [stderr]     Checking crypto-common v0.1.7
[INFO] [stderr]     Checking block-buffer v0.10.4
[INFO] [stderr]     Checking brotli v8.0.4
[INFO] [stderr]     Checking digest v0.10.7
[INFO] [stderr]     Checking foundation_nostd v0.0.6
[INFO] [stderr]     Checking glob v0.3.4
[INFO] [stderr]     Checking sha2 v0.10.9
[INFO] [stderr]     Checking termcolor v1.4.1
[INFO] [stderr]     Checking chrono v0.4.45
[INFO] [stderr]     Checking foundation_theme v0.0.3
[INFO] [stderr]     Checking base85rs v0.1.3
[INFO] [stderr]     Checking toml_parser v1.0.2
[INFO] [stderr]     Checking toml_datetime v0.7.1
[INFO] [stderr]     Checking serde_spanned v1.0.1
[INFO] [stderr]     Checking toml_edit v0.23.5
[INFO] [stderr]     Checking toml v0.9.6
[INFO] [stderr]     Checking synstructure v0.13.2
[INFO] [stderr]    Compiling serde_derive v1.0.229
[INFO] [stderr]     Checking proc-macro-crate v3.4.0
[INFO] [stderr]    Compiling futures-macro v0.3.33
[INFO] [stderr]     Checking foundation_macros v0.0.6 (/opt/rustwide/workdir)
[INFO] [stderr]     Checking futures-util v0.3.33
[INFO] [stderr]     Checking trybuild v1.0.111
[INFO] [stderr]     Checking futures-executor v0.3.33
[INFO] [stderr]     Checking futures v0.3.33
[INFO] [stdout] error[E0433]: cannot find module or crate `foundation_arrow` in this scope
[INFO] [stdout]  --> tests/units/foundation_macros_arrow_schema_tests.rs:5:5
[INFO] [stdout]   |
[INFO] [stdout] 5 | use foundation_arrow::arrow_schema::DataType;
[INFO] [stdout]   |     ^^^^^^^^^^^^^^^^ use of unresolved module or unlinked crate `foundation_arrow`
[INFO] [stdout]   |
[INFO] [stdout] help: there is a crate or module with a similar name
[INFO] [stdout]   |
[INFO] [stdout] 5 - use foundation_arrow::arrow_schema::DataType;
[INFO] [stdout] 5 + use foundation_macros::arrow_schema::DataType;
[INFO] [stdout]   |
[INFO] [stdout] 
[INFO] [stdout] 
[INFO] [stdout] error[E0432]: unresolved import `foundation_arrow`
[INFO] [stdout]  --> tests/units/foundation_macros_arrow_json_schema_tests.rs:6:5
[INFO] [stdout]   |
[INFO] [stdout] 6 | use foundation_arrow::ArrowJsonSchema;
[INFO] [stdout]   |     ^^^^^^^^^^^^^^^^ use of unresolved module or unlinked crate `foundation_arrow`
[INFO] [stdout]   |
[INFO] [stdout] help: there is a crate or module with a similar name
[INFO] [stdout]   |
[INFO] [stdout] 6 - use foundation_arrow::ArrowJsonSchema;
[INFO] [stdout] 6 + use foundation_macros::ArrowJsonSchema;
[INFO] [stdout]   |
[INFO] [stdout] 
[INFO] [stdout] 
[INFO] [stdout] error[E0433]: cannot find module or crate `foundation_arrow` in this scope
[INFO] [stdout]  --> tests/units/foundation_macros_arrow_serialize_tests.rs:1:5
[INFO] [stdout]   |
[INFO] [stdout] 1 | use foundation_arrow::ipc::{decode_ipc, encode_ipc};
[INFO] [stdout]   |     ^^^^^^^^^^^^^^^^ use of unresolved module or unlinked crate `foundation_arrow`
[INFO] [stdout]   |
[INFO] [stdout] help: there is a crate or module with a similar name
[INFO] [stdout]   |
[INFO] [stdout] 1 - use foundation_arrow::ipc::{decode_ipc, encode_ipc};
[INFO] [stdout] 1 + use foundation_macros::ipc::{decode_ipc, encode_ipc};
[INFO] [stdout]   |
[INFO] [stdout] 
[INFO] [stdout] 
[INFO] [stdout] error[E0432]: unresolved import `foundation_arrow`
[INFO] [stdout]  --> tests/units/foundation_macros_arrow_schema_tests.rs:6:5
[INFO] [stdout]   |
[INFO] [stdout] 6 | use foundation_arrow::ArrowSchema;
[INFO] [stdout]   |     ^^^^^^^^^^^^^^^^ use of unresolved module or unlinked crate `foundation_arrow`
[INFO] [stdout]   |
[INFO] [stdout] help: there is a crate or module with a similar name
[INFO] [stdout]   |
[INFO] [stdout] 6 - use foundation_arrow::ArrowSchema;
[INFO] [stdout] 6 + use foundation_macros::ArrowSchema;
[INFO] [stdout]   |
[INFO] [stdout] 
[INFO] [stdout] 
[INFO] [stdout] error[E0432]: unresolved import `foundation_arrow`
[INFO] [stdout]  --> tests/units/foundation_macros_arrow_serialize_tests.rs:2:5
[INFO] [stdout]   |
[INFO] [stdout] 2 | use foundation_arrow::{ArrowMessageBox, FromArrow, ToArrow};
[INFO] [stdout]   |     ^^^^^^^^^^^^^^^^ use of unresolved module or unlinked crate `foundation_arrow`
[INFO] [stdout]   |
[INFO] [stdout] help: there is a crate or module with a similar name
[INFO] [stdout]   |
[INFO] [stdout] 2 - use foundation_arrow::{ArrowMessageBox, FromArrow, ToArrow};
[INFO] [stdout] 2 + use foundation_macros::{ArrowMessageBox, FromArrow, ToArrow};
[INFO] [stdout]   |
[INFO] [stdout] 
[INFO] [stdout] 
[INFO] [stdout] error[E0432]: unresolved import `foundation_jsonschema`
[INFO] [stdout]  --> tests/units/foundation_macros_json_schema_tests.rs:5:5
[INFO] [stdout]   |
[INFO] [stdout] 5 | use foundation_jsonschema::JsonSchema;
[INFO] [stdout]   |     ^^^^^^^^^^^^^^^^^^^^^ use of unresolved module or unlinked crate `foundation_jsonschema`
[INFO] [stdout]   |
[INFO] [stdout] help: there is a crate or module with a similar name
[INFO] [stdout]   |
[INFO] [stdout] 5 - use foundation_jsonschema::JsonSchema;
[INFO] [stdout] 5 + use foundation_theme::JsonSchema;
[INFO] [stdout]   |
[INFO] [stdout] 
[INFO] [stdout] 
[INFO] [stdout] error[E0432]: unresolved import `foundation_arrow`
[INFO] [stdout]  --> tests/units/foundation_macros_arrow_serialize_tests.rs:6:57
[INFO] [stdout]   |
[INFO] [stdout] 6 | #[derive(Debug, Clone, PartialEq, ArrowSchema, ToArrow, FromArrow)]
[INFO] [stdout]   |                                                         ^^^^^^^^^ use of unresolved module or unlinked crate `foundation_arrow`
[INFO] [stdout]   |
[INFO] [stdout]   = note: this error originates in the derive macro `FromArrow` (in Nightly builds, run with -Z macro-backtrace for more info)
[INFO] [stdout] 
[INFO] [stdout] 
[INFO] [stdout] error[E0432]: unresolved import `foundation_arrow`
[INFO] [stdout]   --> tests/units/foundation_macros_arrow_serialize_tests.rs:88:57
[INFO] [stdout]    |
[INFO] [stdout] 88 | #[derive(Debug, Clone, PartialEq, ArrowSchema, ToArrow, FromArrow)]
[INFO] [stdout]    |                                                         ^^^^^^^^^ use of unresolved module or unlinked crate `foundation_arrow`
[INFO] [stdout]    |
[INFO] [stdout]    = note: this error originates in the derive macro `FromArrow` (in Nightly builds, run with -Z macro-backtrace for more info)
[INFO] [stdout] 
[INFO] [stdout] 
[INFO] [stdout] error[E0432]: unresolved import `foundation_arrow`
[INFO] [stdout]    --> tests/units/foundation_macros_arrow_serialize_tests.rs:119:57
[INFO] [stdout]     |
[INFO] [stdout] 119 | #[derive(Debug, Clone, PartialEq, ArrowSchema, ToArrow, FromArrow)]
[INFO] [stdout]     |                                                         ^^^^^^^^^ use of unresolved module or unlinked crate `foundation_arrow`
[INFO] [stdout]     |
[INFO] [stdout]     = note: this error originates in the derive macro `FromArrow` (in Nightly builds, run with -Z macro-backtrace for more info)
[INFO] [stdout] 
[INFO] [stdout] 
[INFO] [stdout] error[E0432]: unresolved import `foundation_arrow`
[INFO] [stdout]    --> tests/units/foundation_macros_arrow_serialize_tests.rs:148:57
[INFO] [stdout]     |
[INFO] [stdout] 148 | #[derive(Debug, Clone, PartialEq, ArrowSchema, ToArrow, FromArrow)]
[INFO] [stdout]     |                                                         ^^^^^^^^^ use of unresolved module or unlinked crate `foundation_arrow`
[INFO] [stdout]     |
[INFO] [stdout]     = note: this error originates in the derive macro `FromArrow` (in Nightly builds, run with -Z macro-backtrace for more info)
[INFO] [stdout] 
[INFO] [stdout] 
[INFO] [stdout] error[E0432]: unresolved import `foundation_arrow`
[INFO] [stdout]    --> tests/units/foundation_macros_arrow_serialize_tests.rs:167:57
[INFO] [stdout]     |
[INFO] [stdout] 167 | #[derive(Debug, Clone, PartialEq, ArrowSchema, ToArrow, FromArrow)]
[INFO] [stdout]     |                                                         ^^^^^^^^^ use of unresolved module or unlinked crate `foundation_arrow`
[INFO] [stdout]     |
[INFO] [stdout]     = note: this error originates in the derive macro `FromArrow` (in Nightly builds, run with -Z macro-backtrace for more info)
[INFO] [stdout] 
[INFO] [stdout] 
[INFO] [stdout] error[E0433]: cannot find module or crate `foundation_arrow` in this scope
[INFO] [stdout]    --> tests/units/foundation_macros_arrow_serialize_tests.rs:200:9
[INFO] [stdout]     |
[INFO] [stdout] 200 |     use foundation_arrow::ipc::{decode_ipc, encode_ipc};
[INFO] [stdout]     |         ^^^^^^^^^^^^^^^^ use of unresolved module or unlinked crate `foundation_arrow`
[INFO] [stdout]     |
[INFO] [stdout] help: there is a crate or module with a similar name
[INFO] [stdout]     |
[INFO] [stdout] 200 -     use foundation_arrow::ipc::{decode_ipc, encode_ipc};
[INFO] [stdout] 200 +     use foundation_macros::ipc::{decode_ipc, encode_ipc};
[INFO] [stdout]     |
[INFO] [stdout] 
[INFO] [stdout] 
[INFO] [stdout] error[E0433]: cannot find module or crate `foundation_arrow` in this scope
[INFO] [stdout]    --> tests/units/foundation_macros_arrow_serialize_tests.rs:217:9
[INFO] [stdout]     |
[INFO] [stdout] 217 |     use foundation_arrow::ipc::{decode_ipc, encode_ipc};
[INFO] [stdout]     |         ^^^^^^^^^^^^^^^^ use of unresolved module or unlinked crate `foundation_arrow`
[INFO] [stdout]     |
[INFO] [stdout] help: there is a crate or module with a similar name
[INFO] [stdout]     |
[INFO] [stdout] 217 -     use foundation_arrow::ipc::{decode_ipc, encode_ipc};
[INFO] [stdout] 217 +     use foundation_macros::ipc::{decode_ipc, encode_ipc};
[INFO] [stdout]     |
[INFO] [stdout] 
[INFO] [stdout] 
[INFO] [stdout] error[E0432]: unresolved import `foundation_arrow`
[INFO] [stdout]    --> tests/units/foundation_macros_arrow_serialize_tests.rs:242:57
[INFO] [stdout]     |
[INFO] [stdout] 242 | #[derive(Debug, Clone, PartialEq, ArrowSchema, ToArrow, FromArrow)]
[INFO] [stdout]     |                                                         ^^^^^^^^^ use of unresolved module or unlinked crate `foundation_arrow`
[INFO] [stdout]     |
[INFO] [stdout]     = note: this error originates in the derive macro `FromArrow` (in Nightly builds, run with -Z macro-backtrace for more info)
[INFO] [stdout] 
[INFO] [stdout] 
[INFO] [stdout] error[E0432]: unresolved import `foundation_arrow`
[INFO] [stdout]    --> tests/units/foundation_macros_arrow_serialize_tests.rs:268:57
[INFO] [stdout]     |
[INFO] [stdout] 268 | #[derive(Debug, Clone, PartialEq, ArrowSchema, ToArrow, FromArrow)]
[INFO] [stdout]     |                                                         ^^^^^^^^^ use of unresolved module or unlinked crate `foundation_arrow`
[INFO] [stdout]     |
[INFO] [stdout]     = note: this error originates in the derive macro `FromArrow` (in Nightly builds, run with -Z macro-backtrace for more info)
[INFO] [stdout] 
[INFO] [stdout] 
[INFO] [stdout] error[E0432]: unresolved import `foundation_arrow`
[INFO] [stdout]    --> tests/units/foundation_macros_arrow_serialize_tests.rs:305:57
[INFO] [stdout]     |
[INFO] [stdout] 305 | #[derive(Debug, Clone, PartialEq, ArrowSchema, ToArrow, FromArrow)]
[INFO] [stdout]     |                                                         ^^^^^^^^^ use of unresolved module or unlinked crate `foundation_arrow`
[INFO] [stdout]     |
[INFO] [stdout]     = note: this error originates in the derive macro `FromArrow` (in Nightly builds, run with -Z macro-backtrace for more info)
[INFO] [stdout] 
[INFO] [stdout] 
[INFO] [stdout] error[E0432]: unresolved import `foundation_arrow`
[INFO] [stdout]    --> tests/units/foundation_macros_arrow_serialize_tests.rs:323:57
[INFO] [stdout]     |
[INFO] [stdout] 323 | #[derive(Debug, Clone, PartialEq, ArrowSchema, ToArrow, FromArrow)]
[INFO] [stdout]     |                                                         ^^^^^^^^^ use of unresolved module or unlinked crate `foundation_arrow`
[INFO] [stdout]     |
[INFO] [stdout]     = note: this error originates in the derive macro `FromArrow` (in Nightly builds, run with -Z macro-backtrace for more info)
[INFO] [stdout] 
[INFO] [stdout] 
[INFO] [stdout] error[E0433]: cannot find module or crate `foundation_arrow` in this scope
[INFO] [stdout]  --> tests/units/foundation_macros_arrow_json_schema_tests.rs:9:10
[INFO] [stdout]   |
[INFO] [stdout] 9 | #[derive(ArrowSchema, ArrowJsonSchema)]
[INFO] [stdout]   |          ^^^^^^^^^^^ use of unresolved module or unlinked crate `foundation_arrow`
[INFO] [stdout]   |
[INFO] [stdout]   = note: this error originates in the derive macro `ArrowSchema` (in Nightly builds, run with -Z macro-backtrace for more info)
[INFO] [stdout] 
[INFO] [stdout] 
[INFO] [stdout] error[E0433]: cannot find module or crate `foundation_arrow` in this scope
[INFO] [stdout]   --> tests/units/foundation_macros_arrow_json_schema_tests.rs:41:10
[INFO] [stdout]    |
[INFO] [stdout] 41 | #[derive(ArrowSchema, ArrowJsonSchema)]
[INFO] [stdout]    |          ^^^^^^^^^^^ use of unresolved module or unlinked crate `foundation_arrow`
[INFO] [stdout]    |
[INFO] [stdout]    = note: this error originates in the derive macro `ArrowSchema` (in Nightly builds, run with -Z macro-backtrace for more info)
[INFO] [stdout] 
[INFO] [stdout] 
[INFO] [stdout] error[E0433]: cannot find module or crate `foundation_arrow` in this scope
[INFO] [stdout]  --> tests/units/foundation_macros_arrow_schema_tests.rs:9:10
[INFO] [stdout]   |
[INFO] [stdout] 9 | #[derive(ArrowSchema)]
[INFO] [stdout]   |          ^^^^^^^^^^^ use of unresolved module or unlinked crate `foundation_arrow`
[INFO] [stdout]   |
[INFO] [stdout]   = note: this error originates in the derive macro `ArrowSchema` (in Nightly builds, run with -Z macro-backtrace for more info)
[INFO] [stdout] 
[INFO] [stdout] 
[INFO] [stdout] error[E0433]: cannot find module or crate `foundation_arrow` in this scope
[INFO] [stdout]   --> tests/units/foundation_macros_arrow_schema_tests.rs:39:10
[INFO] [stdout]    |
[INFO] [stdout] 39 | #[derive(ArrowSchema)]
[INFO] [stdout]    |          ^^^^^^^^^^^ use of unresolved module or unlinked crate `foundation_arrow`
[INFO] [stdout]    |
[INFO] [stdout]    = note: this error originates in the derive macro `ArrowSchema` (in Nightly builds, run with -Z macro-backtrace for more info)
[INFO] [stdout] 
[INFO] [stdout] 
[INFO] [stdout] error[E0433]: cannot find module or crate `foundation_arrow` in this scope
[INFO] [stdout]   --> tests/units/foundation_macros_arrow_schema_tests.rs:63:10
[INFO] [stdout]    |
[INFO] [stdout] 63 | #[derive(ArrowSchema)]
[INFO] [stdout]    |          ^^^^^^^^^^^ use of unresolved module or unlinked crate `foundation_arrow`
[INFO] [stdout]    |
[INFO] [stdout]    = note: this error originates in the derive macro `ArrowSchema` (in Nightly builds, run with -Z macro-backtrace for more info)
[INFO] [stdout] 
[INFO] [stdout] 
[INFO] [stdout] error[E0433]: cannot find module or crate `foundation_arrow` in this scope
[INFO] [stdout]   --> tests/units/foundation_macros_arrow_schema_tests.rs:88:10
[INFO] [stdout]    |
[INFO] [stdout] 88 | #[derive(ArrowSchema)]
[INFO] [stdout]    |          ^^^^^^^^^^^ use of unresolved module or unlinked crate `foundation_arrow`
[INFO] [stdout]    |
[INFO] [stdout]    = note: this error originates in the derive macro `ArrowSchema` (in Nightly builds, run with -Z macro-backtrace for more info)
[INFO] [stdout] 
[INFO] [stdout] 
[INFO] [stdout] error[E0433]: cannot find module or crate `foundation_arrow` in this scope
[INFO] [stdout]  --> tests/units/foundation_macros_arrow_serialize_tests.rs:6:35
[INFO] [stdout]   |
[INFO] [stdout] 6 | #[derive(Debug, Clone, PartialEq, ArrowSchema, ToArrow, FromArrow)]
[INFO] [stdout]   |                                   ^^^^^^^^^^^ use of unresolved module or unlinked crate `foundation_arrow`
[INFO] [stdout]   |
[INFO] [stdout]   = note: this error originates in the derive macro `ArrowSchema` (in Nightly builds, run with -Z macro-backtrace for more info)
[INFO] [stdout] 
[INFO] [stdout] 
[INFO] [stdout] error[E0433]: cannot find module or crate `foundation_arrow` in this scope
[INFO] [stdout]  --> tests/units/foundation_macros_arrow_serialize_tests.rs:6:48
[INFO] [stdout]   |
[INFO] [stdout] 6 | #[derive(Debug, Clone, PartialEq, ArrowSchema, ToArrow, FromArrow)]
[INFO] [stdout]   |                                                ^^^^^^^ use of unresolved module or unlinked crate `foundation_arrow`
[INFO] [stdout]   |
[INFO] [stdout]   = note: this error originates in the derive macro `ToArrow` (in Nightly builds, run with -Z macro-backtrace for more info)
[INFO] [stdout] 
[INFO] [stdout] 
[INFO] [stdout] error[E0433]: cannot find module or crate `foundation_arrow` in this scope
[INFO] [stdout]  --> tests/units/foundation_macros_arrow_serialize_tests.rs:6:57
[INFO] [stdout]   |
[INFO] [stdout] 6 | #[derive(Debug, Clone, PartialEq, ArrowSchema, ToArrow, FromArrow)]
[INFO] [stdout]   |                                                         ^^^^^^^^^ use of unresolved module or unlinked crate `foundation_arrow`
[INFO] [stdout]   |
[INFO] [stdout]   = note: this error originates in the derive macro `FromArrow` (in Nightly builds, run with -Z macro-backtrace for more info)
[INFO] [stdout] 
[INFO] [stdout] 
[INFO] [stdout] error[E0433]: cannot find module or crate `foundation_arrow` in this scope
[INFO] [stdout]   --> tests/units/foundation_macros_arrow_serialize_tests.rs:88:35
[INFO] [stdout]    |
[INFO] [stdout] 88 | #[derive(Debug, Clone, PartialEq, ArrowSchema, ToArrow, FromArrow)]
[INFO] [stdout]    |                                   ^^^^^^^^^^^ use of unresolved module or unlinked crate `foundation_arrow`
[INFO] [stdout]    |
[INFO] [stdout]    = note: this error originates in the derive macro `ArrowSchema` (in Nightly builds, run with -Z macro-backtrace for more info)
[INFO] [stdout] 
[INFO] [stdout] 
[INFO] [stdout] error[E0433]: cannot find module or crate `foundation_arrow` in this scope
[INFO] [stdout]   --> tests/units/foundation_macros_arrow_serialize_tests.rs:88:48
[INFO] [stdout]    |
[INFO] [stdout] 88 | #[derive(Debug, Clone, PartialEq, ArrowSchema, ToArrow, FromArrow)]
[INFO] [stdout]    |                                                ^^^^^^^ use of unresolved module or unlinked crate `foundation_arrow`
[INFO] [stdout]    |
[INFO] [stdout]    = note: this error originates in the derive macro `ToArrow` (in Nightly builds, run with -Z macro-backtrace for more info)
[INFO] [stdout] 
[INFO] [stdout] 
[INFO] [stdout] error[E0433]: cannot find module or crate `foundation_arrow` in this scope
[INFO] [stdout]   --> tests/units/foundation_macros_arrow_serialize_tests.rs:88:57
[INFO] [stdout]    |
[INFO] [stdout] 88 | #[derive(Debug, Clone, PartialEq, ArrowSchema, ToArrow, FromArrow)]
[INFO] [stdout]    |                                                         ^^^^^^^^^ use of unresolved module or unlinked crate `foundation_arrow`
[INFO] [stdout]    |
[INFO] [stdout]    = note: this error originates in the derive macro `FromArrow` (in Nightly builds, run with -Z macro-backtrace for more info)
[INFO] [stdout] 
[INFO] [stdout] 
[INFO] [stdout] error[E0433]: cannot find module or crate `foundation_arrow` in this scope
[INFO] [stdout]    --> tests/units/foundation_macros_arrow_serialize_tests.rs:119:35
[INFO] [stdout]     |
[INFO] [stdout] 119 | #[derive(Debug, Clone, PartialEq, ArrowSchema, ToArrow, FromArrow)]
[INFO] [stdout]     |                                   ^^^^^^^^^^^ use of unresolved module or unlinked crate `foundation_arrow`
[INFO] [stdout]     |
[INFO] [stdout]     = note: this error originates in the derive macro `ArrowSchema` (in Nightly builds, run with -Z macro-backtrace for more info)
[INFO] [stdout] 
[INFO] [stdout] 
[INFO] [stdout] error[E0433]: cannot find module or crate `foundation_arrow` in this scope
[INFO] [stdout]    --> tests/units/foundation_macros_arrow_serialize_tests.rs:119:48
[INFO] [stdout]     |
[INFO] [stdout] 119 | #[derive(Debug, Clone, PartialEq, ArrowSchema, ToArrow, FromArrow)]
[INFO] [stdout]     |                                                ^^^^^^^ use of unresolved module or unlinked crate `foundation_arrow`
[INFO] [stdout]     |
[INFO] [stdout]     = note: this error originates in the derive macro `ToArrow` (in Nightly builds, run with -Z macro-backtrace for more info)
[INFO] [stdout] 
[INFO] [stdout] 
[INFO] [stdout] error[E0433]: cannot find module or crate `foundation_arrow` in this scope
[INFO] [stdout]    --> tests/units/foundation_macros_arrow_serialize_tests.rs:119:57
[INFO] [stdout]     |
[INFO] [stdout] 119 | #[derive(Debug, Clone, PartialEq, ArrowSchema, ToArrow, FromArrow)]
[INFO] [stdout]     |                                                         ^^^^^^^^^ use of unresolved module or unlinked crate `foundation_arrow`
[INFO] [stdout]     |
[INFO] [stdout]     = note: this error originates in the derive macro `FromArrow` (in Nightly builds, run with -Z macro-backtrace for more info)
[INFO] [stdout] 
[INFO] [stdout] 
[INFO] [stdout] error[E0433]: cannot find module or crate `foundation_arrow` in this scope
[INFO] [stdout]    --> tests/units/foundation_macros_arrow_serialize_tests.rs:148:35
[INFO] [stdout]     |
[INFO] [stdout] 148 | #[derive(Debug, Clone, PartialEq, ArrowSchema, ToArrow, FromArrow)]
[INFO] [stdout]     |                                   ^^^^^^^^^^^ use of unresolved module or unlinked crate `foundation_arrow`
[INFO] [stdout]     |
[INFO] [stdout]     = note: this error originates in the derive macro `ArrowSchema` (in Nightly builds, run with -Z macro-backtrace for more info)
[INFO] [stdout] 
[INFO] [stdout] 
[INFO] [stdout] error[E0433]: cannot find module or crate `foundation_arrow` in this scope
[INFO] [stdout]    --> tests/units/foundation_macros_arrow_serialize_tests.rs:148:48
[INFO] [stdout]     |
[INFO] [stdout] 148 | #[derive(Debug, Clone, PartialEq, ArrowSchema, ToArrow, FromArrow)]
[INFO] [stdout]     |                                                ^^^^^^^ use of unresolved module or unlinked crate `foundation_arrow`
[INFO] [stdout]     |
[INFO] [stdout]     = note: this error originates in the derive macro `ToArrow` (in Nightly builds, run with -Z macro-backtrace for more info)
[INFO] [stdout] 
[INFO] [stdout] 
[INFO] [stdout] error[E0433]: cannot find module or crate `foundation_arrow` in this scope
[INFO] [stdout]    --> tests/units/foundation_macros_arrow_serialize_tests.rs:148:57
[INFO] [stdout]     |
[INFO] [stdout] 148 | #[derive(Debug, Clone, PartialEq, ArrowSchema, ToArrow, FromArrow)]
[INFO] [stdout]     |                                                         ^^^^^^^^^ use of unresolved module or unlinked crate `foundation_arrow`
[INFO] [stdout]     |
[INFO] [stdout]     = note: this error originates in the derive macro `FromArrow` (in Nightly builds, run with -Z macro-backtrace for more info)
[INFO] [stdout] 
[INFO] [stdout] 
[INFO] [stdout] error[E0433]: cannot find module or crate `foundation_arrow` in this scope
[INFO] [stdout]    --> tests/units/foundation_macros_arrow_serialize_tests.rs:167:35
[INFO] [stdout]     |
[INFO] [stdout] 167 | #[derive(Debug, Clone, PartialEq, ArrowSchema, ToArrow, FromArrow)]
[INFO] [stdout]     |                                   ^^^^^^^^^^^ use of unresolved module or unlinked crate `foundation_arrow`
[INFO] [stdout]     |
[INFO] [stdout]     = note: this error originates in the derive macro `ArrowSchema` (in Nightly builds, run with -Z macro-backtrace for more info)
[INFO] [stdout] 
[INFO] [stdout] 
[INFO] [stdout] error[E0433]: cannot find module or crate `foundation_arrow` in this scope
[INFO] [stdout]    --> tests/units/foundation_macros_arrow_serialize_tests.rs:167:48
[INFO] [stdout]     |
[INFO] [stdout] 167 | #[derive(Debug, Clone, PartialEq, ArrowSchema, ToArrow, FromArrow)]
[INFO] [stdout]     |                                                ^^^^^^^ use of unresolved module or unlinked crate `foundation_arrow`
[INFO] [stdout]     |
[INFO] [stdout]     = note: this error originates in the derive macro `ToArrow` (in Nightly builds, run with -Z macro-backtrace for more info)
[INFO] [stdout] 
[INFO] [stdout] 
[INFO] [stdout] error[E0433]: cannot find module or crate `foundation_arrow` in this scope
[INFO] [stdout]    --> tests/units/foundation_macros_arrow_serialize_tests.rs:167:57
[INFO] [stdout]     |
[INFO] [stdout] 167 | #[derive(Debug, Clone, PartialEq, ArrowSchema, ToArrow, FromArrow)]
[INFO] [stdout]     |                                                         ^^^^^^^^^ use of unresolved module or unlinked crate `foundation_arrow`
[INFO] [stdout]     |
[INFO] [stdout]     = note: this error originates in the derive macro `FromArrow` (in Nightly builds, run with -Z macro-backtrace for more info)
[INFO] [stdout] 
[INFO] [stdout] 
[INFO] [stdout] error[E0433]: cannot find module or crate `foundation_arrow` in this scope
[INFO] [stdout]    --> tests/units/foundation_macros_arrow_serialize_tests.rs:242:35
[INFO] [stdout]     |
[INFO] [stdout] 242 | #[derive(Debug, Clone, PartialEq, ArrowSchema, ToArrow, FromArrow)]
[INFO] [stdout]     |                                   ^^^^^^^^^^^ use of unresolved module or unlinked crate `foundation_arrow`
[INFO] [stdout]     |
[INFO] [stdout]     = note: this error originates in the derive macro `ArrowSchema` (in Nightly builds, run with -Z macro-backtrace for more info)
[INFO] [stdout] 
[INFO] [stdout] 
[INFO] [stdout] error[E0433]: cannot find module or crate `foundation_arrow` in this scope
[INFO] [stdout]    --> tests/units/foundation_macros_arrow_serialize_tests.rs:242:48
[INFO] [stdout]     |
[INFO] [stdout] 242 | #[derive(Debug, Clone, PartialEq, ArrowSchema, ToArrow, FromArrow)]
[INFO] [stdout]     |                                                ^^^^^^^ use of unresolved module or unlinked crate `foundation_arrow`
[INFO] [stdout]     |
[INFO] [stdout]     = note: this error originates in the derive macro `ToArrow` (in Nightly builds, run with -Z macro-backtrace for more info)
[INFO] [stdout] 
[INFO] [stdout] 
[INFO] [stdout] error[E0433]: cannot find module or crate `foundation_arrow` in this scope
[INFO] [stdout]    --> tests/units/foundation_macros_arrow_serialize_tests.rs:242:57
[INFO] [stdout]     |
[INFO] [stdout] 242 | #[derive(Debug, Clone, PartialEq, ArrowSchema, ToArrow, FromArrow)]
[INFO] [stdout]     |                                                         ^^^^^^^^^ use of unresolved module or unlinked crate `foundation_arrow`
[INFO] [stdout]     |
[INFO] [stdout]     = note: this error originates in the derive macro `FromArrow` (in Nightly builds, run with -Z macro-backtrace for more info)
[INFO] [stdout] 
[INFO] [stdout] 
[INFO] [stdout] error[E0433]: cannot find module or crate `foundation_arrow` in this scope
[INFO] [stdout]    --> tests/units/foundation_macros_arrow_serialize_tests.rs:268:35
[INFO] [stdout]     |
[INFO] [stdout] 268 | #[derive(Debug, Clone, PartialEq, ArrowSchema, ToArrow, FromArrow)]
[INFO] [stdout]     |                                   ^^^^^^^^^^^ use of unresolved module or unlinked crate `foundation_arrow`
[INFO] [stdout]     |
[INFO] [stdout]     = note: this error originates in the derive macro `ArrowSchema` (in Nightly builds, run with -Z macro-backtrace for more info)
[INFO] [stdout] 
[INFO] [stdout] 
[INFO] [stdout] error[E0433]: cannot find module or crate `foundation_arrow` in this scope
[INFO] [stdout]    --> tests/units/foundation_macros_arrow_serialize_tests.rs:268:48
[INFO] [stdout]     |
[INFO] [stdout] 268 | #[derive(Debug, Clone, PartialEq, ArrowSchema, ToArrow, FromArrow)]
[INFO] [stdout]     |                                                ^^^^^^^ use of unresolved module or unlinked crate `foundation_arrow`
[INFO] [stdout]     |
[INFO] [stdout]     = note: this error originates in the derive macro `ToArrow` (in Nightly builds, run with -Z macro-backtrace for more info)
[INFO] [stdout] 
[INFO] [stdout] 
[INFO] [stdout] error[E0433]: cannot find module or crate `foundation_arrow` in this scope
[INFO] [stdout]    --> tests/units/foundation_macros_arrow_serialize_tests.rs:268:57
[INFO] [stdout]     |
[INFO] [stdout] 268 | #[derive(Debug, Clone, PartialEq, ArrowSchema, ToArrow, FromArrow)]
[INFO] [stdout]     |                                                         ^^^^^^^^^ use of unresolved module or unlinked crate `foundation_arrow`
[INFO] [stdout]     |
[INFO] [stdout]     = note: this error originates in the derive macro `FromArrow` (in Nightly builds, run with -Z macro-backtrace for more info)
[INFO] [stdout] 
[INFO] [stdout] 
[INFO] [stdout] error[E0433]: cannot find module or crate `foundation_arrow` in this scope
[INFO] [stdout]    --> tests/units/foundation_macros_arrow_serialize_tests.rs:305:35
[INFO] [stdout]     |
[INFO] [stdout] 305 | #[derive(Debug, Clone, PartialEq, ArrowSchema, ToArrow, FromArrow)]
[INFO] [stdout]     |                                   ^^^^^^^^^^^ use of unresolved module or unlinked crate `foundation_arrow`
[INFO] [stdout]     |
[INFO] [stdout]     = note: this error originates in the derive macro `ArrowSchema` (in Nightly builds, run with -Z macro-backtrace for more info)
[INFO] [stdout] 
[INFO] [stdout] 
[INFO] [stdout] error[E0433]: cannot find module or crate `foundation_arrow` in this scope
[INFO] [stdout]    --> tests/units/foundation_macros_arrow_serialize_tests.rs:305:48
[INFO] [stdout]     |
[INFO] [stdout] 305 | #[derive(Debug, Clone, PartialEq, ArrowSchema, ToArrow, FromArrow)]
[INFO] [stdout]     |                                                ^^^^^^^ use of unresolved module or unlinked crate `foundation_arrow`
[INFO] [stdout]     |
[INFO] [stdout]     = note: this error originates in the derive macro `ToArrow` (in Nightly builds, run with -Z macro-backtrace for more info)
[INFO] [stdout] 
[INFO] [stdout] 
[INFO] [stdout] error[E0433]: cannot find module or crate `foundation_arrow` in this scope
[INFO] [stdout]    --> tests/units/foundation_macros_arrow_serialize_tests.rs:305:57
[INFO] [stdout]     |
[INFO] [stdout] 305 | #[derive(Debug, Clone, PartialEq, ArrowSchema, ToArrow, FromArrow)]
[INFO] [stdout]     |                                                         ^^^^^^^^^ use of unresolved module or unlinked crate `foundation_arrow`
[INFO] [stdout]     |
[INFO] [stdout]     = note: this error originates in the derive macro `FromArrow` (in Nightly builds, run with -Z macro-backtrace for more info)
[INFO] [stdout] 
[INFO] [stdout] 
[INFO] [stdout] error[E0433]: cannot find module or crate `foundation_arrow` in this scope
[INFO] [stdout]    --> tests/units/foundation_macros_arrow_serialize_tests.rs:323:35
[INFO] [stdout]     |
[INFO] [stdout] 323 | #[derive(Debug, Clone, PartialEq, ArrowSchema, ToArrow, FromArrow)]
[INFO] [stdout]     |                                   ^^^^^^^^^^^ use of unresolved module or unlinked crate `foundation_arrow`
[INFO] [stdout]     |
[INFO] [stdout]     = note: this error originates in the derive macro `ArrowSchema` (in Nightly builds, run with -Z macro-backtrace for more info)
[INFO] [stdout] 
[INFO] [stdout] 
[INFO] [stdout] error[E0433]: cannot find module or crate `foundation_arrow` in this scope
[INFO] [stdout]    --> tests/units/foundation_macros_arrow_serialize_tests.rs:323:48
[INFO] [stdout]     |
[INFO] [stdout] 323 | #[derive(Debug, Clone, PartialEq, ArrowSchema, ToArrow, FromArrow)]
[INFO] [stdout]     |                                                ^^^^^^^ use of unresolved module or unlinked crate `foundation_arrow`
[INFO] [stdout]     |
[INFO] [stdout]     = note: this error originates in the derive macro `ToArrow` (in Nightly builds, run with -Z macro-backtrace for more info)
[INFO] [stdout] 
[INFO] [stdout] 
[INFO] [stdout] error[E0433]: cannot find module or crate `foundation_arrow` in this scope
[INFO] [stdout]    --> tests/units/foundation_macros_arrow_serialize_tests.rs:323:57
[INFO] [stdout]     |
[INFO] [stdout] 323 | #[derive(Debug, Clone, PartialEq, ArrowSchema, ToArrow, FromArrow)]
[INFO] [stdout]     |                                                         ^^^^^^^^^ use of unresolved module or unlinked crate `foundation_arrow`
[INFO] [stdout]     |
[INFO] [stdout]     = note: this error originates in the derive macro `FromArrow` (in Nightly builds, run with -Z macro-backtrace for more info)
[INFO] [stdout] 
[INFO] [stdout] 
[INFO] [stdout] error[E0433]: cannot find module or crate `foundation_arrow` in this scope
[INFO] [stdout]  --> tests/units/foundation_macros_arrow_json_schema_tests.rs:9:10
[INFO] [stdout]   |
[INFO] [stdout] 9 | #[derive(ArrowSchema, ArrowJsonSchema)]
[INFO] [stdout]   |          ^^^^^^^^^^^ use of unresolved module or unlinked crate `foundation_arrow`
[INFO] [stdout]   |
[INFO] [stdout]   = note: this error originates in the derive macro `ArrowSchema` (in Nightly builds, run with -Z macro-backtrace for more info)
[INFO] [stdout] help: consider importing one of these items
[INFO] [stdout]   |
[INFO] [stdout] 6 + use std::field::Field;
[INFO] [stdout]   |
[INFO] [stdout] 6 + use syn::Field;
[INFO] [stdout]   |
[INFO] [stdout] 
[INFO] [stdout] 
[INFO] [stdout] error[E0433]: cannot find module or crate `foundation_arrow` in this scope
[INFO] [stdout]   --> tests/units/foundation_macros_arrow_json_schema_tests.rs:41:10
[INFO] [stdout]    |
[INFO] [stdout] 41 | #[derive(ArrowSchema, ArrowJsonSchema)]
[INFO] [stdout]    |          ^^^^^^^^^^^ use of unresolved module or unlinked crate `foundation_arrow`
[INFO] [stdout]    |
[INFO] [stdout]    = note: this error originates in the derive macro `ArrowSchema` (in Nightly builds, run with -Z macro-backtrace for more info)
[INFO] [stdout] help: consider importing one of these items
[INFO] [stdout]    |
[INFO] [stdout]  6 + use std::field::Field;
[INFO] [stdout]    |
[INFO] [stdout]  6 + use syn::Field;
[INFO] [stdout]    |
[INFO] [stdout] 
[INFO] [stdout] 
[INFO] [stdout] error[E0433]: cannot find module or crate `foundation_arrow` in this scope
[INFO] [stdout]  --> tests/units/foundation_macros_arrow_schema_tests.rs:9:10
[INFO] [stdout]   |
[INFO] [stdout] 9 | #[derive(ArrowSchema)]
[INFO] [stdout]   |          ^^^^^^^^^^^ use of unresolved module or unlinked crate `foundation_arrow`
[INFO] [stdout]   |
[INFO] [stdout]   = note: this error originates in the derive macro `ArrowSchema` (in Nightly builds, run with -Z macro-backtrace for more info)
[INFO] [stdout] help: consider importing one of these items
[INFO] [stdout]   |
[INFO] [stdout] 5 + use std::field::Field;
[INFO] [stdout]   |
[INFO] [stdout] 5 + use syn::Field;
[INFO] [stdout]   |
[INFO] [stdout] 
[INFO] [stdout] 
[INFO] [stdout] error[E0433]: cannot find module or crate `foundation_arrow` in this scope
[INFO] [stdout]   --> tests/units/foundation_macros_arrow_schema_tests.rs:39:10
[INFO] [stdout]    |
[INFO] [stdout] 39 | #[derive(ArrowSchema)]
[INFO] [stdout]    |          ^^^^^^^^^^^ use of unresolved module or unlinked crate `foundation_arrow`
[INFO] [stdout]    |
[INFO] [stdout]    = note: this error originates in the derive macro `ArrowSchema` (in Nightly builds, run with -Z macro-backtrace for more info)
[INFO] [stdout] help: consider importing one of these items
[INFO] [stdout]    |
[INFO] [stdout]  5 + use std::field::Field;
[INFO] [stdout]    |
[INFO] [stdout]  5 + use syn::Field;
[INFO] [stdout]    |
[INFO] [stdout] 
[INFO] [stdout] 
[INFO] [stdout] error[E0433]: cannot find module or crate `foundation_arrow` in this scope
[INFO] [stdout]   --> tests/units/foundation_macros_arrow_schema_tests.rs:63:10
[INFO] [stdout]    |
[INFO] [stdout] 63 | #[derive(ArrowSchema)]
[INFO] [stdout]    |          ^^^^^^^^^^^ use of unresolved module or unlinked crate `foundation_arrow`
[INFO] [stdout]    |
[INFO] [stdout]    = note: this error originates in the derive macro `ArrowSchema` (in Nightly builds, run with -Z macro-backtrace for more info)
[INFO] [stdout] help: consider importing one of these items
[INFO] [stdout]    |
[INFO] [stdout]  5 + use std::field::Field;
[INFO] [stdout]    |
[INFO] [stdout]  5 + use syn::Field;
[INFO] [stdout]    |
[INFO] [stdout] 
[INFO] [stdout] 
[INFO] [stdout] error[E0433]: cannot find module or crate `foundation_arrow` in this scope
[INFO] [stdout]   --> tests/units/foundation_macros_arrow_schema_tests.rs:88:10
[INFO] [stdout]    |
[INFO] [stdout] 88 | #[derive(ArrowSchema)]
[INFO] [stdout]    |          ^^^^^^^^^^^ use of unresolved module or unlinked crate `foundation_arrow`
[INFO] [stdout]    |
[INFO] [stdout]    = note: this error originates in the derive macro `ArrowSchema` (in Nightly builds, run with -Z macro-backtrace for more info)
[INFO] [stdout] help: consider importing one of these items
[INFO] [stdout]    |
[INFO] [stdout]  5 + use std::field::Field;
[INFO] [stdout]    |
[INFO] [stdout]  5 + use syn::Field;
[INFO] [stdout]    |
[INFO] [stdout] 
[INFO] [stdout] 
[INFO] [stdout] error[E0433]: cannot find module or crate `foundation_arrow` in this scope
[INFO] [stdout]  --> tests/units/foundation_macros_arrow_serialize_tests.rs:6:35
[INFO] [stdout]   |
[INFO] [stdout] 6 | #[derive(Debug, Clone, PartialEq, ArrowSchema, ToArrow, FromArrow)]
[INFO] [stdout]   |                                   ^^^^^^^^^^^ use of unresolved module or unlinked crate `foundation_arrow`
[INFO] [stdout]   |
[INFO] [stdout]   = note: this error originates in the derive macro `ArrowSchema` (in Nightly builds, run with -Z macro-backtrace for more info)
[INFO] [stdout] help: consider importing one of these items
[INFO] [stdout]   |
[INFO] [stdout] 1 + use std::field::Field;
[INFO] [stdout]   |
[INFO] [stdout] 1 + use syn::Field;
[INFO] [stdout]   |
[INFO] [stdout] 
[INFO] [stdout] 
[INFO] [stdout] error[E0433]: cannot find module or crate `foundation_arrow` in this scope
[INFO] [stdout]   --> tests/units/foundation_macros_arrow_serialize_tests.rs:88:35
[INFO] [stdout]    |
[INFO] [stdout] 88 | #[derive(Debug, Clone, PartialEq, ArrowSchema, ToArrow, FromArrow)]
[INFO] [stdout]    |                                   ^^^^^^^^^^^ use of unresolved module or unlinked crate `foundation_arrow`
[INFO] [stdout]    |
[INFO] [stdout]    = note: this error originates in the derive macro `ArrowSchema` (in Nightly builds, run with -Z macro-backtrace for more info)
[INFO] [stdout] help: consider importing one of these items
[INFO] [stdout]    |
[INFO] [stdout]  1 + use std::field::Field;
[INFO] [stdout]    |
[INFO] [stdout]  1 + use syn::Field;
[INFO] [stdout]    |
[INFO] [stdout] 
[INFO] [stdout] 
[INFO] [stdout] error[E0433]: cannot find module or crate `foundation_arrow` in this scope
[INFO] [stdout]    --> tests/units/foundation_macros_arrow_serialize_tests.rs:119:35
[INFO] [stdout]     |
[INFO] [stdout] 119 | #[derive(Debug, Clone, PartialEq, ArrowSchema, ToArrow, FromArrow)]
[INFO] [stdout]     |                                   ^^^^^^^^^^^ use of unresolved module or unlinked crate `foundation_arrow`
[INFO] [stdout]     |
[INFO] [stdout]     = note: this error originates in the derive macro `ArrowSchema` (in Nightly builds, run with -Z macro-backtrace for more info)
[INFO] [stdout] help: consider importing one of these items
[INFO] [stdout]     |
[INFO] [stdout]   1 + use std::field::Field;
[INFO] [stdout]     |
[INFO] [stdout]   1 + use syn::Field;
[INFO] [stdout]     |
[INFO] [stdout] 
[INFO] [stdout] 
[INFO] [stdout] error[E0433]: cannot find module or crate `foundation_arrow` in this scope
[INFO] [stdout]    --> tests/units/foundation_macros_arrow_serialize_tests.rs:148:35
[INFO] [stdout]     |
[INFO] [stdout] 148 | #[derive(Debug, Clone, PartialEq, ArrowSchema, ToArrow, FromArrow)]
[INFO] [stdout]     |                                   ^^^^^^^^^^^ use of unresolved module or unlinked crate `foundation_arrow`
[INFO] [stdout]     |
[INFO] [stdout]     = note: this error originates in the derive macro `ArrowSchema` (in Nightly builds, run with -Z macro-backtrace for more info)
[INFO] [stdout] help: consider importing one of these items
[INFO] [stdout]     |
[INFO] [stdout]   1 + use std::field::Field;
[INFO] [stdout]     |
[INFO] [stdout]   1 + use syn::Field;
[INFO] [stdout]     |
[INFO] [stdout] 
[INFO] [stdout] 
[INFO] [stdout] error[E0433]: cannot find module or crate `foundation_arrow` in this scope
[INFO] [stdout]    --> tests/units/foundation_macros_arrow_serialize_tests.rs:167:35
[INFO] [stdout]     |
[INFO] [stdout] 167 | #[derive(Debug, Clone, PartialEq, ArrowSchema, ToArrow, FromArrow)]
[INFO] [stdout]     |                                   ^^^^^^^^^^^ use of unresolved module or unlinked crate `foundation_arrow`
[INFO] [stdout]     |
[INFO] [stdout]     = note: this error originates in the derive macro `ArrowSchema` (in Nightly builds, run with -Z macro-backtrace for more info)
[INFO] [stdout] help: consider importing one of these items
[INFO] [stdout]     |
[INFO] [stdout]   1 + use std::field::Field;
[INFO] [stdout]     |
[INFO] [stdout]   1 + use syn::Field;
[INFO] [stdout]     |
[INFO] [stdout] 
[INFO] [stdout] 
[INFO] [stdout] error[E0433]: cannot find module or crate `foundation_arrow` in this scope
[INFO] [stdout]    --> tests/units/foundation_macros_arrow_serialize_tests.rs:242:35
[INFO] [stdout]     |
[INFO] [stdout] 242 | #[derive(Debug, Clone, PartialEq, ArrowSchema, ToArrow, FromArrow)]
[INFO] [stdout]     |                                   ^^^^^^^^^^^ use of unresolved module or unlinked crate `foundation_arrow`
[INFO] [stdout]     |
[INFO] [stdout]     = note: this error originates in the derive macro `ArrowSchema` (in Nightly builds, run with -Z macro-backtrace for more info)
[INFO] [stdout] help: consider importing one of these items
[INFO] [stdout]     |
[INFO] [stdout]   1 + use std::field::Field;
[INFO] [stdout]     |
[INFO] [stdout]   1 + use syn::Field;
[INFO] [stdout]     |
[INFO] [stdout] 
[INFO] [stdout] 
[INFO] [stdout] error[E0433]: cannot find module or crate `foundation_arrow` in this scope
[INFO] [stdout]    --> tests/units/foundation_macros_arrow_serialize_tests.rs:268:35
[INFO] [stdout]     |
[INFO] [stdout] 268 | #[derive(Debug, Clone, PartialEq, ArrowSchema, ToArrow, FromArrow)]
[INFO] [stdout]     |                                   ^^^^^^^^^^^ use of unresolved module or unlinked crate `foundation_arrow`
[INFO] [stdout]     |
[INFO] [stdout]     = note: this error originates in the derive macro `ArrowSchema` (in Nightly builds, run with -Z macro-backtrace for more info)
[INFO] [stdout] help: consider importing one of these items
[INFO] [stdout]     |
[INFO] [stdout]   1 + use std::field::Field;
[INFO] [stdout]     |
[INFO] [stdout]   1 + use syn::Field;
[INFO] [stdout]     |
[INFO] [stdout] 
[INFO] [stdout] 
[INFO] [stdout] error[E0433]: cannot find module or crate `foundation_arrow` in this scope
[INFO] [stdout]    --> tests/units/foundation_macros_arrow_serialize_tests.rs:305:35
[INFO] [stdout]     |
[INFO] [stdout] 305 | #[derive(Debug, Clone, PartialEq, ArrowSchema, ToArrow, FromArrow)]
[INFO] [stdout]     |                                   ^^^^^^^^^^^ use of unresolved module or unlinked crate `foundation_arrow`
[INFO] [stdout]     |
[INFO] [stdout]     = note: this error originates in the derive macro `ArrowSchema` (in Nightly builds, run with -Z macro-backtrace for more info)
[INFO] [stdout] help: consider importing one of these items
[INFO] [stdout]     |
[INFO] [stdout]   1 + use std::field::Field;
[INFO] [stdout]     |
[INFO] [stdout]   1 + use syn::Field;
[INFO] [stdout]     |
[INFO] [stdout] 
[INFO] [stdout] 
[INFO] [stdout] error[E0433]: cannot find module or crate `foundation_arrow` in this scope
[INFO] [stdout]    --> tests/units/foundation_macros_arrow_serialize_tests.rs:323:35
[INFO] [stdout]     |
[INFO] [stdout] 323 | #[derive(Debug, Clone, PartialEq, ArrowSchema, ToArrow, FromArrow)]
[INFO] [stdout]     |                                   ^^^^^^^^^^^ use of unresolved module or unlinked crate `foundation_arrow`
[INFO] [stdout]     |
[INFO] [stdout]     = note: this error originates in the derive macro `ArrowSchema` (in Nightly builds, run with -Z macro-backtrace for more info)
[INFO] [stdout] help: consider importing one of these items
[INFO] [stdout]     |
[INFO] [stdout]   1 + use std::field::Field;
[INFO] [stdout]     |
[INFO] [stdout]   1 + use syn::Field;
[INFO] [stdout]     |
[INFO] [stdout] 
[INFO] [stdout] 
[INFO] [stdout] error[E0433]: cannot find module or crate `foundation_arrow` in this scope
[INFO] [stdout]  --> tests/units/foundation_macros_arrow_json_schema_tests.rs:9:23
[INFO] [stdout]   |
[INFO] [stdout] 9 | #[derive(ArrowSchema, ArrowJsonSchema)]
[INFO] [stdout]   |                       ^^^^^^^^^^^^^^^ use of unresolved module or unlinked crate `foundation_arrow`
[INFO] [stdout]   |
[INFO] [stdout]   = note: this error originates in the derive macro `ArrowJsonSchema` (in Nightly builds, run with -Z macro-backtrace for more info)
[INFO] [stdout] 
[INFO] [stdout] 
[INFO] [stdout] error[E0433]: cannot find module or crate `foundation_arrow` in this scope
[INFO] [stdout]   --> tests/units/foundation_macros_arrow_json_schema_tests.rs:41:23
[INFO] [stdout]    |
[INFO] [stdout] 41 | #[derive(ArrowSchema, ArrowJsonSchema)]
[INFO] [stdout]    |                       ^^^^^^^^^^^^^^^ use of unresolved module or unlinked crate `foundation_arrow`
[INFO] [stdout]    |
[INFO] [stdout]    = note: this error originates in the derive macro `ArrowJsonSchema` (in Nightly builds, run with -Z macro-backtrace for more info)
[INFO] [stdout] 
[INFO] [stdout] 
[INFO] [stdout] error[E0433]: cannot find module or crate `foundation_jsonschema` in this scope
[INFO] [stdout]  --> tests/units/foundation_macros_json_schema_tests.rs:8:10
[INFO] [stdout]   |
[INFO] [stdout] 8 | #[derive(JsonSchema)]
[INFO] [stdout]   |          ^^^^^^^^^^ use of unresolved module or unlinked crate `foundation_jsonschema`
[INFO] [stdout]   |
[INFO] [stdout]   = note: this error originates in the derive macro `JsonSchema` (in Nightly builds, run with -Z macro-backtrace for more info)
[INFO] [stdout] 
[INFO] [stdout] 
[INFO] [stdout] error[E0433]: cannot find module or crate `foundation_jsonschema` in this scope
[INFO] [stdout]   --> tests/units/foundation_macros_json_schema_tests.rs:39:10
[INFO] [stdout]    |
[INFO] [stdout] 39 | #[derive(JsonSchema)]
[INFO] [stdout]    |          ^^^^^^^^^^ use of unresolved module or unlinked crate `foundation_jsonschema`
[INFO] [stdout]    |
[INFO] [stdout]    = note: this error originates in the derive macro `JsonSchema` (in Nightly builds, run with -Z macro-backtrace for more info)
[INFO] [stdout] 
[INFO] [stdout] 
[INFO] [stdout] error[E0433]: cannot find module or crate `foundation_jsonschema` in this scope
[INFO] [stdout]   --> tests/units/foundation_macros_json_schema_tests.rs:76:10
[INFO] [stdout]    |
[INFO] [stdout] 76 | #[derive(JsonSchema)]
[INFO] [stdout]    |          ^^^^^^^^^^ use of unresolved module or unlinked crate `foundation_jsonschema`
[INFO] [stdout]    |
[INFO] [stdout]    = note: this error originates in the derive macro `JsonSchema` (in Nightly builds, run with -Z macro-backtrace for more info)
[INFO] [stdout] 
[INFO] [stdout] 
[INFO] [stdout] Some errors have detailed explanations: E0432, E0433.
[INFO] [stdout] 
[INFO] [stdout] For more information about an error, try `rustc --explain E0432`.
[INFO] [stdout] 
[INFO] [stderr] error: could not compile `foundation_macros` (test "foundation_macros_tests") due to 70 previous errors
[INFO] running `Command { std: "docker" "inspect" "e8b39dcd8c73795cccf73bb4682294f8bd5994588a6a853f43f7591bc98ef024", kill_on_drop: false }`
[INFO] running `Command { std: "docker" "rm" "-f" "e8b39dcd8c73795cccf73bb4682294f8bd5994588a6a853f43f7591bc98ef024", kill_on_drop: false }`
[INFO] [stdout] e8b39dcd8c73795cccf73bb4682294f8bd5994588a6a853f43f7591bc98ef024
