[INFO] fetching crate prax-orm-cli 0.12.5...
[INFO] checking prax-orm-cli-0.12.5 against f3df2feb79b2422c028f78855ec6ffe2e212d7cc for pr-163699
[INFO] extracting crate prax-orm-cli 0.12.5 into /workspace/builds/worker-2-tc2/source
[INFO] started tweaking crates.io crate prax-orm-cli 0.12.5
[INFO] removed 0 missing tests
[INFO] finished tweaking crates.io crate prax-orm-cli 0.12.5
[INFO] tweaked toml for crates.io crate prax-orm-cli 0.12.5 written to /workspace/builds/worker-2-tc2/source/Cargo.toml
[INFO] validating manifest of crates.io crate prax-orm-cli 0.12.5 on toolchain f3df2feb79b2422c028f78855ec6ffe2e212d7cc
[INFO] running `Command { std: CARGO_HOME="/workspace/cargo-home" RUSTUP_HOME="/workspace/rustup-home" "/workspace/cargo-home/bin/cargo" "+f3df2feb79b2422c028f78855ec6ffe2e212d7cc" "metadata" "--manifest-path" "Cargo.toml" "--no-deps", kill_on_drop: false }`
[INFO] crate crates.io crate prax-orm-cli 0.12.5 already has a lockfile, it will not be regenerated
[INFO] running `Command { std: CARGO_HOME="/workspace/cargo-home" RUSTUP_HOME="/workspace/rustup-home" "/workspace/cargo-home/bin/cargo" "+f3df2feb79b2422c028f78855ec6ffe2e212d7cc" "fetch" "--manifest-path" "Cargo.toml", kill_on_drop: false }`
[INFO] [stderr]     Blocking waiting for file lock on package cache
[ERROR] error running command: no output for 300 seconds
[INFO] checking prax-orm-cli-0.12.5 against f3df2feb79b2422c028f78855ec6ffe2e212d7cc for pr-163699
[INFO] extracting crate prax-orm-cli 0.12.5 into /workspace/builds/worker-2-tc2/source
[INFO] started tweaking crates.io crate prax-orm-cli 0.12.5
[INFO] removed 0 missing tests
[INFO] finished tweaking crates.io crate prax-orm-cli 0.12.5
[INFO] tweaked toml for crates.io crate prax-orm-cli 0.12.5 written to /workspace/builds/worker-2-tc2/source/Cargo.toml
[INFO] validating manifest of crates.io crate prax-orm-cli 0.12.5 on toolchain f3df2feb79b2422c028f78855ec6ffe2e212d7cc
[INFO] running `Command { std: CARGO_HOME="/workspace/cargo-home" RUSTUP_HOME="/workspace/rustup-home" "/workspace/cargo-home/bin/cargo" "+f3df2feb79b2422c028f78855ec6ffe2e212d7cc" "metadata" "--manifest-path" "Cargo.toml" "--no-deps", kill_on_drop: false }`
[INFO] crate crates.io crate prax-orm-cli 0.12.5 already has a lockfile, it will not be regenerated
[INFO] running `Command { std: CARGO_HOME="/workspace/cargo-home" RUSTUP_HOME="/workspace/rustup-home" "/workspace/cargo-home/bin/cargo" "+f3df2feb79b2422c028f78855ec6ffe2e212d7cc" "fetch" "--manifest-path" "Cargo.toml", kill_on_drop: false }`
[INFO] [stderr]     Blocking waiting for file lock on package cache
[INFO] [stderr]     Blocking waiting for file lock on package cache
[ERROR] error running command: no output for 300 seconds
[INFO] checking prax-orm-cli-0.12.5 against f3df2feb79b2422c028f78855ec6ffe2e212d7cc for pr-163699
[INFO] extracting crate prax-orm-cli 0.12.5 into /workspace/builds/worker-2-tc2/source
[INFO] started tweaking crates.io crate prax-orm-cli 0.12.5
[INFO] removed 0 missing tests
[INFO] finished tweaking crates.io crate prax-orm-cli 0.12.5
[INFO] tweaked toml for crates.io crate prax-orm-cli 0.12.5 written to /workspace/builds/worker-2-tc2/source/Cargo.toml
[INFO] validating manifest of crates.io crate prax-orm-cli 0.12.5 on toolchain f3df2feb79b2422c028f78855ec6ffe2e212d7cc
[INFO] running `Command { std: CARGO_HOME="/workspace/cargo-home" RUSTUP_HOME="/workspace/rustup-home" "/workspace/cargo-home/bin/cargo" "+f3df2feb79b2422c028f78855ec6ffe2e212d7cc" "metadata" "--manifest-path" "Cargo.toml" "--no-deps", kill_on_drop: false }`
[INFO] crate crates.io crate prax-orm-cli 0.12.5 already has a lockfile, it will not be regenerated
[INFO] running `Command { std: CARGO_HOME="/workspace/cargo-home" RUSTUP_HOME="/workspace/rustup-home" "/workspace/cargo-home/bin/cargo" "+f3df2feb79b2422c028f78855ec6ffe2e212d7cc" "fetch" "--manifest-path" "Cargo.toml", kill_on_drop: false }`
[INFO] [stderr]     Blocking waiting for file lock on package cache
[INFO] [stderr]     Blocking waiting for file lock on package cache
[ERROR] error running command: no output for 300 seconds
[INFO] checking prax-orm-cli-0.12.5 against f3df2feb79b2422c028f78855ec6ffe2e212d7cc for pr-163699
[INFO] extracting crate prax-orm-cli 0.12.5 into /workspace/builds/worker-2-tc2/source
[INFO] started tweaking crates.io crate prax-orm-cli 0.12.5
[INFO] removed 0 missing tests
[INFO] finished tweaking crates.io crate prax-orm-cli 0.12.5
[INFO] tweaked toml for crates.io crate prax-orm-cli 0.12.5 written to /workspace/builds/worker-2-tc2/source/Cargo.toml
[INFO] validating manifest of crates.io crate prax-orm-cli 0.12.5 on toolchain f3df2feb79b2422c028f78855ec6ffe2e212d7cc
[INFO] running `Command { std: CARGO_HOME="/workspace/cargo-home" RUSTUP_HOME="/workspace/rustup-home" "/workspace/cargo-home/bin/cargo" "+f3df2feb79b2422c028f78855ec6ffe2e212d7cc" "metadata" "--manifest-path" "Cargo.toml" "--no-deps", kill_on_drop: false }`
[INFO] crate crates.io crate prax-orm-cli 0.12.5 already has a lockfile, it will not be regenerated
[INFO] running `Command { std: CARGO_HOME="/workspace/cargo-home" RUSTUP_HOME="/workspace/rustup-home" "/workspace/cargo-home/bin/cargo" "+f3df2feb79b2422c028f78855ec6ffe2e212d7cc" "fetch" "--manifest-path" "Cargo.toml", kill_on_drop: false }`
[INFO] [stderr]     Blocking waiting for file lock on package cache
[INFO] [stderr]     Blocking waiting for file lock on package cache
[ERROR] error running command: no output for 300 seconds
[INFO] checking prax-orm-cli-0.12.5 against f3df2feb79b2422c028f78855ec6ffe2e212d7cc for pr-163699
[INFO] extracting crate prax-orm-cli 0.12.5 into /workspace/builds/worker-2-tc2/source
[INFO] started tweaking crates.io crate prax-orm-cli 0.12.5
[INFO] removed 0 missing tests
[INFO] finished tweaking crates.io crate prax-orm-cli 0.12.5
[INFO] tweaked toml for crates.io crate prax-orm-cli 0.12.5 written to /workspace/builds/worker-2-tc2/source/Cargo.toml
[INFO] validating manifest of crates.io crate prax-orm-cli 0.12.5 on toolchain f3df2feb79b2422c028f78855ec6ffe2e212d7cc
[INFO] running `Command { std: CARGO_HOME="/workspace/cargo-home" RUSTUP_HOME="/workspace/rustup-home" "/workspace/cargo-home/bin/cargo" "+f3df2feb79b2422c028f78855ec6ffe2e212d7cc" "metadata" "--manifest-path" "Cargo.toml" "--no-deps", kill_on_drop: false }`
[INFO] crate crates.io crate prax-orm-cli 0.12.5 already has a lockfile, it will not be regenerated
[INFO] running `Command { std: CARGO_HOME="/workspace/cargo-home" RUSTUP_HOME="/workspace/rustup-home" "/workspace/cargo-home/bin/cargo" "+f3df2feb79b2422c028f78855ec6ffe2e212d7cc" "fetch" "--manifest-path" "Cargo.toml", kill_on_drop: false }`
[INFO] [stderr]     Blocking waiting for file lock on package cache
[INFO] [stderr]     Blocking waiting for file lock on package cache
[INFO] [stderr]  Downloading crates ...
[INFO] [stderr]   Downloaded libredox v0.1.16
[INFO] [stderr]   Downloaded hybrid-array v0.4.11
[INFO] [stderr]   Downloaded postgres-derive v0.4.9
[INFO] [stderr]   Downloaded uuid v1.23.1
[INFO] [stderr]   Downloaded prax-sqlite v0.12.5
[INFO] [stderr]   Downloaded tokio-rusqlite v0.6.0
[INFO] [stderr]   Downloaded mysql-common-derive v0.32.1
[INFO] [stderr]   Downloaded fallible-streaming-iterator v0.1.9
[INFO] [stderr]   Downloaded btoi v0.4.3
[INFO] [stderr]   Downloaded keyed_priority_queue v0.4.2
[INFO] [stderr]   Downloaded winauth v0.0.4
[INFO] [stderr]   Downloaded toml_edit v0.25.11+spec-1.1.0
[INFO] [stderr]   Downloaded md5 v0.6.1
[INFO] [stderr]   Downloaded hashlink v0.9.1
[INFO] [stderr]   Downloaded postgres_rustls v0.1.5
[INFO] [stderr]   Downloaded lru v0.18.4
[INFO] [stderr]   Downloaded enumflags2_derive v0.7.12
[INFO] [stderr]   Downloaded pretty-hex v0.3.0
[INFO] [stderr]   Downloaded asynchronous-codec v0.6.2
[INFO] [stderr]   Downloaded bb8-tiberius v0.16.0
[INFO] [stderr]   Downloaded rkyv_derive v0.7.46
[INFO] [stderr]   Downloaded borsh-derive v1.6.1
[INFO] [stderr]   Downloaded enumflags2 v0.7.12
[INFO] [stderr]   Downloaded connection-string v0.2.0
[INFO] [stderr]   Downloaded deadpool-postgres v0.14.1
[INFO] [stderr]   Downloaded prax-mysql v0.12.5
[INFO] [stderr]   Downloaded prax-postgres v0.12.5
[INFO] [stderr]   Downloaded bb8 v0.9.1
[INFO] [stderr]   Downloaded prax-import v0.12.5
[INFO] [stderr]   Downloaded assert_cmd v2.2.1
[INFO] [stderr]   Downloaded prax-mssql v0.12.5
[INFO] [stderr]   Downloaded borsh v1.6.1
[INFO] [stderr]   Downloaded rkyv v0.7.46
[INFO] [stderr]   Downloaded prax-schema v0.12.5
[INFO] [stderr]   Downloaded mysql_async v0.36.2
[INFO] [stderr]   Downloaded prax-migrate v0.12.5
[INFO] [stderr]   Downloaded rust_decimal v1.41.0
[INFO] [stderr]   Downloaded tiberius v0.12.3
[INFO] [stderr]   Downloaded rusqlite v0.32.1
[INFO] [stderr]   Downloaded mysql_common v0.35.5
[INFO] [stderr]   Downloaded prax-codegen v0.12.5
[INFO] [stderr]   Downloaded prax-query v0.12.5
[INFO] running `Command { std: "docker" "create" "-v" "/var/lib/crater-agent-workspace/builds/worker-2-tc2/source:/opt/rustwide/workdir:ro,Z" "-v" "/var/lib/crater-agent-workspace/builds/worker-2-tc2/target:/opt/rustwide/target:rw,Z" "-v" "/var/lib/crater-agent-workspace/cargo-home:/opt/rustwide/cargo-home:ro,Z" "-v" "/var/lib/crater-agent-workspace/rustup-home:/opt/rustwide/rustup-home:ro,Z" "-m" "1610612736" "--network" "none" "ghcr.io/rust-lang/crates-build-env/linux@sha256:77db811e55d90add9212f6832c23229e3de5f1c1f9905e8cb07319ea15df73ac" "sleep" "infinity", kill_on_drop: false }`
[INFO] [stdout] b90a3e71cbae092a638273bd8619c48205e905c408012d9414b43f4fd24c25a9
[INFO] running `Command { std: "docker" "start" "b90a3e71cbae092a638273bd8619c48205e905c408012d9414b43f4fd24c25a9", kill_on_drop: false }`
[INFO] running `Command { std: "docker" "inspect" "b90a3e71cbae092a638273bd8619c48205e905c408012d9414b43f4fd24c25a9", kill_on_drop: false }`
[INFO] running `Command { std: "docker" "exec" "-e" "SOURCE_DIR=/opt/rustwide/workdir" "-e" "CARGO_HOME=/opt/rustwide/cargo-home" "-e" "RUSTUP_HOME=/opt/rustwide/rustup-home" "-e" "CARGO_TARGET_DIR=/opt/rustwide/target" "-w" "/opt/rustwide/workdir" "--user" "0:0" "b90a3e71cbae092a638273bd8619c48205e905c408012d9414b43f4fd24c25a9" "/opt/rustwide/cargo-home/bin/cargo" "+f3df2feb79b2422c028f78855ec6ffe2e212d7cc" "metadata" "--no-deps" "--format-version=1", kill_on_drop: false }`
[INFO] running `Command { std: "docker" "inspect" "b90a3e71cbae092a638273bd8619c48205e905c408012d9414b43f4fd24c25a9", kill_on_drop: false }`
[INFO] running `Command { std: "docker" "exec" "-e" "SOURCE_DIR=/opt/rustwide/workdir" "-e" "CARGO_HOME=/opt/rustwide/cargo-home" "-e" "RUSTUP_HOME=/opt/rustwide/rustup-home" "-e" "CARGO_TARGET_DIR=/opt/rustwide/target" "-e" "CARGO_INCREMENTAL=0" "-e" "RUST_BACKTRACE=full" "-e" "RUSTFLAGS=--cap-lints=forbid" "-e" "RUSTDOCFLAGS=--cap-lints=forbid" "-w" "/opt/rustwide/workdir" "--user" "0:0" "b90a3e71cbae092a638273bd8619c48205e905c408012d9414b43f4fd24c25a9" "/opt/rustwide/cargo-home/bin/cargo" "+f3df2feb79b2422c028f78855ec6ffe2e212d7cc" "check" "--frozen" "--all" "--all-targets" "--message-format=json", kill_on_drop: false }`
[INFO] [stderr]    Compiling proc-macro2 v1.0.106
[INFO] [stderr]    Compiling libc v0.2.186
[INFO] [stderr]    Compiling serde_core v1.0.228
[INFO] [stderr]     Checking typenum v1.20.0
[INFO] [stderr]    Compiling quote v1.0.45
[INFO] [stderr]    Compiling serde v1.0.228
[INFO] [stderr]    Compiling num-traits v0.2.19
[INFO] [stderr]    Compiling getrandom v0.4.2
[INFO] [stderr]    Compiling pkg-config v0.3.33
[INFO] [stderr]     Checking log v0.4.29
[INFO] [stderr]     Checking cmov v0.5.3
[INFO] [stderr]    Compiling owo-colors v4.3.0
[INFO] [stderr]    Compiling object v0.37.3
[INFO] [stderr]     Checking foldhash v0.2.0
[INFO] [stderr]     Checking bitflags v2.11.1
[INFO] [stderr]     Checking chacha20 v0.10.0
[INFO] [stderr]     Checking unicode-properties v0.1.4
[INFO] [stderr]     Checking unicode-bidi v0.3.18
[INFO] [stderr]     Checking hashbrown v0.17.0
[INFO] [stderr]     Checking fallible-iterator v0.2.0
[INFO] [stderr]     Checking ctutils v0.4.2
[INFO] [stderr]    Compiling zerocopy v0.8.48
[INFO] [stderr]     Checking rustls-pki-types v1.14.1
[INFO] [stderr]    Compiling winnow v1.0.2
[INFO] [stderr]    Compiling rustix v1.1.4
[INFO] [stderr]     Checking stringprep v0.1.5
[INFO] [stderr]     Checking gimli v0.32.3
[INFO] [stderr]    Compiling syn v2.0.117
[INFO] [stderr]     Checking form_urlencoded v1.2.2
[INFO] [stderr]    Compiling rust_decimal v1.41.0
[INFO] [stderr]    Compiling rustls v0.23.45
[INFO] [stderr]     Checking rustc-demangle v0.1.27
[INFO] [stderr]     Checking siphasher v1.0.2
[INFO] [stderr]     Checking unicode-width v0.2.2
[INFO] [stderr]     Checking is_ci v1.2.0
[INFO] [stderr]     Checking arrayvec v0.7.6
[INFO] [stderr]     Checking errno v0.3.14
[INFO] [stderr]     Checking mio v1.2.0
[INFO] [stderr]    Compiling jobserver v0.1.34
[INFO] [stderr]     Checking signal-hook-registry v1.4.8
[INFO] [stderr]     Checking socket2 v0.6.3
[INFO] [stderr]     Checking hybrid-array v0.4.11
[INFO] [stderr]     Checking generic-array v0.14.7
[INFO] [stderr]     Checking num_cpus v1.17.0
[INFO] [stderr]     Checking getrandom v0.2.17
[INFO] [stderr]     Checking unicode-linebreak v0.1.5
[INFO] [stderr]    Compiling cc v1.2.61
[INFO] [stderr]     Checking rand v0.10.1
[INFO] [stderr]    Compiling adler2 v2.0.1
[INFO] [stderr]    Compiling toml_parser v1.1.2+spec-1.1.0
[INFO] [stderr]    Compiling miniz_oxide v0.8.9
[INFO] [stderr]     Checking textwrap v0.16.2
[INFO] [stderr]     Checking regex-automata v0.4.14
[INFO] [stderr]     Checking block-buffer v0.10.4
[INFO] [stderr]     Checking crypto-common v0.1.7
[INFO] [stderr]     Checking phf_shared v0.13.1
[INFO] [stderr]     Checking block-buffer v0.12.0
[INFO] [stderr]     Checking crypto-common v0.2.1
[INFO] [stderr]     Checking digest v0.10.7
[INFO] [stderr]    Compiling indexmap v2.14.0
[INFO] [stderr] error: could not compile `zerocopy` (lib)
[INFO] [stderr] 
[INFO] [stderr] Caused by:
[INFO] [stderr]   process didn't exit successfully: `/opt/rustwide/rustup-home/toolchains/f3df2feb79b2422c028f78855ec6ffe2e212d7cc/bin/rustc --crate-name zerocopy --edition=2021 /opt/rustwide/cargo-home/registry/src/index.crates.io-1949cf8c6b5b557f/zerocopy-0.8.48/src/lib.rs --error-format=json --json=diagnostic-rendered-ansi,artifacts,future-incompat,unused-externs-silent --crate-type lib --emit=dep-info,metadata -C embed-bitcode=no -C debuginfo=2 --cfg 'feature="simd"' --check-cfg 'cfg(docsrs,test)' --check-cfg 'cfg(feature, values("__internal_use_only_features_that_work_on_stable", "alloc", "derive", "float-nightly", "simd", "simd-nightly", "std", "zerocopy-derive"))' -C metadata=ec31044ba35aed5b -C extra-filename=-92cff1c01b9503bd --out-dir /opt/rustwide/target/debug/build/zerocopy/92cff1c01b9503bd/out --cap-lints allow --cap-lints=forbid --force-warn=unused_crate_dependencies --check-cfg 'cfg(no_zerocopy_simd_x86_avx12_1_89_0)' --check-cfg 'cfg(rust, values("1.89.0"))' --check-cfg 'cfg(no_zerocopy_core_error_1_81_0)' --check-cfg 'cfg(rust, values("1.81.0"))' --check-cfg 'cfg(no_zerocopy_diagnostic_on_unimplemented_1_78_0)' --check-cfg 'cfg(rust, values("1.78.0"))' --check-cfg 'cfg(no_zerocopy_generic_bounds_in_const_fn_1_61_0)' --check-cfg 'cfg(rust, values("1.61.0"))' --check-cfg 'cfg(no_zerocopy_target_has_atomics_1_60_0)' --check-cfg 'cfg(rust, values("1.60.0"))' --check-cfg 'cfg(no_zerocopy_aarch64_simd_1_59_0)' --check-cfg 'cfg(rust, values("1.59.0"))' --check-cfg 'cfg(no_zerocopy_aarch64_simd_be_1_87_0)' --check-cfg 'cfg(rust, values("1.87.0"))' --check-cfg 'cfg(no_zerocopy_panic_in_const_and_vec_try_reserve_1_57_0)' --check-cfg 'cfg(rust, values("1.57.0"))' --check-cfg 'cfg(doc_cfg)' --check-cfg 'cfg(kani)' --check-cfg 'cfg(__ZEROCOPY_INTERNAL_USE_ONLY_NIGHTLY_FEATURES_IN_TESTS)' --check-cfg 'cfg(__ZEROCOPY_INTERNAL_USE_ONLY_DEV_MODE)' --check-cfg 'cfg(coverage_nightly)' --check-cfg 'cfg(zerocopy_inline_always)'` (signal: 9, SIGKILL: kill)
[INFO] [stderr] warning: build failed, waiting for other jobs to finish...
[INFO] running `Command { std: "docker" "inspect" "b90a3e71cbae092a638273bd8619c48205e905c408012d9414b43f4fd24c25a9", kill_on_drop: false }`
[INFO] running `Command { std: "docker" "rm" "-f" "b90a3e71cbae092a638273bd8619c48205e905c408012d9414b43f4fd24c25a9", kill_on_drop: false }`
[INFO] [stdout] b90a3e71cbae092a638273bd8619c48205e905c408012d9414b43f4fd24c25a9
