[INFO] cloning repository https://github.com/lana-shanghai/incremental-prover
[INFO] running `Command { std: "git" "-c" "credential.helper=" "-c" "credential.helper=/workspace/cargo-home/bin/git-credential-null" "clone" "--bare" "https://github.com/lana-shanghai/incremental-prover" "/workspace/cache/git-repos/https%3A%2F%2Fgithub.com%2Flana-shanghai%2Fincremental-prover", kill_on_drop: false }`
[INFO] [stderr] Cloning into bare repository '/workspace/cache/git-repos/https%3A%2F%2Fgithub.com%2Flana-shanghai%2Fincremental-prover'...
[INFO] running `Command { std: "git" "rev-parse" "HEAD", kill_on_drop: false }`
[INFO] [stdout] 14132726eec8953bb8d6fdadbec7083736785c6a
[INFO] checking lana-shanghai/incremental-prover against db8f076d2619ce2585b0380dda06e8da25a40da4 for pr-163699
[INFO] running `Command { std: "git" "clone" "/workspace/cache/git-repos/https%3A%2F%2Fgithub.com%2Flana-shanghai%2Fincremental-prover" "/workspace/builds/worker-4-tc1/source", kill_on_drop: false }`
[INFO] [stderr] Cloning into '/workspace/builds/worker-4-tc1/source'...
[INFO] [stderr] done.
[INFO] started tweaking git repo https://github.com/lana-shanghai/incremental-prover
[INFO] finished tweaking git repo https://github.com/lana-shanghai/incremental-prover
[INFO] tweaked toml for git repo https://github.com/lana-shanghai/incremental-prover written to /workspace/builds/worker-4-tc1/source/Cargo.toml
[INFO] validating manifest of git repo https://github.com/lana-shanghai/incremental-prover on toolchain db8f076d2619ce2585b0380dda06e8da25a40da4
[INFO] running `Command { std: CARGO_HOME="/workspace/cargo-home" RUSTUP_HOME="/workspace/rustup-home" "/workspace/cargo-home/bin/cargo" "+db8f076d2619ce2585b0380dda06e8da25a40da4" "metadata" "--manifest-path" "Cargo.toml" "--no-deps", kill_on_drop: false }`
[INFO] crate git repo https://github.com/lana-shanghai/incremental-prover already has a lockfile, it will not be regenerated
[INFO] running `Command { std: CARGO_HOME="/workspace/cargo-home" RUSTUP_HOME="/workspace/rustup-home" "/workspace/cargo-home/bin/cargo" "+db8f076d2619ce2585b0380dda06e8da25a40da4" "fetch" "--manifest-path" "Cargo.toml", kill_on_drop: false }`
[INFO] [stderr]     Updating crates.io index
[INFO] [stderr]  Downloading crates ...
[INFO] [stderr]   Downloaded typetag v0.2.20
[INFO] [stderr]   Downloaded inventory v0.3.20
[INFO] [stderr]   Downloaded erased-serde v0.4.6
[INFO] [stderr]   Downloaded typetag-impl v0.2.20
[INFO] [stderr]   Downloaded embedded-alloc v0.6.0
[INFO] [stderr]   Downloaded cust_derive v0.2.0
[INFO] [stderr]   Downloaded rrs-lib v0.1.0
[INFO] [stderr]   Downloaded risc0-build-kernel v2.0.0
[INFO] [stderr]   Downloaded libredox v0.1.6
[INFO] [stderr]   Downloaded ff_derive v0.13.1
[INFO] [stderr]   Downloaded addchain v0.2.0
[INFO] [stderr]   Downloaded cust_core v0.1.1
[INFO] [stderr]   Downloaded stability v0.2.1
[INFO] [stderr]   Downloaded svgbobdoc v0.3.0
[INFO] [stderr]   Downloaded const-default v1.0.0
[INFO] [stderr]   Downloaded find_cuda_helper v0.2.0
[INFO] [stderr]   Downloaded risc0-zkos-v1compat v2.0.1
[INFO] [stderr]   Downloaded include_bytes_aligned v0.1.4
[INFO] [stderr]   Downloaded no_std_strings v0.1.3
[INFO] [stderr]   Downloaded hash32 v0.2.1
[INFO] [stderr]   Downloaded atomic-polyfill v1.0.3
[INFO] [stderr]   Downloaded bytemuck_derive v1.8.1
[INFO] [stderr]   Downloaded cust_raw v0.11.3
[INFO] [stderr]   Downloaded risc0-core v2.0.0
[INFO] [stderr]   Downloaded risc0-binfmt v2.0.2
[INFO] [stderr]   Downloaded ark-snark v0.5.1
[INFO] [stderr]   Downloaded ark-crypto-primitives-macros v0.5.0
[INFO] [stderr]   Downloaded risc0-zkvm-platform v2.0.3
[INFO] [stderr]   Downloaded linked_list_allocator v0.10.5
[INFO] [stderr]   Downloaded risc0-groth16 v2.0.2
[INFO] [stderr]   Downloaded ark-groth16 v0.5.0
[INFO] [stderr]   Downloaded malachite v0.4.22
[INFO] [stderr]   Downloaded derive_arbitrary v1.4.1
[INFO] [stderr]   Downloaded lazy-regex v3.4.1
[INFO] [stderr]   Downloaded lazy-regex-proc_macros v3.4.1
[INFO] [stderr]   Downloaded rlsf v0.2.1
[INFO] [stderr]   Downloaded nvtx v1.3.0
[INFO] [stderr]   Downloaded ringbuffer v0.15.0
[INFO] [stderr]   Downloaded auto_ops v0.3.0
[INFO] [stderr]   Downloaded rzup v0.4.1
[INFO] [stderr]   Downloaded redox_syscall v0.5.15
[INFO] [stderr]   Downloaded downloader v0.2.8
[INFO] [stderr]   Downloaded heapless v0.7.17
[INFO] [stderr]   Downloaded risc0-sys v1.4.0
[INFO] [stderr]   Downloaded cust v0.3.2
[INFO] [stderr]   Downloaded vek v0.15.10
[INFO] [stderr]   Downloaded elf v0.7.4
[INFO] [stderr]   Downloaded ark-crypto-primitives v0.5.0
[INFO] [stderr]   Downloaded risc0-zkp v2.0.2
[INFO] [stderr]   Downloaded sppark v0.1.12
[INFO] [stderr]   Downloaded risc0-circuit-recursion v2.0.2
[INFO] [stderr]   Downloaded yaml-rust2 v0.9.0
[INFO] [stderr]   Downloaded glam v0.20.5
[INFO] [stderr]   Downloaded malachite-q v0.4.22
[INFO] [stderr]   Downloaded ndarray v0.16.1
[INFO] [stderr]   Downloaded malachite-float v0.4.22
[INFO] [stderr]   Downloaded risc0-circuit-recursion-sys v2.0.0
[INFO] [stderr]   Downloaded malachite-base v0.4.22
[INFO] [stderr]   Downloaded quinn-udp v0.5.13
[INFO] [stderr]   Downloaded rustls v0.23.29
[INFO] [stderr]   Downloaded risc0-circuit-rv32im-sys v2.0.2
[INFO] [stderr]   Downloaded docker-generate v0.1.3
[INFO] [stderr]   Downloaded risc0-build v2.3.1
[INFO] [stderr]   Downloaded malachite-nz v0.4.22
[INFO] [stderr]   Downloaded bonsai-sdk v1.4.0
[INFO] [stderr]   Downloaded risc0-zkvm v2.1.0
[INFO] [stderr]   Downloaded duplicate v1.0.0
[INFO] [stderr]   Downloaded ruzstd v0.6.0
[INFO] [stderr]   Downloaded object v0.35.0
[INFO] [stderr]   Downloaded risc0-circuit-rv32im v2.0.4
[INFO] [stderr]   Downloaded clap_derive v4.5.41
[INFO] [stderr]   Downloaded memmap2 v0.9.7
[INFO] [stderr]   Downloaded risc0-r0vm v2.1.0
[INFO] [stderr]   Downloaded clap v4.5.41
[INFO] [stderr]   Downloaded clap_builder v4.5.41
[INFO] [stderr]   Downloaded risc0-circuit-keccak-sys v2.0.0
[INFO] [stderr]   Downloaded risc0-circuit-keccak v2.0.2
[INFO] running `Command { std: "docker" "create" "-v" "/var/lib/crater-agent-workspace/builds/worker-4-tc1/source:/opt/rustwide/workdir:ro,Z" "-v" "/var/lib/crater-agent-workspace/builds/worker-4-tc1/target:/opt/rustwide/target:rw,Z" "-v" "/var/lib/crater-agent-workspace/cargo-home:/opt/rustwide/cargo-home:ro,Z" "-v" "/var/lib/crater-agent-workspace/rustup-home:/opt/rustwide/rustup-home:ro,Z" "-m" "1610612736" "--network" "none" "ghcr.io/rust-lang/crates-build-env/linux@sha256:77db811e55d90add9212f6832c23229e3de5f1c1f9905e8cb07319ea15df73ac" "sleep" "infinity", kill_on_drop: false }`
[INFO] [stdout] 1a4717e3f5bb70a2029b395db474d765ea2c3e817f51395b6565e78acd87dc8c
[INFO] running `Command { std: "docker" "start" "1a4717e3f5bb70a2029b395db474d765ea2c3e817f51395b6565e78acd87dc8c", kill_on_drop: false }`
[INFO] running `Command { std: "docker" "inspect" "1a4717e3f5bb70a2029b395db474d765ea2c3e817f51395b6565e78acd87dc8c", kill_on_drop: false }`
[INFO] running `Command { std: "docker" "exec" "-e" "SOURCE_DIR=/opt/rustwide/workdir" "-e" "CARGO_HOME=/opt/rustwide/cargo-home" "-e" "RUSTUP_HOME=/opt/rustwide/rustup-home" "-e" "CARGO_TARGET_DIR=/opt/rustwide/target" "-w" "/opt/rustwide/workdir" "--user" "0:0" "1a4717e3f5bb70a2029b395db474d765ea2c3e817f51395b6565e78acd87dc8c" "/opt/rustwide/cargo-home/bin/cargo" "+db8f076d2619ce2585b0380dda06e8da25a40da4" "metadata" "--no-deps" "--format-version=1", kill_on_drop: false }`
[INFO] running `Command { std: "docker" "inspect" "1a4717e3f5bb70a2029b395db474d765ea2c3e817f51395b6565e78acd87dc8c", kill_on_drop: false }`
[INFO] running `Command { std: "docker" "exec" "-e" "SOURCE_DIR=/opt/rustwide/workdir" "-e" "CARGO_HOME=/opt/rustwide/cargo-home" "-e" "RUSTUP_HOME=/opt/rustwide/rustup-home" "-e" "CARGO_TARGET_DIR=/opt/rustwide/target" "-e" "CARGO_INCREMENTAL=0" "-e" "RUST_BACKTRACE=full" "-e" "RUSTFLAGS=--cap-lints=forbid" "-e" "RUSTDOCFLAGS=--cap-lints=forbid" "-w" "/opt/rustwide/workdir" "--user" "0:0" "1a4717e3f5bb70a2029b395db474d765ea2c3e817f51395b6565e78acd87dc8c" "/opt/rustwide/cargo-home/bin/cargo" "+db8f076d2619ce2585b0380dda06e8da25a40da4" "check" "--frozen" "--all" "--all-targets" "--message-format=json", kill_on_drop: false }`
[INFO] [stderr]     Checking getrandom v0.2.16
[INFO] [stderr]    Compiling const-oid v0.9.6
[INFO] [stderr]    Compiling cc v1.2.30
[INFO] [stderr]     Checking serde v1.0.219
[INFO] [stderr]    Compiling bitflags v2.9.1
[INFO] [stderr]    Compiling rustix v1.0.8
[INFO] [stderr]    Compiling option-ext v0.2.0
[INFO] [stderr]    Compiling linux-raw-sys v0.9.4
[INFO] [stderr]    Compiling digest v0.10.7
[INFO] [stderr]    Compiling dirs-sys v0.4.1
[INFO] [stderr]    Compiling getrandom v0.3.3
[INFO] [stderr]    Compiling fastrand v2.3.0
[INFO] [stderr]    Compiling crossbeam-utils v0.8.21
[INFO] [stderr]     Checking rand_core v0.6.4
[INFO] [stderr]    Compiling sha2 v0.10.9
[INFO] [stderr]     Checking subtle v2.6.1
[INFO] [stderr]    Compiling fnv v1.0.7
[INFO] [stderr]     Checking stable_deref_trait v1.2.0
[INFO] [stderr]    Compiling directories v5.0.1
[INFO] [stderr]    Compiling num-traits v0.2.19
[INFO] [stderr]    Compiling crossbeam-epoch v0.9.18
[INFO] [stderr]    Compiling semver v1.0.26
[INFO] [stderr]    Compiling hashbrown v0.15.4
[INFO] [stderr]    Compiling bytemuck_derive v1.8.1
[INFO] [stderr]    Compiling crossbeam-deque v0.8.6
[INFO] [stderr]    Compiling rayon-core v1.12.1
[INFO] [stderr]    Compiling num-integer v0.1.46
[INFO] [stderr]    Compiling indexmap v2.10.0
[INFO] [stderr]    Compiling rayon v1.10.0
[INFO] [stderr]    Compiling ring v0.17.14
[INFO] [stderr]     Checking log v0.4.27
[INFO] [stderr]    Compiling toml_write v0.1.2
[INFO] [stderr]    Compiling winnow v0.7.12
[INFO] [stderr]     Checking tracing-core v0.1.34
[INFO] [stderr]    Compiling tempfile v3.20.0
[INFO] [stderr]    Compiling zeroize_derive v1.4.2
[INFO] [stderr]     Checking rand_chacha v0.3.1
[INFO] [stderr]     Checking ahash v0.8.12
[INFO] [stderr]     Checking rand v0.8.5
[INFO] [stderr]    Compiling syn v1.0.109
[INFO] [stderr]     Checking zeroize v1.8.1
[INFO] [stderr]    Compiling object v0.36.7
[INFO] [stderr]    Compiling borsh v1.5.7
[INFO] [stderr]    Compiling zerovec v0.11.2
[INFO] [stderr]     Checking tracing v0.1.41
[INFO] [stderr]     Checking rustc-demangle v0.1.25
[INFO] [stderr]     Checking gimli v0.31.1
[INFO] [stderr]    Compiling toml_datetime v0.6.11
[INFO] [stderr]    Compiling serde_spanned v0.6.9
[INFO] [stderr]    Compiling stability v0.2.1
[INFO] [stderr]    Compiling futures-sink v0.3.31
[INFO] [stderr]    Compiling rustls v0.23.29
[INFO] [stderr]    Compiling anyhow v1.0.98
[INFO] [stderr]    Compiling risc0-build-kernel v2.0.0
[INFO] [stderr]    Compiling toml_edit v0.22.27
[INFO] [stderr]    Compiling futures-channel v0.3.31
[INFO] [stderr]    Compiling risc0-sys v1.4.0
[INFO] [stderr]     Checking addr2line v0.24.2
[INFO] [stderr]    Compiling derive_more-impl v2.0.1
[INFO] [stderr]     Checking yoke v0.8.0
[INFO] [stderr]     Checking bytes v1.10.1
[INFO] [stderr]    Compiling futures-macro v0.3.31
[INFO] [stderr]    Compiling futures-io v0.3.31
[INFO] [stderr]    Compiling slab v0.4.10
[INFO] [stderr]     Checking parking_lot_core v0.9.11
[INFO] [stderr]    Compiling tinystr v0.8.1
[INFO] [stderr]    Compiling nvtx v1.3.0
[INFO] [stderr]    Compiling socket2 v0.5.10
[INFO] [stderr]    Compiling serde_json v1.0.141
[INFO] [stderr]    Compiling smallvec v1.15.1
[INFO] [stderr]    Compiling futures-util v0.3.31
[INFO] [stderr]    Compiling icu_locale_core v2.0.0
[INFO] [stderr]    Compiling tokio v1.46.1
[INFO] [stderr]     Checking parking_lot v0.12.4
[INFO] [stderr]    Compiling potential_utf v0.1.2
[INFO] [stderr]    Compiling http v1.3.1
[INFO] [stderr]     Checking itertools v0.10.5
[INFO] [stderr]     Checking backtrace v0.3.75
[INFO] [stderr]    Compiling proc-macro-crate v3.3.0
[INFO] [stderr]    Compiling num-bigint v0.3.3
[INFO] [stderr]    Compiling rustversion v1.0.21
[INFO] [stderr]    Compiling rustls-pki-types v1.12.0
[INFO] [stderr]    Compiling darling_core v0.20.11
[INFO] [stderr]    Compiling borsh-derive v1.5.7
[INFO] [stderr]    Compiling http-body v1.0.1
[INFO] [stderr]    Compiling icu_provider v2.0.0
[INFO] [stderr]     Checking puffin v0.19.1
[INFO] [stderr]    Compiling icu_collections v2.0.0
[INFO] [stderr]     Checking bytemuck v1.23.1
[INFO] [stderr]    Compiling enum-ordinalize-derive v4.3.1
[INFO] [stderr]    Compiling untrusted v0.9.0
[INFO] [stderr]    Compiling radium v0.7.0
[INFO] [stderr]     Checking risc0-core v2.0.0
[INFO] [stderr]    Compiling enum-ordinalize v4.3.0
[INFO] [stderr]     Checking ark-std v0.5.0
[INFO] [stderr]     Checking hashbrown v0.14.5
[INFO] [stderr]     Checking spin v0.9.8
[INFO] [stderr]    Compiling num-bigint v0.4.6
[INFO] [stderr]    Compiling ark-serialize-derive v0.5.0
[INFO] [stderr]     Checking mio v1.0.4
[INFO] [stderr]    Compiling matrixmultiply v0.3.10
[INFO] [stderr]    Compiling try-lock v0.2.5
[INFO] [stderr]     Checking tap v1.0.1
[INFO] [stderr]    Compiling camino v1.1.10
[INFO] [stderr]    Compiling tower-service v0.3.3
[INFO] [stderr]     Checking ark-serialize v0.5.0
[INFO] [stderr]     Checking wyz v0.5.1
[INFO] [stderr]    Compiling want v0.3.1
[INFO] [stderr]    Compiling strum_macros v0.26.4
[INFO] [stderr]    Compiling addchain v0.2.0
[INFO] [stderr]    Compiling rustls-webpki v0.103.4
[INFO] [stderr]    Compiling icu_properties v2.0.1
[INFO] [stderr]    Compiling icu_normalizer v2.0.0
[INFO] [stderr]    Compiling darling_macro v0.20.11
[INFO] [stderr]    Compiling ark-ff-macros v0.5.0
[INFO] [stderr]    Compiling darling v0.20.11
[INFO] [stderr]    Compiling educe v0.6.0
[INFO] [stderr]    Compiling rustc_version v0.4.1
[INFO] [stderr]    Compiling httparse v1.10.1
[INFO] [stderr]     Checking blake2 v0.10.6
[INFO] [stderr]     Checking itertools v0.13.0
[INFO] [stderr]    Compiling ark-ff-asm v0.5.0
[INFO] [stderr]     Checking funty v2.0.0
[INFO] [stderr]     Checking rawpointer v0.2.1
[INFO] [stderr]    Compiling heapless v0.7.17
[INFO] [stderr]    Compiling hyper v1.6.0
[INFO] [stderr]    Compiling idna_adapter v1.2.1
[INFO] [stderr]     Checking bitvec v1.0.1
[INFO] [stderr]    Compiling derive_builder_core v0.20.2
[INFO] [stderr]    Compiling ff_derive v0.13.1
[INFO] [stderr]     Checking ark-ff v0.5.0
[INFO] [stderr]    Compiling form_urlencoded v1.2.1
[INFO] [stderr]     Checking zerotrie v0.2.2
[INFO] [stderr]    Compiling sync_wrapper v1.0.2
[INFO] [stderr]     Checking num-complex v0.4.6
[INFO] [stderr]    Compiling thiserror-impl v1.0.69
[INFO] [stderr]    Compiling ipnet v2.11.0
[INFO] [stderr]    Compiling risc0-zkp v2.0.2
[INFO] [stderr]    Compiling tower-layer v0.3.3
[INFO] [stderr]    Compiling libm v0.2.15
[INFO] [stderr]    Compiling tower v0.5.2
[INFO] [stderr]    Compiling hyper-util v0.1.16
[INFO] [stderr]     Checking ff v0.13.1
[INFO] [stderr]     Checking ndarray v0.16.1
[INFO] [stderr]    Compiling idna v1.0.3
[INFO] [stderr]    Compiling derive_builder_macro v0.20.2
[INFO] [stderr]     Checking lazy_static v1.5.0
[INFO] [stderr]    Compiling webpki-roots v1.0.2
[INFO] [stderr]     Checking derive_more v2.0.1
[INFO] [stderr]     Checking risc0-zkvm-platform v2.0.3
[INFO] [stderr]     Checking hash32 v0.2.1
[INFO] [stderr]    Compiling iri-string v0.7.8
[INFO] [stderr]     Checking hex-literal v0.4.1
[INFO] [stderr]    Compiling url v2.5.4
[INFO] [stderr]    Compiling tokio-rustls v0.26.2
[INFO] [stderr]    Compiling hyper-rustls v0.27.7
[INFO] [stderr]    Compiling serde_urlencoded v0.7.1
[INFO] [stderr]    Compiling futures-executor v0.3.31
[INFO] [stderr]     Checking cobs v0.3.0
[INFO] [stderr]    Compiling http-body-util v0.1.3
[INFO] [stderr]    Compiling aho-corasick v1.1.3
[INFO] [stderr]     Checking itertools v0.11.0
[INFO] [stderr]    Compiling regex-syntax v0.8.5
[INFO] [stderr]    Compiling tower-http v0.6.6
[INFO] [stderr]    Compiling malachite-nz v0.4.22
[INFO] [stderr]    Compiling reqwest v0.12.22
[INFO] [stderr]     Checking ark-poly v0.5.0
[INFO] [stderr]     Checking malachite-base v0.4.22
[INFO] [stderr]     Checking postcard v1.1.3
[INFO] [stderr]    Compiling futures v0.3.31
[INFO] [stderr]    Compiling thiserror v1.0.69
[INFO] [stderr]    Compiling regex-automata v0.4.9
[INFO] [stderr]    Compiling risc0-circuit-recursion-sys v2.0.0
[INFO] [stderr]     Checking tracing-subscriber v0.2.25
[INFO] [stderr]    Compiling proc-macro-error-attr v1.0.4
[INFO] [stderr]     Checking elf v0.7.4
[INFO] [stderr]     Checking keccak v0.1.5
[INFO] [stderr]    Compiling lzma-sys v0.1.20
[INFO] [stderr]     Checking ark-relations v0.5.1
[INFO] [stderr]    Compiling downloader v0.2.8
[INFO] [stderr]     Checking ark-ec v0.5.0
[INFO] [stderr]    Compiling hashlink v0.9.1
[INFO] [stderr]    Compiling regex v1.11.1
[INFO] [stderr]    Compiling proc-macro-error v1.0.4
[INFO] [stderr]    Compiling encoding_rs v0.8.35
[INFO] [stderr]     Checking bumpalo v3.19.0
[INFO] [stderr]    Compiling zip v2.4.2
[INFO] [stderr]     Checking simd-adler32 v0.3.7
[INFO] [stderr]    Compiling typeid v1.0.3
[INFO] [stderr]    Compiling arraydeque v0.5.1
[INFO] [stderr]     Checking zopfli v0.8.2
[INFO] [stderr]     Checking risc0-binfmt v2.0.2
[INFO] [stderr]     Checking twox-hash v1.6.3
[INFO] [stderr]    Compiling yaml-rust2 v0.9.0
[INFO] [stderr]    Compiling lazy-regex-proc_macros v3.4.1
[INFO] [stderr]    Compiling risc0-circuit-recursion v2.0.2
[INFO] [stderr]     Checking ark-snark v0.5.1
[INFO] [stderr]     Checking merlin v3.0.0
[INFO] [stderr]    Compiling strum v0.26.3
[INFO] [stderr]    Compiling derivative v2.2.0
[INFO] [stderr]    Compiling toml v0.8.23
[INFO] [stderr]    Compiling risc0-circuit-rv32im-sys v2.0.2
[INFO] [stderr]    Compiling risc0-circuit-keccak-sys v2.0.0
[INFO] [stderr]    Compiling cargo-platform v0.1.9
[INFO] [stderr]    Compiling ark-crypto-primitives-macros v0.5.0
[INFO] [stderr]    Compiling derive_more v0.99.20
[INFO] [stderr]    Compiling cpp_demangle v0.4.4
[INFO] [stderr]    Compiling no_std_strings v0.1.3
[INFO] [stderr]    Compiling include_bytes_aligned v0.1.4
[INFO] [stderr]    Compiling risc0-zkos-v1compat v2.0.1
[INFO] [stderr]     Checking ark-crypto-primitives v0.5.0
[INFO] [stderr]    Compiling cargo_metadata v0.19.2
[INFO] [stderr]    Compiling rzup v0.4.1
[INFO] [stderr]     Checking ruzstd v0.6.0
[INFO] [stderr]     Checking lazy-regex v3.4.1
[INFO] [stderr]    Compiling derive_builder v0.20.2
[INFO] [stderr]     Checking tokio-util v0.7.15
[INFO] [stderr]    Compiling dirs v5.0.1
[INFO] [stderr]    Compiling enum-map-derive v0.17.0
[INFO] [stderr]    Compiling heck v0.4.1
[INFO] [stderr]    Compiling docker-generate v0.1.3
[INFO] [stderr]     Checking anstyle v1.0.11
[INFO] [stderr]     Checking anstyle-query v1.1.3
[INFO] [stderr]     Checking enum-map v2.7.3
[INFO] [stderr]    Compiling risc0-build v2.3.1
[INFO] [stderr]    Compiling duplicate v1.0.0
[INFO] [stderr]     Checking anstream v0.6.19
[INFO] [stderr]     Checking malachite-q v0.4.22
[INFO] [stderr]     Checking malachite-float v0.4.22
[INFO] [stderr]    Compiling prost-derive v0.13.5
[INFO] [stderr]     Checking erased-serde v0.4.6
[INFO] [stderr]     Checking xz2 v0.1.7
[INFO] [stderr]     Checking object v0.35.0
[INFO] [stderr]     Checking ark-groth16 v0.5.0
[INFO] [stderr]     Checking malachite v0.4.22
[INFO] [stderr]     Checking ark-bn254 v0.5.0
[INFO] [stderr]     Checking gimli v0.29.0
[INFO] [stderr]    Compiling num-derive v0.4.2
[INFO] [stderr]    Compiling typetag-impl v0.2.20
[INFO] [stderr]    Compiling maybe-async v0.2.10
[INFO] [stderr]     Checking memmap2 v0.9.7
[INFO] [stderr]     Checking bit-vec v0.8.0
[INFO] [stderr]     Checking ringbuffer v0.15.0
[INFO] [stderr]     Checking fallible-iterator v0.3.0
[INFO] [stderr]     Checking inventory v0.3.20
[INFO] [stderr]     Checking auto_ops v0.3.0
[INFO] [stderr]     Checking clap_builder v4.5.41
[INFO] [stderr]     Checking typetag v0.2.20
[INFO] [stderr]     Checking bonsai-sdk v1.4.0
[INFO] [stderr]     Checking rrs-lib v0.1.0
[INFO] [stderr]     Checking prost v0.13.5
[INFO] [stderr]     Checking risc0-groth16 v2.0.2
[INFO] [stderr]    Compiling incremental-methods v0.1.0 (/opt/rustwide/workdir/methods)
[INFO] [stderr]     Checking sharded-slab v0.1.7
[INFO] [stderr]    Compiling clap_derive v4.5.41
[INFO] [stderr]     Checking addr2line v0.22.0
[INFO] [stderr]     Checking bincode v1.3.3
[INFO] [stderr]     Checking tracing-log v0.2.0
[INFO] [stderr]     Checking thread_local v1.1.9
[INFO] [stderr] warning: incremental-methods@0.1.0:   Running methods embedder
[INFO] [stderr] error: failed to run custom build command for `incremental-methods v0.1.0 (/opt/rustwide/workdir/methods)`
[INFO] [stderr] note: To improve backtraces for build dependencies, set the CARGO_PROFILE_DEV_BUILD_OVERRIDE_DEBUG=true environment variable to enable debug information generation.
[INFO] [stderr] 
[INFO] [stderr] Caused by:
[INFO] [stderr]   process didn't exit successfully: `/opt/rustwide/target/debug/build/incremental-methods/d2805613f9f7b088/out/build_script_build` (exit status: 101)
[INFO] [stderr]   --- stdout
[INFO] [stderr]   cargo:warning=  Running methods embedder
[INFO] [stderr]   cargo:rerun-if-env-changed=RISC0_BUILD_DEBUG
[INFO] [stderr]   Building guest package: incremental-methods.aggregator
[INFO] [stderr]   cargo:rerun-if-env-changed=RISC0_SKIP_BUILD
[INFO] [stderr] 
[INFO] [stderr]   --- stderr
[INFO] [stderr] 
[INFO] [stderr]   thread 'main' (3862) panicked at /opt/rustwide/cargo-home/registry/src/index.crates.io-1949cf8c6b5b557f/risc0-build-2.3.1/src/lib.rs:377:9:
[INFO] [stderr]   Risc Zero Rust toolchain not found. Try running `rzup install rust`
[INFO] [stderr]   stack backtrace:
[INFO] [stderr]      0:     0x6499db1265c1 - std[bc8f0a5f235d3039]::backtrace_rs::backtrace::libunwind::trace
[INFO] [stderr]                                  at /rustc/db8f076d2619ce2585b0380dda06e8da25a40da4/library/std/src/../../backtrace/src/backtrace/libunwind.rs:117:9
[INFO] [stderr]      1:     0x6499db1265c1 - std[bc8f0a5f235d3039]::backtrace_rs::backtrace::trace_unsynchronized::<std[bc8f0a5f235d3039]::sys::backtrace::_print_fmt::{closure#1}>
[INFO] [stderr]                                  at /rustc/db8f076d2619ce2585b0380dda06e8da25a40da4/library/std/src/../../backtrace/src/backtrace/mod.rs:66:14
[INFO] [stderr]      2:     0x6499db1265c1 - std[bc8f0a5f235d3039]::sys::backtrace::_print_fmt
[INFO] [stderr]                                  at /rustc/db8f076d2619ce2585b0380dda06e8da25a40da4/library/std/src/sys/backtrace.rs:74:9
[INFO] [stderr]      3:     0x6499db1265c1 - <<std[bc8f0a5f235d3039]::sys::backtrace::BacktraceLock>::print::DisplayBacktrace as core[7342352611ea777d]::fmt::Display>::fmt
[INFO] [stderr]                                  at /rustc/db8f076d2619ce2585b0380dda06e8da25a40da4/library/std/src/sys/backtrace.rs:44:26
[INFO] [stderr]      4:     0x6499db13c26a - <core[7342352611ea777d]::fmt::rt::Argument>::fmt
[INFO] [stderr]                                  at /rustc/db8f076d2619ce2585b0380dda06e8da25a40da4/library/core/src/fmt/rt.rs:152:76
[INFO] [stderr]      5:     0x6499db13c26a - core[7342352611ea777d]::fmt::write
[INFO] [stderr]      6:     0x6499db12b1fc - core[7342352611ea777d]::io::write::default_write_fmt::<std[bc8f0a5f235d3039]::sys::stdio::unix::Stderr>
[INFO] [stderr]                                  at /rustc/db8f076d2619ce2585b0380dda06e8da25a40da4/library/core/src/io/write.rs:402:11
[INFO] [stderr]      7:     0x6499db12b1fc - <std[bc8f0a5f235d3039]::sys::stdio::unix::Stderr as core[7342352611ea777d]::io::write::Write>::write_fmt
[INFO] [stderr]                                  at /rustc/db8f076d2619ce2585b0380dda06e8da25a40da4/library/core/src/io/write.rs:335:13
[INFO] [stderr]      8:     0x6499db104766 - <std[bc8f0a5f235d3039]::sys::backtrace::BacktraceLock>::print
[INFO] [stderr]                                  at /rustc/db8f076d2619ce2585b0380dda06e8da25a40da4/library/std/src/sys/backtrace.rs:47:9
[INFO] [stderr]      9:     0x6499db104766 - std[bc8f0a5f235d3039]::panicking::default_hook::{closure#0}
[INFO] [stderr]                                  at /rustc/db8f076d2619ce2585b0380dda06e8da25a40da4/library/std/src/panicking.rs:289:27
[INFO] [stderr]     10:     0x6499db120771 - std[bc8f0a5f235d3039]::panicking::default_hook
[INFO] [stderr]                                  at /rustc/db8f076d2619ce2585b0380dda06e8da25a40da4/library/std/src/panicking.rs:316:9
[INFO] [stderr]     11:     0x6499db12092b - std[bc8f0a5f235d3039]::panicking::panic_with_hook
[INFO] [stderr]                                  at /rustc/db8f076d2619ce2585b0380dda06e8da25a40da4/library/std/src/panicking.rs:811:13
[INFO] [stderr]     12:     0x6499db104844 - std[bc8f0a5f235d3039]::panicking::panic_handler::{closure#0}
[INFO] [stderr]                                  at /rustc/db8f076d2619ce2585b0380dda06e8da25a40da4/library/std/src/panicking.rs:678:13
[INFO] [stderr]     13:     0x6499db0fde89 - std[bc8f0a5f235d3039]::sys::backtrace::__rust_end_short_backtrace::<std[bc8f0a5f235d3039]::panicking::panic_handler::{closure#0}, !>
[INFO] [stderr]                                  at /rustc/db8f076d2619ce2585b0380dda06e8da25a40da4/library/std/src/sys/backtrace.rs:182:18
[INFO] [stderr]     14:     0x6499db10515d - __rustc[ac920f7cc03b2d06]::rust_begin_unwind
[INFO] [stderr]                                  at /rustc/db8f076d2619ce2585b0380dda06e8da25a40da4/library/std/src/panicking.rs:676:5
[INFO] [stderr]     15:     0x6499db13ca5c - core[7342352611ea777d]::panicking::panic_fmt
[INFO] [stderr]                                  at /rustc/db8f076d2619ce2585b0380dda06e8da25a40da4/library/core/src/panicking.rs:80:14
[INFO] [stderr]     16:     0x6499daedc059 - risc0_build[5897c3fc423a29fd]::rust_toolchain
[INFO] [stderr]     17:     0x6499daedccc0 - risc0_build[5897c3fc423a29fd]::cargo_command_internal
[INFO] [stderr]     18:     0x6499daed7e8c - risc0_build[5897c3fc423a29fd]::build_guest_package::<&std[bc8f0a5f235d3039]::path::PathBuf>
[INFO] [stderr]     19:     0x6499daed6df8 - risc0_build[5897c3fc423a29fd]::build_methods::<risc0_build[5897c3fc423a29fd]::GuestListEntry>
[INFO] [stderr]     20:     0x6499daed78d8 - risc0_build[5897c3fc423a29fd]::do_embed_methods::<risc0_build[5897c3fc423a29fd]::GuestListEntry>
[INFO] [stderr]     21:     0x6499daedd68c - risc0_build[5897c3fc423a29fd]::embed_methods_with_options
[INFO] [stderr]     22:     0x6499daedaef9 - risc0_build[5897c3fc423a29fd]::embed_methods
[INFO] [stderr]     23:     0x6499daed5a1a - build_script_build[851334374b45228]::main
[INFO] [stderr]     24:     0x6499daed5a43 - <fn() as core[7342352611ea777d]::ops::function::FnOnce<()>>::call_once
[INFO] [stderr]     25:     0x6499daed59be - std[bc8f0a5f235d3039]::sys::backtrace::__rust_begin_short_backtrace::<fn(), ()>
[INFO] [stderr]     26:     0x6499daed59c9 - std[bc8f0a5f235d3039]::rt::lang_start::<()>::{closure#0}
[INFO] [stderr]     27:     0x6499db11fa78 - <&dyn core[7342352611ea777d]::ops::function::Fn<(), Output = i32> + core[7342352611ea777d]::marker::Sync + core[7342352611ea777d]::panic::unwind_safe::RefUnwindSafe as core[7342352611ea777d]::ops::function::FnOnce<()>>::call_once
[INFO] [stderr]                                  at /rustc/db8f076d2619ce2585b0380dda06e8da25a40da4/library/core/src/ops/function.rs:287:21
[INFO] [stderr]     28:     0x6499db11fa78 - std[bc8f0a5f235d3039]::panicking::catch_unwind::do_call::<&dyn core[7342352611ea777d]::ops::function::Fn<(), Output = i32> + core[7342352611ea777d]::marker::Sync + core[7342352611ea777d]::panic::unwind_safe::RefUnwindSafe, i32>
[INFO] [stderr]                                  at /rustc/db8f076d2619ce2585b0380dda06e8da25a40da4/library/std/src/panicking.rs:573:43
[INFO] [stderr]     29:     0x6499db11fa78 - std[bc8f0a5f235d3039]::panicking::catch_unwind::<i32, &dyn core[7342352611ea777d]::ops::function::Fn<(), Output = i32> + core[7342352611ea777d]::marker::Sync + core[7342352611ea777d]::panic::unwind_safe::RefUnwindSafe>
[INFO] [stderr]                                  at /rustc/db8f076d2619ce2585b0380dda06e8da25a40da4/library/std/src/panicking.rs:541:19
[INFO] [stderr]     30:     0x6499db11fa78 - std[bc8f0a5f235d3039]::panic::catch_unwind::<&dyn core[7342352611ea777d]::ops::function::Fn<(), Output = i32> + core[7342352611ea777d]::marker::Sync + core[7342352611ea777d]::panic::unwind_safe::RefUnwindSafe, i32>
[INFO] [stderr]                                  at /rustc/db8f076d2619ce2585b0380dda06e8da25a40da4/library/std/src/panic.rs:359:14
[INFO] [stderr]     31:     0x6499db11fa78 - std[bc8f0a5f235d3039]::rt::lang_start_internal::{closure#0}
[INFO] [stderr]                                  at /rustc/db8f076d2619ce2585b0380dda06e8da25a40da4/library/std/src/rt.rs:175:24
[INFO] [stderr]     32:     0x6499db11fa78 - std[bc8f0a5f235d3039]::panicking::catch_unwind::do_call::<std[bc8f0a5f235d3039]::rt::lang_start_internal::{closure#0}, isize>
[INFO] [stderr]                                  at /rustc/db8f076d2619ce2585b0380dda06e8da25a40da4/library/std/src/panicking.rs:573:43
[INFO] [stderr]     33:     0x6499db11fa78 - std[bc8f0a5f235d3039]::panicking::catch_unwind::<isize, std[bc8f0a5f235d3039]::rt::lang_start_internal::{closure#0}>
[INFO] [stderr]                                  at /rustc/db8f076d2619ce2585b0380dda06e8da25a40da4/library/std/src/panicking.rs:541:19
[INFO] [stderr]     34:     0x6499db11fa78 - std[bc8f0a5f235d3039]::panic::catch_unwind::<std[bc8f0a5f235d3039]::rt::lang_start_internal::{closure#0}, isize>
[INFO] [stderr]                                  at /rustc/db8f076d2619ce2585b0380dda06e8da25a40da4/library/std/src/panic.rs:359:14
[INFO] [stderr]     35:     0x6499db11fa78 - std[bc8f0a5f235d3039]::rt::lang_start_internal
[INFO] [stderr]                                  at /rustc/db8f076d2619ce2585b0380dda06e8da25a40da4/library/std/src/rt.rs:171:5
[INFO] [stderr]     36:     0x6499daed59b1 - std[bc8f0a5f235d3039]::rt::lang_start::<()>
[INFO] [stderr]     37:     0x6499daed5a85 - main
[INFO] [stderr]     38:     0x7bcd07efa601 - <unknown>
[INFO] [stderr]     39:     0x7bcd07efa718 - __libc_start_main
[INFO] [stderr]     40:     0x6499daed58c5 - _start
[INFO] [stderr]     41:                0x0 - <unknown>
[INFO] [stderr] warning: build failed, waiting for other jobs to finish...
[INFO] [stderr] warning: risc0-circuit-rv32im-sys@2.0.2: c++: fatal error: Killed signal terminated program cc1plus
[INFO] [stderr] warning: risc0-circuit-rv32im-sys@2.0.2: compilation terminated.
[INFO] [stderr] warning: risc0-circuit-rv32im-sys@2.0.2: ToolExecError: command did not execute successfully (status code exit status: 1): LC_ALL="C" "c++" "-O0" "-ffunction-sections" "-fdata-sections" "-fPIC" "-m64" "-I" "/opt/rustwide/cargo-home/registry/src/index.crates.io-1949cf8c6b5b557f/risc0-sys-1.4.0/cxx" "-Wall" "-Wextra" "-std=c++17" "-fno-var-tracking" "-fno-var-tracking-assignments" "-g0" "-o" "/opt/rustwide/target/debug/build/risc0-circuit-rv32im-sys/664edb29a31d6699/out/8fa1a16122eeabf8-steps.o" "-c" "kernels/cxx/steps.cpp"
[INFO] [stderr] error: failed to run custom build command for `risc0-circuit-rv32im-sys v2.0.2`
[INFO] [stderr] note: To improve backtraces for build dependencies, set the CARGO_PROFILE_DEV_BUILD_OVERRIDE_DEBUG=true environment variable to enable debug information generation.
[INFO] [stderr] 
[INFO] [stderr] Caused by:
[INFO] [stderr]   process didn't exit successfully: `/opt/rustwide/target/debug/build/risc0-circuit-rv32im-sys/aae01fde8fa9098b/out/build_script_build` (exit status: 1)
[INFO] [stderr]   --- stdout
[INFO] [stderr]   cargo:rerun-if-changed=kernels/cxx
[INFO] [stderr]   cargo:rerun-if-env-changed=RISC0_SKIP_BUILD_KERNELS
[INFO] [stderr]   cargo:rerun-if-changed=kernels/cxx/eval_check.cpp
[INFO] [stderr]   cargo:rerun-if-changed=kernels/cxx/ffi.cpp
[INFO] [stderr]   cargo:rerun-if-changed=kernels/cxx/rust_poly_fp_0.cpp
[INFO] [stderr]   cargo:rerun-if-changed=kernels/cxx/rust_poly_fp_1.cpp
[INFO] [stderr]   cargo:rerun-if-changed=kernels/cxx/rust_poly_fp_2.cpp
[INFO] [stderr]   cargo:rerun-if-changed=kernels/cxx/rust_poly_fp_3.cpp
[INFO] [stderr]   cargo:rerun-if-changed=kernels/cxx/steps.cpp
[INFO] [stderr]   cargo:rerun-if-changed=kernels/cxx/buffers.h
[INFO] [stderr]   cargo:rerun-if-changed=kernels/cxx/preflight.h
[INFO] [stderr]   cargo:rerun-if-changed=kernels/cxx/steps.h
[INFO] [stderr]   cargo:rerun-if-changed=kernels/cxx/tables.h
[INFO] [stderr]   cargo:rerun-if-changed=kernels/cxx/witgen.h
[INFO] [stderr]   cargo:rerun-if-changed=kernels/cxx/defs.cpp.inc
[INFO] [stderr]   cargo:rerun-if-changed=kernels/cxx/layout.cpp.inc
[INFO] [stderr]   cargo:rerun-if-changed=kernels/cxx/layout.h.inc
[INFO] [stderr]   cargo:rerun-if-changed=kernels/cxx/types.h.inc
[INFO] [stderr]   OUT_DIR = Some(/opt/rustwide/target/debug/build/risc0-circuit-rv32im-sys/664edb29a31d6699/out)
[INFO] [stderr]   OPT_LEVEL = Some(0)
[INFO] [stderr]   TARGET = Some(x86_64-unknown-linux-gnu)
[INFO] [stderr]   HOST = Some(x86_64-unknown-linux-gnu)
[INFO] [stderr]   cargo:rerun-if-env-changed=CXX_x86_64-unknown-linux-gnu
[INFO] [stderr]   CXX_x86_64-unknown-linux-gnu = None
[INFO] [stderr]   cargo:rerun-if-env-changed=CXX_x86_64_unknown_linux_gnu
[INFO] [stderr]   CXX_x86_64_unknown_linux_gnu = None
[INFO] [stderr]   cargo:rerun-if-env-changed=HOST_CXX
[INFO] [stderr]   HOST_CXX = None
[INFO] [stderr]   cargo:rerun-if-env-changed=CXX
[INFO] [stderr]   CXX = None
[INFO] [stderr]   cargo:rerun-if-env-changed=CC_ENABLE_DEBUG_OUTPUT
[INFO] [stderr]   RUSTC_WRAPPER = None
[INFO] [stderr]   cargo:rerun-if-env-changed=CRATE_CC_NO_DEFAULTS
[INFO] [stderr]   CRATE_CC_NO_DEFAULTS = None
[INFO] [stderr]   CARGO_CFG_TARGET_FEATURE = Some(fxsr,sse,sse2,x87)
[INFO] [stderr]   cargo:rerun-if-env-changed=CXXFLAGS
[INFO] [stderr]   CXXFLAGS = None
[INFO] [stderr]   cargo:rerun-if-env-changed=HOST_CXXFLAGS
[INFO] [stderr]   HOST_CXXFLAGS = None
[INFO] [stderr]   cargo:rerun-if-env-changed=CXXFLAGS_x86_64_unknown_linux_gnu
[INFO] [stderr]   CXXFLAGS_x86_64_unknown_linux_gnu = None
[INFO] [stderr]   cargo:rerun-if-env-changed=CXXFLAGS_x86_64-unknown-linux-gnu
[INFO] [stderr]   CXXFLAGS_x86_64-unknown-linux-gnu = None
[INFO] [stderr]   CARGO_ENCODED_RUSTFLAGS = Some(--cap-lints=forbid)
[INFO] [stderr]   OUT_DIR = Some(/opt/rustwide/target/debug/build/risc0-circuit-rv32im-sys/664edb29a31d6699/out)
[INFO] [stderr]   cargo:rerun-if-env-changed=CC_ENABLE_DEBUG_OUTPUT
[INFO] [stderr]   cargo:rerun-if-env-changed=CRATE_CC_NO_DEFAULTS
[INFO] [stderr]   CRATE_CC_NO_DEFAULTS = None
[INFO] [stderr]   TARGET = Some(x86_64-unknown-linux-gnu)
[INFO] [stderr]   CARGO_CFG_TARGET_FEATURE = Some(fxsr,sse,sse2,x87)
[INFO] [stderr]   HOST = Some(x86_64-unknown-linux-gnu)
[INFO] [stderr]   cargo:rerun-if-env-changed=CXXFLAGS
[INFO] [stderr]   CXXFLAGS = None
[INFO] [stderr]   cargo:rerun-if-env-changed=HOST_CXXFLAGS
[INFO] [stderr]   HOST_CXXFLAGS = None
[INFO] [stderr]   cargo:rerun-if-env-changed=CXXFLAGS_x86_64_unknown_linux_gnu
[INFO] [stderr]   CXXFLAGS_x86_64_unknown_linux_gnu = None
[INFO] [stderr]   cargo:rerun-if-env-changed=CXXFLAGS_x86_64-unknown-linux-gnu
[INFO] [stderr]   CXXFLAGS_x86_64-unknown-linux-gnu = None
[INFO] [stderr]   OUT_DIR = Some(/opt/rustwide/target/debug/build/risc0-circuit-rv32im-sys/664edb29a31d6699/out)
[INFO] [stderr]   cargo:rerun-if-env-changed=CC_ENABLE_DEBUG_OUTPUT
[INFO] [stderr]   cargo:rerun-if-env-changed=CRATE_CC_NO_DEFAULTS
[INFO] [stderr]   CRATE_CC_NO_DEFAULTS = None
[INFO] [stderr]   TARGET = Some(x86_64-unknown-linux-gnu)
[INFO] [stderr]   CARGO_CFG_TARGET_FEATURE = Some(fxsr,sse,sse2,x87)
[INFO] [stderr]   HOST = Some(x86_64-unknown-linux-gnu)
[INFO] [stderr]   cargo:rerun-if-env-changed=CXXFLAGS
[INFO] [stderr]   CXXFLAGS = None
[INFO] [stderr]   cargo:rerun-if-env-changed=HOST_CXXFLAGS
[INFO] [stderr]   HOST_CXXFLAGS = None
[INFO] [stderr]   cargo:rerun-if-env-changed=CXXFLAGS_x86_64_unknown_linux_gnu
[INFO] [stderr]   CXXFLAGS_x86_64_unknown_linux_gnu = None
[INFO] [stderr]   cargo:rerun-if-env-changed=CXXFLAGS_x86_64-unknown-linux-gnu
[INFO] [stderr]   CXXFLAGS_x86_64-unknown-linux-gnu = None
[INFO] [stderr]   OUT_DIR = Some(/opt/rustwide/target/debug/build/risc0-circuit-rv32im-sys/664edb29a31d6699/out)
[INFO] [stderr]   cargo:rerun-if-env-changed=CC_ENABLE_DEBUG_OUTPUT
[INFO] [stderr]   cargo:rerun-if-env-changed=CRATE_CC_NO_DEFAULTS
[INFO] [stderr]   CRATE_CC_NO_DEFAULTS = None
[INFO] [stderr]   TARGET = Some(x86_64-unknown-linux-gnu)
[INFO] [stderr]   CARGO_CFG_TARGET_FEATURE = Some(fxsr,sse,sse2,x87)
[INFO] [stderr]   HOST = Some(x86_64-unknown-linux-gnu)
[INFO] [stderr]   cargo:rerun-if-env-changed=CXXFLAGS
[INFO] [stderr]   CXXFLAGS = None
[INFO] [stderr]   cargo:rerun-if-env-changed=HOST_CXXFLAGS
[INFO] [stderr]   HOST_CXXFLAGS = None
[INFO] [stderr]   cargo:rerun-if-env-changed=CXXFLAGS_x86_64_unknown_linux_gnu
[INFO] [stderr]   CXXFLAGS_x86_64_unknown_linux_gnu = None
[INFO] [stderr]   cargo:rerun-if-env-changed=CXXFLAGS_x86_64-unknown-linux-gnu
[INFO] [stderr]   CXXFLAGS_x86_64-unknown-linux-gnu = None
[INFO] [stderr]   OUT_DIR = Some(/opt/rustwide/target/debug/build/risc0-circuit-rv32im-sys/664edb29a31d6699/out)
[INFO] [stderr]   cargo:rerun-if-env-changed=CC_ENABLE_DEBUG_OUTPUT
[INFO] [stderr]   cargo:rerun-if-env-changed=CRATE_CC_NO_DEFAULTS
[INFO] [stderr]   CRATE_CC_NO_DEFAULTS = None
[INFO] [stderr]   TARGET = Some(x86_64-unknown-linux-gnu)
[INFO] [stderr]   CARGO_CFG_TARGET_FEATURE = Some(fxsr,sse,sse2,x87)
[INFO] [stderr]   HOST = Some(x86_64-unknown-linux-gnu)
[INFO] [stderr]   cargo:rerun-if-env-changed=CXXFLAGS
[INFO] [stderr]   CXXFLAGS = None
[INFO] [stderr]   cargo:rerun-if-env-changed=HOST_CXXFLAGS
[INFO] [stderr]   HOST_CXXFLAGS = None
[INFO] [stderr]   cargo:rerun-if-env-changed=CXXFLAGS_x86_64_unknown_linux_gnu
[INFO] [stderr]   CXXFLAGS_x86_64_unknown_linux_gnu = None
[INFO] [stderr]   cargo:rerun-if-env-changed=CXXFLAGS_x86_64-unknown-linux-gnu
[INFO] [stderr]   CXXFLAGS_x86_64-unknown-linux-gnu = None
[INFO] [stderr]   OUT_DIR = Some(/opt/rustwide/target/debug/build/risc0-circuit-rv32im-sys/664edb29a31d6699/out)
[INFO] [stderr]   cargo:rerun-if-env-changed=CC_ENABLE_DEBUG_OUTPUT
[INFO] [stderr]   cargo:rerun-if-env-changed=CRATE_CC_NO_DEFAULTS
[INFO] [stderr]   CRATE_CC_NO_DEFAULTS = None
[INFO] [stderr]   TARGET = Some(x86_64-unknown-linux-gnu)
[INFO] [stderr]   CARGO_CFG_TARGET_FEATURE = Some(fxsr,sse,sse2,x87)
[INFO] [stderr]   HOST = Some(x86_64-unknown-linux-gnu)
[INFO] [stderr]   cargo:rerun-if-env-changed=CXXFLAGS
[INFO] [stderr]   CXXFLAGS = None
[INFO] [stderr]   cargo:rerun-if-env-changed=HOST_CXXFLAGS
[INFO] [stderr]   HOST_CXXFLAGS = None
[INFO] [stderr]   cargo:rerun-if-env-changed=CXXFLAGS_x86_64_unknown_linux_gnu
[INFO] [stderr]   CXXFLAGS_x86_64_unknown_linux_gnu = None
[INFO] [stderr]   cargo:rerun-if-env-changed=CXXFLAGS_x86_64-unknown-linux-gnu
[INFO] [stderr]   CXXFLAGS_x86_64-unknown-linux-gnu = None
[INFO] [stderr]   cargo:warning=c++: fatal error: Killed signal terminated program cc1plus
[INFO] [stderr]   cargo:warning=compilation terminated.
[INFO] [stderr]   exit status: 0
[INFO] [stderr]   exit status: 0
[INFO] [stderr]   exit status: 0
[INFO] [stderr]   exit status: 0
[INFO] [stderr]   exit status: 0
[INFO] [stderr]   exit status: 0
[INFO] [stderr]   exit status: 1
[INFO] [stderr]   cargo:warning=ToolExecError: command did not execute successfully (status code exit status: 1): LC_ALL="C" "c++" "-O0" "-ffunction-sections" "-fdata-sections" "-fPIC" "-m64" "-I" "/opt/rustwide/cargo-home/registry/src/index.crates.io-1949cf8c6b5b557f/risc0-sys-1.4.0/cxx" "-Wall" "-Wextra" "-std=c++17" "-fno-var-tracking" "-fno-var-tracking-assignments" "-g0" "-o" "/opt/rustwide/target/debug/build/risc0-circuit-rv32im-sys/664edb29a31d6699/out/8fa1a16122eeabf8-steps.o" "-c" "kernels/cxx/steps.cpp"
[INFO] [stderr] 
[INFO] [stderr]   --- stderr
[INFO] [stderr] 
[INFO] [stderr] 
[INFO] [stderr]   error occurred in cc-rs: command did not execute successfully (status code exit status: 1): LC_ALL="C" "c++" "-O0" "-ffunction-sections" "-fdata-sections" "-fPIC" "-m64" "-I" "/opt/rustwide/cargo-home/registry/src/index.crates.io-1949cf8c6b5b557f/risc0-sys-1.4.0/cxx" "-Wall" "-Wextra" "-std=c++17" "-fno-var-tracking" "-fno-var-tracking-assignments" "-g0" "-o" "/opt/rustwide/target/debug/build/risc0-circuit-rv32im-sys/664edb29a31d6699/out/8fa1a16122eeabf8-steps.o" "-c" "kernels/cxx/steps.cpp"
[INFO] [stderr] 
[INFO] [stderr] 
[INFO] [stderr] warning: risc0-circuit-keccak-sys@2.0.0: c++: fatal error: Killed signal terminated program cc1plus
[INFO] [stderr] warning: risc0-circuit-keccak-sys@2.0.0: compilation terminated.
[INFO] [stderr] warning: risc0-circuit-keccak-sys@2.0.0: ToolExecError: command did not execute successfully (status code exit status: 1): LC_ALL="C" "c++" "-O0" "-ffunction-sections" "-fdata-sections" "-fPIC" "-m64" "-I" "/opt/rustwide/cargo-home/registry/src/index.crates.io-1949cf8c6b5b557f/risc0-sys-1.4.0/cxx" "-Wall" "-Wextra" "-std=c++17" "-fno-var-tracking" "-fno-var-tracking-assignments" "-g0" "-o" "/opt/rustwide/target/debug/build/risc0-circuit-keccak-sys/eba60c3b95e51691/out/8fa1a16122eeabf8-steps_15.o" "-c" "kernels/cxx/steps_15.cpp"
[INFO] [stderr] error: failed to run custom build command for `risc0-circuit-keccak-sys v2.0.0`
[INFO] [stderr] note: To improve backtraces for build dependencies, set the CARGO_PROFILE_DEV_BUILD_OVERRIDE_DEBUG=true environment variable to enable debug information generation.
[INFO] [stderr] 
[INFO] [stderr] Caused by:
[INFO] [stderr]   process didn't exit successfully: `/opt/rustwide/target/debug/build/risc0-circuit-keccak-sys/d1750b788c8d1489/out/build_script_build` (exit status: 1)
[INFO] [stderr]   --- stdout
[INFO] [stderr]   cargo:rerun-if-changed=kernels/cxx
[INFO] [stderr]   cargo:rerun-if-env-changed=RISC0_SKIP_BUILD_KERNELS
[INFO] [stderr]   cargo:rerun-if-changed=kernels/cxx/eval_check.cpp
[INFO] [stderr]   cargo:rerun-if-changed=kernels/cxx/ffi.cpp
[INFO] [stderr]   cargo:rerun-if-changed=kernels/cxx/rust_poly_fp_0.cpp
[INFO] [stderr]   cargo:rerun-if-changed=kernels/cxx/rust_poly_fp_1.cpp
[INFO] [stderr]   cargo:rerun-if-changed=kernels/cxx/rust_poly_fp_2.cpp
[INFO] [stderr]   cargo:rerun-if-changed=kernels/cxx/rust_poly_fp_3.cpp
[INFO] [stderr]   cargo:rerun-if-changed=kernels/cxx/rust_poly_fp_4.cpp
[INFO] [stderr]   cargo:rerun-if-changed=kernels/cxx/steps_0.cpp
[INFO] [stderr]   cargo:rerun-if-changed=kernels/cxx/steps_1.cpp
[INFO] [stderr]   cargo:rerun-if-changed=kernels/cxx/steps_10.cpp
[INFO] [stderr]   cargo:rerun-if-changed=kernels/cxx/steps_11.cpp
[INFO] [stderr]   cargo:rerun-if-changed=kernels/cxx/steps_12.cpp
[INFO] [stderr]   cargo:rerun-if-changed=kernels/cxx/steps_13.cpp
[INFO] [stderr]   cargo:rerun-if-changed=kernels/cxx/steps_14.cpp
[INFO] [stderr]   cargo:rerun-if-changed=kernels/cxx/steps_15.cpp
[INFO] [stderr]   cargo:rerun-if-changed=kernels/cxx/steps_2.cpp
[INFO] [stderr]   cargo:rerun-if-changed=kernels/cxx/steps_3.cpp
[INFO] [stderr]   cargo:rerun-if-changed=kernels/cxx/steps_4.cpp
[INFO] [stderr]   cargo:rerun-if-changed=kernels/cxx/steps_5.cpp
[INFO] [stderr]   cargo:rerun-if-changed=kernels/cxx/steps_6.cpp
[INFO] [stderr]   cargo:rerun-if-changed=kernels/cxx/steps_7.cpp
[INFO] [stderr]   cargo:rerun-if-changed=kernels/cxx/steps_8.cpp
[INFO] [stderr]   cargo:rerun-if-changed=kernels/cxx/steps_9.cpp
[INFO] [stderr]   OUT_DIR = Some(/opt/rustwide/target/debug/build/risc0-circuit-keccak-sys/eba60c3b95e51691/out)
[INFO] [stderr]   OPT_LEVEL = Some(0)
[INFO] [stderr]   TARGET = Some(x86_64-unknown-linux-gnu)
[INFO] [stderr]   HOST = Some(x86_64-unknown-linux-gnu)
[INFO] [stderr]   cargo:rerun-if-env-changed=CXX_x86_64-unknown-linux-gnu
[INFO] [stderr]   CXX_x86_64-unknown-linux-gnu = None
[INFO] [stderr]   cargo:rerun-if-env-changed=CXX_x86_64_unknown_linux_gnu
[INFO] [stderr]   CXX_x86_64_unknown_linux_gnu = None
[INFO] [stderr]   cargo:rerun-if-env-changed=HOST_CXX
[INFO] [stderr]   HOST_CXX = None
[INFO] [stderr]   cargo:rerun-if-env-changed=CXX
[INFO] [stderr]   CXX = None
[INFO] [stderr]   cargo:rerun-if-env-changed=CC_ENABLE_DEBUG_OUTPUT
[INFO] [stderr]   RUSTC_WRAPPER = None
[INFO] [stderr]   cargo:rerun-if-env-changed=CRATE_CC_NO_DEFAULTS
[INFO] [stderr]   CRATE_CC_NO_DEFAULTS = None
[INFO] [stderr]   CARGO_CFG_TARGET_FEATURE = Some(fxsr,sse,sse2,x87)
[INFO] [stderr]   cargo:rerun-if-env-changed=CXXFLAGS
[INFO] [stderr]   CXXFLAGS = None
[INFO] [stderr]   cargo:rerun-if-env-changed=HOST_CXXFLAGS
[INFO] [stderr]   HOST_CXXFLAGS = None
[INFO] [stderr]   cargo:rerun-if-env-changed=CXXFLAGS_x86_64_unknown_linux_gnu
[INFO] [stderr]   CXXFLAGS_x86_64_unknown_linux_gnu = None
[INFO] [stderr]   cargo:rerun-if-env-changed=CXXFLAGS_x86_64-unknown-linux-gnu
[INFO] [stderr]   CXXFLAGS_x86_64-unknown-linux-gnu = None
[INFO] [stderr]   CARGO_ENCODED_RUSTFLAGS = Some(--cap-lints=forbid)
[INFO] [stderr]   OUT_DIR = Some(/opt/rustwide/target/debug/build/risc0-circuit-keccak-sys/eba60c3b95e51691/out)
[INFO] [stderr]   cargo:rerun-if-env-changed=CC_ENABLE_DEBUG_OUTPUT
[INFO] [stderr]   cargo:rerun-if-env-changed=CRATE_CC_NO_DEFAULTS
[INFO] [stderr]   CRATE_CC_NO_DEFAULTS = None
[INFO] [stderr]   TARGET = Some(x86_64-unknown-linux-gnu)
[INFO] [stderr]   CARGO_CFG_TARGET_FEATURE = Some(fxsr,sse,sse2,x87)
[INFO] [stderr]   HOST = Some(x86_64-unknown-linux-gnu)
[INFO] [stderr]   cargo:rerun-if-env-changed=CXXFLAGS
[INFO] [stderr]   CXXFLAGS = None
[INFO] [stderr]   cargo:rerun-if-env-changed=HOST_CXXFLAGS
[INFO] [stderr]   HOST_CXXFLAGS = None
[INFO] [stderr]   cargo:rerun-if-env-changed=CXXFLAGS_x86_64_unknown_linux_gnu
[INFO] [stderr]   CXXFLAGS_x86_64_unknown_linux_gnu = None
[INFO] [stderr]   cargo:rerun-if-env-changed=CXXFLAGS_x86_64-unknown-linux-gnu
[INFO] [stderr]   CXXFLAGS_x86_64-unknown-linux-gnu = None
[INFO] [stderr]   OUT_DIR = Some(/opt/rustwide/target/debug/build/risc0-circuit-keccak-sys/eba60c3b95e51691/out)
[INFO] [stderr]   cargo:rerun-if-env-changed=CC_ENABLE_DEBUG_OUTPUT
[INFO] [stderr]   cargo:rerun-if-env-changed=CRATE_CC_NO_DEFAULTS
[INFO] [stderr]   CRATE_CC_NO_DEFAULTS = None
[INFO] [stderr]   TARGET = Some(x86_64-unknown-linux-gnu)
[INFO] [stderr]   CARGO_CFG_TARGET_FEATURE = Some(fxsr,sse,sse2,x87)
[INFO] [stderr]   HOST = Some(x86_64-unknown-linux-gnu)
[INFO] [stderr]   cargo:rerun-if-env-changed=CXXFLAGS
[INFO] [stderr]   CXXFLAGS = None
[INFO] [stderr]   cargo:rerun-if-env-changed=HOST_CXXFLAGS
[INFO] [stderr]   HOST_CXXFLAGS = None
[INFO] [stderr]   cargo:rerun-if-env-changed=CXXFLAGS_x86_64_unknown_linux_gnu
[INFO] [stderr]   CXXFLAGS_x86_64_unknown_linux_gnu = None
[INFO] [stderr]   cargo:rerun-if-env-changed=CXXFLAGS_x86_64-unknown-linux-gnu
[INFO] [stderr]   CXXFLAGS_x86_64-unknown-linux-gnu = None
[INFO] [stderr]   OUT_DIR = Some(/opt/rustwide/target/debug/build/risc0-circuit-keccak-sys/eba60c3b95e51691/out)
[INFO] [stderr]   cargo:rerun-if-env-changed=CC_ENABLE_DEBUG_OUTPUT
[INFO] [stderr]   cargo:rerun-if-env-changed=CRATE_CC_NO_DEFAULTS
[INFO] [stderr]   CRATE_CC_NO_DEFAULTS = None
[INFO] [stderr]   TARGET = Some(x86_64-unknown-linux-gnu)
[INFO] [stderr]   CARGO_CFG_TARGET_FEATURE = Some(fxsr,sse,sse2,x87)
[INFO] [stderr]   HOST = Some(x86_64-unknown-linux-gnu)
[INFO] [stderr]   cargo:rerun-if-env-changed=CXXFLAGS
[INFO] [stderr]   CXXFLAGS = None
[INFO] [stderr]   cargo:rerun-if-env-changed=HOST_CXXFLAGS
[INFO] [stderr]   HOST_CXXFLAGS = None
[INFO] [stderr]   cargo:rerun-if-env-changed=CXXFLAGS_x86_64_unknown_linux_gnu
[INFO] [stderr]   CXXFLAGS_x86_64_unknown_linux_gnu = None
[INFO] [stderr]   cargo:rerun-if-env-changed=CXXFLAGS_x86_64-unknown-linux-gnu
[INFO] [stderr]   CXXFLAGS_x86_64-unknown-linux-gnu = None
[INFO] [stderr]   OUT_DIR = Some(/opt/rustwide/target/debug/build/risc0-circuit-keccak-sys/eba60c3b95e51691/out)
[INFO] [stderr]   cargo:rerun-if-env-changed=CC_ENABLE_DEBUG_OUTPUT
[INFO] [stderr]   cargo:rerun-if-env-changed=CRATE_CC_NO_DEFAULTS
[INFO] [stderr]   CRATE_CC_NO_DEFAULTS = None
[INFO] [stderr]   TARGET = Some(x86_64-unknown-linux-gnu)
[INFO] [stderr]   CARGO_CFG_TARGET_FEATURE = Some(fxsr,sse,sse2,x87)
[INFO] [stderr]   HOST = Some(x86_64-unknown-linux-gnu)
[INFO] [stderr]   cargo:rerun-if-env-changed=CXXFLAGS
[INFO] [stderr]   CXXFLAGS = None
[INFO] [stderr]   cargo:rerun-if-env-changed=HOST_CXXFLAGS
[INFO] [stderr]   HOST_CXXFLAGS = None
[INFO] [stderr]   cargo:rerun-if-env-changed=CXXFLAGS_x86_64_unknown_linux_gnu
[INFO] [stderr]   CXXFLAGS_x86_64_unknown_linux_gnu = None
[INFO] [stderr]   cargo:rerun-if-env-changed=CXXFLAGS_x86_64-unknown-linux-gnu
[INFO] [stderr]   CXXFLAGS_x86_64-unknown-linux-gnu = None
[INFO] [stderr]   OUT_DIR = Some(/opt/rustwide/target/debug/build/risc0-circuit-keccak-sys/eba60c3b95e51691/out)
[INFO] [stderr]   cargo:rerun-if-env-changed=CC_ENABLE_DEBUG_OUTPUT
[INFO] [stderr]   cargo:rerun-if-env-changed=CRATE_CC_NO_DEFAULTS
[INFO] [stderr]   CRATE_CC_NO_DEFAULTS = None
[INFO] [stderr]   TARGET = Some(x86_64-unknown-linux-gnu)
[INFO] [stderr]   CARGO_CFG_TARGET_FEATURE = Some(fxsr,sse,sse2,x87)
[INFO] [stderr]   HOST = Some(x86_64-unknown-linux-gnu)
[INFO] [stderr]   cargo:rerun-if-env-changed=CXXFLAGS
[INFO] [stderr]   CXXFLAGS = None
[INFO] [stderr]   cargo:rerun-if-env-changed=HOST_CXXFLAGS
[INFO] [stderr]   HOST_CXXFLAGS = None
[INFO] [stderr]   cargo:rerun-if-env-changed=CXXFLAGS_x86_64_unknown_linux_gnu
[INFO] [stderr]   CXXFLAGS_x86_64_unknown_linux_gnu = None
[INFO] [stderr]   cargo:rerun-if-env-changed=CXXFLAGS_x86_64-unknown-linux-gnu
[INFO] [stderr]   CXXFLAGS_x86_64-unknown-linux-gnu = None
[INFO] [stderr]   exit status: 0
[INFO] [stderr]   exit status: 0
[INFO] [stderr]   exit status: 0
[INFO] [stderr]   exit status: 0
[INFO] [stderr]   exit status: 0
[INFO] [stderr]   exit status: 0
[INFO] [stderr]   exit status: 0
[INFO] [stderr]   exit status: 0
[INFO] [stderr]   cargo:warning=c++: fatal error: Killed signal terminated program cc1plus
[INFO] [stderr]   cargo:warning=compilation terminated.
[INFO] [stderr]   exit status: 0
[INFO] [stderr]   exit status: 0
[INFO] [stderr]   exit status: 0
[INFO] [stderr]   exit status: 0
[INFO] [stderr]   exit status: 0
[INFO] [stderr]   exit status: 0
[INFO] [stderr]   exit status: 1
[INFO] [stderr]   cargo:warning=ToolExecError: command did not execute successfully (status code exit status: 1): LC_ALL="C" "c++" "-O0" "-ffunction-sections" "-fdata-sections" "-fPIC" "-m64" "-I" "/opt/rustwide/cargo-home/registry/src/index.crates.io-1949cf8c6b5b557f/risc0-sys-1.4.0/cxx" "-Wall" "-Wextra" "-std=c++17" "-fno-var-tracking" "-fno-var-tracking-assignments" "-g0" "-o" "/opt/rustwide/target/debug/build/risc0-circuit-keccak-sys/eba60c3b95e51691/out/8fa1a16122eeabf8-steps_15.o" "-c" "kernels/cxx/steps_15.cpp"
[INFO] [stderr]   exit status: 0
[INFO] [stderr]   exit status: 0
[INFO] [stderr]   exit status: 0
[INFO] [stderr]   exit status: 0
[INFO] [stderr]   exit status: 0
[INFO] [stderr]   exit status: 0
[INFO] [stderr]   exit status: 0
[INFO] [stderr]   exit status: 0
[INFO] [stderr] 
[INFO] [stderr]   --- stderr
[INFO] [stderr] 
[INFO] [stderr] 
[INFO] [stderr]   error occurred in cc-rs: command did not execute successfully (status code exit status: 1): LC_ALL="C" "c++" "-O0" "-ffunction-sections" "-fdata-sections" "-fPIC" "-m64" "-I" "/opt/rustwide/cargo-home/registry/src/index.crates.io-1949cf8c6b5b557f/risc0-sys-1.4.0/cxx" "-Wall" "-Wextra" "-std=c++17" "-fno-var-tracking" "-fno-var-tracking-assignments" "-g0" "-o" "/opt/rustwide/target/debug/build/risc0-circuit-keccak-sys/eba60c3b95e51691/out/8fa1a16122eeabf8-steps_15.o" "-c" "kernels/cxx/steps_15.cpp"
[INFO] [stderr] 
[INFO] [stderr] 
[INFO] running `Command { std: "docker" "inspect" "1a4717e3f5bb70a2029b395db474d765ea2c3e817f51395b6565e78acd87dc8c", kill_on_drop: false }`
[INFO] running `Command { std: "docker" "rm" "-f" "1a4717e3f5bb70a2029b395db474d765ea2c3e817f51395b6565e78acd87dc8c", kill_on_drop: false }`
[INFO] [stdout] 1a4717e3f5bb70a2029b395db474d765ea2c3e817f51395b6565e78acd87dc8c
